The Swift Package Index logo.Swift Package Index

Build Information

Failed to build package-frostflake, reference main (6cece5), with Swift 6.4 for Wasm on 25 Sep 2026 16:39:08 UTC.

Build Command

bash -c docker run --pull=always --rm -v "checkouts-53886770-1":/host -w "$PWD" -e JAVA_HOME="/root/.sdkman/candidates/java/current" -e SPI_BUILD="1" -e SPI_PROCESSING="1" registry.gitlab.com/saguaro1/spi-images:wasm-6.4-latest swift build --swift-sdk swift-6.4.x-DEVELOPMENT-SNAPSHOT-2026-09-04-a_wasm 2>&1

Build Log

========================================
RunAll
========================================
Builder version: 5.1.0
Interrupt handler set up.
========================================
Checkout
========================================
Clone URL: https://github.com/ordo-one/frostflake.git
Reference: main
Initialized empty Git repository in /host/spi-builder-workspace/.git/
hint: Using 'master' as the name for the initial branch. This default branch name
hint: is subject to change. To configure the initial branch name to use in all
hint: of your new repositories, which will suppress this warning, call:
hint:
hint: 	git config --global init.defaultBranch <name>
hint:
hint: Names commonly chosen instead of 'master' are 'main', 'trunk' and
hint: 'development'. The just-created branch can be renamed via this command:
hint:
hint: 	git branch -m <name>
From https://github.com/ordo-one/frostflake
 * branch            main       -> FETCH_HEAD
 * [new branch]      main       -> origin/main
HEAD is now at 6cece53 ci: 🔄 synced local '.swift-version' with remote 'dotfiles/swift-version'
Cloned https://github.com/ordo-one/frostflake.git
Revision (git rev-parse @):
6cece534935797b3bf9c0d125a5f1febc4f6b7b9
SPI manifest file found: $PWD/.spi.yml
SUCCESS checkout https://github.com/ordo-one/frostflake.git at main
========================================
Build
========================================
Selected platform:         wasm
Swift version:             6.4
Building package at path:  $PWD
https://github.com/ordo-one/frostflake.git
Running build ...
bash -c docker run --pull=always --rm -v "checkouts-53886770-1":/host -w "$PWD" -e JAVA_HOME="/root/.sdkman/candidates/java/current" -e SPI_BUILD="1" -e SPI_PROCESSING="1" registry.gitlab.com/saguaro1/spi-images:wasm-6.4-latest swift build --swift-sdk swift-6.4.x-DEVELOPMENT-SNAPSHOT-2026-09-04-a_wasm 2>&1
wasm-6.4-latest: Pulling from saguaro1/spi-images
Digest: sha256:4328fdb43c680d205c1d6761b1e3267aa38277eefdda9ddfb17b6a0f1a77857a
Status: Image is up to date for registry.gitlab.com/saguaro1/spi-images:wasm-6.4-latest
Fetching https://github.com/apple/swift-system
Fetching https://github.com/apple/swift-docc-plugin
Fetching https://github.com/apple/swift-argument-parser
[1/18941] Fetching swift-argument-parser
[3790/21286] Fetching swift-argument-parser, swift-docc-plugin
[4782/28250] Fetching swift-argument-parser, swift-docc-plugin, swift-system
Fetched https://github.com/apple/swift-docc-plugin (0.69s)
Fetched https://github.com/apple/swift-system (0.78s)
Fetched https://github.com/apple/swift-argument-parser (0.78s)
Computing version for https://github.com/apple/swift-docc-plugin
Computed https://github.com/apple/swift-docc-plugin at 1.5.0 (1.85s)
Fetching https://github.com/swiftlang/swift-docc-symbolkit
[1/3830] Fetching swift-docc-symbolkit
Fetched https://github.com/swiftlang/swift-docc-symbolkit (0.57s)
Computing version for https://github.com/swiftlang/swift-docc-symbolkit
Computed https://github.com/swiftlang/swift-docc-symbolkit at 1.0.0 (0.80s)
Computing version for https://github.com/apple/swift-system
Computed https://github.com/apple/swift-system at 1.8.1 (0.21s)
Computing version for https://github.com/apple/swift-argument-parser
Computed https://github.com/apple/swift-argument-parser at 1.8.2 (0.18s)
Creating working copy for https://github.com/apple/swift-system
Working copy of https://github.com/apple/swift-system resolved at 1.8.1
Creating working copy for https://github.com/apple/swift-docc-plugin
Working copy of https://github.com/apple/swift-docc-plugin resolved at 1.5.0
Creating working copy for https://github.com/swiftlang/swift-docc-symbolkit
Working copy of https://github.com/swiftlang/swift-docc-symbolkit resolved at 1.0.0
Creating working copy for https://github.com/apple/swift-argument-parser
Working copy of https://github.com/apple/swift-argument-parser resolved at 1.8.2
Building for debugging...
[Constructing description]
[Pre-planning 78 / 214]
[Constructing 38 / 442]
[48 / 82] Frostflake
[51 / 91] SystemPackage
error: SwiftCompile normal wasm32 failed with a nonzero exit code. Command line:     cd /host

/host/spi-builder-workspace/Sources/Frostflake/FrostflakeHelpers.swift:14:12: error: Unsupported Platform
12 |     import Glibc
13 | #else
14 |     #error("Unsupported Platform")
   |            `- error: Unsupported Platform
15 | #endif
16 |
/host/spi-builder-workspace/Sources/Frostflake/FrostflakeIdentifier.swift:6:12: error: Unsupported Platform
 4 |     import Glibc
 5 | #else
 6 |     #error("Unsupported Platform")
   |            `- error: Unsupported Platform
 7 | #endif
 8 |
/host/spi-builder-workspace/Sources/Frostflake/FrostflakeHelpers.swift:29:34: error: cannot find type 'timespec' in scope
27 | }
28 |
29 | private func getCurrentTime() -> timespec {
   |                                  `- error: cannot find type 'timespec' in scope
30 |     var currentTime = timespec()
31 |     let result = clock_gettime(CLOCK_REALTIME, &currentTime)
Failed frontend command:
/usr/bin/swift-frontend -frontend -emit-module -experimental-skip-non-inlinable-function-bodies-without-types /host/spi-builder-workspace/Sources/Frostflake/Frostflake.swift /host/spi-builder-workspace/Sources/Frostflake/FrostflakeDefinitions.swift /host/spi-builder-workspace/Sources/Frostflake/FrostflakeHelpers.swift /host/spi-builder-workspace/Sources/Frostflake/FrostflakeIdentifier+Base58.swift /host/spi-builder-workspace/Sources/Frostflake/FrostflakeIdentifier.swift -target wasm32-unknown-wasip1 -disable-objc-interop -sdk /root/.swiftpm/swift-sdks/swift-6.4.x-DEVELOPMENT-SNAPSHOT-2026-09-04-a_wasm.artifactbundle/swift-6.4.x-DEVELOPMENT-SNAPSHOT-2026-09-04-a_wasm/wasm32-unknown-wasip1/WASI.sdk -sysroot /root/.swiftpm/swift-sdks/swift-6.4.x-DEVELOPMENT-SNAPSHOT-2026-09-04-a_wasm.artifactbundle/swift-6.4.x-DEVELOPMENT-SNAPSHOT-2026-09-04-a_wasm/wasm32-unknown-wasip1/WASI.sdk -I /host/spi-builder-workspace/.build/out/Products/Debug-webassembly-wasm32 -module-cache-path /host/spi-builder-workspace/.build/out/ModuleCache.noindex -color-diagnostics -Xcc -fcolor-diagnostics -enable-testing -g -debug-info-format\=dwarf -dwarf-version\=4 -swift-version 6 -Onone -D SWIFT_PACKAGE -D DEBUG -D SWIFT_MODULE_RESOURCE_BUNDLE_UNAVAILABLE -D Xcode -serialize-debugging-options -enable-experimental-feature SuppressedAssociatedTypes -enable-experimental-feature LifetimeDependence -enable-experimental-feature Lifetimes -enable-upcoming-feature LifetimeDependence -enable-upcoming-feature NonisolatedNonsendingByDefault -enable-upcoming-feature InferIsolatedConformances -enable-upcoming-feature ExistentialAny -enable-upcoming-feature MemberImportVisibility -enable-upcoming-feature InternalImportsByDefault -enable-experimental-feature DebugDescriptionMacro -empty-abi-descriptor -external-plugin-path /usr/lib/swift/host/plugins/testing\#/usr/bin/swift-plugin-server -validate-clang-modules-once -clang-build-session-file /host/spi-builder-workspace/.build/out/ModuleCache.noindex/Session.modulevalidation -Xcc -working-directory -Xcc /host -resource-dir /root/.swiftpm/swift-sdks/swift-6.4.x-DEVELOPMENT-SNAPSHOT-2026-09-04-a_wasm.artifactbundle/swift-6.4.x-DEVELOPMENT-SNAPSHOT-2026-09-04-a_wasm/wasm32-unknown-wasip1/swift.xctoolchain/usr/lib/swift_static -use-static-resource-dir -enable-anonymous-context-mangled-names -file-compilation-dir /host -Xcc -resource-dir -Xcc /root/.swiftpm/swift-sdks/swift-6.4.x-DEVELOPMENT-SNAPSHOT-2026-09-04-a_wasm.artifactbundle/swift-6.4.x-DEVELOPMENT-SNAPSHOT-2026-09-04-a_wasm/wasm32-unknown-wasip1/swift.xctoolchain/usr/lib/swift_static/clang -Xcc -D_LIBCPP_HARDENING_MODE\=_LIBCPP_HARDENING_MODE_DEBUG -Xcc -fmodules-prune-interval\=86400 -Xcc -fmodules-prune-after\=345600 -Xcc -I/host/spi-builder-workspace/.build/out/Products/Debug-webassembly-wasm32/include -Xcc -I/host/spi-builder-workspace/.build/out/Intermediates.noindex/package-frostflake.build/Debug-webassembly-wasm32/Frostflake-t.build/DerivedSources-normal/wasm32 -Xcc -I/host/spi-builder-workspace/.build/out/Intermediates.noindex/package-frostflake.build/Debug-webassembly-wasm32/Frostflake-t.build/DerivedSources/wasm32 -Xcc -I/host/spi-builder-workspace/.build/out/Intermediates.noindex/package-frostflake.build/Debug-webassembly-wasm32/Frostflake-t.build/DerivedSources -Xcc -DSWIFT_PACKAGE -Xcc -DDEBUG\=1 -no-auto-bridging-header-chaining -module-name Frostflake -package-name spi_builder_workspace -const-gather-protocols-file /host/spi-builder-workspace/.build/out/Intermediates.noindex/package-frostflake.build/Debug-webassembly-wasm32/Frostflake-t.build/Objects-normal/wasm32/Frostflake_const_extract_protocols.json -in-process-plugin-server-path /usr/lib/swift/host/libSwiftInProcPluginServer.so -plugin-path /usr/lib/swift/host/plugins -plugin-path /usr/local/lib/swift/host/plugins -emit-module-doc-path /host/spi-builder-workspace/.build/out/Intermediates.noindex/package-frostflake.build/Debug-webassembly-wasm32/Frostflake-t.build/Objects-normal/wasm32/Modules/Frostflake.swiftdoc -emit-module-source-info-path /host/spi-builder-workspace/.build/out/Intermediates.noindex/package-frostflake.build/Debug-webassembly-wasm32/Frostflake-t.build/Objects-normal/wasm32/Modules/Frostflake.swiftsourceinfo -emit-objc-header-path /host/spi-builder-workspace/.build/out/Intermediates.noindex/package-frostflake.build/Debug-webassembly-wasm32/Frostflake-t.build/Objects-normal/wasm32/Frostflake-Swift.h -serialize-diagnostics-path /host/spi-builder-workspace/.build/out/Intermediates.noindex/package-frostflake.build/Debug-webassembly-wasm32/Frostflake-t.build/Objects-normal/wasm32/Frostflake-primary-emit-module.dia -emit-dependencies-path /host/spi-builder-workspace/.build/out/Intermediates.noindex/package-frostflake.build/Debug-webassembly-wasm32/Frostflake-t.build/Objects-normal/wasm32/Frostflake-primary-emit-module.d -parse-as-library -o /host/spi-builder-workspace/.build/out/Intermediates.noindex/package-frostflake.build/Debug-webassembly-wasm32/Frostflake-t.build/Objects-normal/wasm32/Modules/Frostflake.swiftmodule
error: Build failed
BUILD FAILURE 6.4 wasm