Build Information
Failed to build SwiftUISupport, reference 0.14.0 (f80580), with Swift 6.3 for Linux on 9 Jul 2026 09:24:27 UTC.
Build Command
bash -c docker run --pull=always --rm -v "checkouts-53886768-0":/host -w "$PWD" -e JAVA_HOME="/root/.sdkman/candidates/java/current" -e SPI_BUILD="1" -e SPI_PROCESSING="1" registry.gitlab.com/saguaro1/spi-images:basic-6.3-latest swift build --triple x86_64-unknown-linux-gnu 2>&1Build Log
========================================
RunAll
========================================
Builder version: 0e64495ecc1688c3b3e031a5ef1348b5c05091ae
Interrupt handler set up.
========================================
Checkout
========================================
Clone URL: https://github.com/FluidGroup/swiftui-support.git
Reference: 0.14.0
Initialized empty Git repository in /host/spi-builder-workspace/.git/
hint: Using 'master' as the name for the initial branch. This default branch name
hint: is subject to change. To configure the initial branch name to use in all
hint: of your new repositories, which will suppress this warning, call:
hint:
hint: git config --global init.defaultBranch <name>
hint:
hint: Names commonly chosen instead of 'master' are 'main', 'trunk' and
hint: 'development'. The just-created branch can be renamed via this command:
hint:
hint: git branch -m <name>
From https://github.com/FluidGroup/swiftui-support
* tag 0.14.0 -> FETCH_HEAD
HEAD is now at f805806 Update Build.yml
Cloned https://github.com/FluidGroup/swiftui-support.git
Revision (git rev-parse @):
f8058066c1d310458390d6c73462bf6722b71fc9
SUCCESS checkout https://github.com/FluidGroup/swiftui-support.git at 0.14.0
========================================
Build
========================================
Selected platform: linux
Swift version: 6.3
Building package at path: $PWD
https://github.com/FluidGroup/swiftui-support.git
Running build ...
bash -c docker run --pull=always --rm -v "checkouts-53886768-0":/host -w "$PWD" -e JAVA_HOME="/root/.sdkman/candidates/java/current" -e SPI_BUILD="1" -e SPI_PROCESSING="1" registry.gitlab.com/saguaro1/spi-images:basic-6.3-latest swift build --triple x86_64-unknown-linux-gnu 2>&1
basic-6.3-latest: Pulling from saguaro1/spi-images
Digest: sha256:518d581a7f3cc0f988d8921e0dce92c3361f942cd4cc7d944cb46f8707e06c63
Status: Image is up to date for registry.gitlab.com/saguaro1/spi-images:basic-6.3-latest
Building for debugging...
[0/7] Write sources
[6/7] Write swift-version-24593BA9C3E375BF.txt
error: emit-module command failed with exit code 1 (use -v to see invocation)
[8/21] Emitting module SwiftUISupportLayout
/host/spi-builder-workspace/Sources/SwiftUISupportLayout/Anchoring.swift:1:8: error: no such module 'SwiftUI'
1 | import SwiftUI
| `- error: no such module 'SwiftUI'
2 |
3 | #if DEBUG
error: emit-module command failed with exit code 1 (use -v to see invocation)
[9/21] Emitting module SwiftUISupportDescribing
/host/spi-builder-workspace/Sources/SwiftUISupportDescribing/Conditional.swift:1:8: error: no such module 'SwiftUI'
1 | import SwiftUI
| `- error: no such module 'SwiftUI'
2 |
3 | extension View {
[10/21] Compiling SwiftUISupportDescribing Conditional.swift
/host/spi-builder-workspace/Sources/SwiftUISupportDescribing/Conditional.swift:1:8: error: no such module 'SwiftUI'
1 | import SwiftUI
| `- error: no such module 'SwiftUI'
2 |
3 | extension View {
error: emit-module command failed with exit code 1 (use -v to see invocation)
error: emit-module command failed with exit code 1 (use -v to see invocation)
[11/21] Emitting module SwiftUISupportGeometryEffect
/host/spi-builder-workspace/Sources/SwiftUISupportGeometryEffect/TranslationEffect.swift:2:8: error: no such module 'SwiftUI'
1 |
2 | import SwiftUI
| `- error: no such module 'SwiftUI'
3 |
4 | /// Animatable Translation Effect
[12/21] Emitting module SwiftUISupportSizing
/host/spi-builder-workspace/Sources/SwiftUISupportSizing/ResizableModifier.swift:1:8: error: no such module 'SwiftUI'
1 | import SwiftUI
| `- error: no such module 'SwiftUI'
2 |
3 | /// A `ViewModifier` that scales its content to fill the available space.
BUILD FAILURE 6.3 linux