The Swift Package Index logo.Swift Package Index

Build Information

Failed to build swift-heos, reference 0.2.6 (f9abc3), with Swift 6.2 for Wasm on 14 Oct 2026 02:53:48 UTC.

Build Command

bash -c docker run --pull=always --rm -v "checkouts-54344849-0":/host -w "$PWD" -e JAVA_HOME="/root/.sdkman/candidates/java/current" -e SPI_BUILD="1" -e SPI_PROCESSING="1" registry.gitlab.com/saguaro1/spi-images:wasm-6.2-latest swift build --swift-sdk swift-6.2-RELEASE_wasm 2>&1

Build Log

========================================
RunAll
========================================
Builder version: 5.1.2
Interrupt handler set up.
========================================
Checkout
========================================
Clone URL: https://github.com/gaelsimon/swift-heos.git
Reference: 0.2.6
Initialized empty Git repository in /host/spi-builder-workspace/.git/
hint: Using 'master' as the name for the initial branch. This default branch name
hint: is subject to change. To configure the initial branch name to use in all
hint: of your new repositories, which will suppress this warning, call:
hint:
hint: 	git config --global init.defaultBranch <name>
hint:
hint: Names commonly chosen instead of 'master' are 'main', 'trunk' and
hint: 'development'. The just-created branch can be renamed via this command:
hint:
hint: 	git branch -m <name>
From https://github.com/gaelsimon/swift-heos
 * tag               0.2.6      -> FETCH_HEAD
HEAD is now at f9abc3c Merge pull request #15 from gaelsimon/local-server-artwork
Cloned https://github.com/gaelsimon/swift-heos.git
Revision (git rev-parse @):
f9abc3cc0efec1cc3672035f8ecc4925c03643ce
SUCCESS checkout https://github.com/gaelsimon/swift-heos.git at 0.2.6
========================================
Build
========================================
Selected platform:         wasm
Swift version:             6.2
Building package at path:  $PWD
https://github.com/gaelsimon/swift-heos.git
Running build ...
bash -c docker run --pull=always --rm -v "checkouts-54344849-0":/host -w "$PWD" -e JAVA_HOME="/root/.sdkman/candidates/java/current" -e SPI_BUILD="1" -e SPI_PROCESSING="1" registry.gitlab.com/saguaro1/spi-images:wasm-6.2-latest swift build --swift-sdk swift-6.2-RELEASE_wasm 2>&1
wasm-6.2-latest: Pulling from saguaro1/spi-images
Digest: sha256:c092ff8dc506a2a30e6239b6992792fd4f7dfaaa46cac3b3c48d8fe35e954282
Status: Image is up to date for registry.gitlab.com/saguaro1/spi-images:wasm-6.2-latest
Building for debugging...
[0/3] Write sources
[2/3] Write swift-version-24593BA9C3E375BF.txt
[4/23] Emitting module NeosDomain
[5/25] Compiling NeosDomain PlayerSnapshot.swift
[6/25] Compiling NeosDomain QueueItem.swift
[7/25] Compiling NeosDomain SearchCriteria.swift
[8/25] Compiling NeosDomain TrackMetadata.swift
[9/25] Compiling NeosDomain UPnPModels.swift
[10/25] Compiling NeosDomain AppError.swift
[11/25] Compiling NeosDomain BrowseItem.swift
[12/25] Compiling NeosDomain BrowseResult.swift
[13/25] Compiling NeosDomain AudioService.swift
[14/25] Compiling NeosDomain StateUpdater.swift
[15/25] Compiling NeosDomain DiscoveredDevice.swift
[16/25] Compiling NeosDomain Enums.swift
[17/25] Compiling NeosDomain Group.swift
[18/25] Compiling NeosDomain ServiceCapabilities.swift
[19/25] Compiling NeosDomain ServiceOption.swift
[20/25] Compiling NeosDomain NowPlayingMedia.swift
[21/25] Compiling NeosDomain PairNaming.swift
[22/25] Compiling NeosDomain Player.swift
[23/25] Compiling NeosDomain GroupTopology.swift
/host/spi-builder-workspace/Sources/NeosDomain/Models/JSONValue.swift:76:16: error: cannot find 'CFBooleanGetTypeID' in scope
74 |         case let n as NSNumber:
75 |             // NSNumber wraps bools, ints, and doubles; check bool first
76 |             if CFBooleanGetTypeID() == CFGetTypeID(n) {
   |                `- error: cannot find 'CFBooleanGetTypeID' in scope
77 |                 return .bool(n.boolValue)
78 |             }
/host/spi-builder-workspace/Sources/NeosDomain/Models/JSONValue.swift:76:40: error: cannot find 'CFGetTypeID' in scope
74 |         case let n as NSNumber:
75 |             // NSNumber wraps bools, ints, and doubles; check bool first
76 |             if CFBooleanGetTypeID() == CFGetTypeID(n) {
   |                                        `- error: cannot find 'CFGetTypeID' in scope
77 |                 return .bool(n.boolValue)
78 |             }
[24/25] Compiling NeosDomain JSONValue.swift
/host/spi-builder-workspace/Sources/NeosDomain/Models/JSONValue.swift:76:16: error: cannot find 'CFBooleanGetTypeID' in scope
74 |         case let n as NSNumber:
75 |             // NSNumber wraps bools, ints, and doubles; check bool first
76 |             if CFBooleanGetTypeID() == CFGetTypeID(n) {
   |                `- error: cannot find 'CFBooleanGetTypeID' in scope
77 |                 return .bool(n.boolValue)
78 |             }
/host/spi-builder-workspace/Sources/NeosDomain/Models/JSONValue.swift:76:40: error: cannot find 'CFGetTypeID' in scope
74 |         case let n as NSNumber:
75 |             // NSNumber wraps bools, ints, and doubles; check bool first
76 |             if CFBooleanGetTypeID() == CFGetTypeID(n) {
   |                                        `- error: cannot find 'CFGetTypeID' in scope
77 |                 return .bool(n.boolValue)
78 |             }
[25/25] Compiling NeosDomain MusicSource.swift
/host/spi-builder-workspace/Sources/NeosDomain/Models/JSONValue.swift:76:16: error: cannot find 'CFBooleanGetTypeID' in scope
74 |         case let n as NSNumber:
75 |             // NSNumber wraps bools, ints, and doubles; check bool first
76 |             if CFBooleanGetTypeID() == CFGetTypeID(n) {
   |                `- error: cannot find 'CFBooleanGetTypeID' in scope
77 |                 return .bool(n.boolValue)
78 |             }
/host/spi-builder-workspace/Sources/NeosDomain/Models/JSONValue.swift:76:40: error: cannot find 'CFGetTypeID' in scope
74 |         case let n as NSNumber:
75 |             // NSNumber wraps bools, ints, and doubles; check bool first
76 |             if CFBooleanGetTypeID() == CFGetTypeID(n) {
   |                                        `- error: cannot find 'CFGetTypeID' in scope
77 |                 return .bool(n.boolValue)
78 |             }
BUILD FAILURE 6.2 wasm