Build Information
Failed to build Seam3, reference 1.5.8 (a011ee), with Swift 6.4 for macOS (Xcode) using Xcode 27.0 on 17 Sep 2026 13:42:45 UTC.
Build Command
No build command. This typically means the build failed at an early stage where we determine the build command.Build Log
========================================
RunAll
========================================
Builder version: 5.1.0
Interrupt handler set up.
========================================
Checkout
========================================
Clone URL: https://github.com/paulw11/Seam3.git
Reference: 1.5.8
Initialized empty Git repository in /Users/admin/builder/spi-builder-workspace/.git/
From https://github.com/paulw11/Seam3
* tag 1.5.8 -> FETCH_HEAD
HEAD is now at a011ee3 Tag 1.5.8
Cloned https://github.com/paulw11/Seam3.git
Revision (git rev-parse @):
a011ee34d19c99e705f3721ac03dcf8577402a74
SUCCESS checkout https://github.com/paulw11/Seam3.git at 1.5.8
========================================
Build
========================================
Selected platform: macosXcodebuild
Swift version: 6.4
Building package at path: $PWD
https://github.com/paulw11/Seam3.git
Command line invocation:
/Applications/Xcode-27.0.0-Release.Candidate.app/Contents/Developer/usr/bin/xcodebuild -IDEClonedSourcePackagesDirPathOverride=/Users/admin/builder/spi-builder-workspace/.dependencies -resolvePackageDependencies
2026-09-17 09:42:44.098 xcodebuild[529:3029] Writing error result bundle to /var/folders/xq/y_g06wb113726d38xsyx71_h0000gn/T/ResultBundle_2026-17-09_09-42-0044.xcresult
xcodebuild: error: The directory /Users/admin/builder/spi-builder-workspace contains 2 projects, including multiple projects with the current extension (.xcodeproj). Specify the project to use with the -project option.
Command line invocation:
/Applications/Xcode-27.0.0-Release.Candidate.app/Contents/Developer/usr/bin/xcodebuild -IDEClonedSourcePackagesDirPathOverride=/Users/admin/builder/spi-builder-workspace/.dependencies -resolvePackageDependencies
2026-09-17 09:42:45.061 xcodebuild[539:3117] Writing error result bundle to /var/folders/xq/y_g06wb113726d38xsyx71_h0000gn/T/ResultBundle_2026-17-09_09-42-0045.xcresult
xcodebuild: error: The directory /Users/admin/builder/spi-builder-workspace contains 2 projects, including multiple projects with the current extension (.xcodeproj). Specify the project to use with the -project option.
BUILD FAILURE 6.4 macosXcodebuild