Build Information
Failed to build HTMLEditor-SwiftUI, reference main (ce59a5), with Swift 6.2 for watchOS using Xcode 26.3 on 19 Sep 2026 09:48:06 UTC.
Build Command
env DEVELOPER_DIR=/Applications/Xcode-26.3.0.app xcrun xcodebuild -IDEClonedSourcePackagesDirPathOverride=$PWD/.dependencies -skipMacroValidation -skipPackagePluginValidation -derivedDataPath $PWD/.derivedData build -scheme HTMLEditor-SwiftUI-Package -destination generic/platform=watchOSBuild Log
========================================
RunAll
========================================
Builder version: 5.1.0
Interrupt handler set up.
========================================
Checkout
========================================
Clone URL: https://github.com/makoni/HTMLEditor-SwiftUI.git
Reference: main
Initialized empty Git repository in /Users/admin/builder/spi-builder-workspace/.git/
From https://github.com/makoni/HTMLEditor-SwiftUI
* branch main -> FETCH_HEAD
* [new branch] main -> origin/main
HEAD is now at ce59a58 Drop the deprecated highlightRange, and with it the last writes to text storage
Cloned https://github.com/makoni/HTMLEditor-SwiftUI.git
Revision (git rev-parse @):
ce59a5835b1364a598020df589d07dd38651cbdf
SUCCESS checkout https://github.com/makoni/HTMLEditor-SwiftUI.git at main
========================================
Build
========================================
Selected platform: watchOS
Swift version: 6.2
Building package at path: $PWD
https://github.com/makoni/HTMLEditor-SwiftUI.git
Command line invocation:
/Applications/Xcode-26.3.0.app/Contents/Developer/usr/bin/xcodebuild -IDEClonedSourcePackagesDirPathOverride=/Users/admin/builder/spi-builder-workspace/.dependencies -resolvePackageDependencies
Resolve Package Graph
Resolve Package Graph
Resolved source packages:
HTMLEditor-SwiftUI: /Users/admin/builder/spi-builder-workspace
resolved source packages: HTMLEditor-SwiftUI
2026-09-19 05:47:19.561 xcodebuild[538:3105] [MT] IDERunDestination: Supported platforms for the buildables in the current scheme is empty.
2026-09-19 05:47:27.036 xcodebuild[538:3105] [MT] IDERunDestination: Supported platforms for the buildables in the current scheme is empty.
2026-09-19 05:47:27.146 xcodebuild[538:3105] [MT] IDERunDestination: Supported platforms for the buildables in the current scheme is empty.
{
"dependencies" : [
],
"manifest_display_name" : "HTMLEditor-SwiftUI",
"name" : "HTMLEditor-SwiftUI",
"path" : "/Users/admin/builder/spi-builder-workspace",
"platforms" : [
{
"name" : "macos",
"version" : "15.0"
},
{
"name" : "ios",
"version" : "17.0"
}
],
"products" : [
{
"name" : "HTMLEditor-SwiftUI",
"targets" : [
"HTMLEditor"
],
"type" : {
"library" : [
"automatic"
]
}
},
{
"name" : "HTMLEditorBenchmarks",
"targets" : [
"HTMLEditorBenchmarks"
],
"type" : {
"executable" : null
}
}
],
"targets" : [
{
"c99name" : "HTMLEditorBenchmarks",
"module_type" : "SwiftTarget",
"name" : "HTMLEditorBenchmarks",
"path" : "Sources/HTMLEditorBenchmarks",
"product_memberships" : [
"HTMLEditorBenchmarks"
],
"sources" : [
"BenchmarkDocument.swift",
"HTMLEditorBenchmarksMain.swift"
],
"target_dependencies" : [
"HTMLEditor"
],
"type" : "executable"
},
{
"c99name" : "HTMLEditor_SwiftUITests",
"module_type" : "SwiftTarget",
"name" : "HTMLEditor-SwiftUITests",
"path" : "Tests/HTMLEditor-SwiftUITests",
"sources" : [
"HTMLEditorBindingLagTests.swift",
"HTMLEditorCoordinatorEditingTests.swift",
"HTMLEditorExternalUpdateTests.swift",
"HTMLEditorHighlightCoverageTests.swift",
"HTMLEditorLargeDocumentTests.swift",
"HTMLEditorLocalRepaintTests.swift",
"HTMLEditorParagraphCacheCostTests.swift",
"HTMLEditorParagraphCacheTests.swift",
"HTMLEditorPolicyTests.swift",
"HTMLEditorVisibleHighlightStateTests.swift",
"HTMLHighlightPlannerTests.swift",
"HTMLSyntaxHighlighterTests.swift",
"TestSupport.swift"
],
"target_dependencies" : [
"HTMLEditor"
],
"type" : "test"
},
{
"c99name" : "HTMLEditor",
"module_type" : "SwiftTarget",
"name" : "HTMLEditor",
"path" : "Sources/HTMLEditor",
"product_memberships" : [
"HTMLEditor-SwiftUI",
"HTMLEditorBenchmarks"
],
"sources" : [
"HTMLEditor.swift",
"HTMLEditorAutoTypeDiagnostic.swift",
"HTMLEditorBenchmarkSupport.swift",
"HTMLEditorColorScheme.swift",
"HTMLEditorCoordinatorEditing.swift",
"HTMLEditorCoordinatorLifecycle.swift",
"HTMLEditorCoordinatorTextKit2.swift",
"HTMLEditorCoordinatorViewport.swift",
"HTMLEditorHighlightCoverage.swift",
"HTMLEditorKeyboardAccessory.swift",
"HTMLEditorParagraphHighlighting.swift",
"HTMLEditorPlatform.swift",
"HTMLEditorPolicies.swift",
"HTMLEditorRepresentable+iOS.swift",
"HTMLEditorRepresentable+macOS.swift",
"HTMLEditorSignposts.swift",
"HTMLEditorStructuralRanges.swift",
"HTMLEditorTextKitSurface.swift",
"HTMLEditorTheme.swift",
"HTMLEditorVisibleHighlightState.swift",
"HTMLSyntaxHighlighter.swift",
"HTMLSyntaxHighlighterPlanBuilder.swift",
"HTMLSyntaxHighlighterPlanner.swift"
],
"type" : "library"
}
],
"tools_version" : "6.2"
}
{
"workspace" : {
"name" : "spi-builder-workspace",
"schemes" : [
"HTMLEditor",
"HTMLEditor-SwiftUI",
"HTMLEditor-SwiftUI-Package",
"HTMLEditorBenchmarks"
]
}
}
2026-09-19 05:47:53.977 xcodebuild[671:4199] [MT] IDERunDestination: Supported platforms for the buildables in the current scheme is empty.
2026-09-19 05:47:54.145 xcodebuild[671:4199] [MT] IDERunDestination: Supported platforms for the buildables in the current scheme is empty.
Running build ...
env DEVELOPER_DIR=/Applications/Xcode-26.3.0.app xcrun xcodebuild -IDEClonedSourcePackagesDirPathOverride=$PWD/.dependencies -skipMacroValidation -skipPackagePluginValidation -derivedDataPath $PWD/.derivedData build -scheme HTMLEditor-SwiftUI-Package -destination generic/platform=watchOS
Command line invocation:
/Applications/Xcode-26.3.0.app/Contents/Developer/usr/bin/xcodebuild -IDEClonedSourcePackagesDirPathOverride=/Users/admin/builder/spi-builder-workspace/.dependencies -skipMacroValidation -skipPackagePluginValidation -derivedDataPath /Users/admin/builder/spi-builder-workspace/.derivedData build -scheme HTMLEditor-SwiftUI-Package -destination generic/platform=watchOS
Resolve Package Graph
Resolved source packages:
HTMLEditor-SwiftUI: /Users/admin/builder/spi-builder-workspace
ComputePackagePrebuildTargetDependencyGraph
Prepare packages
CreateBuildRequest
SendProjectDescription
CreateBuildOperation
ComputeTargetDependencyGraph
note: Building targets in dependency order
note: Target dependency graph (3 targets)
Target 'HTMLEditorBenchmarks' in project 'HTMLEditor-SwiftUI'
➜ Explicit dependency on target 'HTMLEditor' in project 'HTMLEditor-SwiftUI'
Target 'HTMLEditor-SwiftUI' in project 'HTMLEditor-SwiftUI'
➜ Explicit dependency on target 'HTMLEditor' in project 'HTMLEditor-SwiftUI'
Target 'HTMLEditor' in project 'HTMLEditor-SwiftUI' (no dependencies)
GatherProvisioningInputs
CreateBuildDescription
ExecuteExternalTool /Applications/Xcode-26.3.0.app/Contents/Developer/Toolchains/XcodeDefault.xctoolchain/usr/bin/clang -v -E -dM -isysroot /Applications/Xcode-26.3.0.app/Contents/Developer/Platforms/WatchOS.platform/Developer/SDKs/WatchOS26.2.sdk -x c -c /dev/null
ExecuteExternalTool /Applications/Xcode-26.3.0.app/Contents/Developer/Toolchains/XcodeDefault.xctoolchain/usr/bin/swiftc --version
ExecuteExternalTool /Applications/Xcode-26.3.0.app/Contents/Developer/Toolchains/XcodeDefault.xctoolchain/usr/bin/ld -version_details
Build description signature: 7caf2cccda88ca0dabaaa1b8abf10da2
Build description path: /Users/admin/builder/spi-builder-workspace/.derivedData/Build/Intermediates.noindex/XCBuildData/7caf2cccda88ca0dabaaa1b8abf10da2.xcbuilddata
CreateBuildDirectory /Users/admin/builder/spi-builder-workspace/.derivedData/Build/Products
cd /Users/admin/builder/spi-builder-workspace/.swiftpm/xcode
builtin-create-build-directory /Users/admin/builder/spi-builder-workspace/.derivedData/Build/Products
ClangStatCache /Applications/Xcode-26.3.0.app/Contents/Developer/Toolchains/XcodeDefault.xctoolchain/usr/bin/clang-stat-cache /Applications/Xcode-26.3.0.app/Contents/Developer/Platforms/WatchOS.platform/Developer/SDKs/WatchOS26.2.sdk /Users/admin/builder/spi-builder-workspace/.derivedData/SDKStatCaches.noindex/watchos26.2-23S303-dc75598d0054f22ec865fa860f139d721753b489057de6bda919edfa1c59a62b.sdkstatcache
cd /Users/admin/builder/spi-builder-workspace/.swiftpm/xcode
/Applications/Xcode-26.3.0.app/Contents/Developer/Toolchains/XcodeDefault.xctoolchain/usr/bin/clang-stat-cache /Applications/Xcode-26.3.0.app/Contents/Developer/Platforms/WatchOS.platform/Developer/SDKs/WatchOS26.2.sdk -o /Users/admin/builder/spi-builder-workspace/.derivedData/SDKStatCaches.noindex/watchos26.2-23S303-dc75598d0054f22ec865fa860f139d721753b489057de6bda919edfa1c59a62b.sdkstatcache
CreateBuildDirectory /Users/admin/builder/spi-builder-workspace/.derivedData/Build/Intermediates.noindex
cd /Users/admin/builder/spi-builder-workspace/.swiftpm/xcode
builtin-create-build-directory /Users/admin/builder/spi-builder-workspace/.derivedData/Build/Intermediates.noindex
CreateBuildDirectory /Users/admin/builder/spi-builder-workspace/.derivedData/Build/Intermediates.noindex/ExplicitPrecompiledModules
cd /Users/admin/builder/spi-builder-workspace/.swiftpm/xcode
builtin-create-build-directory /Users/admin/builder/spi-builder-workspace/.derivedData/Build/Intermediates.noindex/ExplicitPrecompiledModules
CreateBuildDirectory /Users/admin/builder/spi-builder-workspace/.derivedData/Build/Intermediates.noindex/SwiftExplicitPrecompiledModules
cd /Users/admin/builder/spi-builder-workspace/.swiftpm/xcode
builtin-create-build-directory /Users/admin/builder/spi-builder-workspace/.derivedData/Build/Intermediates.noindex/SwiftExplicitPrecompiledModules
CreateBuildDirectory /Users/admin/builder/spi-builder-workspace/.derivedData/Build/Intermediates.noindex/EagerLinkingTBDs/Debug-watchos
cd /Users/admin/builder/spi-builder-workspace/.swiftpm/xcode
builtin-create-build-directory /Users/admin/builder/spi-builder-workspace/.derivedData/Build/Intermediates.noindex/EagerLinkingTBDs/Debug-watchos
CreateBuildDirectory /Users/admin/builder/spi-builder-workspace/.derivedData/Build/Products/Debug-watchos
cd /Users/admin/builder/spi-builder-workspace/.swiftpm/xcode
builtin-create-build-directory /Users/admin/builder/spi-builder-workspace/.derivedData/Build/Products/Debug-watchos
CreateBuildDirectory /Users/admin/builder/spi-builder-workspace/.derivedData/Build/Products/Debug-watchos/PackageFrameworks
cd /Users/admin/builder/spi-builder-workspace/.swiftpm/xcode
builtin-create-build-directory /Users/admin/builder/spi-builder-workspace/.derivedData/Build/Products/Debug-watchos/PackageFrameworks
WriteAuxiliaryFile /Users/admin/builder/spi-builder-workspace/.derivedData/Build/Intermediates.noindex/HTMLEditor-SwiftUI.build/Debug-watchos/HTMLEditor.build/HTMLEditor.modulemap (in target 'HTMLEditor' from project 'HTMLEditor-SwiftUI')
cd /Users/admin/builder/spi-builder-workspace
write-file /Users/admin/builder/spi-builder-workspace/.derivedData/Build/Intermediates.noindex/HTMLEditor-SwiftUI.build/Debug-watchos/HTMLEditor.build/HTMLEditor.modulemap
WriteAuxiliaryFile /Users/admin/builder/spi-builder-workspace/.derivedData/Build/Intermediates.noindex/HTMLEditor-SwiftUI.build/Debug-watchos/HTMLEditor.build/Objects-normal/arm64_32/HTMLEditor.LinkFileList (in target 'HTMLEditor' from project 'HTMLEditor-SwiftUI')
cd /Users/admin/builder/spi-builder-workspace
write-file /Users/admin/builder/spi-builder-workspace/.derivedData/Build/Intermediates.noindex/HTMLEditor-SwiftUI.build/Debug-watchos/HTMLEditor.build/Objects-normal/arm64_32/HTMLEditor.LinkFileList
WriteAuxiliaryFile /Users/admin/builder/spi-builder-workspace/.derivedData/Build/Intermediates.noindex/HTMLEditor-SwiftUI.build/Debug-watchos/HTMLEditor.build/Objects-normal/arm64_32/HTMLEditor_const_extract_protocols.json (in target 'HTMLEditor' from project 'HTMLEditor-SwiftUI')
cd /Users/admin/builder/spi-builder-workspace
write-file /Users/admin/builder/spi-builder-workspace/.derivedData/Build/Intermediates.noindex/HTMLEditor-SwiftUI.build/Debug-watchos/HTMLEditor.build/Objects-normal/arm64_32/HTMLEditor_const_extract_protocols.json
WriteAuxiliaryFile /Users/admin/builder/spi-builder-workspace/.derivedData/Build/Intermediates.noindex/HTMLEditor-SwiftUI.build/Debug-watchos/HTMLEditor.build/Objects-normal/arm64_32/HTMLEditor-OutputFileMap.json (in target 'HTMLEditor' from project 'HTMLEditor-SwiftUI')
cd /Users/admin/builder/spi-builder-workspace
write-file /Users/admin/builder/spi-builder-workspace/.derivedData/Build/Intermediates.noindex/HTMLEditor-SwiftUI.build/Debug-watchos/HTMLEditor.build/Objects-normal/arm64_32/HTMLEditor-OutputFileMap.json
WriteAuxiliaryFile /Users/admin/builder/spi-builder-workspace/.derivedData/Build/Intermediates.noindex/HTMLEditor-SwiftUI.build/Debug-watchos/HTMLEditor.build/Objects-normal/arm64_32/HTMLEditor.SwiftFileList (in target 'HTMLEditor' from project 'HTMLEditor-SwiftUI')
cd /Users/admin/builder/spi-builder-workspace
write-file /Users/admin/builder/spi-builder-workspace/.derivedData/Build/Intermediates.noindex/HTMLEditor-SwiftUI.build/Debug-watchos/HTMLEditor.build/Objects-normal/arm64_32/HTMLEditor.SwiftFileList
WriteAuxiliaryFile /Users/admin/builder/spi-builder-workspace/.derivedData/Build/Intermediates.noindex/HTMLEditor-SwiftUI.build/Debug-watchos/HTMLEditor.build/Objects-normal/arm64/HTMLEditor-OutputFileMap.json (in target 'HTMLEditor' from project 'HTMLEditor-SwiftUI')
cd /Users/admin/builder/spi-builder-workspace
write-file /Users/admin/builder/spi-builder-workspace/.derivedData/Build/Intermediates.noindex/HTMLEditor-SwiftUI.build/Debug-watchos/HTMLEditor.build/Objects-normal/arm64/HTMLEditor-OutputFileMap.json
WriteAuxiliaryFile /Users/admin/builder/spi-builder-workspace/.derivedData/Build/Intermediates.noindex/HTMLEditor-SwiftUI.build/Debug-watchos/HTMLEditorBenchmarks.build/Objects-normal/arm64_32/HTMLEditorBenchmarks.SwiftFileList (in target 'HTMLEditorBenchmarks' from project 'HTMLEditor-SwiftUI')
cd /Users/admin/builder/spi-builder-workspace
write-file /Users/admin/builder/spi-builder-workspace/.derivedData/Build/Intermediates.noindex/HTMLEditor-SwiftUI.build/Debug-watchos/HTMLEditorBenchmarks.build/Objects-normal/arm64_32/HTMLEditorBenchmarks.SwiftFileList
WriteAuxiliaryFile /Users/admin/builder/spi-builder-workspace/.derivedData/Build/Intermediates.noindex/HTMLEditor-SwiftUI.build/Debug-watchos/HTMLEditor.build/Objects-normal/arm64/HTMLEditor_const_extract_protocols.json (in target 'HTMLEditor' from project 'HTMLEditor-SwiftUI')
cd /Users/admin/builder/spi-builder-workspace
write-file /Users/admin/builder/spi-builder-workspace/.derivedData/Build/Intermediates.noindex/HTMLEditor-SwiftUI.build/Debug-watchos/HTMLEditor.build/Objects-normal/arm64/HTMLEditor_const_extract_protocols.json
WriteAuxiliaryFile /Users/admin/builder/spi-builder-workspace/.derivedData/Build/Intermediates.noindex/HTMLEditor-SwiftUI.build/Debug-watchos/HTMLEditorBenchmarks.build/Objects-normal/arm64_32/HTMLEditorBenchmarks_const_extract_protocols.json (in target 'HTMLEditorBenchmarks' from project 'HTMLEditor-SwiftUI')
cd /Users/admin/builder/spi-builder-workspace
write-file /Users/admin/builder/spi-builder-workspace/.derivedData/Build/Intermediates.noindex/HTMLEditor-SwiftUI.build/Debug-watchos/HTMLEditorBenchmarks.build/Objects-normal/arm64_32/HTMLEditorBenchmarks_const_extract_protocols.json
WriteAuxiliaryFile /Users/admin/builder/spi-builder-workspace/.derivedData/Build/Intermediates.noindex/HTMLEditor-SwiftUI.build/Debug-watchos/HTMLEditorBenchmarks.build/Objects-normal/arm64_32/HTMLEditorBenchmarks.LinkFileList (in target 'HTMLEditorBenchmarks' from project 'HTMLEditor-SwiftUI')
cd /Users/admin/builder/spi-builder-workspace
write-file /Users/admin/builder/spi-builder-workspace/.derivedData/Build/Intermediates.noindex/HTMLEditor-SwiftUI.build/Debug-watchos/HTMLEditorBenchmarks.build/Objects-normal/arm64_32/HTMLEditorBenchmarks.LinkFileList
WriteAuxiliaryFile /Users/admin/builder/spi-builder-workspace/.derivedData/Build/Intermediates.noindex/HTMLEditor-SwiftUI.build/Debug-watchos/HTMLEditorBenchmarks.build/Objects-normal/arm64_32/HTMLEditorBenchmarks-OutputFileMap.json (in target 'HTMLEditorBenchmarks' from project 'HTMLEditor-SwiftUI')
cd /Users/admin/builder/spi-builder-workspace
write-file /Users/admin/builder/spi-builder-workspace/.derivedData/Build/Intermediates.noindex/HTMLEditor-SwiftUI.build/Debug-watchos/HTMLEditorBenchmarks.build/Objects-normal/arm64_32/HTMLEditorBenchmarks-OutputFileMap.json
WriteAuxiliaryFile /Users/admin/builder/spi-builder-workspace/.derivedData/Build/Intermediates.noindex/HTMLEditor-SwiftUI.build/Debug-watchos/HTMLEditorBenchmarks.build/Objects-normal/arm64/HTMLEditorBenchmarks-OutputFileMap.json (in target 'HTMLEditorBenchmarks' from project 'HTMLEditor-SwiftUI')
cd /Users/admin/builder/spi-builder-workspace
write-file /Users/admin/builder/spi-builder-workspace/.derivedData/Build/Intermediates.noindex/HTMLEditor-SwiftUI.build/Debug-watchos/HTMLEditorBenchmarks.build/Objects-normal/arm64/HTMLEditorBenchmarks-OutputFileMap.json
WriteAuxiliaryFile /Users/admin/builder/spi-builder-workspace/.derivedData/Build/Intermediates.noindex/HTMLEditor-SwiftUI.build/Debug-watchos/HTMLEditorBenchmarks.build/Objects-normal/arm64/HTMLEditorBenchmarks_const_extract_protocols.json (in target 'HTMLEditorBenchmarks' from project 'HTMLEditor-SwiftUI')
cd /Users/admin/builder/spi-builder-workspace
write-file /Users/admin/builder/spi-builder-workspace/.derivedData/Build/Intermediates.noindex/HTMLEditor-SwiftUI.build/Debug-watchos/HTMLEditorBenchmarks.build/Objects-normal/arm64/HTMLEditorBenchmarks_const_extract_protocols.json
WriteAuxiliaryFile /Users/admin/builder/spi-builder-workspace/.derivedData/Build/Intermediates.noindex/HTMLEditor-SwiftUI.build/Debug-watchos/HTMLEditorBenchmarks.build/Objects-normal/arm64/HTMLEditorBenchmarks.LinkFileList (in target 'HTMLEditorBenchmarks' from project 'HTMLEditor-SwiftUI')
cd /Users/admin/builder/spi-builder-workspace
write-file /Users/admin/builder/spi-builder-workspace/.derivedData/Build/Intermediates.noindex/HTMLEditor-SwiftUI.build/Debug-watchos/HTMLEditorBenchmarks.build/Objects-normal/arm64/HTMLEditorBenchmarks.LinkFileList
WriteAuxiliaryFile /Users/admin/builder/spi-builder-workspace/.derivedData/Build/Intermediates.noindex/HTMLEditor-SwiftUI.build/Debug-watchos/HTMLEditorBenchmarks.build/Objects-normal/arm64/HTMLEditorBenchmarks.SwiftFileList (in target 'HTMLEditorBenchmarks' from project 'HTMLEditor-SwiftUI')
cd /Users/admin/builder/spi-builder-workspace
write-file /Users/admin/builder/spi-builder-workspace/.derivedData/Build/Intermediates.noindex/HTMLEditor-SwiftUI.build/Debug-watchos/HTMLEditorBenchmarks.build/Objects-normal/arm64/HTMLEditorBenchmarks.SwiftFileList
WriteAuxiliaryFile /Users/admin/builder/spi-builder-workspace/.derivedData/Build/Intermediates.noindex/HTMLEditor-SwiftUI.build/Debug-watchos/HTMLEditorBenchmarks.build/HTMLEditorBenchmarks.DependencyStaticMetadataFileList (in target 'HTMLEditorBenchmarks' from project 'HTMLEditor-SwiftUI')
cd /Users/admin/builder/spi-builder-workspace
write-file /Users/admin/builder/spi-builder-workspace/.derivedData/Build/Intermediates.noindex/HTMLEditor-SwiftUI.build/Debug-watchos/HTMLEditorBenchmarks.build/HTMLEditorBenchmarks.DependencyStaticMetadataFileList
WriteAuxiliaryFile /Users/admin/builder/spi-builder-workspace/.derivedData/Build/Intermediates.noindex/HTMLEditor-SwiftUI.build/Debug-watchos/HTMLEditorBenchmarks.build/HTMLEditorBenchmarks.DependencyMetadataFileList (in target 'HTMLEditorBenchmarks' from project 'HTMLEditor-SwiftUI')
cd /Users/admin/builder/spi-builder-workspace
write-file /Users/admin/builder/spi-builder-workspace/.derivedData/Build/Intermediates.noindex/HTMLEditor-SwiftUI.build/Debug-watchos/HTMLEditorBenchmarks.build/HTMLEditorBenchmarks.DependencyMetadataFileList
WriteAuxiliaryFile /Users/admin/builder/spi-builder-workspace/.derivedData/Build/Intermediates.noindex/HTMLEditor-SwiftUI.build/Debug-watchos/HTMLEditor.build/Objects-normal/arm64_32/HTMLEditor.SwiftConstValuesFileList (in target 'HTMLEditor' from project 'HTMLEditor-SwiftUI')
cd /Users/admin/builder/spi-builder-workspace
write-file /Users/admin/builder/spi-builder-workspace/.derivedData/Build/Intermediates.noindex/HTMLEditor-SwiftUI.build/Debug-watchos/HTMLEditor.build/Objects-normal/arm64_32/HTMLEditor.SwiftConstValuesFileList
WriteAuxiliaryFile /Users/admin/builder/spi-builder-workspace/.derivedData/Build/Intermediates.noindex/HTMLEditor-SwiftUI.build/Debug-watchos/HTMLEditor.build/Objects-normal/arm64/HTMLEditor.SwiftFileList (in target 'HTMLEditor' from project 'HTMLEditor-SwiftUI')
cd /Users/admin/builder/spi-builder-workspace
write-file /Users/admin/builder/spi-builder-workspace/.derivedData/Build/Intermediates.noindex/HTMLEditor-SwiftUI.build/Debug-watchos/HTMLEditor.build/Objects-normal/arm64/HTMLEditor.SwiftFileList
WriteAuxiliaryFile /Users/admin/builder/spi-builder-workspace/.derivedData/Build/Intermediates.noindex/HTMLEditor-SwiftUI.build/Debug-watchos/HTMLEditor.build/Objects-normal/arm64/HTMLEditor.SwiftConstValuesFileList (in target 'HTMLEditor' from project 'HTMLEditor-SwiftUI')
cd /Users/admin/builder/spi-builder-workspace
write-file /Users/admin/builder/spi-builder-workspace/.derivedData/Build/Intermediates.noindex/HTMLEditor-SwiftUI.build/Debug-watchos/HTMLEditor.build/Objects-normal/arm64/HTMLEditor.SwiftConstValuesFileList
WriteAuxiliaryFile /Users/admin/builder/spi-builder-workspace/.derivedData/Build/Intermediates.noindex/HTMLEditor-SwiftUI.build/Debug-watchos/HTMLEditor.build/Objects-normal/arm64/HTMLEditor.LinkFileList (in target 'HTMLEditor' from project 'HTMLEditor-SwiftUI')
cd /Users/admin/builder/spi-builder-workspace
write-file /Users/admin/builder/spi-builder-workspace/.derivedData/Build/Intermediates.noindex/HTMLEditor-SwiftUI.build/Debug-watchos/HTMLEditor.build/Objects-normal/arm64/HTMLEditor.LinkFileList
WriteAuxiliaryFile /Users/admin/builder/spi-builder-workspace/.derivedData/Build/Intermediates.noindex/HTMLEditor-SwiftUI.build/Debug-watchos/HTMLEditor.build/HTMLEditor.DependencyStaticMetadataFileList (in target 'HTMLEditor' from project 'HTMLEditor-SwiftUI')
cd /Users/admin/builder/spi-builder-workspace
write-file /Users/admin/builder/spi-builder-workspace/.derivedData/Build/Intermediates.noindex/HTMLEditor-SwiftUI.build/Debug-watchos/HTMLEditor.build/HTMLEditor.DependencyStaticMetadataFileList
WriteAuxiliaryFile /Users/admin/builder/spi-builder-workspace/.derivedData/Build/Intermediates.noindex/HTMLEditor-SwiftUI.build/Debug-watchos/HTMLEditor.build/HTMLEditor.DependencyMetadataFileList (in target 'HTMLEditor' from project 'HTMLEditor-SwiftUI')
cd /Users/admin/builder/spi-builder-workspace
write-file /Users/admin/builder/spi-builder-workspace/.derivedData/Build/Intermediates.noindex/HTMLEditor-SwiftUI.build/Debug-watchos/HTMLEditor.build/HTMLEditor.DependencyMetadataFileList
Copy /Users/admin/builder/spi-builder-workspace/.derivedData/Build/Intermediates.noindex/GeneratedModuleMaps-watchos/HTMLEditor.modulemap /Users/admin/builder/spi-builder-workspace/.derivedData/Build/Intermediates.noindex/HTMLEditor-SwiftUI.build/Debug-watchos/HTMLEditor.build/HTMLEditor.modulemap (in target 'HTMLEditor' from project 'HTMLEditor-SwiftUI')
cd /Users/admin/builder/spi-builder-workspace
builtin-copy -exclude .DS_Store -exclude CVS -exclude .svn -exclude .git -exclude .hg -resolve-src-symlinks /Users/admin/builder/spi-builder-workspace/.derivedData/Build/Intermediates.noindex/HTMLEditor-SwiftUI.build/Debug-watchos/HTMLEditor.build/HTMLEditor.modulemap /Users/admin/builder/spi-builder-workspace/.derivedData/Build/Intermediates.noindex/GeneratedModuleMaps-watchos
SwiftDriver HTMLEditor normal arm64 com.apple.xcode.tools.swift.compiler (in target 'HTMLEditor' from project 'HTMLEditor-SwiftUI')
cd /Users/admin/builder/spi-builder-workspace/.swiftpm/xcode
builtin-SwiftDriver -- /Applications/Xcode-26.3.0.app/Contents/Developer/Toolchains/XcodeDefault.xctoolchain/usr/bin/swiftc -module-name HTMLEditor -Onone -enforce-exclusivity\=checked @/Users/admin/builder/spi-builder-workspace/.derivedData/Build/Intermediates.noindex/HTMLEditor-SwiftUI.build/Debug-watchos/HTMLEditor.build/Objects-normal/arm64/HTMLEditor.SwiftFileList -DSWIFT_PACKAGE -DDEBUG -DSWIFT_MODULE_RESOURCE_BUNDLE_UNAVAILABLE -DXcode -plugin-path /Applications/Xcode-26.3.0.app/Contents/Developer/Toolchains/XcodeDefault.xctoolchain/usr/lib/swift/host/plugins/testing -enable-experimental-feature DebugDescriptionMacro -sdk /Applications/Xcode-26.3.0.app/Contents/Developer/Platforms/WatchOS.platform/Developer/SDKs/WatchOS26.2.sdk -target arm64-apple-watchos10.0 -g -module-cache-path /Users/admin/builder/spi-builder-workspace/.derivedData/ModuleCache.noindex -Xfrontend -serialize-debugging-options -profile-coverage-mapping -profile-generate -enable-testing -index-store-path /Users/admin/builder/spi-builder-workspace/.derivedData/Index.noindex/DataStore -Xcc -D_LIBCPP_HARDENING_MODE\=_LIBCPP_HARDENING_MODE_DEBUG -swift-version 6 -I /Users/admin/builder/spi-builder-workspace/.derivedData/Build/Products/Debug-watchos -Isystem /Applications/Xcode-26.3.0.app/Contents/Developer/Platforms/WatchOS.platform/Developer/usr/lib -F /Users/admin/builder/spi-builder-workspace/.derivedData/Build/Products/Debug-watchos -F /Applications/Xcode-26.3.0.app/Contents/Developer/Platforms/WatchOS.platform/Developer/Library/Frameworks -F /Applications/Xcode-26.3.0.app/Contents/Developer/Platforms/WatchOS.platform/Developer/SDKs/WatchOS26.2.sdk/Developer/Library/Frameworks -c -j10 -enable-batch-mode -incremental -Xcc -ivfsstatcache -Xcc /Users/admin/builder/spi-builder-workspace/.derivedData/SDKStatCaches.noindex/watchos26.2-23S303-dc75598d0054f22ec865fa860f139d721753b489057de6bda919edfa1c59a62b.sdkstatcache -output-file-map /Users/admin/builder/spi-builder-workspace/.derivedData/Build/Intermediates.noindex/HTMLEditor-SwiftUI.build/Debug-watchos/HTMLEditor.build/Objects-normal/arm64/HTMLEditor-OutputFileMap.json -use-frontend-parseable-output -save-temps -no-color-diagnostics -explicit-module-build -module-cache-path /Users/admin/builder/spi-builder-workspace/.derivedData/Build/Intermediates.noindex/SwiftExplicitPrecompiledModules -clang-scanner-module-cache-path /Users/admin/builder/spi-builder-workspace/.derivedData/ModuleCache.noindex -sdk-module-cache-path /Users/admin/builder/spi-builder-workspace/.derivedData/ModuleCache.noindex -serialize-diagnostics -emit-dependencies -emit-module -emit-module-path /Users/admin/builder/spi-builder-workspace/.derivedData/Build/Intermediates.noindex/HTMLEditor-SwiftUI.build/Debug-watchos/HTMLEditor.build/Objects-normal/arm64/HTMLEditor.swiftmodule -validate-clang-modules-once -clang-build-session-file /Users/admin/builder/spi-builder-workspace/.derivedData/ModuleCache.noindex/Session.modulevalidation -package-name spi_builder_workspace -Xcc -I/Users/admin/builder/spi-builder-workspace/.derivedData/Build/Intermediates.noindex/HTMLEditor-SwiftUI.build/Debug-watchos/HTMLEditor.build/swift-overrides.hmap -emit-const-values -Xfrontend -const-gather-protocols-file -Xfrontend /Users/admin/builder/spi-builder-workspace/.derivedData/Build/Intermediates.noindex/HTMLEditor-SwiftUI.build/Debug-watchos/HTMLEditor.build/Objects-normal/arm64/HTMLEditor_const_extract_protocols.json -Xcc -I/Users/admin/builder/spi-builder-workspace/.derivedData/Build/Products/Debug-watchos/include -Xcc -I/Users/admin/builder/spi-builder-workspace/.derivedData/Build/Intermediates.noindex/HTMLEditor-SwiftUI.build/Debug-watchos/HTMLEditor.build/DerivedSources-normal/arm64 -Xcc -I/Users/admin/builder/spi-builder-workspace/.derivedData/Build/Intermediates.noindex/HTMLEditor-SwiftUI.build/Debug-watchos/HTMLEditor.build/DerivedSources/arm64 -Xcc -I/Users/admin/builder/spi-builder-workspace/.derivedData/Build/Intermediates.noindex/HTMLEditor-SwiftUI.build/Debug-watchos/HTMLEditor.build/DerivedSources -Xcc -DSWIFT_PACKAGE -Xcc -DDEBUG\=1 -emit-objc-header -emit-objc-header-path /Users/admin/builder/spi-builder-workspace/.derivedData/Build/Intermediates.noindex/HTMLEditor-SwiftUI.build/Debug-watchos/HTMLEditor.build/Objects-normal/arm64/HTMLEditor-Swift.h -working-directory /Users/admin/builder/spi-builder-workspace/.swiftpm/xcode -experimental-emit-module-separately -disable-cmo
SwiftDriver HTMLEditor normal arm64_32 com.apple.xcode.tools.swift.compiler (in target 'HTMLEditor' from project 'HTMLEditor-SwiftUI')
cd /Users/admin/builder/spi-builder-workspace/.swiftpm/xcode
builtin-SwiftDriver -- /Applications/Xcode-26.3.0.app/Contents/Developer/Toolchains/XcodeDefault.xctoolchain/usr/bin/swiftc -module-name HTMLEditor -Onone -enforce-exclusivity\=checked @/Users/admin/builder/spi-builder-workspace/.derivedData/Build/Intermediates.noindex/HTMLEditor-SwiftUI.build/Debug-watchos/HTMLEditor.build/Objects-normal/arm64_32/HTMLEditor.SwiftFileList -DSWIFT_PACKAGE -DDEBUG -DSWIFT_MODULE_RESOURCE_BUNDLE_UNAVAILABLE -DXcode -plugin-path /Applications/Xcode-26.3.0.app/Contents/Developer/Toolchains/XcodeDefault.xctoolchain/usr/lib/swift/host/plugins/testing -enable-experimental-feature DebugDescriptionMacro -sdk /Applications/Xcode-26.3.0.app/Contents/Developer/Platforms/WatchOS.platform/Developer/SDKs/WatchOS26.2.sdk -target arm64_32-apple-watchos10.0 -g -module-cache-path /Users/admin/builder/spi-builder-workspace/.derivedData/ModuleCache.noindex -Xfrontend -serialize-debugging-options -profile-coverage-mapping -profile-generate -enable-testing -index-store-path /Users/admin/builder/spi-builder-workspace/.derivedData/Index.noindex/DataStore -Xcc -D_LIBCPP_HARDENING_MODE\=_LIBCPP_HARDENING_MODE_DEBUG -swift-version 6 -I /Users/admin/builder/spi-builder-workspace/.derivedData/Build/Products/Debug-watchos -Isystem /Applications/Xcode-26.3.0.app/Contents/Developer/Platforms/WatchOS.platform/Developer/usr/lib -F /Users/admin/builder/spi-builder-workspace/.derivedData/Build/Products/Debug-watchos -F /Applications/Xcode-26.3.0.app/Contents/Developer/Platforms/WatchOS.platform/Developer/Library/Frameworks -F /Applications/Xcode-26.3.0.app/Contents/Developer/Platforms/WatchOS.platform/Developer/SDKs/WatchOS26.2.sdk/Developer/Library/Frameworks -c -j10 -enable-batch-mode -incremental -Xcc -ivfsstatcache -Xcc /Users/admin/builder/spi-builder-workspace/.derivedData/SDKStatCaches.noindex/watchos26.2-23S303-dc75598d0054f22ec865fa860f139d721753b489057de6bda919edfa1c59a62b.sdkstatcache -output-file-map /Users/admin/builder/spi-builder-workspace/.derivedData/Build/Intermediates.noindex/HTMLEditor-SwiftUI.build/Debug-watchos/HTMLEditor.build/Objects-normal/arm64_32/HTMLEditor-OutputFileMap.json -use-frontend-parseable-output -save-temps -no-color-diagnostics -explicit-module-build -module-cache-path /Users/admin/builder/spi-builder-workspace/.derivedData/Build/Intermediates.noindex/SwiftExplicitPrecompiledModules -clang-scanner-module-cache-path /Users/admin/builder/spi-builder-workspace/.derivedData/ModuleCache.noindex -sdk-module-cache-path /Users/admin/builder/spi-builder-workspace/.derivedData/ModuleCache.noindex -serialize-diagnostics -emit-dependencies -emit-module -emit-module-path /Users/admin/builder/spi-builder-workspace/.derivedData/Build/Intermediates.noindex/HTMLEditor-SwiftUI.build/Debug-watchos/HTMLEditor.build/Objects-normal/arm64_32/HTMLEditor.swiftmodule -validate-clang-modules-once -clang-build-session-file /Users/admin/builder/spi-builder-workspace/.derivedData/ModuleCache.noindex/Session.modulevalidation -package-name spi_builder_workspace -Xcc -I/Users/admin/builder/spi-builder-workspace/.derivedData/Build/Intermediates.noindex/HTMLEditor-SwiftUI.build/Debug-watchos/HTMLEditor.build/swift-overrides.hmap -emit-const-values -Xfrontend -const-gather-protocols-file -Xfrontend /Users/admin/builder/spi-builder-workspace/.derivedData/Build/Intermediates.noindex/HTMLEditor-SwiftUI.build/Debug-watchos/HTMLEditor.build/Objects-normal/arm64_32/HTMLEditor_const_extract_protocols.json -Xcc -I/Users/admin/builder/spi-builder-workspace/.derivedData/Build/Products/Debug-watchos/include -Xcc -I/Users/admin/builder/spi-builder-workspace/.derivedData/Build/Intermediates.noindex/HTMLEditor-SwiftUI.build/Debug-watchos/HTMLEditor.build/DerivedSources-normal/arm64_32 -Xcc -I/Users/admin/builder/spi-builder-workspace/.derivedData/Build/Intermediates.noindex/HTMLEditor-SwiftUI.build/Debug-watchos/HTMLEditor.build/DerivedSources/arm64_32 -Xcc -I/Users/admin/builder/spi-builder-workspace/.derivedData/Build/Intermediates.noindex/HTMLEditor-SwiftUI.build/Debug-watchos/HTMLEditor.build/DerivedSources -Xcc -DSWIFT_PACKAGE -Xcc -DDEBUG\=1 -emit-objc-header -emit-objc-header-path /Users/admin/builder/spi-builder-workspace/.derivedData/Build/Intermediates.noindex/HTMLEditor-SwiftUI.build/Debug-watchos/HTMLEditor.build/Objects-normal/arm64_32/HTMLEditor-Swift.h -working-directory /Users/admin/builder/spi-builder-workspace/.swiftpm/xcode -experimental-emit-module-separately -disable-cmo
SwiftExplicitDependencyGeneratePcm arm64_32 /Users/admin/builder/spi-builder-workspace/.derivedData/ModuleCache.noindex/_AvailabilityInternal-2P7I2A0IHHWZTWSQ7YWZKAXBX.pcm
SwiftExplicitDependencyGeneratePcm arm64_32 /Users/admin/builder/spi-builder-workspace/.derivedData/ModuleCache.noindex/SwiftShims-1KDDRF0T4GF3KEVBC8BQQ0CZ5.pcm
SwiftExplicitDependencyGeneratePcm arm64_32 /Users/admin/builder/spi-builder-workspace/.derivedData/ModuleCache.noindex/ptrauth-625I4K1NIQYS1FZEGD4TBZD97.pcm
SwiftExplicitDependencyGeneratePcm arm64_32 /Users/admin/builder/spi-builder-workspace/.derivedData/ModuleCache.noindex/_Builtin_stdbool-5P7XRQ5AQ02CJZQOFJGPCI3TD.pcm
SwiftExplicitDependencyGeneratePcm arm64_32 /Users/admin/builder/spi-builder-workspace/.derivedData/ModuleCache.noindex/_SwiftConcurrencyShims-BE6OCM46C4HZFNWL8BR101QWH.pcm
SwiftExplicitDependencyGeneratePcm arm64_32 /Users/admin/builder/spi-builder-workspace/.derivedData/ModuleCache.noindex/ptrcheck-9AZUY5IS5PCZJH0IGF6KZ1CS4.pcm
SwiftExplicitDependencyGeneratePcm arm64_32 /Users/admin/builder/spi-builder-workspace/.derivedData/ModuleCache.noindex/_Builtin_stddef-CVMDFD2LRC6J8Y1G2VDJIK5XT.pcm
SwiftExplicitDependencyGeneratePcm arm64_32 /Users/admin/builder/spi-builder-workspace/.derivedData/ModuleCache.noindex/_Builtin_float-57NF6Z0LMY2BSAMQJ9NJ49CVA.pcm
SwiftExplicitDependencyGeneratePcm arm64_32 /Users/admin/builder/spi-builder-workspace/.derivedData/ModuleCache.noindex/DeveloperToolsSupport-5Q1NLQJRRPLABYGN6NVKFXWY0.pcm
SwiftExplicitDependencyGeneratePcm arm64_32 /Users/admin/builder/spi-builder-workspace/.derivedData/ModuleCache.noindex/_Builtin_stdarg-D40VS4Q2KALO38V4FLA1GBDYO.pcm
SwiftExplicitDependencyGeneratePcm arm64 /Users/admin/builder/spi-builder-workspace/.derivedData/ModuleCache.noindex/SwiftShims-7I20DMCTK17Q8T32LA04FWAMX.pcm
SwiftExplicitDependencyGeneratePcm arm64 /Users/admin/builder/spi-builder-workspace/.derivedData/ModuleCache.noindex/_Builtin_stddef-85JH2ZGWLM4WGGJWD7P19JNV6.pcm
SwiftExplicitDependencyGeneratePcm arm64 /Users/admin/builder/spi-builder-workspace/.derivedData/ModuleCache.noindex/_AvailabilityInternal-2O3RFBUGA1RPVNII2XIZ3QNC3.pcm
SwiftExplicitDependencyGeneratePcm arm64 /Users/admin/builder/spi-builder-workspace/.derivedData/ModuleCache.noindex/ptrauth-23V973HP08H1G8HHZ6OAJWG6Z.pcm
SwiftExplicitDependencyGeneratePcm arm64 /Users/admin/builder/spi-builder-workspace/.derivedData/ModuleCache.noindex/_Builtin_float-5QRDZB35Y522CLCFL7NT2LPUF.pcm
SwiftExplicitDependencyGeneratePcm arm64 /Users/admin/builder/spi-builder-workspace/.derivedData/ModuleCache.noindex/_Builtin_stdbool-6XT6P5XUZWCFLZBIHXXS8S9EV.pcm
SwiftExplicitDependencyGeneratePcm arm64 /Users/admin/builder/spi-builder-workspace/.derivedData/ModuleCache.noindex/DeveloperToolsSupport-4T92GXF0UX8LAOR19MDAZQ5FJ.pcm
SwiftExplicitDependencyGeneratePcm arm64 /Users/admin/builder/spi-builder-workspace/.derivedData/ModuleCache.noindex/_SwiftConcurrencyShims-6I3LH2ITNOZQ7GZSIWV3YFHI2.pcm
SwiftExplicitDependencyGeneratePcm arm64 /Users/admin/builder/spi-builder-workspace/.derivedData/ModuleCache.noindex/ptrcheck-4YU0IIP3FXMEGKRFTVKLD8FLA.pcm
SwiftExplicitDependencyGeneratePcm arm64 /Users/admin/builder/spi-builder-workspace/.derivedData/ModuleCache.noindex/_Builtin_stdarg-RZPX1L7HC0FE24QDJB88HMGH.pcm
SwiftExplicitDependencyGeneratePcm arm64_32 /Users/admin/builder/spi-builder-workspace/.derivedData/ModuleCache.noindex/_DarwinFoundation1-B5IP3NLVAB98PUH6026E7IU3Z.pcm
SwiftExplicitDependencyGeneratePcm arm64 /Users/admin/builder/spi-builder-workspace/.derivedData/ModuleCache.noindex/_DarwinFoundation1-9CHGZVG6Q11ZVI9VKIOS0DH8R.pcm
SwiftExplicitDependencyGeneratePcm arm64_32 /Users/admin/builder/spi-builder-workspace/.derivedData/ModuleCache.noindex/_Builtin_limits-85C3GEXRWK1KZJSJYR1SLAHJZ.pcm
SwiftExplicitDependencyGeneratePcm arm64_32 /Users/admin/builder/spi-builder-workspace/.derivedData/ModuleCache.noindex/_DarwinFoundation2-BE53KZ13PGS3ADMTR162NWOT8.pcm
SwiftExplicitDependencyGeneratePcm arm64 /Users/admin/builder/spi-builder-workspace/.derivedData/ModuleCache.noindex/_Builtin_limits-DDBVG65V69EW9COVSML9AW08G.pcm
SwiftExplicitDependencyGeneratePcm arm64 /Users/admin/builder/spi-builder-workspace/.derivedData/ModuleCache.noindex/_DarwinFoundation2-91AUNY1B00JVZZS04EHZ5P78E.pcm
SwiftExplicitDependencyGeneratePcm arm64_32 /Users/admin/builder/spi-builder-workspace/.derivedData/ModuleCache.noindex/_Builtin_stdint-DHK9W4154W1VADFICW26EF51A.pcm
SwiftExplicitDependencyGeneratePcm arm64_32 /Users/admin/builder/spi-builder-workspace/.derivedData/ModuleCache.noindex/sys_types-5220JAOP6QAKP1ZZSQXQIGT3N.pcm
SwiftExplicitDependencyGeneratePcm arm64_32 /Users/admin/builder/spi-builder-workspace/.derivedData/ModuleCache.noindex/_Builtin_tgmath-9MAKYXN5PH90P2SVS3Q0JFOEL.pcm
SwiftExplicitDependencyGeneratePcm arm64 /Users/admin/builder/spi-builder-workspace/.derivedData/ModuleCache.noindex/_Builtin_stdint-BFTPAV7DTJR0UZMVITWJ89G3Z.pcm
SwiftExplicitDependencyGeneratePcm arm64 /Users/admin/builder/spi-builder-workspace/.derivedData/ModuleCache.noindex/sys_types-3UK4M66LJG7B93KMPGCYXJLGJ.pcm
SwiftExplicitDependencyGeneratePcm arm64 /Users/admin/builder/spi-builder-workspace/.derivedData/ModuleCache.noindex/_Builtin_tgmath-DI47CTKNA1DVO6XMQAP3NHIQ0.pcm
SwiftExplicitDependencyGeneratePcm arm64_32 /Users/admin/builder/spi-builder-workspace/.derivedData/ModuleCache.noindex/_DarwinFoundation3-ECPZQXPEKKE17FVBYD1POXRMU.pcm
SwiftExplicitDependencyGeneratePcm arm64_32 /Users/admin/builder/spi-builder-workspace/.derivedData/ModuleCache.noindex/_Builtin_intrinsics-8BDARAQ01UZD6W014LHVKHINQ.pcm
SwiftExplicitDependencyGeneratePcm arm64_32 /Users/admin/builder/spi-builder-workspace/.derivedData/ModuleCache.noindex/_Builtin_stdatomic-PGCTE6MX7UMTDPK5E7L1WO9G.pcm
SwiftExplicitDependencyGeneratePcm arm64 /Users/admin/builder/spi-builder-workspace/.derivedData/ModuleCache.noindex/_Builtin_stdatomic-54VXVKINWJDUKUF1QQV7ZSY2R.pcm
SwiftExplicitDependencyGeneratePcm arm64 /Users/admin/builder/spi-builder-workspace/.derivedData/ModuleCache.noindex/_DarwinFoundation3-5VMZVD9RI030DGKFFW74MIHMQ.pcm
SwiftExplicitDependencyGeneratePcm arm64 /Users/admin/builder/spi-builder-workspace/.derivedData/ModuleCache.noindex/_Builtin_intrinsics-58ND084GSLXVJ19XXOLY3EGKI.pcm
SwiftExplicitDependencyGeneratePcm arm64_32 /Users/admin/builder/spi-builder-workspace/.derivedData/ModuleCache.noindex/_Builtin_inttypes-DVW4DAGN9X56OUK4E1BD9DBZ7.pcm
SwiftExplicitDependencyGeneratePcm arm64 /Users/admin/builder/spi-builder-workspace/.derivedData/ModuleCache.noindex/_Builtin_inttypes-EAYG1OYRDQ7HO6J9WI6WA5Y2M.pcm
SwiftExplicitDependencyGeneratePcm arm64_32 /Users/admin/builder/spi-builder-workspace/.derivedData/ModuleCache.noindex/Darwin-C8WYVRDE1BASWGOHXGC15GM9F.pcm
SwiftExplicitDependencyGeneratePcm arm64 /Users/admin/builder/spi-builder-workspace/.derivedData/ModuleCache.noindex/Darwin-E1ZCMHXYOAUQKSA4QO0SMGPXA.pcm
SwiftExplicitDependencyGeneratePcm arm64_32 /Users/admin/builder/spi-builder-workspace/.derivedData/ModuleCache.noindex/simd-9BYVQEJ0MLQ40IRA0VT385G31.pcm
SwiftExplicitDependencyGeneratePcm arm64 /Users/admin/builder/spi-builder-workspace/.derivedData/ModuleCache.noindex/simd-6UCUA2BKEI2K1ED9QH6DE7VZF.pcm
SwiftExplicitDependencyGeneratePcm arm64 /Users/admin/builder/spi-builder-workspace/.derivedData/ModuleCache.noindex/MachO-CBB7CDJCGLJ1KAOBMESQJ6HN0.pcm
SwiftExplicitDependencyGeneratePcm arm64 /Users/admin/builder/spi-builder-workspace/.derivedData/ModuleCache.noindex/ObjectiveC-2PU9OT47G6RBOHSXQR2STMWWR.pcm
SwiftExplicitDependencyGeneratePcm arm64_32 /Users/admin/builder/spi-builder-workspace/.derivedData/ModuleCache.noindex/ObjectiveC-AVYBQYXS0QCLOEQGWXNFUFJ0V.pcm
SwiftExplicitDependencyGeneratePcm arm64_32 /Users/admin/builder/spi-builder-workspace/.derivedData/ModuleCache.noindex/MachO-7QHSINQMXX9UYJSOISDF3NS24.pcm
SwiftExplicitDependencyGeneratePcm arm64 /Users/admin/builder/spi-builder-workspace/.derivedData/ModuleCache.noindex/os_object-CIUJ5N1V1HWSGEK024IV96R1M.pcm
SwiftExplicitDependencyGeneratePcm arm64_32 /Users/admin/builder/spi-builder-workspace/.derivedData/ModuleCache.noindex/os_object-8N6RR4J5VVS62U9VXHR1297AW.pcm
SwiftExplicitDependencyGeneratePcm arm64 /Users/admin/builder/spi-builder-workspace/.derivedData/ModuleCache.noindex/os_workgroup-5S02ISLSMHO6BA5HLY5UNJ6A3.pcm
SwiftExplicitDependencyGeneratePcm arm64_32 /Users/admin/builder/spi-builder-workspace/.derivedData/ModuleCache.noindex/os_workgroup-EGGSTWNSSUGG124AQRBUF2J85.pcm
SwiftExplicitDependencyGeneratePcm arm64_32 /Users/admin/builder/spi-builder-workspace/.derivedData/ModuleCache.noindex/Spatial-DGQ1Z61Q5HV0ERQQK6QDL9GGR.pcm
SwiftExplicitDependencyGeneratePcm arm64 /Users/admin/builder/spi-builder-workspace/.derivedData/ModuleCache.noindex/Spatial-P3M6DE6INE5TFFPGQXB74VLJ.pcm
SwiftExplicitDependencyGeneratePcm arm64 /Users/admin/builder/spi-builder-workspace/.derivedData/ModuleCache.noindex/Dispatch-4KQN7RRX0L9C07MGTWHYRJGYM.pcm
SwiftExplicitDependencyGeneratePcm arm64 /Users/admin/builder/spi-builder-workspace/.derivedData/ModuleCache.noindex/os-AOK4LQ23MW2NBBUH2N8QOP52R.pcm
SwiftExplicitDependencyGeneratePcm arm64_32 /Users/admin/builder/spi-builder-workspace/.derivedData/ModuleCache.noindex/Dispatch-DV1SP0JEXVJ6MTIWZ3XCJTXSW.pcm
SwiftExplicitDependencyGeneratePcm arm64_32 /Users/admin/builder/spi-builder-workspace/.derivedData/ModuleCache.noindex/os-1GWCV6O27DHF8WQFPLJNCFKK4.pcm
SwiftExplicitDependencyGeneratePcm arm64 /Users/admin/builder/spi-builder-workspace/.derivedData/ModuleCache.noindex/CoreFoundation-C0JIKJUNM7J0IFUIZ8S5RWP5A.pcm
SwiftExplicitDependencyGeneratePcm arm64_32 /Users/admin/builder/spi-builder-workspace/.derivedData/ModuleCache.noindex/CoreFoundation-EN8GNA4ERP0UOK1XPZ1YRZKGF.pcm
SwiftExplicitDependencyGeneratePcm arm64 /Users/admin/builder/spi-builder-workspace/.derivedData/ModuleCache.noindex/CoreGraphics-2FMIK8L6NJMCE0PUQH3KNMGI3.pcm
SwiftExplicitDependencyGeneratePcm arm64 /Users/admin/builder/spi-builder-workspace/.derivedData/ModuleCache.noindex/Security-8WXKZYCC8N3IYZ7GEEYK1LTTC.pcm
SwiftExplicitDependencyGeneratePcm arm64_32 /Users/admin/builder/spi-builder-workspace/.derivedData/ModuleCache.noindex/Security-8KJEGVX0ECINJU374GLCNITFA.pcm
SwiftExplicitDependencyGeneratePcm arm64_32 /Users/admin/builder/spi-builder-workspace/.derivedData/ModuleCache.noindex/CoreGraphics-54WAF0IQ8H82D87XJZCFRIVTY.pcm
SwiftExplicitDependencyGeneratePcm arm64 /Users/admin/builder/spi-builder-workspace/.derivedData/ModuleCache.noindex/Foundation-188QGUU7PNEMS0JL2JNA4L9D.pcm
SwiftExplicitDependencyGeneratePcm arm64_32 /Users/admin/builder/spi-builder-workspace/.derivedData/ModuleCache.noindex/Foundation-1ZQJQ54U4TUPUQFY2U9YK0983.pcm
SwiftExplicitDependencyGeneratePcm arm64 /Users/admin/builder/spi-builder-workspace/.derivedData/ModuleCache.noindex/CoreText-2GN9EZ4ZQV3RJTZAUM2RAP0C5.pcm
SwiftExplicitDependencyGeneratePcm arm64 /Users/admin/builder/spi-builder-workspace/.derivedData/ModuleCache.noindex/CoreVideo-15AO69LNM8QYOGDN9W7HMBMTS.pcm
SwiftExplicitDependencyGeneratePcm arm64_32 /Users/admin/builder/spi-builder-workspace/.derivedData/ModuleCache.noindex/CoreVideo-DAFM97GFIP18A85P7GYKWGVKF.pcm
SwiftExplicitDependencyGeneratePcm arm64_32 /Users/admin/builder/spi-builder-workspace/.derivedData/ModuleCache.noindex/CoreText-69WFEC62YDTCXQEGLBFA7KKF1.pcm
SwiftExplicitDependencyGeneratePcm arm64 /Users/admin/builder/spi-builder-workspace/.derivedData/ModuleCache.noindex/UniformTypeIdentifiers-458KAXK374TXBBN52PBPJYRSJ.pcm
SwiftExplicitDependencyGeneratePcm arm64 /Users/admin/builder/spi-builder-workspace/.derivedData/ModuleCache.noindex/QuartzCore-4KHS4Y6YPAFSDDCY9RNZPJHA3.pcm
SwiftExplicitDependencyGeneratePcm arm64 /Users/admin/builder/spi-builder-workspace/.derivedData/ModuleCache.noindex/SceneKit-3DCFJMYMG1AW8U9GLQQCC1TM9.pcm
SwiftExplicitDependencyGeneratePcm arm64 /Users/admin/builder/spi-builder-workspace/.derivedData/ModuleCache.noindex/Symbols-2U9Y3ZW48EA4WDS5V00VYWP77.pcm
SwiftExplicitDependencyGeneratePcm arm64 /Users/admin/builder/spi-builder-workspace/.derivedData/ModuleCache.noindex/Accessibility-4HTSNVYGF3VC9YDCPC2MNOPN4.pcm
SwiftExplicitDependencyGeneratePcm arm64 /Users/admin/builder/spi-builder-workspace/.derivedData/ModuleCache.noindex/UIUtilities-2AT70EV9YA6Z5O1GGD8GO52CG.pcm
SwiftExplicitDependencyGeneratePcm arm64 /Users/admin/builder/spi-builder-workspace/.derivedData/ModuleCache.noindex/UserNotifications-57VYXICVMN3EV36XAB1WHJZ2C.pcm
SwiftExplicitDependencyGeneratePcm arm64 /Users/admin/builder/spi-builder-workspace/.derivedData/ModuleCache.noindex/CoreData-2R09KN2ITB4YCFZYE0RKJ42SX.pcm
SwiftExplicitDependencyGeneratePcm arm64 /Users/admin/builder/spi-builder-workspace/.derivedData/ModuleCache.noindex/DataDetection-DGEIPFEY2NNDNAFGCE7B6ZZG5.pcm
SwiftExplicitDependencyGeneratePcm arm64 /Users/admin/builder/spi-builder-workspace/.derivedData/ModuleCache.noindex/OSLog-15I59UMBV6CMH7II4GT8R5JED.pcm
SwiftExplicitDependencyGeneratePcm arm64_32 /Users/admin/builder/spi-builder-workspace/.derivedData/ModuleCache.noindex/UIUtilities-CPB7RV7T2CQM4IT41KNK8WEPF.pcm
SwiftExplicitDependencyGeneratePcm arm64_32 /Users/admin/builder/spi-builder-workspace/.derivedData/ModuleCache.noindex/CoreData-F2DL2NECK2F0P1OBHCU46MF3Q.pcm
SwiftExplicitDependencyGeneratePcm arm64_32 /Users/admin/builder/spi-builder-workspace/.derivedData/ModuleCache.noindex/OSLog-BBMJB65CZBEAD54GKEVKN32T5.pcm
SwiftExplicitDependencyGeneratePcm arm64_32 /Users/admin/builder/spi-builder-workspace/.derivedData/ModuleCache.noindex/SceneKit-6MBHR3E1L3RXHLA4E857VB005.pcm
SwiftExplicitDependencyGeneratePcm arm64_32 /Users/admin/builder/spi-builder-workspace/.derivedData/ModuleCache.noindex/UniformTypeIdentifiers-6VZH7JUQRBGXCIXRY267O4LKC.pcm
SwiftExplicitDependencyGeneratePcm arm64_32 /Users/admin/builder/spi-builder-workspace/.derivedData/ModuleCache.noindex/CoreTransferable-2CVORFL3L1ZOPK3KZBFUQTSQZ.pcm
SwiftExplicitDependencyGeneratePcm arm64_32 /Users/admin/builder/spi-builder-workspace/.derivedData/ModuleCache.noindex/Symbols-A1BAQZRA0IPQ1BAQPBXB0XLK.pcm
SwiftExplicitDependencyGeneratePcm arm64_32 /Users/admin/builder/spi-builder-workspace/.derivedData/ModuleCache.noindex/Accessibility-869BJBZ6Y0GHCSU4LZ2MMOG62.pcm
SwiftExplicitDependencyGeneratePcm arm64 /Users/admin/builder/spi-builder-workspace/.derivedData/ModuleCache.noindex/UIKit-8SKRF6O0G9HZH553M3C9EWWAU.pcm
SwiftExplicitDependencyGeneratePcm arm64 /Users/admin/builder/spi-builder-workspace/.derivedData/ModuleCache.noindex/SwiftUICore-21H2UE8E2AZCB7ZNBBCK88V6B.pcm
SwiftExplicitDependencyGeneratePcm arm64 /Users/admin/builder/spi-builder-workspace/.derivedData/ModuleCache.noindex/CoreTransferable-8REPBA8E7O6DTYSXERNLF5EVF.pcm
SwiftExplicitDependencyGeneratePcm arm64_32 /Users/admin/builder/spi-builder-workspace/.derivedData/ModuleCache.noindex/DataDetection-9RZALVH3Q8QWPGVOXLJMRIMNJ.pcm
SwiftExplicitDependencyGeneratePcm arm64_32 /Users/admin/builder/spi-builder-workspace/.derivedData/ModuleCache.noindex/UserNotifications-CY8CZNOA4HZ4NXF0NT757OY1I.pcm
SwiftExplicitDependencyGeneratePcm arm64_32 /Users/admin/builder/spi-builder-workspace/.derivedData/ModuleCache.noindex/_LocationEssentials-4AVGDYZWJ1Z1EFYUB10MHWTSY.pcm
SwiftExplicitDependencyGeneratePcm arm64 /Users/admin/builder/spi-builder-workspace/.derivedData/ModuleCache.noindex/_LocationEssentials-89SR6PJ8VGRNDNOJCJUJKQDF.pcm
SwiftExplicitDependencyGeneratePcm arm64_32 /Users/admin/builder/spi-builder-workspace/.derivedData/ModuleCache.noindex/QuartzCore-5EU9GG539SM7NV65MHB043EPG.pcm
SwiftExplicitDependencyGeneratePcm arm64_32 /Users/admin/builder/spi-builder-workspace/.derivedData/ModuleCache.noindex/CoreLocation-9RQ68E4O3PRRR7M1U83RT5KKA.pcm
SwiftExplicitDependencyGeneratePcm arm64 /Users/admin/builder/spi-builder-workspace/.derivedData/ModuleCache.noindex/CoreLocation-BOG5PV0G1GSHHPJXU4ZBJCZRH.pcm
SwiftExplicitDependencyGeneratePcm arm64_32 /Users/admin/builder/spi-builder-workspace/.derivedData/ModuleCache.noindex/SwiftUICore-8ANRRAIL34VOSEU0OQX19CRW1.pcm
SwiftExplicitDependencyGeneratePcm arm64_32 /Users/admin/builder/spi-builder-workspace/.derivedData/ModuleCache.noindex/UIKit-1I38H26G25LVQJZB353WOWH6.pcm
SwiftExplicitDependencyGeneratePcm arm64 /Users/admin/builder/spi-builder-workspace/.derivedData/ModuleCache.noindex/MapKit-6Q8OOAF8BXB6AQCDERMACVNOQ.pcm
SwiftExplicitDependencyGeneratePcm arm64 /Users/admin/builder/spi-builder-workspace/.derivedData/ModuleCache.noindex/HomeKit-4C69268JUH909JW8MKMI4ZHZD.pcm
SwiftExplicitDependencyGeneratePcm arm64_32 /Users/admin/builder/spi-builder-workspace/.derivedData/ModuleCache.noindex/HomeKit-AHC3ILHKUO82Z75TFKF5V50CX.pcm
SwiftExplicitDependencyGeneratePcm arm64_32 /Users/admin/builder/spi-builder-workspace/.derivedData/ModuleCache.noindex/MapKit-61MX8NTUJI5M2YAB13WWU24YK.pcm
SwiftExplicitDependencyGeneratePcm arm64 /Users/admin/builder/spi-builder-workspace/.derivedData/ModuleCache.noindex/WatchKit-5T2K1B24G8E6J6KMDU2M6UZPN.pcm
SwiftExplicitDependencyGeneratePcm arm64 /Users/admin/builder/spi-builder-workspace/.derivedData/ModuleCache.noindex/SwiftUI-4OC0A8HWPDEBIVB0BVWDDC788.pcm
SwiftExplicitDependencyGeneratePcm arm64_32 /Users/admin/builder/spi-builder-workspace/.derivedData/ModuleCache.noindex/WatchKit-CAD4AK8HX5FUC7GD3OEVCTMHI.pcm
SwiftEmitModule normal arm64 Emitting\ module\ for\ HTMLEditor (in target 'HTMLEditor' from project 'HTMLEditor-SwiftUI')
EmitSwiftModule normal arm64 (in target 'HTMLEditor' from project 'HTMLEditor-SwiftUI')
cd /Users/admin/builder/spi-builder-workspace/.swiftpm/xcode
/Users/admin/builder/spi-builder-workspace/Sources/HTMLEditor/HTMLEditor.swift:88:28: error: cannot find type 'UIHostingController' in scope
var accessoryHost: UIHostingController<AnyView>?
^~~~~~~~~~~~~~~~~~~
/Users/admin/builder/spi-builder-workspace/Sources/HTMLEditor/HTMLEditor.swift:181:54: error: 'NSTextParagraph' is unavailable in watchOS
var styledParagraphCache: [ParagraphPlanKey: NSTextParagraph] = [:]
^~~~~~~~~~~~~~~
/Applications/Xcode-26.3.0.app/Contents/Developer/Platforms/WatchOS.platform/Developer/SDKs/WatchOS26.2.sdk/System/Library/Frameworks/UIKit.framework/Headers/NSTextElement.h:46:12: note: 'NSTextParagraph' has been explicitly marked unavailable here
@interface NSTextParagraph : NSTextElement
^
/Users/admin/builder/spi-builder-workspace/Sources/HTMLEditor/HTMLEditorKeyboardAccessory.swift:26:19: error: 'UIView' is unavailable in watchOS
init(content: UIView) {
^~~~~~
/Applications/Xcode-26.3.0.app/Contents/Developer/Platforms/WatchOS.platform/Developer/SDKs/WatchOS26.2.sdk/System/Library/Frameworks/UIKit.framework/Headers/UIView.h:148:12: note: 'UIView' has been explicitly marked unavailable here
@interface UIView : UIResponder <NSCoding, UIAppearance, UIAppearanceContainer, UIDynamicItem, UITraitEnvironment, UICoordinateSpace, UIFocusItem, UIFocusItemContainer, CALayerDelegate>
^
/Users/admin/builder/spi-builder-workspace/Sources/HTMLEditor/HTMLEditorKeyboardAccessory.swift:22:38: error: 'UIInputView' is unavailable in watchOS
final class HTMLEditorAccessoryView: UIInputView {
^~~~~~~~~~~
/Applications/Xcode-26.3.0.app/Contents/Developer/Platforms/WatchOS.platform/Developer/SDKs/WatchOS26.2.sdk/System/Library/Frameworks/UIKit.framework/Headers/UIInputView.h:20:12: note: 'UIInputView' has been explicitly marked unavailable here
@interface UIInputView : UIView
^
/Users/admin/builder/spi-builder-workspace/Sources/HTMLEditor/HTMLEditorKeyboardAccessory.swift:62:45: error: 'UITextView' is unavailable in watchOS
func syncKeyboardAccessory(on textView: UITextView) {
^~~~~~~~~~
/Applications/Xcode-26.3.0.app/Contents/Developer/Platforms/WatchOS.platform/Developer/SDKs/WatchOS26.2.sdk/System/Library/Frameworks/UIKit.framework/Headers/UITextView.h:219:12: note: 'UITextView' has been explicitly marked unavailable here
@interface UITextView : UIScrollView <UITextInput, UIContentSizeCategoryAdjusting, UILetterformAwareAdjusting>
^
/Users/admin/builder/spi-builder-workspace/Sources/HTMLEditor/HTMLEditorParagraphHighlighting.swift:30:31: error: 'NSTextContentStorage' is unavailable in watchOS
_ textContentStorage: NSTextContentStorage,
^~~~~~~~~~~~~~~~~~~~
/Applications/Xcode-26.3.0.app/Contents/Developer/Platforms/WatchOS.platform/Developer/SDKs/WatchOS26.2.sdk/System/Library/Frameworks/UIKit.framework/Headers/NSTextContentManager.h:124:12: note: 'NSTextContentStorage' has been explicitly marked unavailable here
@interface NSTextContentStorage : NSTextContentManager <NSTextStorageObserving>
^
/Users/admin/builder/spi-builder-workspace/Sources/HTMLEditor/HTMLEditorParagraphHighlighting.swift:32:10: error: 'NSTextParagraph' is unavailable in watchOS
) -> NSTextParagraph? {
^~~~~~~~~~~~~~~
/Applications/Xcode-26.3.0.app/Contents/Developer/Platforms/WatchOS.platform/Developer/SDKs/WatchOS26.2.sdk/System/Library/Frameworks/UIKit.framework/Headers/NSTextElement.h:46:12: note: 'NSTextParagraph' has been explicitly marked unavailable here
@interface NSTextParagraph : NSTextElement
^
/Users/admin/builder/spi-builder-workspace/Sources/HTMLEditor/HTMLEditorParagraphHighlighting.swift:40:32: error: 'NSTextContentStorage' is unavailable in watchOS
in textContentStorage: NSTextContentStorage,
^~~~~~~~~~~~~~~~~~~~
/Applications/Xcode-26.3.0.app/Contents/Developer/Platforms/WatchOS.platform/Developer/SDKs/WatchOS26.2.sdk/System/Library/Frameworks/UIKit.framework/Headers/NSTextContentManager.h:124:12: note: 'NSTextContentStorage' has been explicitly marked unavailable here
@interface NSTextContentStorage : NSTextContentManager <NSTextStorageObserving>
^
/Users/admin/builder/spi-builder-workspace/Sources/HTMLEditor/HTMLEditorParagraphHighlighting.swift:42:10: error: 'NSTextParagraph' is unavailable in watchOS
) -> NSTextParagraph? {
^~~~~~~~~~~~~~~
/Applications/Xcode-26.3.0.app/Contents/Developer/Platforms/WatchOS.platform/Developer/SDKs/WatchOS26.2.sdk/System/Library/Frameworks/UIKit.framework/Headers/NSTextElement.h:46:12: note: 'NSTextParagraph' has been explicitly marked unavailable here
@interface NSTextParagraph : NSTextElement
^
/Users/admin/builder/spi-builder-workspace/Sources/HTMLEditor/HTMLEditorParagraphHighlighting.swift:28:46: error: 'NSTextContentStorageDelegate' is unavailable in watchOS
extension HTMLEditor.Coordinator: @MainActor NSTextContentStorageDelegate {
^~~~~~~~~~~~~~~~~~~~~~~~~~~~
/Applications/Xcode-26.3.0.app/Contents/Developer/Platforms/WatchOS.platform/Developer/SDKs/WatchOS26.2.sdk/System/Library/Frameworks/UIKit.framework/Headers/NSTextContentManager.h:115:11: note: 'NSTextContentStorageDelegate' has been explicitly marked unavailable here
@protocol NSTextContentStorageDelegate <NSTextContentManagerDelegate>
^
/Users/admin/builder/spi-builder-workspace/Sources/HTMLEditor/HTMLEditorPlatform.swift:33:30: error: 'UITextView' is unavailable in watchOS
public typealias TextView = UITextView
^~~~~~~~~~
/Applications/Xcode-26.3.0.app/Contents/Developer/Platforms/WatchOS.platform/Developer/SDKs/WatchOS26.2.sdk/System/Library/Frameworks/UIKit.framework/Headers/UITextView.h:219:12: note: 'UITextView' has been explicitly marked unavailable here
@interface UITextView : UIScrollView <UITextInput, UIContentSizeCategoryAdjusting, UILetterformAwareAdjusting>
^
/Users/admin/builder/spi-builder-workspace/Sources/HTMLEditor/HTMLEditorPlatform.swift:56:42: error: 'UITraitCollection' is unavailable in watchOS
public static func resolve(from traits: UITraitCollection) -> HTMLEditorAppearance {
^~~~~~~~~~~~~~~~~
/Applications/Xcode-26.3.0.app/Contents/Developer/Platforms/WatchOS.platform/Developer/SDKs/WatchOS26.2.sdk/System/Library/Frameworks/UIKit.framework/Headers/UITraitCollection.h:23:12: note: 'UITraitCollection' has been explicitly marked unavailable here
@interface UITraitCollection : NSObject <NSCopying, NSSecureCoding>
^
/Users/admin/builder/spi-builder-workspace/Sources/HTMLEditor/HTMLEditorPlatform.swift:100:31: error: 'NSTextContainer' is unavailable in watchOS
var htmlEditorTextContainer: NSTextContainer? {
^~~~~~~~~~~~~~~
/Applications/Xcode-26.3.0.app/Contents/Developer/Platforms/WatchOS.platform/Developer/SDKs/WatchOS26.2.sdk/System/Library/Frameworks/UIKit.framework/Headers/NSTextContainer.h:21:12: note: 'NSTextContainer' has been explicitly marked unavailable here
@interface NSTextContainer : NSObject <NSSecureCoding>
^
/Users/admin/builder/spi-builder-workspace/Sources/HTMLEditor/HTMLEditorRepresentable+iOS.swift:11:23: error: cannot find type 'UIViewRepresentable' in scope
extension HTMLEditor: UIViewRepresentable {
^~~~~~~~~~~~~~~~~~~
/Users/admin/builder/spi-builder-workspace/Sources/HTMLEditor/HTMLEditorRepresentable+iOS.swift:13:37: error: cannot find type 'Context' in scope
public func makeUIView(context: Context) -> HTMLEditorTextView {
^~~~~~~
/Users/admin/builder/spi-builder-workspace/Sources/HTMLEditor/HTMLEditorRepresentable+iOS.swift:86:71: error: cannot find type 'Context' in scope
public func updateUIView(_ textView: HTMLEditorTextView, context: Context) {
^~~~~~~
/Users/admin/builder/spi-builder-workspace/Sources/HTMLEditor/HTMLEditorRepresentable+iOS.swift:138:49: error: 'NSTextContainer' is unavailable in watchOS
override init(frame: CGRect, textContainer: NSTextContainer?) {
^~~~~~~~~~~~~~~
/Applications/Xcode-26.3.0.app/Contents/Developer/Platforms/WatchOS.platform/Developer/SDKs/WatchOS26.2.sdk/System/Library/Frameworks/UIKit.framework/Headers/NSTextContainer.h:21:12: note: 'NSTextContainer' has been explicitly marked unavailable here
@interface NSTextContainer : NSObject <NSSecureCoding>
^
/Users/admin/builder/spi-builder-workspace/Sources/HTMLEditor/HTMLEditorRepresentable+iOS.swift:135:40: error: 'UITextView' is unavailable in watchOS
public final class HTMLEditorTextView: UITextView {
^~~~~~~~~~
/Applications/Xcode-26.3.0.app/Contents/Developer/Platforms/WatchOS.platform/Developer/SDKs/WatchOS26.2.sdk/System/Library/Frameworks/UIKit.framework/Headers/UITextView.h:219:12: note: 'UITextView' has been explicitly marked unavailable here
@interface UITextView : UIScrollView <UITextInput, UIContentSizeCategoryAdjusting, UILetterformAwareAdjusting>
^
/Users/admin/builder/spi-builder-workspace/Sources/HTMLEditor/HTMLEditorRepresentable+iOS.swift:188:21: error: 'UITextView' is unavailable in watchOS
_ textView: UITextView,
^~~~~~~~~~
/Applications/Xcode-26.3.0.app/Contents/Developer/Platforms/WatchOS.platform/Developer/SDKs/WatchOS26.2.sdk/System/Library/Frameworks/UIKit.framework/Headers/UITextView.h:219:12: note: 'UITextView' has been explicitly marked unavailable here
@interface UITextView : UIScrollView <UITextInput, UIContentSizeCategoryAdjusting, UILetterformAwareAdjusting>
^
/Users/admin/builder/spi-builder-workspace/Sources/HTMLEditor/HTMLEditorRepresentable+iOS.swift:196:47: error: 'UITextView' is unavailable in watchOS
public func textViewDidChange(_ textView: UITextView) {
^~~~~~~~~~
/Applications/Xcode-26.3.0.app/Contents/Developer/Platforms/WatchOS.platform/Developer/SDKs/WatchOS26.2.sdk/System/Library/Frameworks/UIKit.framework/Headers/UITextView.h:219:12: note: 'UITextView' has been explicitly marked unavailable here
@interface UITextView : UIScrollView <UITextInput, UIContentSizeCategoryAdjusting, UILetterformAwareAdjusting>
^
/Users/admin/builder/spi-builder-workspace/Sources/HTMLEditor/HTMLEditorRepresentable+iOS.swift:200:51: error: 'UITextView' is unavailable in watchOS
public func textViewDidEndEditing(_ textView: UITextView) {
^~~~~~~~~~
/Applications/Xcode-26.3.0.app/Contents/Developer/Platforms/WatchOS.platform/Developer/SDKs/WatchOS26.2.sdk/System/Library/Frameworks/UIKit.framework/Headers/UITextView.h:219:12: note: 'UITextView' has been explicitly marked unavailable here
@interface UITextView : UIScrollView <UITextInput, UIContentSizeCategoryAdjusting, UILetterformAwareAdjusting>
^
/Users/admin/builder/spi-builder-workspace/Sources/HTMLEditor/HTMLEditorRepresentable+iOS.swift:207:53: error: 'UITextView' is unavailable in watchOS
public func textViewDidBeginEditing(_ textView: UITextView) {
^~~~~~~~~~
/Applications/Xcode-26.3.0.app/Contents/Developer/Platforms/WatchOS.platform/Developer/SDKs/WatchOS26.2.sdk/System/Library/Frameworks/UIKit.framework/Headers/UITextView.h:219:12: note: 'UITextView' has been explicitly marked unavailable here
@interface UITextView : UIScrollView <UITextInput, UIContentSizeCategoryAdjusting, UILetterformAwareAdjusting>
^
/Users/admin/builder/spi-builder-workspace/Sources/HTMLEditor/HTMLEditorRepresentable+iOS.swift:185:35: error: 'UITextViewDelegate' is unavailable in watchOS
extension HTMLEditor.Coordinator: UITextViewDelegate {
^~~~~~~~~~~~~~~~~~
/Applications/Xcode-26.3.0.app/Contents/Developer/Platforms/WatchOS.platform/Developer/SDKs/WatchOS26.2.sdk/System/Library/Frameworks/UIKit.framework/Headers/UITextView.h:32:11: note: 'UITextViewDelegate' has been explicitly marked unavailable here
@protocol UITextViewDelegate <NSObject, UIScrollViewDelegate>
^
/Users/admin/builder/spi-builder-workspace/Sources/HTMLEditor/HTMLEditorTextKitSurface.swift:50:19: error: 'NSTextLayoutManager' is unavailable in watchOS
case textKit2(NSTextLayoutManager, NSTextContentStorage)
^~~~~~~~~~~~~~~~~~~
/Applications/Xcode-26.3.0.app/Contents/Developer/Platforms/WatchOS.platform/Developer/SDKs/WatchOS26.2.sdk/System/Library/Frameworks/UIKit.framework/Headers/NSTextLayoutManager.h:44:12: note: 'NSTextLayoutManager' has been explicitly marked unavailable here
@interface NSTextLayoutManager : NSObject <NSSecureCoding, NSTextSelectionDataSource>
^
/Users/admin/builder/spi-builder-workspace/Sources/HTMLEditor/HTMLEditorTextKitSurface.swift:50:40: error: 'NSTextContentStorage' is unavailable in watchOS
case textKit2(NSTextLayoutManager, NSTextContentStorage)
^~~~~~~~~~~~~~~~~~~~
/Applications/Xcode-26.3.0.app/Contents/Developer/Platforms/WatchOS.platform/Developer/SDKs/WatchOS26.2.sdk/System/Library/Frameworks/UIKit.framework/Headers/NSTextContentManager.h:124:12: note: 'NSTextContentStorage' has been explicitly marked unavailable here
@interface NSTextContentStorage : NSTextContentManager <NSTextStorageObserving>
^
/Users/admin/builder/spi-builder-workspace/Sources/HTMLEditor/HTMLEditorTextKitSurface.swift:96:75: error: 'NSTextStorage' is unavailable in watchOS
static func textStorage(for textView: HTMLEditorPlatform.TextView) -> NSTextStorage? {
^~~~~~~~~~~~~
/Applications/Xcode-26.3.0.app/Contents/Developer/Platforms/WatchOS.platform/Developer/SDKs/WatchOS26.2.sdk/System/Library/Frameworks/UIKit.framework/Headers/NSTextStorage.h:41:12: note: 'NSTextStorage' has been explicitly marked unavailable here
@interface NSTextStorage : NSMutableAttributedString <NSSecureCoding>
^
/Users/admin/builder/spi-builder-workspace/Sources/HTMLEditor/HTMLEditorTextKitSurface.swift:193:71: error: 'NSTextContainer' is unavailable in watchOS
func visibleCharacterRange(in visibleRect: CGRect, textContainer: NSTextContainer?) -> NSRange? {
^~~~~~~~~~~~~~~
/Applications/Xcode-26.3.0.app/Contents/Developer/Platforms/WatchOS.platform/Developer/SDKs/WatchOS26.2.sdk/System/Library/Frameworks/UIKit.framework/Headers/NSTextContainer.h:21:12: note: 'NSTextContainer' has been explicitly marked unavailable here
@interface NSTextContainer : NSObject <NSSecureCoding>
^
/Users/admin/builder/spi-builder-workspace/Sources/HTMLEditor/HTMLEditorTextKitSurface.swift:229:64: error: 'NSTextContentStorage' is unavailable in watchOS
static func textRange(_ range: NSRange, in contentStorage: NSTextContentStorage) -> NSTextRange? {
^~~~~~~~~~~~~~~~~~~~
/Applications/Xcode-26.3.0.app/Contents/Developer/Platforms/WatchOS.platform/Developer/SDKs/WatchOS26.2.sdk/System/Library/Frameworks/UIKit.framework/Headers/NSTextContentManager.h:124:12: note: 'NSTextContentStorage' has been explicitly marked unavailable here
@interface NSTextContentStorage : NSTextContentManager <NSTextStorageObserving>
^
/Users/admin/builder/spi-builder-workspace/Sources/HTMLEditor/HTMLEditorTextKitSurface.swift:239:66: error: 'NSTextContentStorage' is unavailable in watchOS
static func nsRange(_ range: NSTextRange, in contentStorage: NSTextContentStorage) -> NSRange {
^~~~~~~~~~~~~~~~~~~~
/Applications/Xcode-26.3.0.app/Contents/Developer/Platforms/WatchOS.platform/Developer/SDKs/WatchOS26.2.sdk/System/Library/Frameworks/UIKit.framework/Headers/NSTextContentManager.h:124:12: note: 'NSTextContentStorage' has been explicitly marked unavailable here
@interface NSTextContentStorage : NSTextContentManager <NSTextStorageObserving>
^
Failed frontend command:
/Applications/Xcode-26.3.0.app/Contents/Developer/Toolchains/XcodeDefault.xctoolchain/usr/bin/swift-frontend -frontend -emit-module -experimental-skip-non-inlinable-function-bodies-without-types /Users/admin/builder/spi-builder-workspace/Sources/HTMLEditor/HTMLEditor.swift /Users/admin/builder/spi-builder-workspace/Sources/HTMLEditor/HTMLEditorAutoTypeDiagnostic.swift /Users/admin/builder/spi-builder-workspace/Sources/HTMLEditor/HTMLEditorBenchmarkSupport.swift /Users/admin/builder/spi-builder-workspace/Sources/HTMLEditor/HTMLEditorColorScheme.swift /Users/admin/builder/spi-builder-workspace/Sources/HTMLEditor/HTMLEditorCoordinatorEditing.swift /Users/admin/builder/spi-builder-workspace/Sources/HTMLEditor/HTMLEditorCoordinatorLifecycle.swift /Users/admin/builder/spi-builder-workspace/Sources/HTMLEditor/HTMLEditorCoordinatorTextKit2.swift /Users/admin/builder/spi-builder-workspace/Sources/HTMLEditor/HTMLEditorCoordinatorViewport.swift /Users/admin/builder/spi-builder-workspace/Sources/HTMLEditor/HTMLEditorHighlightCoverage.swift /Users/admin/builder/spi-builder-workspace/Sources/HTMLEditor/HTMLEditorKeyboardAccessory.swift /Users/admin/builder/spi-builder-workspace/Sources/HTMLEditor/HTMLEditorParagraphHighlighting.swift /Users/admin/builder/spi-builder-workspace/Sources/HTMLEditor/HTMLEditorPlatform.swift /Users/admin/builder/spi-builder-workspace/Sources/HTMLEditor/HTMLEditorPolicies.swift /Users/admin/builder/spi-builder-workspace/Sources/HTMLEditor/HTMLEditorRepresentable+iOS.swift /Users/admin/builder/spi-builder-workspace/Sources/HTMLEditor/HTMLEditorRepresentable+macOS.swift /Users/admin/builder/spi-builder-workspace/Sources/HTMLEditor/HTMLEditorSignposts.swift /Users/admin/builder/spi-builder-workspace/Sources/HTMLEditor/HTMLEditorStructuralRanges.swift /Users/admin/builder/spi-builder-workspace/Sources/HTMLEditor/HTMLEditorTextKitSurface.swift /Users/admin/builder/spi-builder-workspace/Sources/HTMLEditor/HTMLEditorTheme.swift /Users/admin/builder/spi-builder-workspace/Sources/HTMLEditor/HTMLEditorVisibleHighlightState.swift /Users/admin/builder/spi-builder-workspace/Sources/HTMLEditor/HTMLSyntaxHighlighter.swift /Users/admin/builder/spi-builder-workspace/Sources/HTMLEditor/HTMLSyntaxHighlighterPlanBuilder.swift /Users/admin/builder/spi-builder-workspace/Sources/HTMLEditor/HTMLSyntaxHighlighterPlanner.swift -target arm64-apple-watchos10.0 -load-resolved-plugin /Applications/Xcode-26.3.0.app/Contents/Developer/Platforms/WatchOS.platform/Developer/usr/lib/swift/host/plugins/libFoundationMacros.dylib\#/Applications/Xcode-26.3.0.app/Contents/Developer/Platforms/WatchOS.platform/Developer/usr/bin/swift-plugin-server\#FoundationMacros -load-resolved-plugin /Applications/Xcode-26.3.0.app/Contents/Developer/Platforms/WatchOS.platform/Developer/usr/lib/swift/host/plugins/libObservationMacros.dylib\#/Applications/Xcode-26.3.0.app/Contents/Developer/Platforms/WatchOS.platform/Developer/usr/bin/swift-plugin-server\#ObservationMacros -load-resolved-plugin /Applications/Xcode-26.3.0.app/Contents/Developer/Platforms/WatchOS.platform/Developer/usr/lib/swift/host/plugins/libPreviewsMacros.dylib\#/Applications/Xcode-26.3.0.app/Contents/Developer/Platforms/WatchOS.platform/Developer/usr/bin/swift-plugin-server\#PreviewsMacros -load-resolved-plugin /Applications/Xcode-26.3.0.app/Contents/Developer/Platforms/WatchOS.platform/Developer/usr/lib/swift/host/plugins/libSwiftMacros.dylib\#/Applications/Xcode-26.3.0.app/Contents/Developer/Platforms/WatchOS.platform/Developer/usr/bin/swift-plugin-server\#SwiftMacros -load-resolved-plugin /Applications/Xcode-26.3.0.app/Contents/Developer/Platforms/WatchOS.platform/Developer/usr/lib/swift/host/plugins/libSwiftUIMacros.dylib\#/Applications/Xcode-26.3.0.app/Contents/Developer/Platforms/WatchOS.platform/Developer/usr/bin/swift-plugin-server\#SwiftUIMacros -disable-implicit-swift-modules -Xcc -fno-implicit-modules -Xcc -fno-implicit-module-maps -explicit-swift-module-map-file /Users/admin/builder/spi-builder-workspace/.derivedData/Build/Intermediates.noindex/HTMLEditor-SwiftUI.build/Debug-watchos/HTMLEditor.build/Objects-normal/arm64/HTMLEditor-dependencies-2.json -Xllvm -aarch64-use-tbi -enable-objc-interop -stack-check -sdk /Applications/Xcode-26.3.0.app/Contents/Developer/Platforms/WatchOS.platform/Developer/SDKs/WatchOS26.2.sdk -I /Users/admin/builder/spi-builder-workspace/.derivedData/Build/Products/Debug-watchos -Isystem /Applications/Xcode-26.3.0.app/Contents/Developer/Platforms/WatchOS.platform/Developer/usr/lib -F /Users/admin/builder/spi-builder-workspace/.derivedData/Build/Products/Debug-watchos -F /Applications/Xcode-26.3.0.app/Contents/Developer/Platforms/WatchOS.platform/Developer/Library/Frameworks -F /Applications/Xcode-26.3.0.app/Contents/Developer/Platforms/WatchOS.platform/Developer/SDKs/WatchOS26.2.sdk/Developer/Library/Frameworks -no-color-diagnostics -Xcc -fno-color-diagnostics -enable-testing -g -debug-info-format\=dwarf -dwarf-version\=4 -module-cache-path /Users/admin/builder/spi-builder-workspace/.derivedData/Build/Intermediates.noindex/SwiftExplicitPrecompiledModules -profile-generate -profile-coverage-mapping -swift-version 6 -enforce-exclusivity\=checked -Onone -D SWIFT_PACKAGE -D DEBUG -D SWIFT_MODULE_RESOURCE_BUNDLE_UNAVAILABLE -D Xcode -serialize-debugging-options -const-gather-protocols-file /Users/admin/builder/spi-builder-workspace/.derivedData/Build/Intermediates.noindex/HTMLEditor-SwiftUI.build/Debug-watchos/HTMLEditor.build/Objects-normal/arm64/HTMLEditor_const_extract_protocols.json -enable-experimental-feature DebugDescriptionMacro -empty-abi-descriptor -validate-clang-modules-once -clang-build-session-file /Users/admin/builder/spi-builder-workspace/.derivedData/ModuleCache.noindex/Session.modulevalidation -Xcc -working-directory -Xcc /Users/admin/builder/spi-builder-workspace/.swiftpm/xcode -enable-anonymous-context-mangled-names -file-compilation-dir /Users/admin/builder/spi-builder-workspace/.swiftpm/xcode -Xcc -D_LIBCPP_HARDENING_MODE\=_LIBCPP_HARDENING_MODE_DEBUG -Xcc -ivfsstatcache -Xcc /Users/admin/builder/spi-builder-workspace/.derivedData/SDKStatCaches.noindex/watchos26.2-23S303-dc75598d0054f22ec865fa860f139d721753b489057de6bda919edfa1c59a62b.sdkstatcache -Xcc -I/Users/admin/builder/spi-builder-workspace/.derivedData/Build/Intermediates.noindex/HTMLEditor-SwiftUI.build/Debug-watchos/HTMLEditor.build/swift-overrides.hmap -Xcc -I/Users/admin/builder/spi-builder-workspace/.derivedData/Build/Products/Debug-watchos/include -Xcc -I/Users/admin/builder/spi-builder-workspace/.derivedData/Build/Intermediates.noindex/HTMLEditor-SwiftUI.build/Debug-watchos/HTMLEditor.build/DerivedSources-normal/arm64 -Xcc -I/Users/admin/builder/spi-builder-workspace/.derivedData/Build/Intermediates.noindex/HTMLEditor-SwiftUI.build/Debug-watchos/HTMLEditor.build/DerivedSources/arm64 -Xcc -I/Users/admin/builder/spi-builder-workspace/.derivedData/Build/Intermediates.noindex/HTMLEditor-SwiftUI.build/Debug-watchos/HTMLEditor.build/DerivedSources -Xcc -DSWIFT_PACKAGE -Xcc -DDEBUG\=1 -no-auto-bridging-header-chaining -module-name HTMLEditor -package-name spi_builder_workspace -frontend-parseable-output -disable-clang-spi -target-sdk-version 26.2 -target-sdk-name watchos26.2 -clang-target arm64-apple-watchos26.2 -in-process-plugin-server-path /Applications/Xcode-26.3.0.app/Contents/Developer/Toolchains/XcodeDefault.xctoolchain/usr/lib/swift/host/libSwiftInProcPluginServer.dylib -emit-module-doc-path /Users/admin/builder/spi-builder-workspace/.derivedData/Build/Intermediates.noindex/HTMLEditor-SwiftUI.build/Debug-watchos/HTMLEditor.build/Objects-normal/arm64/HTMLEditor.swiftdoc -emit-module-source-info-path /Users/admin/builder/spi-builder-workspace/.derivedData/Build/Intermediates.noindex/HTMLEditor-SwiftUI.build/Debug-watchos/HTMLEditor.build/Objects-normal/arm64/HTMLEditor.swiftsourceinfo -emit-objc-header-path /Users/admin/builder/spi-builder-workspace/.derivedData/Build/Intermediates.noindex/HTMLEditor-SwiftUI.build/Debug-watchos/HTMLEditor.build/Objects-normal/arm64/HTMLEditor-Swift.h -serialize-diagnostics-path /Users/admin/builder/spi-builder-workspace/.derivedData/Build/Intermediates.noindex/HTMLEditor-SwiftUI.build/Debug-watchos/HTMLEditor.build/Objects-normal/arm64/HTMLEditor-primary-emit-module.dia -emit-dependencies-path /Users/admin/builder/spi-builder-workspace/.derivedData/Build/Intermediates.noindex/HTMLEditor-SwiftUI.build/Debug-watchos/HTMLEditor.build/Objects-normal/arm64/HTMLEditor-primary-emit-module.d -o /Users/admin/builder/spi-builder-workspace/.derivedData/Build/Intermediates.noindex/HTMLEditor-SwiftUI.build/Debug-watchos/HTMLEditor.build/Objects-normal/arm64/HTMLEditor.swiftmodule -emit-abi-descriptor-path /Users/admin/builder/spi-builder-workspace/.derivedData/Build/Intermediates.noindex/HTMLEditor-SwiftUI.build/Debug-watchos/HTMLEditor.build/Objects-normal/arm64/HTMLEditor.abi.json
SwiftCompile normal arm64 Compiling\ HTMLEditorTextKitSurface.swift,\ HTMLEditorTheme.swift /Users/admin/builder/spi-builder-workspace/Sources/HTMLEditor/HTMLEditorTextKitSurface.swift /Users/admin/builder/spi-builder-workspace/Sources/HTMLEditor/HTMLEditorTheme.swift (in target 'HTMLEditor' from project 'HTMLEditor-SwiftUI')
SwiftCompile normal arm64 /Users/admin/builder/spi-builder-workspace/Sources/HTMLEditor/HTMLEditorTextKitSurface.swift (in target 'HTMLEditor' from project 'HTMLEditor-SwiftUI')
cd /Users/admin/builder/spi-builder-workspace/.swiftpm/xcode
SwiftCompile normal arm64 /Users/admin/builder/spi-builder-workspace/Sources/HTMLEditor/HTMLEditorTheme.swift (in target 'HTMLEditor' from project 'HTMLEditor-SwiftUI')
cd /Users/admin/builder/spi-builder-workspace/.swiftpm/xcode
SwiftCompile normal arm64 Compiling\ HTMLSyntaxHighlighterPlanBuilder.swift,\ HTMLSyntaxHighlighterPlanner.swift /Users/admin/builder/spi-builder-workspace/Sources/HTMLEditor/HTMLSyntaxHighlighterPlanBuilder.swift /Users/admin/builder/spi-builder-workspace/Sources/HTMLEditor/HTMLSyntaxHighlighterPlanner.swift (in target 'HTMLEditor' from project 'HTMLEditor-SwiftUI')
SwiftCompile normal arm64 /Users/admin/builder/spi-builder-workspace/Sources/HTMLEditor/HTMLSyntaxHighlighterPlanBuilder.swift (in target 'HTMLEditor' from project 'HTMLEditor-SwiftUI')
cd /Users/admin/builder/spi-builder-workspace/.swiftpm/xcode
SwiftCompile normal arm64 /Users/admin/builder/spi-builder-workspace/Sources/HTMLEditor/HTMLSyntaxHighlighterPlanner.swift (in target 'HTMLEditor' from project 'HTMLEditor-SwiftUI')
cd /Users/admin/builder/spi-builder-workspace/.swiftpm/xcode
SwiftCompile normal arm64 Compiling\ HTMLEditorPlatform.swift,\ HTMLEditorPolicies.swift /Users/admin/builder/spi-builder-workspace/Sources/HTMLEditor/HTMLEditorPlatform.swift /Users/admin/builder/spi-builder-workspace/Sources/HTMLEditor/HTMLEditorPolicies.swift (in target 'HTMLEditor' from project 'HTMLEditor-SwiftUI')
SwiftCompile normal arm64 /Users/admin/builder/spi-builder-workspace/Sources/HTMLEditor/HTMLEditorPlatform.swift (in target 'HTMLEditor' from project 'HTMLEditor-SwiftUI')
cd /Users/admin/builder/spi-builder-workspace/.swiftpm/xcode
SwiftCompile normal arm64 /Users/admin/builder/spi-builder-workspace/Sources/HTMLEditor/HTMLEditorPolicies.swift (in target 'HTMLEditor' from project 'HTMLEditor-SwiftUI')
cd /Users/admin/builder/spi-builder-workspace/.swiftpm/xcode
SwiftCompile normal arm64 Compiling\ HTMLEditorSignposts.swift,\ HTMLEditorStructuralRanges.swift /Users/admin/builder/spi-builder-workspace/Sources/HTMLEditor/HTMLEditorSignposts.swift /Users/admin/builder/spi-builder-workspace/Sources/HTMLEditor/HTMLEditorStructuralRanges.swift (in target 'HTMLEditor' from project 'HTMLEditor-SwiftUI')
SwiftCompile normal arm64 /Users/admin/builder/spi-builder-workspace/Sources/HTMLEditor/HTMLEditorSignposts.swift (in target 'HTMLEditor' from project 'HTMLEditor-SwiftUI')
cd /Users/admin/builder/spi-builder-workspace/.swiftpm/xcode
SwiftCompile normal arm64 /Users/admin/builder/spi-builder-workspace/Sources/HTMLEditor/HTMLEditorStructuralRanges.swift (in target 'HTMLEditor' from project 'HTMLEditor-SwiftUI')
cd /Users/admin/builder/spi-builder-workspace/.swiftpm/xcode
SwiftCompile normal arm64 Compiling\ HTMLEditorVisibleHighlightState.swift,\ HTMLSyntaxHighlighter.swift /Users/admin/builder/spi-builder-workspace/Sources/HTMLEditor/HTMLEditorVisibleHighlightState.swift /Users/admin/builder/spi-builder-workspace/Sources/HTMLEditor/HTMLSyntaxHighlighter.swift (in target 'HTMLEditor' from project 'HTMLEditor-SwiftUI')
SwiftCompile normal arm64 /Users/admin/builder/spi-builder-workspace/Sources/HTMLEditor/HTMLEditorVisibleHighlightState.swift (in target 'HTMLEditor' from project 'HTMLEditor-SwiftUI')
cd /Users/admin/builder/spi-builder-workspace/.swiftpm/xcode
SwiftCompile normal arm64 /Users/admin/builder/spi-builder-workspace/Sources/HTMLEditor/HTMLSyntaxHighlighter.swift (in target 'HTMLEditor' from project 'HTMLEditor-SwiftUI')
cd /Users/admin/builder/spi-builder-workspace/.swiftpm/xcode
SwiftCompile normal arm64 Compiling\ HTMLEditorRepresentable+iOS.swift,\ HTMLEditorRepresentable+macOS.swift /Users/admin/builder/spi-builder-workspace/Sources/HTMLEditor/HTMLEditorRepresentable+iOS.swift /Users/admin/builder/spi-builder-workspace/Sources/HTMLEditor/HTMLEditorRepresentable+macOS.swift (in target 'HTMLEditor' from project 'HTMLEditor-SwiftUI')
SwiftCompile normal arm64 /Users/admin/builder/spi-builder-workspace/Sources/HTMLEditor/HTMLEditorRepresentable+iOS.swift (in target 'HTMLEditor' from project 'HTMLEditor-SwiftUI')
cd /Users/admin/builder/spi-builder-workspace/.swiftpm/xcode
SwiftCompile normal arm64 /Users/admin/builder/spi-builder-workspace/Sources/HTMLEditor/HTMLEditorRepresentable+macOS.swift (in target 'HTMLEditor' from project 'HTMLEditor-SwiftUI')
cd /Users/admin/builder/spi-builder-workspace/.swiftpm/xcode
SwiftCompile normal arm64 Compiling\ HTMLEditorKeyboardAccessory.swift,\ HTMLEditorParagraphHighlighting.swift /Users/admin/builder/spi-builder-workspace/Sources/HTMLEditor/HTMLEditorKeyboardAccessory.swift /Users/admin/builder/spi-builder-workspace/Sources/HTMLEditor/HTMLEditorParagraphHighlighting.swift (in target 'HTMLEditor' from project 'HTMLEditor-SwiftUI')
SwiftCompile normal arm64 /Users/admin/builder/spi-builder-workspace/Sources/HTMLEditor/HTMLEditorKeyboardAccessory.swift (in target 'HTMLEditor' from project 'HTMLEditor-SwiftUI')
cd /Users/admin/builder/spi-builder-workspace/.swiftpm/xcode
SwiftCompile normal arm64 /Users/admin/builder/spi-builder-workspace/Sources/HTMLEditor/HTMLEditorParagraphHighlighting.swift (in target 'HTMLEditor' from project 'HTMLEditor-SwiftUI')
cd /Users/admin/builder/spi-builder-workspace/.swiftpm/xcode
SwiftCompile normal arm64 Compiling\ HTMLEditorColorScheme.swift,\ HTMLEditorCoordinatorEditing.swift,\ HTMLEditorCoordinatorLifecycle.swift /Users/admin/builder/spi-builder-workspace/Sources/HTMLEditor/HTMLEditorColorScheme.swift /Users/admin/builder/spi-builder-workspace/Sources/HTMLEditor/HTMLEditorCoordinatorEditing.swift /Users/admin/builder/spi-builder-workspace/Sources/HTMLEditor/HTMLEditorCoordinatorLifecycle.swift (in target 'HTMLEditor' from project 'HTMLEditor-SwiftUI')
SwiftCompile normal arm64 /Users/admin/builder/spi-builder-workspace/Sources/HTMLEditor/HTMLEditorColorScheme.swift (in target 'HTMLEditor' from project 'HTMLEditor-SwiftUI')
cd /Users/admin/builder/spi-builder-workspace/.swiftpm/xcode
SwiftCompile normal arm64 /Users/admin/builder/spi-builder-workspace/Sources/HTMLEditor/HTMLEditorCoordinatorEditing.swift (in target 'HTMLEditor' from project 'HTMLEditor-SwiftUI')
cd /Users/admin/builder/spi-builder-workspace/.swiftpm/xcode
SwiftCompile normal arm64 /Users/admin/builder/spi-builder-workspace/Sources/HTMLEditor/HTMLEditorCoordinatorLifecycle.swift (in target 'HTMLEditor' from project 'HTMLEditor-SwiftUI')
cd /Users/admin/builder/spi-builder-workspace/.swiftpm/xcode
SwiftCompile normal arm64 Compiling\ HTMLEditor.swift,\ HTMLEditorAutoTypeDiagnostic.swift,\ HTMLEditorBenchmarkSupport.swift /Users/admin/builder/spi-builder-workspace/Sources/HTMLEditor/HTMLEditor.swift /Users/admin/builder/spi-builder-workspace/Sources/HTMLEditor/HTMLEditorAutoTypeDiagnostic.swift /Users/admin/builder/spi-builder-workspace/Sources/HTMLEditor/HTMLEditorBenchmarkSupport.swift (in target 'HTMLEditor' from project 'HTMLEditor-SwiftUI')
SwiftCompile normal arm64 /Users/admin/builder/spi-builder-workspace/Sources/HTMLEditor/HTMLEditor.swift (in target 'HTMLEditor' from project 'HTMLEditor-SwiftUI')
cd /Users/admin/builder/spi-builder-workspace/.swiftpm/xcode
SwiftCompile normal arm64 /Users/admin/builder/spi-builder-workspace/Sources/HTMLEditor/HTMLEditorAutoTypeDiagnostic.swift (in target 'HTMLEditor' from project 'HTMLEditor-SwiftUI')
cd /Users/admin/builder/spi-builder-workspace/.swiftpm/xcode
SwiftCompile normal arm64 /Users/admin/builder/spi-builder-workspace/Sources/HTMLEditor/HTMLEditorBenchmarkSupport.swift (in target 'HTMLEditor' from project 'HTMLEditor-SwiftUI')
cd /Users/admin/builder/spi-builder-workspace/.swiftpm/xcode
SwiftExplicitDependencyGeneratePcm arm64_32 /Users/admin/builder/spi-builder-workspace/.derivedData/ModuleCache.noindex/SwiftUI-CTJZPDH0D73K21479D8OGT6Y3.pcm
2026-09-19 05:47:54.983 xcodebuild[673:4253] [MT] IDERunDestination: Supported platforms for the buildables in the current scheme is empty.
2026-09-19 05:47:55.163 xcodebuild[673:4253] [MT] IDERunDestination: Supported platforms for the buildables in the current scheme is empty.
** BUILD FAILED **
The following build commands failed:
EmitSwiftModule normal arm64 (in target 'HTMLEditor' from project 'HTMLEditor-SwiftUI')
SwiftEmitModule normal arm64 Emitting\ module\ for\ HTMLEditor (in target 'HTMLEditor' from project 'HTMLEditor-SwiftUI')
Building workspace spi-builder-workspace with scheme HTMLEditor-SwiftUI-Package
(3 failures)
Command line invocation:
/Applications/Xcode-26.3.0.app/Contents/Developer/usr/bin/xcodebuild -IDEClonedSourcePackagesDirPathOverride=/Users/admin/builder/spi-builder-workspace/.dependencies -resolvePackageDependencies
Resolve Package Graph
Resolved source packages:
HTMLEditor-SwiftUI: /Users/admin/builder/spi-builder-workspace
resolved source packages: HTMLEditor-SwiftUI
2026-09-19 05:48:03.400 xcodebuild[806:4766] [MT] IDERunDestination: Supported platforms for the buildables in the current scheme is empty.
2026-09-19 05:48:03.555 xcodebuild[806:4766] [MT] IDERunDestination: Supported platforms for the buildables in the current scheme is empty.
{
"dependencies" : [
],
"manifest_display_name" : "HTMLEditor-SwiftUI",
"name" : "HTMLEditor-SwiftUI",
"path" : "/Users/admin/builder/spi-builder-workspace",
"platforms" : [
{
"name" : "macos",
"version" : "15.0"
},
{
"name" : "ios",
"version" : "17.0"
}
],
"products" : [
{
"name" : "HTMLEditor-SwiftUI",
"targets" : [
"HTMLEditor"
],
"type" : {
"library" : [
"automatic"
]
}
},
{
"name" : "HTMLEditorBenchmarks",
"targets" : [
"HTMLEditorBenchmarks"
],
"type" : {
"executable" : null
}
}
],
"targets" : [
{
"c99name" : "HTMLEditorBenchmarks",
"module_type" : "SwiftTarget",
"name" : "HTMLEditorBenchmarks",
"path" : "Sources/HTMLEditorBenchmarks",
"product_memberships" : [
"HTMLEditorBenchmarks"
],
"sources" : [
"BenchmarkDocument.swift",
"HTMLEditorBenchmarksMain.swift"
],
"target_dependencies" : [
"HTMLEditor"
],
"type" : "executable"
},
{
"c99name" : "HTMLEditor_SwiftUITests",
"module_type" : "SwiftTarget",
"name" : "HTMLEditor-SwiftUITests",
"path" : "Tests/HTMLEditor-SwiftUITests",
"sources" : [
"HTMLEditorBindingLagTests.swift",
"HTMLEditorCoordinatorEditingTests.swift",
"HTMLEditorExternalUpdateTests.swift",
"HTMLEditorHighlightCoverageTests.swift",
"HTMLEditorLargeDocumentTests.swift",
"HTMLEditorLocalRepaintTests.swift",
"HTMLEditorParagraphCacheCostTests.swift",
"HTMLEditorParagraphCacheTests.swift",
"HTMLEditorPolicyTests.swift",
"HTMLEditorVisibleHighlightStateTests.swift",
"HTMLHighlightPlannerTests.swift",
"HTMLSyntaxHighlighterTests.swift",
"TestSupport.swift"
],
"target_dependencies" : [
"HTMLEditor"
],
"type" : "test"
},
{
"c99name" : "HTMLEditor",
"module_type" : "SwiftTarget",
"name" : "HTMLEditor",
"path" : "Sources/HTMLEditor",
"product_memberships" : [
"HTMLEditor-SwiftUI",
"HTMLEditorBenchmarks"
],
"sources" : [
"HTMLEditor.swift",
"HTMLEditorAutoTypeDiagnostic.swift",
"HTMLEditorBenchmarkSupport.swift",
"HTMLEditorColorScheme.swift",
"HTMLEditorCoordinatorEditing.swift",
"HTMLEditorCoordinatorLifecycle.swift",
"HTMLEditorCoordinatorTextKit2.swift",
"HTMLEditorCoordinatorViewport.swift",
"HTMLEditorHighlightCoverage.swift",
"HTMLEditorKeyboardAccessory.swift",
"HTMLEditorParagraphHighlighting.swift",
"HTMLEditorPlatform.swift",
"HTMLEditorPolicies.swift",
"HTMLEditorRepresentable+iOS.swift",
"HTMLEditorRepresentable+macOS.swift",
"HTMLEditorSignposts.swift",
"HTMLEditorStructuralRanges.swift",
"HTMLEditorTextKitSurface.swift",
"HTMLEditorTheme.swift",
"HTMLEditorVisibleHighlightState.swift",
"HTMLSyntaxHighlighter.swift",
"HTMLSyntaxHighlighterPlanBuilder.swift",
"HTMLSyntaxHighlighterPlanner.swift"
],
"type" : "library"
}
],
"tools_version" : "6.2"
}
{
"workspace" : {
"name" : "spi-builder-workspace",
"schemes" : [
"HTMLEditor",
"HTMLEditor-SwiftUI",
"HTMLEditor-SwiftUI-Package",
"HTMLEditorBenchmarks"
]
}
}
2026-09-19 05:48:04.530 xcodebuild[814:4841] [MT] IDERunDestination: Supported platforms for the buildables in the current scheme is empty.
2026-09-19 05:48:04.685 xcodebuild[814:4841] [MT] IDERunDestination: Supported platforms for the buildables in the current scheme is empty.
Running build ...
env DEVELOPER_DIR=/Applications/Xcode-26.3.0.app xcrun xcodebuild -IDEClonedSourcePackagesDirPathOverride=$PWD/.dependencies -skipMacroValidation -skipPackagePluginValidation -derivedDataPath $PWD/.derivedData build -scheme HTMLEditor-SwiftUI-Package -destination generic/platform=watchOS
Command line invocation:
/Applications/Xcode-26.3.0.app/Contents/Developer/usr/bin/xcodebuild -IDEClonedSourcePackagesDirPathOverride=/Users/admin/builder/spi-builder-workspace/.dependencies -skipMacroValidation -skipPackagePluginValidation -derivedDataPath /Users/admin/builder/spi-builder-workspace/.derivedData build -scheme HTMLEditor-SwiftUI-Package -destination generic/platform=watchOS
Resolve Package Graph
Resolved source packages:
HTMLEditor-SwiftUI: /Users/admin/builder/spi-builder-workspace
ComputePackagePrebuildTargetDependencyGraph
Prepare packages
CreateBuildRequest
SendProjectDescription
CreateBuildOperation
ComputeTargetDependencyGraph
note: Building targets in dependency order
note: Target dependency graph (3 targets)
Target 'HTMLEditorBenchmarks' in project 'HTMLEditor-SwiftUI'
➜ Explicit dependency on target 'HTMLEditor' in project 'HTMLEditor-SwiftUI'
Target 'HTMLEditor-SwiftUI' in project 'HTMLEditor-SwiftUI'
➜ Explicit dependency on target 'HTMLEditor' in project 'HTMLEditor-SwiftUI'
Target 'HTMLEditor' in project 'HTMLEditor-SwiftUI' (no dependencies)
GatherProvisioningInputs
CreateBuildDescription
ClangStatCache /Applications/Xcode-26.3.0.app/Contents/Developer/Toolchains/XcodeDefault.xctoolchain/usr/bin/clang-stat-cache /Applications/Xcode-26.3.0.app/Contents/Developer/Platforms/WatchOS.platform/Developer/SDKs/WatchOS26.2.sdk /Users/admin/builder/spi-builder-workspace/.derivedData/SDKStatCaches.noindex/watchos26.2-23S303-dc75598d0054f22ec865fa860f139d721753b489057de6bda919edfa1c59a62b.sdkstatcache
cd /Users/admin/builder/spi-builder-workspace/.swiftpm/xcode
/Applications/Xcode-26.3.0.app/Contents/Developer/Toolchains/XcodeDefault.xctoolchain/usr/bin/clang-stat-cache /Applications/Xcode-26.3.0.app/Contents/Developer/Platforms/WatchOS.platform/Developer/SDKs/WatchOS26.2.sdk -o /Users/admin/builder/spi-builder-workspace/.derivedData/SDKStatCaches.noindex/watchos26.2-23S303-dc75598d0054f22ec865fa860f139d721753b489057de6bda919edfa1c59a62b.sdkstatcache
SwiftDriver HTMLEditor normal arm64 com.apple.xcode.tools.swift.compiler (in target 'HTMLEditor' from project 'HTMLEditor-SwiftUI')
cd /Users/admin/builder/spi-builder-workspace/.swiftpm/xcode
builtin-SwiftDriver -- /Applications/Xcode-26.3.0.app/Contents/Developer/Toolchains/XcodeDefault.xctoolchain/usr/bin/swiftc -module-name HTMLEditor -Onone -enforce-exclusivity\=checked @/Users/admin/builder/spi-builder-workspace/.derivedData/Build/Intermediates.noindex/HTMLEditor-SwiftUI.build/Debug-watchos/HTMLEditor.build/Objects-normal/arm64/HTMLEditor.SwiftFileList -DSWIFT_PACKAGE -DDEBUG -DSWIFT_MODULE_RESOURCE_BUNDLE_UNAVAILABLE -DXcode -plugin-path /Applications/Xcode-26.3.0.app/Contents/Developer/Toolchains/XcodeDefault.xctoolchain/usr/lib/swift/host/plugins/testing -enable-experimental-feature DebugDescriptionMacro -sdk /Applications/Xcode-26.3.0.app/Contents/Developer/Platforms/WatchOS.platform/Developer/SDKs/WatchOS26.2.sdk -target arm64-apple-watchos10.0 -g -module-cache-path /Users/admin/builder/spi-builder-workspace/.derivedData/ModuleCache.noindex -Xfrontend -serialize-debugging-options -profile-coverage-mapping -profile-generate -enable-testing -index-store-path /Users/admin/builder/spi-builder-workspace/.derivedData/Index.noindex/DataStore -Xcc -D_LIBCPP_HARDENING_MODE\=_LIBCPP_HARDENING_MODE_DEBUG -swift-version 6 -I /Users/admin/builder/spi-builder-workspace/.derivedData/Build/Products/Debug-watchos -Isystem /Applications/Xcode-26.3.0.app/Contents/Developer/Platforms/WatchOS.platform/Developer/usr/lib -F /Users/admin/builder/spi-builder-workspace/.derivedData/Build/Products/Debug-watchos -F /Applications/Xcode-26.3.0.app/Contents/Developer/Platforms/WatchOS.platform/Developer/Library/Frameworks -F /Applications/Xcode-26.3.0.app/Contents/Developer/Platforms/WatchOS.platform/Developer/SDKs/WatchOS26.2.sdk/Developer/Library/Frameworks -c -j10 -enable-batch-mode -incremental -Xcc -ivfsstatcache -Xcc /Users/admin/builder/spi-builder-workspace/.derivedData/SDKStatCaches.noindex/watchos26.2-23S303-dc75598d0054f22ec865fa860f139d721753b489057de6bda919edfa1c59a62b.sdkstatcache -output-file-map /Users/admin/builder/spi-builder-workspace/.derivedData/Build/Intermediates.noindex/HTMLEditor-SwiftUI.build/Debug-watchos/HTMLEditor.build/Objects-normal/arm64/HTMLEditor-OutputFileMap.json -use-frontend-parseable-output -save-temps -no-color-diagnostics -explicit-module-build -module-cache-path /Users/admin/builder/spi-builder-workspace/.derivedData/Build/Intermediates.noindex/SwiftExplicitPrecompiledModules -clang-scanner-module-cache-path /Users/admin/builder/spi-builder-workspace/.derivedData/ModuleCache.noindex -sdk-module-cache-path /Users/admin/builder/spi-builder-workspace/.derivedData/ModuleCache.noindex -serialize-diagnostics -emit-dependencies -emit-module -emit-module-path /Users/admin/builder/spi-builder-workspace/.derivedData/Build/Intermediates.noindex/HTMLEditor-SwiftUI.build/Debug-watchos/HTMLEditor.build/Objects-normal/arm64/HTMLEditor.swiftmodule -validate-clang-modules-once -clang-build-session-file /Users/admin/builder/spi-builder-workspace/.derivedData/ModuleCache.noindex/Session.modulevalidation -package-name spi_builder_workspace -Xcc -I/Users/admin/builder/spi-builder-workspace/.derivedData/Build/Intermediates.noindex/HTMLEditor-SwiftUI.build/Debug-watchos/HTMLEditor.build/swift-overrides.hmap -emit-const-values -Xfrontend -const-gather-protocols-file -Xfrontend /Users/admin/builder/spi-builder-workspace/.derivedData/Build/Intermediates.noindex/HTMLEditor-SwiftUI.build/Debug-watchos/HTMLEditor.build/Objects-normal/arm64/HTMLEditor_const_extract_protocols.json -Xcc -I/Users/admin/builder/spi-builder-workspace/.derivedData/Build/Products/Debug-watchos/include -Xcc -I/Users/admin/builder/spi-builder-workspace/.derivedData/Build/Intermediates.noindex/HTMLEditor-SwiftUI.build/Debug-watchos/HTMLEditor.build/DerivedSources-normal/arm64 -Xcc -I/Users/admin/builder/spi-builder-workspace/.derivedData/Build/Intermediates.noindex/HTMLEditor-SwiftUI.build/Debug-watchos/HTMLEditor.build/DerivedSources/arm64 -Xcc -I/Users/admin/builder/spi-builder-workspace/.derivedData/Build/Intermediates.noindex/HTMLEditor-SwiftUI.build/Debug-watchos/HTMLEditor.build/DerivedSources -Xcc -DSWIFT_PACKAGE -Xcc -DDEBUG\=1 -emit-objc-header -emit-objc-header-path /Users/admin/builder/spi-builder-workspace/.derivedData/Build/Intermediates.noindex/HTMLEditor-SwiftUI.build/Debug-watchos/HTMLEditor.build/Objects-normal/arm64/HTMLEditor-Swift.h -working-directory /Users/admin/builder/spi-builder-workspace/.swiftpm/xcode -experimental-emit-module-separately -disable-cmo
SwiftDriver HTMLEditor normal arm64_32 com.apple.xcode.tools.swift.compiler (in target 'HTMLEditor' from project 'HTMLEditor-SwiftUI')
cd /Users/admin/builder/spi-builder-workspace/.swiftpm/xcode
builtin-SwiftDriver -- /Applications/Xcode-26.3.0.app/Contents/Developer/Toolchains/XcodeDefault.xctoolchain/usr/bin/swiftc -module-name HTMLEditor -Onone -enforce-exclusivity\=checked @/Users/admin/builder/spi-builder-workspace/.derivedData/Build/Intermediates.noindex/HTMLEditor-SwiftUI.build/Debug-watchos/HTMLEditor.build/Objects-normal/arm64_32/HTMLEditor.SwiftFileList -DSWIFT_PACKAGE -DDEBUG -DSWIFT_MODULE_RESOURCE_BUNDLE_UNAVAILABLE -DXcode -plugin-path /Applications/Xcode-26.3.0.app/Contents/Developer/Toolchains/XcodeDefault.xctoolchain/usr/lib/swift/host/plugins/testing -enable-experimental-feature DebugDescriptionMacro -sdk /Applications/Xcode-26.3.0.app/Contents/Developer/Platforms/WatchOS.platform/Developer/SDKs/WatchOS26.2.sdk -target arm64_32-apple-watchos10.0 -g -module-cache-path /Users/admin/builder/spi-builder-workspace/.derivedData/ModuleCache.noindex -Xfrontend -serialize-debugging-options -profile-coverage-mapping -profile-generate -enable-testing -index-store-path /Users/admin/builder/spi-builder-workspace/.derivedData/Index.noindex/DataStore -Xcc -D_LIBCPP_HARDENING_MODE\=_LIBCPP_HARDENING_MODE_DEBUG -swift-version 6 -I /Users/admin/builder/spi-builder-workspace/.derivedData/Build/Products/Debug-watchos -Isystem /Applications/Xcode-26.3.0.app/Contents/Developer/Platforms/WatchOS.platform/Developer/usr/lib -F /Users/admin/builder/spi-builder-workspace/.derivedData/Build/Products/Debug-watchos -F /Applications/Xcode-26.3.0.app/Contents/Developer/Platforms/WatchOS.platform/Developer/Library/Frameworks -F /Applications/Xcode-26.3.0.app/Contents/Developer/Platforms/WatchOS.platform/Developer/SDKs/WatchOS26.2.sdk/Developer/Library/Frameworks -c -j10 -enable-batch-mode -incremental -Xcc -ivfsstatcache -Xcc /Users/admin/builder/spi-builder-workspace/.derivedData/SDKStatCaches.noindex/watchos26.2-23S303-dc75598d0054f22ec865fa860f139d721753b489057de6bda919edfa1c59a62b.sdkstatcache -output-file-map /Users/admin/builder/spi-builder-workspace/.derivedData/Build/Intermediates.noindex/HTMLEditor-SwiftUI.build/Debug-watchos/HTMLEditor.build/Objects-normal/arm64_32/HTMLEditor-OutputFileMap.json -use-frontend-parseable-output -save-temps -no-color-diagnostics -explicit-module-build -module-cache-path /Users/admin/builder/spi-builder-workspace/.derivedData/Build/Intermediates.noindex/SwiftExplicitPrecompiledModules -clang-scanner-module-cache-path /Users/admin/builder/spi-builder-workspace/.derivedData/ModuleCache.noindex -sdk-module-cache-path /Users/admin/builder/spi-builder-workspace/.derivedData/ModuleCache.noindex -serialize-diagnostics -emit-dependencies -emit-module -emit-module-path /Users/admin/builder/spi-builder-workspace/.derivedData/Build/Intermediates.noindex/HTMLEditor-SwiftUI.build/Debug-watchos/HTMLEditor.build/Objects-normal/arm64_32/HTMLEditor.swiftmodule -validate-clang-modules-once -clang-build-session-file /Users/admin/builder/spi-builder-workspace/.derivedData/ModuleCache.noindex/Session.modulevalidation -package-name spi_builder_workspace -Xcc -I/Users/admin/builder/spi-builder-workspace/.derivedData/Build/Intermediates.noindex/HTMLEditor-SwiftUI.build/Debug-watchos/HTMLEditor.build/swift-overrides.hmap -emit-const-values -Xfrontend -const-gather-protocols-file -Xfrontend /Users/admin/builder/spi-builder-workspace/.derivedData/Build/Intermediates.noindex/HTMLEditor-SwiftUI.build/Debug-watchos/HTMLEditor.build/Objects-normal/arm64_32/HTMLEditor_const_extract_protocols.json -Xcc -I/Users/admin/builder/spi-builder-workspace/.derivedData/Build/Products/Debug-watchos/include -Xcc -I/Users/admin/builder/spi-builder-workspace/.derivedData/Build/Intermediates.noindex/HTMLEditor-SwiftUI.build/Debug-watchos/HTMLEditor.build/DerivedSources-normal/arm64_32 -Xcc -I/Users/admin/builder/spi-builder-workspace/.derivedData/Build/Intermediates.noindex/HTMLEditor-SwiftUI.build/Debug-watchos/HTMLEditor.build/DerivedSources/arm64_32 -Xcc -I/Users/admin/builder/spi-builder-workspace/.derivedData/Build/Intermediates.noindex/HTMLEditor-SwiftUI.build/Debug-watchos/HTMLEditor.build/DerivedSources -Xcc -DSWIFT_PACKAGE -Xcc -DDEBUG\=1 -emit-objc-header -emit-objc-header-path /Users/admin/builder/spi-builder-workspace/.derivedData/Build/Intermediates.noindex/HTMLEditor-SwiftUI.build/Debug-watchos/HTMLEditor.build/Objects-normal/arm64_32/HTMLEditor-Swift.h -working-directory /Users/admin/builder/spi-builder-workspace/.swiftpm/xcode -experimental-emit-module-separately -disable-cmo
SwiftCompile normal arm64 Compiling\ HTMLEditorColorScheme.swift,\ HTMLEditorCoordinatorEditing.swift,\ HTMLEditorCoordinatorLifecycle.swift /Users/admin/builder/spi-builder-workspace/Sources/HTMLEditor/HTMLEditorColorScheme.swift /Users/admin/builder/spi-builder-workspace/Sources/HTMLEditor/HTMLEditorCoordinatorEditing.swift /Users/admin/builder/spi-builder-workspace/Sources/HTMLEditor/HTMLEditorCoordinatorLifecycle.swift (in target 'HTMLEditor' from project 'HTMLEditor-SwiftUI')
SwiftCompile normal arm64 /Users/admin/builder/spi-builder-workspace/Sources/HTMLEditor/HTMLEditorColorScheme.swift (in target 'HTMLEditor' from project 'HTMLEditor-SwiftUI')
cd /Users/admin/builder/spi-builder-workspace/.swiftpm/xcode
SwiftCompile normal arm64 /Users/admin/builder/spi-builder-workspace/Sources/HTMLEditor/HTMLEditorCoordinatorEditing.swift (in target 'HTMLEditor' from project 'HTMLEditor-SwiftUI')
cd /Users/admin/builder/spi-builder-workspace/.swiftpm/xcode
SwiftCompile normal arm64 /Users/admin/builder/spi-builder-workspace/Sources/HTMLEditor/HTMLEditorCoordinatorLifecycle.swift (in target 'HTMLEditor' from project 'HTMLEditor-SwiftUI')
cd /Users/admin/builder/spi-builder-workspace/.swiftpm/xcode
SwiftCompile normal arm64 Compiling\ HTMLEditor.swift,\ HTMLEditorAutoTypeDiagnostic.swift,\ HTMLEditorBenchmarkSupport.swift /Users/admin/builder/spi-builder-workspace/Sources/HTMLEditor/HTMLEditor.swift /Users/admin/builder/spi-builder-workspace/Sources/HTMLEditor/HTMLEditorAutoTypeDiagnostic.swift /Users/admin/builder/spi-builder-workspace/Sources/HTMLEditor/HTMLEditorBenchmarkSupport.swift (in target 'HTMLEditor' from project 'HTMLEditor-SwiftUI')
SwiftCompile normal arm64 /Users/admin/builder/spi-builder-workspace/Sources/HTMLEditor/HTMLEditor.swift (in target 'HTMLEditor' from project 'HTMLEditor-SwiftUI')
cd /Users/admin/builder/spi-builder-workspace/.swiftpm/xcode
SwiftCompile normal arm64 /Users/admin/builder/spi-builder-workspace/Sources/HTMLEditor/HTMLEditorAutoTypeDiagnostic.swift (in target 'HTMLEditor' from project 'HTMLEditor-SwiftUI')
cd /Users/admin/builder/spi-builder-workspace/.swiftpm/xcode
SwiftCompile normal arm64 /Users/admin/builder/spi-builder-workspace/Sources/HTMLEditor/HTMLEditorBenchmarkSupport.swift (in target 'HTMLEditor' from project 'HTMLEditor-SwiftUI')
cd /Users/admin/builder/spi-builder-workspace/.swiftpm/xcode
SwiftCompile normal arm64 Compiling\ HTMLEditorKeyboardAccessory.swift,\ HTMLEditorParagraphHighlighting.swift /Users/admin/builder/spi-builder-workspace/Sources/HTMLEditor/HTMLEditorKeyboardAccessory.swift /Users/admin/builder/spi-builder-workspace/Sources/HTMLEditor/HTMLEditorParagraphHighlighting.swift (in target 'HTMLEditor' from project 'HTMLEditor-SwiftUI')
SwiftCompile normal arm64 /Users/admin/builder/spi-builder-workspace/Sources/HTMLEditor/HTMLEditorKeyboardAccessory.swift (in target 'HTMLEditor' from project 'HTMLEditor-SwiftUI')
cd /Users/admin/builder/spi-builder-workspace/.swiftpm/xcode
SwiftCompile normal arm64 /Users/admin/builder/spi-builder-workspace/Sources/HTMLEditor/HTMLEditorParagraphHighlighting.swift (in target 'HTMLEditor' from project 'HTMLEditor-SwiftUI')
cd /Users/admin/builder/spi-builder-workspace/.swiftpm/xcode
SwiftCompile normal arm64 Compiling\ HTMLEditorRepresentable+iOS.swift,\ HTMLEditorRepresentable+macOS.swift /Users/admin/builder/spi-builder-workspace/Sources/HTMLEditor/HTMLEditorRepresentable+iOS.swift /Users/admin/builder/spi-builder-workspace/Sources/HTMLEditor/HTMLEditorRepresentable+macOS.swift (in target 'HTMLEditor' from project 'HTMLEditor-SwiftUI')
SwiftCompile normal arm64 /Users/admin/builder/spi-builder-workspace/Sources/HTMLEditor/HTMLEditorRepresentable+iOS.swift (in target 'HTMLEditor' from project 'HTMLEditor-SwiftUI')
cd /Users/admin/builder/spi-builder-workspace/.swiftpm/xcode
SwiftCompile normal arm64 /Users/admin/builder/spi-builder-workspace/Sources/HTMLEditor/HTMLEditorRepresentable+macOS.swift (in target 'HTMLEditor' from project 'HTMLEditor-SwiftUI')
cd /Users/admin/builder/spi-builder-workspace/.swiftpm/xcode
SwiftCompile normal arm64 Compiling\ HTMLEditorCoordinatorTextKit2.swift,\ HTMLEditorCoordinatorViewport.swift,\ HTMLEditorHighlightCoverage.swift /Users/admin/builder/spi-builder-workspace/Sources/HTMLEditor/HTMLEditorCoordinatorTextKit2.swift /Users/admin/builder/spi-builder-workspace/Sources/HTMLEditor/HTMLEditorCoordinatorViewport.swift /Users/admin/builder/spi-builder-workspace/Sources/HTMLEditor/HTMLEditorHighlightCoverage.swift (in target 'HTMLEditor' from project 'HTMLEditor-SwiftUI')
SwiftCompile normal arm64 /Users/admin/builder/spi-builder-workspace/Sources/HTMLEditor/HTMLEditorCoordinatorTextKit2.swift (in target 'HTMLEditor' from project 'HTMLEditor-SwiftUI')
cd /Users/admin/builder/spi-builder-workspace/.swiftpm/xcode
SwiftCompile normal arm64 /Users/admin/builder/spi-builder-workspace/Sources/HTMLEditor/HTMLEditorCoordinatorViewport.swift (in target 'HTMLEditor' from project 'HTMLEditor-SwiftUI')
cd /Users/admin/builder/spi-builder-workspace/.swiftpm/xcode
SwiftCompile normal arm64 /Users/admin/builder/spi-builder-workspace/Sources/HTMLEditor/HTMLEditorHighlightCoverage.swift (in target 'HTMLEditor' from project 'HTMLEditor-SwiftUI')
cd /Users/admin/builder/spi-builder-workspace/.swiftpm/xcode
SwiftCompile normal arm64 Compiling\ HTMLEditorSignposts.swift,\ HTMLEditorStructuralRanges.swift /Users/admin/builder/spi-builder-workspace/Sources/HTMLEditor/HTMLEditorSignposts.swift /Users/admin/builder/spi-builder-workspace/Sources/HTMLEditor/HTMLEditorStructuralRanges.swift (in target 'HTMLEditor' from project 'HTMLEditor-SwiftUI')
SwiftCompile normal arm64 /Users/admin/builder/spi-builder-workspace/Sources/HTMLEditor/HTMLEditorSignposts.swift (in target 'HTMLEditor' from project 'HTMLEditor-SwiftUI')
cd /Users/admin/builder/spi-builder-workspace/.swiftpm/xcode
SwiftCompile normal arm64 /Users/admin/builder/spi-builder-workspace/Sources/HTMLEditor/HTMLEditorStructuralRanges.swift (in target 'HTMLEditor' from project 'HTMLEditor-SwiftUI')
cd /Users/admin/builder/spi-builder-workspace/.swiftpm/xcode
SwiftCompile normal arm64 Compiling\ HTMLEditorTextKitSurface.swift,\ HTMLEditorTheme.swift /Users/admin/builder/spi-builder-workspace/Sources/HTMLEditor/HTMLEditorTextKitSurface.swift /Users/admin/builder/spi-builder-workspace/Sources/HTMLEditor/HTMLEditorTheme.swift (in target 'HTMLEditor' from project 'HTMLEditor-SwiftUI')
SwiftCompile normal arm64 /Users/admin/builder/spi-builder-workspace/Sources/HTMLEditor/HTMLEditorTextKitSurface.swift (in target 'HTMLEditor' from project 'HTMLEditor-SwiftUI')
cd /Users/admin/builder/spi-builder-workspace/.swiftpm/xcode
SwiftCompile normal arm64 /Users/admin/builder/spi-builder-workspace/Sources/HTMLEditor/HTMLEditorTheme.swift (in target 'HTMLEditor' from project 'HTMLEditor-SwiftUI')
cd /Users/admin/builder/spi-builder-workspace/.swiftpm/xcode
SwiftEmitModule normal arm64 Emitting\ module\ for\ HTMLEditor (in target 'HTMLEditor' from project 'HTMLEditor-SwiftUI')
Failed frontend command:
/Applications/Xcode-26.3.0.app/Contents/Developer/Toolchains/XcodeDefault.xctoolchain/usr/bin/swift-frontend -frontend -emit-module -experimental-skip-non-inlinable-function-bodies-without-types /Users/admin/builder/spi-builder-workspace/Sources/HTMLEditor/HTMLEditor.swift /Users/admin/builder/spi-builder-workspace/Sources/HTMLEditor/HTMLEditorAutoTypeDiagnostic.swift /Users/admin/builder/spi-builder-workspace/Sources/HTMLEditor/HTMLEditorBenchmarkSupport.swift /Users/admin/builder/spi-builder-workspace/Sources/HTMLEditor/HTMLEditorColorScheme.swift /Users/admin/builder/spi-builder-workspace/Sources/HTMLEditor/HTMLEditorCoordinatorEditing.swift /Users/admin/builder/spi-builder-workspace/Sources/HTMLEditor/HTMLEditorCoordinatorLifecycle.swift /Users/admin/builder/spi-builder-workspace/Sources/HTMLEditor/HTMLEditorCoordinatorTextKit2.swift /Users/admin/builder/spi-builder-workspace/Sources/HTMLEditor/HTMLEditorCoordinatorViewport.swift /Users/admin/builder/spi-builder-workspace/Sources/HTMLEditor/HTMLEditorHighlightCoverage.swift /Users/admin/builder/spi-builder-workspace/Sources/HTMLEditor/HTMLEditorKeyboardAccessory.swift /Users/admin/builder/spi-builder-workspace/Sources/HTMLEditor/HTMLEditorParagraphHighlighting.swift /Users/admin/builder/spi-builder-workspace/Sources/HTMLEditor/HTMLEditorPlatform.swift /Users/admin/builder/spi-builder-workspace/Sources/HTMLEditor/HTMLEditorPolicies.swift /Users/admin/builder/spi-builder-workspace/Sources/HTMLEditor/HTMLEditorRepresentable+iOS.swift /Users/admin/builder/spi-builder-workspace/Sources/HTMLEditor/HTMLEditorRepresentable+macOS.swift /Users/admin/builder/spi-builder-workspace/Sources/HTMLEditor/HTMLEditorSignposts.swift /Users/admin/builder/spi-builder-workspace/Sources/HTMLEditor/HTMLEditorStructuralRanges.swift /Users/admin/builder/spi-builder-workspace/Sources/HTMLEditor/HTMLEditorTextKitSurface.swift /Users/admin/builder/spi-builder-workspace/Sources/HTMLEditor/HTMLEditorTheme.swift /Users/admin/builder/spi-builder-workspace/Sources/HTMLEditor/HTMLEditorVisibleHighlightState.swift /Users/admin/builder/spi-builder-workspace/Sources/HTMLEditor/HTMLSyntaxHighlighter.swift /Users/admin/builder/spi-builder-workspace/Sources/HTMLEditor/HTMLSyntaxHighlighterPlanBuilder.swift /Users/admin/builder/spi-builder-workspace/Sources/HTMLEditor/HTMLSyntaxHighlighterPlanner.swift -target arm64-apple-watchos10.0 -load-resolved-plugin /Applications/Xcode-26.3.0.app/Contents/Developer/Platforms/WatchOS.platform/Developer/usr/lib/swift/host/plugins/libFoundationMacros.dylib\#/Applications/Xcode-26.3.0.app/Contents/Developer/Platforms/WatchOS.platform/Developer/usr/bin/swift-plugin-server\#FoundationMacros -load-resolved-plugin /Applications/Xcode-26.3.0.app/Contents/Developer/Platforms/WatchOS.platform/Developer/usr/lib/swift/host/plugins/libObservationMacros.dylib\#/Applications/Xcode-26.3.0.app/Contents/Developer/Platforms/WatchOS.platform/Developer/usr/bin/swift-plugin-server\#ObservationMacros -load-resolved-plugin /Applications/Xcode-26.3.0.app/Contents/Developer/Platforms/WatchOS.platform/Developer/usr/lib/swift/host/plugins/libPreviewsMacros.dylib\#/Applications/Xcode-26.3.0.app/Contents/Developer/Platforms/WatchOS.platform/Developer/usr/bin/swift-plugin-server\#PreviewsMacros -load-resolved-plugin /Applications/Xcode-26.3.0.app/Contents/Developer/Platforms/WatchOS.platform/Developer/usr/lib/swift/host/plugins/libSwiftMacros.dylib\#/Applications/Xcode-26.3.0.app/Contents/Developer/Platforms/WatchOS.platform/Developer/usr/bin/swift-plugin-server\#SwiftMacros -load-resolved-plugin /Applications/Xcode-26.3.0.app/Contents/Developer/Platforms/WatchOS.platform/Developer/usr/lib/swift/host/plugins/libSwiftUIMacros.dylib\#/Applications/Xcode-26.3.0.app/Contents/Developer/Platforms/WatchOS.platform/Developer/usr/bin/swift-plugin-server\#SwiftUIMacros -disable-implicit-swift-modules -Xcc -fno-implicit-modules -Xcc -fno-implicit-module-maps -explicit-swift-module-map-file /Users/admin/builder/spi-builder-workspace/.derivedData/Build/Intermediates.noindex/HTMLEditor-SwiftUI.build/Debug-watchos/HTMLEditor.build/Objects-normal/arm64/HTMLEditor-dependencies-1.json -Xllvm -aarch64-use-tbi -enable-objc-interop -stack-check -sdk /Applications/Xcode-26.3.0.app/Contents/Developer/Platforms/WatchOS.platform/Developer/SDKs/WatchOS26.2.sdk -I /Users/admin/builder/spi-builder-workspace/.derivedData/Build/Products/Debug-watchos -Isystem /Applications/Xcode-26.3.0.app/Contents/Developer/Platforms/WatchOS.platform/Developer/usr/lib -F /Users/admin/builder/spi-builder-workspace/.derivedData/Build/Products/Debug-watchos -F /Applications/Xcode-26.3.0.app/Contents/Developer/Platforms/WatchOS.platform/Developer/Library/Frameworks -F /Applications/Xcode-26.3.0.app/Contents/Developer/Platforms/WatchOS.platform/Developer/SDKs/WatchOS26.2.sdk/Developer/Library/Frameworks -no-color-diagnostics -Xcc -fno-color-diagnostics -enable-testing -g -debug-info-format\=dwarf -dwarf-version\=4 -module-cache-path /Users/admin/builder/spi-builder-workspace/.derivedData/Build/Intermediates.noindex/SwiftExplicitPrecompiledModules -profile-generate -profile-coverage-mapping -swift-version 6 -enforce-exclusivity\=checked -Onone -D SWIFT_PACKAGE -D DEBUG -D SWIFT_MODULE_RESOURCE_BUNDLE_UNAVAILABLE -D Xcode -serialize-debugging-options -const-gather-protocols-file /Users/admin/builder/spi-builder-workspace/.derivedData/Build/Intermediates.noindex/HTMLEditor-SwiftUI.build/Debug-watchos/HTMLEditor.build/Objects-normal/arm64/HTMLEditor_const_extract_protocols.json -enable-experimental-feature DebugDescriptionMacro -empty-abi-descriptor -validate-clang-modules-once -clang-build-session-file /Users/admin/builder/spi-builder-workspace/.derivedData/ModuleCache.noindex/Session.modulevalidation -Xcc -working-directory -Xcc /Users/admin/builder/spi-builder-workspace/.swiftpm/xcode -enable-anonymous-context-mangled-names -file-compilation-dir /Users/admin/builder/spi-builder-workspace/.swiftpm/xcode -Xcc -D_LIBCPP_HARDENING_MODE\=_LIBCPP_HARDENING_MODE_DEBUG -Xcc -ivfsstatcache -Xcc /Users/admin/builder/spi-builder-workspace/.derivedData/SDKStatCaches.noindex/watchos26.2-23S303-dc75598d0054f22ec865fa860f139d721753b489057de6bda919edfa1c59a62b.sdkstatcache -Xcc -I/Users/admin/builder/spi-builder-workspace/.derivedData/Build/Intermediates.noindex/HTMLEditor-SwiftUI.build/Debug-watchos/HTMLEditor.build/swift-overrides.hmap -Xcc -I/Users/admin/builder/spi-builder-workspace/.derivedData/Build/Products/Debug-watchos/include -Xcc -I/Users/admin/builder/spi-builder-workspace/.derivedData/Build/Intermediates.noindex/HTMLEditor-SwiftUI.build/Debug-watchos/HTMLEditor.build/DerivedSources-normal/arm64 -Xcc -I/Users/admin/builder/spi-builder-workspace/.derivedData/Build/Intermediates.noindex/HTMLEditor-SwiftUI.build/Debug-watchos/HTMLEditor.build/DerivedSources/arm64 -Xcc -I/Users/admin/builder/spi-builder-workspace/.derivedData/Build/Intermediates.noindex/HTMLEditor-SwiftUI.build/Debug-watchos/HTMLEditor.build/DerivedSources -Xcc -DSWIFT_PACKAGE -Xcc -DDEBUG\=1 -no-auto-bridging-header-chaining -module-name HTMLEditor -package-name spi_builder_workspace -frontend-parseable-output -disable-clang-spi -target-sdk-version 26.2 -target-sdk-name watchos26.2 -clang-target arm64-apple-watchos26.2 -in-process-plugin-server-path /Applications/Xcode-26.3.0.app/Contents/Developer/Toolchains/XcodeDefault.xctoolchain/usr/lib/swift/host/libSwiftInProcPluginServer.dylib -emit-module-doc-path /Users/admin/builder/spi-builder-workspace/.derivedData/Build/Intermediates.noindex/HTMLEditor-SwiftUI.build/Debug-watchos/HTMLEditor.build/Objects-normal/arm64/HTMLEditor.swiftdoc -emit-module-source-info-path /Users/admin/builder/spi-builder-workspace/.derivedData/Build/Intermediates.noindex/HTMLEditor-SwiftUI.build/Debug-watchos/HTMLEditor.build/Objects-normal/arm64/HTMLEditor.swiftsourceinfo -emit-objc-header-path /Users/admin/builder/spi-builder-workspace/.derivedData/Build/Intermediates.noindex/HTMLEditor-SwiftUI.build/Debug-watchos/HTMLEditor.build/Objects-normal/arm64/HTMLEditor-Swift.h -serialize-diagnostics-path /Users/admin/builder/spi-builder-workspace/.derivedData/Build/Intermediates.noindex/HTMLEditor-SwiftUI.build/Debug-watchos/HTMLEditor.build/Objects-normal/arm64/HTMLEditor-primary-emit-module.dia -emit-dependencies-path /Users/admin/builder/spi-builder-workspace/.derivedData/Build/Intermediates.noindex/HTMLEditor-SwiftUI.build/Debug-watchos/HTMLEditor.build/Objects-normal/arm64/HTMLEditor-primary-emit-module.d -o /Users/admin/builder/spi-builder-workspace/.derivedData/Build/Intermediates.noindex/HTMLEditor-SwiftUI.build/Debug-watchos/HTMLEditor.build/Objects-normal/arm64/HTMLEditor.swiftmodule -emit-abi-descriptor-path /Users/admin/builder/spi-builder-workspace/.derivedData/Build/Intermediates.noindex/HTMLEditor-SwiftUI.build/Debug-watchos/HTMLEditor.build/Objects-normal/arm64/HTMLEditor.abi.json
EmitSwiftModule normal arm64 (in target 'HTMLEditor' from project 'HTMLEditor-SwiftUI')
cd /Users/admin/builder/spi-builder-workspace/.swiftpm/xcode
/Users/admin/builder/spi-builder-workspace/Sources/HTMLEditor/HTMLEditor.swift:88:28: error: cannot find type 'UIHostingController' in scope
var accessoryHost: UIHostingController<AnyView>?
^~~~~~~~~~~~~~~~~~~
/Users/admin/builder/spi-builder-workspace/Sources/HTMLEditor/HTMLEditor.swift:181:54: error: 'NSTextParagraph' is unavailable in watchOS
var styledParagraphCache: [ParagraphPlanKey: NSTextParagraph] = [:]
^~~~~~~~~~~~~~~
/Applications/Xcode-26.3.0.app/Contents/Developer/Platforms/WatchOS.platform/Developer/SDKs/WatchOS26.2.sdk/System/Library/Frameworks/UIKit.framework/Headers/NSTextElement.h:46:12: note: 'NSTextParagraph' has been explicitly marked unavailable here
@interface NSTextParagraph : NSTextElement
^
/Users/admin/builder/spi-builder-workspace/Sources/HTMLEditor/HTMLEditorKeyboardAccessory.swift:26:19: error: 'UIView' is unavailable in watchOS
init(content: UIView) {
^~~~~~
/Applications/Xcode-26.3.0.app/Contents/Developer/Platforms/WatchOS.platform/Developer/SDKs/WatchOS26.2.sdk/System/Library/Frameworks/UIKit.framework/Headers/UIView.h:148:12: note: 'UIView' has been explicitly marked unavailable here
@interface UIView : UIResponder <NSCoding, UIAppearance, UIAppearanceContainer, UIDynamicItem, UITraitEnvironment, UICoordinateSpace, UIFocusItem, UIFocusItemContainer, CALayerDelegate>
^
/Users/admin/builder/spi-builder-workspace/Sources/HTMLEditor/HTMLEditorKeyboardAccessory.swift:22:38: error: 'UIInputView' is unavailable in watchOS
final class HTMLEditorAccessoryView: UIInputView {
^~~~~~~~~~~
/Applications/Xcode-26.3.0.app/Contents/Developer/Platforms/WatchOS.platform/Developer/SDKs/WatchOS26.2.sdk/System/Library/Frameworks/UIKit.framework/Headers/UIInputView.h:20:12: note: 'UIInputView' has been explicitly marked unavailable here
@interface UIInputView : UIView
^
/Users/admin/builder/spi-builder-workspace/Sources/HTMLEditor/HTMLEditorKeyboardAccessory.swift:62:45: error: 'UITextView' is unavailable in watchOS
func syncKeyboardAccessory(on textView: UITextView) {
^~~~~~~~~~
/Applications/Xcode-26.3.0.app/Contents/Developer/Platforms/WatchOS.platform/Developer/SDKs/WatchOS26.2.sdk/System/Library/Frameworks/UIKit.framework/Headers/UITextView.h:219:12: note: 'UITextView' has been explicitly marked unavailable here
@interface UITextView : UIScrollView <UITextInput, UIContentSizeCategoryAdjusting, UILetterformAwareAdjusting>
^
/Users/admin/builder/spi-builder-workspace/Sources/HTMLEditor/HTMLEditorParagraphHighlighting.swift:30:31: error: 'NSTextContentStorage' is unavailable in watchOS
_ textContentStorage: NSTextContentStorage,
^~~~~~~~~~~~~~~~~~~~
/Applications/Xcode-26.3.0.app/Contents/Developer/Platforms/WatchOS.platform/Developer/SDKs/WatchOS26.2.sdk/System/Library/Frameworks/UIKit.framework/Headers/NSTextContentManager.h:124:12: note: 'NSTextContentStorage' has been explicitly marked unavailable here
@interface NSTextContentStorage : NSTextContentManager <NSTextStorageObserving>
^
/Users/admin/builder/spi-builder-workspace/Sources/HTMLEditor/HTMLEditorParagraphHighlighting.swift:32:10: error: 'NSTextParagraph' is unavailable in watchOS
) -> NSTextParagraph? {
^~~~~~~~~~~~~~~
/Applications/Xcode-26.3.0.app/Contents/Developer/Platforms/WatchOS.platform/Developer/SDKs/WatchOS26.2.sdk/System/Library/Frameworks/UIKit.framework/Headers/NSTextElement.h:46:12: note: 'NSTextParagraph' has been explicitly marked unavailable here
@interface NSTextParagraph : NSTextElement
^
/Users/admin/builder/spi-builder-workspace/Sources/HTMLEditor/HTMLEditorParagraphHighlighting.swift:40:32: error: 'NSTextContentStorage' is unavailable in watchOS
in textContentStorage: NSTextContentStorage,
^~~~~~~~~~~~~~~~~~~~
/Applications/Xcode-26.3.0.app/Contents/Developer/Platforms/WatchOS.platform/Developer/SDKs/WatchOS26.2.sdk/System/Library/Frameworks/UIKit.framework/Headers/NSTextContentManager.h:124:12: note: 'NSTextContentStorage' has been explicitly marked unavailable here
@interface NSTextContentStorage : NSTextContentManager <NSTextStorageObserving>
^
/Users/admin/builder/spi-builder-workspace/Sources/HTMLEditor/HTMLEditorParagraphHighlighting.swift:42:10: error: 'NSTextParagraph' is unavailable in watchOS
) -> NSTextParagraph? {
^~~~~~~~~~~~~~~
/Applications/Xcode-26.3.0.app/Contents/Developer/Platforms/WatchOS.platform/Developer/SDKs/WatchOS26.2.sdk/System/Library/Frameworks/UIKit.framework/Headers/NSTextElement.h:46:12: note: 'NSTextParagraph' has been explicitly marked unavailable here
@interface NSTextParagraph : NSTextElement
^
/Users/admin/builder/spi-builder-workspace/Sources/HTMLEditor/HTMLEditorParagraphHighlighting.swift:28:46: error: 'NSTextContentStorageDelegate' is unavailable in watchOS
extension HTMLEditor.Coordinator: @MainActor NSTextContentStorageDelegate {
^~~~~~~~~~~~~~~~~~~~~~~~~~~~
/Applications/Xcode-26.3.0.app/Contents/Developer/Platforms/WatchOS.platform/Developer/SDKs/WatchOS26.2.sdk/System/Library/Frameworks/UIKit.framework/Headers/NSTextContentManager.h:115:11: note: 'NSTextContentStorageDelegate' has been explicitly marked unavailable here
@protocol NSTextContentStorageDelegate <NSTextContentManagerDelegate>
^
/Users/admin/builder/spi-builder-workspace/Sources/HTMLEditor/HTMLEditorPlatform.swift:33:30: error: 'UITextView' is unavailable in watchOS
public typealias TextView = UITextView
^~~~~~~~~~
/Applications/Xcode-26.3.0.app/Contents/Developer/Platforms/WatchOS.platform/Developer/SDKs/WatchOS26.2.sdk/System/Library/Frameworks/UIKit.framework/Headers/UITextView.h:219:12: note: 'UITextView' has been explicitly marked unavailable here
@interface UITextView : UIScrollView <UITextInput, UIContentSizeCategoryAdjusting, UILetterformAwareAdjusting>
^
/Users/admin/builder/spi-builder-workspace/Sources/HTMLEditor/HTMLEditorPlatform.swift:56:42: error: 'UITraitCollection' is unavailable in watchOS
public static func resolve(from traits: UITraitCollection) -> HTMLEditorAppearance {
^~~~~~~~~~~~~~~~~
/Applications/Xcode-26.3.0.app/Contents/Developer/Platforms/WatchOS.platform/Developer/SDKs/WatchOS26.2.sdk/System/Library/Frameworks/UIKit.framework/Headers/UITraitCollection.h:23:12: note: 'UITraitCollection' has been explicitly marked unavailable here
@interface UITraitCollection : NSObject <NSCopying, NSSecureCoding>
^
/Users/admin/builder/spi-builder-workspace/Sources/HTMLEditor/HTMLEditorPlatform.swift:100:31: error: 'NSTextContainer' is unavailable in watchOS
var htmlEditorTextContainer: NSTextContainer? {
^~~~~~~~~~~~~~~
/Applications/Xcode-26.3.0.app/Contents/Developer/Platforms/WatchOS.platform/Developer/SDKs/WatchOS26.2.sdk/System/Library/Frameworks/UIKit.framework/Headers/NSTextContainer.h:21:12: note: 'NSTextContainer' has been explicitly marked unavailable here
@interface NSTextContainer : NSObject <NSSecureCoding>
^
/Users/admin/builder/spi-builder-workspace/Sources/HTMLEditor/HTMLEditorRepresentable+iOS.swift:11:23: error: cannot find type 'UIViewRepresentable' in scope
extension HTMLEditor: UIViewRepresentable {
^~~~~~~~~~~~~~~~~~~
/Users/admin/builder/spi-builder-workspace/Sources/HTMLEditor/HTMLEditorRepresentable+iOS.swift:13:37: error: cannot find type 'Context' in scope
public func makeUIView(context: Context) -> HTMLEditorTextView {
^~~~~~~
/Users/admin/builder/spi-builder-workspace/Sources/HTMLEditor/HTMLEditorRepresentable+iOS.swift:86:71: error: cannot find type 'Context' in scope
public func updateUIView(_ textView: HTMLEditorTextView, context: Context) {
^~~~~~~
/Users/admin/builder/spi-builder-workspace/Sources/HTMLEditor/HTMLEditorRepresentable+iOS.swift:138:49: error: 'NSTextContainer' is unavailable in watchOS
override init(frame: CGRect, textContainer: NSTextContainer?) {
^~~~~~~~~~~~~~~
/Applications/Xcode-26.3.0.app/Contents/Developer/Platforms/WatchOS.platform/Developer/SDKs/WatchOS26.2.sdk/System/Library/Frameworks/UIKit.framework/Headers/NSTextContainer.h:21:12: note: 'NSTextContainer' has been explicitly marked unavailable here
@interface NSTextContainer : NSObject <NSSecureCoding>
^
/Users/admin/builder/spi-builder-workspace/Sources/HTMLEditor/HTMLEditorRepresentable+iOS.swift:135:40: error: 'UITextView' is unavailable in watchOS
public final class HTMLEditorTextView: UITextView {
^~~~~~~~~~
/Applications/Xcode-26.3.0.app/Contents/Developer/Platforms/WatchOS.platform/Developer/SDKs/WatchOS26.2.sdk/System/Library/Frameworks/UIKit.framework/Headers/UITextView.h:219:12: note: 'UITextView' has been explicitly marked unavailable here
@interface UITextView : UIScrollView <UITextInput, UIContentSizeCategoryAdjusting, UILetterformAwareAdjusting>
^
/Users/admin/builder/spi-builder-workspace/Sources/HTMLEditor/HTMLEditorRepresentable+iOS.swift:188:21: error: 'UITextView' is unavailable in watchOS
_ textView: UITextView,
^~~~~~~~~~
/Applications/Xcode-26.3.0.app/Contents/Developer/Platforms/WatchOS.platform/Developer/SDKs/WatchOS26.2.sdk/System/Library/Frameworks/UIKit.framework/Headers/UITextView.h:219:12: note: 'UITextView' has been explicitly marked unavailable here
@interface UITextView : UIScrollView <UITextInput, UIContentSizeCategoryAdjusting, UILetterformAwareAdjusting>
^
/Users/admin/builder/spi-builder-workspace/Sources/HTMLEditor/HTMLEditorRepresentable+iOS.swift:196:47: error: 'UITextView' is unavailable in watchOS
public func textViewDidChange(_ textView: UITextView) {
^~~~~~~~~~
/Applications/Xcode-26.3.0.app/Contents/Developer/Platforms/WatchOS.platform/Developer/SDKs/WatchOS26.2.sdk/System/Library/Frameworks/UIKit.framework/Headers/UITextView.h:219:12: note: 'UITextView' has been explicitly marked unavailable here
@interface UITextView : UIScrollView <UITextInput, UIContentSizeCategoryAdjusting, UILetterformAwareAdjusting>
^
/Users/admin/builder/spi-builder-workspace/Sources/HTMLEditor/HTMLEditorRepresentable+iOS.swift:200:51: error: 'UITextView' is unavailable in watchOS
public func textViewDidEndEditing(_ textView: UITextView) {
^~~~~~~~~~
/Applications/Xcode-26.3.0.app/Contents/Developer/Platforms/WatchOS.platform/Developer/SDKs/WatchOS26.2.sdk/System/Library/Frameworks/UIKit.framework/Headers/UITextView.h:219:12: note: 'UITextView' has been explicitly marked unavailable here
@interface UITextView : UIScrollView <UITextInput, UIContentSizeCategoryAdjusting, UILetterformAwareAdjusting>
^
/Users/admin/builder/spi-builder-workspace/Sources/HTMLEditor/HTMLEditorRepresentable+iOS.swift:207:53: error: 'UITextView' is unavailable in watchOS
public func textViewDidBeginEditing(_ textView: UITextView) {
^~~~~~~~~~
/Applications/Xcode-26.3.0.app/Contents/Developer/Platforms/WatchOS.platform/Developer/SDKs/WatchOS26.2.sdk/System/Library/Frameworks/UIKit.framework/Headers/UITextView.h:219:12: note: 'UITextView' has been explicitly marked unavailable here
@interface UITextView : UIScrollView <UITextInput, UIContentSizeCategoryAdjusting, UILetterformAwareAdjusting>
^
/Users/admin/builder/spi-builder-workspace/Sources/HTMLEditor/HTMLEditorRepresentable+iOS.swift:185:35: error: 'UITextViewDelegate' is unavailable in watchOS
extension HTMLEditor.Coordinator: UITextViewDelegate {
^~~~~~~~~~~~~~~~~~
/Applications/Xcode-26.3.0.app/Contents/Developer/Platforms/WatchOS.platform/Developer/SDKs/WatchOS26.2.sdk/System/Library/Frameworks/UIKit.framework/Headers/UITextView.h:32:11: note: 'UITextViewDelegate' has been explicitly marked unavailable here
@protocol UITextViewDelegate <NSObject, UIScrollViewDelegate>
^
/Users/admin/builder/spi-builder-workspace/Sources/HTMLEditor/HTMLEditorTextKitSurface.swift:50:19: error: 'NSTextLayoutManager' is unavailable in watchOS
case textKit2(NSTextLayoutManager, NSTextContentStorage)
^~~~~~~~~~~~~~~~~~~
/Applications/Xcode-26.3.0.app/Contents/Developer/Platforms/WatchOS.platform/Developer/SDKs/WatchOS26.2.sdk/System/Library/Frameworks/UIKit.framework/Headers/NSTextLayoutManager.h:44:12: note: 'NSTextLayoutManager' has been explicitly marked unavailable here
@interface NSTextLayoutManager : NSObject <NSSecureCoding, NSTextSelectionDataSource>
^
/Users/admin/builder/spi-builder-workspace/Sources/HTMLEditor/HTMLEditorTextKitSurface.swift:50:40: error: 'NSTextContentStorage' is unavailable in watchOS
case textKit2(NSTextLayoutManager, NSTextContentStorage)
^~~~~~~~~~~~~~~~~~~~
/Applications/Xcode-26.3.0.app/Contents/Developer/Platforms/WatchOS.platform/Developer/SDKs/WatchOS26.2.sdk/System/Library/Frameworks/UIKit.framework/Headers/NSTextContentManager.h:124:12: note: 'NSTextContentStorage' has been explicitly marked unavailable here
@interface NSTextContentStorage : NSTextContentManager <NSTextStorageObserving>
^
/Users/admin/builder/spi-builder-workspace/Sources/HTMLEditor/HTMLEditorTextKitSurface.swift:96:75: error: 'NSTextStorage' is unavailable in watchOS
static func textStorage(for textView: HTMLEditorPlatform.TextView) -> NSTextStorage? {
^~~~~~~~~~~~~
/Applications/Xcode-26.3.0.app/Contents/Developer/Platforms/WatchOS.platform/Developer/SDKs/WatchOS26.2.sdk/System/Library/Frameworks/UIKit.framework/Headers/NSTextStorage.h:41:12: note: 'NSTextStorage' has been explicitly marked unavailable here
@interface NSTextStorage : NSMutableAttributedString <NSSecureCoding>
^
/Users/admin/builder/spi-builder-workspace/Sources/HTMLEditor/HTMLEditorTextKitSurface.swift:193:71: error: 'NSTextContainer' is unavailable in watchOS
func visibleCharacterRange(in visibleRect: CGRect, textContainer: NSTextContainer?) -> NSRange? {
^~~~~~~~~~~~~~~
/Applications/Xcode-26.3.0.app/Contents/Developer/Platforms/WatchOS.platform/Developer/SDKs/WatchOS26.2.sdk/System/Library/Frameworks/UIKit.framework/Headers/NSTextContainer.h:21:12: note: 'NSTextContainer' has been explicitly marked unavailable here
@interface NSTextContainer : NSObject <NSSecureCoding>
^
/Users/admin/builder/spi-builder-workspace/Sources/HTMLEditor/HTMLEditorTextKitSurface.swift:229:64: error: 'NSTextContentStorage' is unavailable in watchOS
static func textRange(_ range: NSRange, in contentStorage: NSTextContentStorage) -> NSTextRange? {
^~~~~~~~~~~~~~~~~~~~
/Applications/Xcode-26.3.0.app/Contents/Developer/Platforms/WatchOS.platform/Developer/SDKs/WatchOS26.2.sdk/System/Library/Frameworks/UIKit.framework/Headers/NSTextContentManager.h:124:12: note: 'NSTextContentStorage' has been explicitly marked unavailable here
@interface NSTextContentStorage : NSTextContentManager <NSTextStorageObserving>
^
/Users/admin/builder/spi-builder-workspace/Sources/HTMLEditor/HTMLEditorTextKitSurface.swift:239:66: error: 'NSTextContentStorage' is unavailable in watchOS
static func nsRange(_ range: NSTextRange, in contentStorage: NSTextContentStorage) -> NSRange {
^~~~~~~~~~~~~~~~~~~~
/Applications/Xcode-26.3.0.app/Contents/Developer/Platforms/WatchOS.platform/Developer/SDKs/WatchOS26.2.sdk/System/Library/Frameworks/UIKit.framework/Headers/NSTextContentManager.h:124:12: note: 'NSTextContentStorage' has been explicitly marked unavailable here
@interface NSTextContentStorage : NSTextContentManager <NSTextStorageObserving>
^
SwiftCompile normal arm64 Compiling\ HTMLSyntaxHighlighterPlanBuilder.swift,\ HTMLSyntaxHighlighterPlanner.swift /Users/admin/builder/spi-builder-workspace/Sources/HTMLEditor/HTMLSyntaxHighlighterPlanBuilder.swift /Users/admin/builder/spi-builder-workspace/Sources/HTMLEditor/HTMLSyntaxHighlighterPlanner.swift (in target 'HTMLEditor' from project 'HTMLEditor-SwiftUI')
SwiftCompile normal arm64 /Users/admin/builder/spi-builder-workspace/Sources/HTMLEditor/HTMLSyntaxHighlighterPlanBuilder.swift (in target 'HTMLEditor' from project 'HTMLEditor-SwiftUI')
cd /Users/admin/builder/spi-builder-workspace/.swiftpm/xcode
SwiftCompile normal arm64 /Users/admin/builder/spi-builder-workspace/Sources/HTMLEditor/HTMLSyntaxHighlighterPlanner.swift (in target 'HTMLEditor' from project 'HTMLEditor-SwiftUI')
cd /Users/admin/builder/spi-builder-workspace/.swiftpm/xcode
SwiftCompile normal arm64 Compiling\ HTMLEditorPlatform.swift,\ HTMLEditorPolicies.swift /Users/admin/builder/spi-builder-workspace/Sources/HTMLEditor/HTMLEditorPlatform.swift /Users/admin/builder/spi-builder-workspace/Sources/HTMLEditor/HTMLEditorPolicies.swift (in target 'HTMLEditor' from project 'HTMLEditor-SwiftUI')
SwiftCompile normal arm64 /Users/admin/builder/spi-builder-workspace/Sources/HTMLEditor/HTMLEditorPlatform.swift (in target 'HTMLEditor' from project 'HTMLEditor-SwiftUI')
cd /Users/admin/builder/spi-builder-workspace/.swiftpm/xcode
SwiftCompile normal arm64 /Users/admin/builder/spi-builder-workspace/Sources/HTMLEditor/HTMLEditorPolicies.swift (in target 'HTMLEditor' from project 'HTMLEditor-SwiftUI')
cd /Users/admin/builder/spi-builder-workspace/.swiftpm/xcode
SwiftExplicitDependencyGeneratePcm arm64_32 /Users/admin/builder/spi-builder-workspace/.derivedData/ModuleCache.noindex/SwiftUI-CTJZPDH0D73K21479D8OGT6Y3.pcm
2026-09-19 05:48:05.412 xcodebuild[816:4873] [MT] IDERunDestination: Supported platforms for the buildables in the current scheme is empty.
2026-09-19 05:48:05.572 xcodebuild[816:4873] [MT] IDERunDestination: Supported platforms for the buildables in the current scheme is empty.
** BUILD FAILED **
The following build commands failed:
SwiftEmitModule normal arm64 Emitting\ module\ for\ HTMLEditor (in target 'HTMLEditor' from project 'HTMLEditor-SwiftUI')
EmitSwiftModule normal arm64 (in target 'HTMLEditor' from project 'HTMLEditor-SwiftUI')
Building workspace spi-builder-workspace with scheme HTMLEditor-SwiftUI-Package
(3 failures)
BUILD FAILURE 6.2 watchOS