The Swift Package Index logo.Swift Package Index

Build Information

Failed to build swift-jwt, reference master (e3c4cb), with Swift 6.2 for macOS (SPM) on 29 Oct 2026 00:18:59 UTC.

Build Command

env DEVELOPER_DIR=/Applications/Xcode-26.3.0.app xcrun swift build --arch arm64

Build Log

========================================
RunAll
========================================
Builder version: 5.1.3
Interrupt handler set up.
========================================
Checkout
========================================
Clone URL: https://github.com/rarestype/swift-jwt.git
Reference: master
Initialized empty Git repository in /Users/admin/builder/spi-builder-workspace/.git/
From https://github.com/rarestype/swift-jwt
 * branch            master     -> FETCH_HEAD
 * [new branch]      master     -> origin/master
HEAD is now at e3c4cb3 [autosync]
Cloned https://github.com/rarestype/swift-jwt.git
Revision (git rev-parse @):
e3c4cb3a1557f8367ea1f5e903edc54f24dfec88
SUCCESS checkout https://github.com/rarestype/swift-jwt.git at master
========================================
Build
========================================
Selected platform:         macosSpm
Swift version:             6.2
Building package at path:  $PWD
https://github.com/rarestype/swift-jwt.git
Running build ...
env DEVELOPER_DIR=/Applications/Xcode-26.3.0.app xcrun swift build --arch arm64
[1/1] Compiling plugin DollupPlugin
Building for debugging...
[1/13] Write sources
[12/13] Write swift-version--3CB7CFEC50E0D141.txt
error: emit-module command failed with exit code 1 (use -v to see invocation)
[14/31] Emitting module JSONAST
/Users/admin/builder/spi-builder-workspace/.build/checkouts/swift-json/Sources/JSONAST/JSON.swift:15:6: error: unknown option 'always' for attribute 'inline'
13 | }
14 | extension JSON {
15 |     @inline(always) @inlinable static func hex(_ remainder: UInt8) -> UInt8 {
   |      `- error: unknown option 'always' for attribute 'inline'
16 |         remainder < 10 ? remainder + 0x30 : remainder + 0x37
17 |     }
[15/31] Compiling JSONAST JSON.Array.swift
/Users/admin/builder/spi-builder-workspace/.build/checkouts/swift-json/Sources/JSONAST/JSON.swift:15:6: error: unknown option 'always' for attribute 'inline'
13 | }
14 | extension JSON {
15 |     @inline(always) @inlinable static func hex(_ remainder: UInt8) -> UInt8 {
   |      `- error: unknown option 'always' for attribute 'inline'
16 |         remainder < 10 ? remainder + 0x30 : remainder + 0x37
17 |     }
[16/31] Emitting module BaseDigits
[17/31] Compiling JSONAST JSON.EscapeCode.swift
/Users/admin/builder/spi-builder-workspace/.build/checkouts/swift-json/Sources/JSONAST/JSON.swift:15:6: error: unknown option 'always' for attribute 'inline'
13 | }
14 | extension JSON {
15 |     @inline(always) @inlinable static func hex(_ remainder: UInt8) -> UInt8 {
   |      `- error: unknown option 'always' for attribute 'inline'
16 |         remainder < 10 ? remainder + 0x30 : remainder + 0x37
17 |     }
[18/31] Compiling BaseDigits BaseDigits.swift
[19/32] Compiling JSONAST JSON.NumericOverflowError.swift
/Users/admin/builder/spi-builder-workspace/.build/checkouts/swift-json/Sources/JSONAST/JSON.swift:15:6: error: unknown option 'always' for attribute 'inline'
13 | }
14 | extension JSON {
15 |     @inline(always) @inlinable static func hex(_ remainder: UInt8) -> UInt8 {
   |      `- error: unknown option 'always' for attribute 'inline'
16 |         remainder < 10 ? remainder + 0x30 : remainder + 0x37
17 |     }
[20/32] Compiling JSONAST JSON.Number.swift
/Users/admin/builder/spi-builder-workspace/.build/checkouts/swift-json/Sources/JSONAST/JSON.swift:15:6: error: unknown option 'always' for attribute 'inline'
13 | }
14 | extension JSON {
15 |     @inline(always) @inlinable static func hex(_ remainder: UInt8) -> UInt8 {
   |      `- error: unknown option 'always' for attribute 'inline'
16 |         remainder < 10 ? remainder + 0x30 : remainder + 0x37
17 |     }
[21/32] Compiling JSONAST JSON.TypecastError.swift
/Users/admin/builder/spi-builder-workspace/.build/checkouts/swift-json/Sources/JSONAST/JSON.swift:15:6: error: unknown option 'always' for attribute 'inline'
13 | }
14 | extension JSON {
15 |     @inline(always) @inlinable static func hex(_ remainder: UInt8) -> UInt8 {
   |      `- error: unknown option 'always' for attribute 'inline'
16 |         remainder < 10 ? remainder + 0x30 : remainder + 0x37
17 |     }
[22/32] Compiling JSONAST JSON.Object.swift
/Users/admin/builder/spi-builder-workspace/.build/checkouts/swift-json/Sources/JSONAST/JSON.swift:15:6: error: unknown option 'always' for attribute 'inline'
13 | }
14 | extension JSON {
15 |     @inline(always) @inlinable static func hex(_ remainder: UInt8) -> UInt8 {
   |      `- error: unknown option 'always' for attribute 'inline'
16 |         remainder < 10 ? remainder + 0x30 : remainder + 0x37
17 |     }
[23/32] Compiling JSONAST JSON.swift
/Users/admin/builder/spi-builder-workspace/.build/checkouts/swift-json/Sources/JSONAST/JSON.swift:15:6: error: unknown option 'always' for attribute 'inline'
13 | }
14 | extension JSON {
15 |     @inline(always) @inlinable static func hex(_ remainder: UInt8) -> UInt8 {
   |      `- error: unknown option 'always' for attribute 'inline'
16 |         remainder < 10 ? remainder + 0x30 : remainder + 0x37
17 |     }
[24/32] Compiling JSONAST JSON.Literal.swift
/Users/admin/builder/spi-builder-workspace/.build/checkouts/swift-json/Sources/JSONAST/JSON.swift:15:6: error: unknown option 'always' for attribute 'inline'
13 | }
14 | extension JSON {
15 |     @inline(always) @inlinable static func hex(_ remainder: UInt8) -> UInt8 {
   |      `- error: unknown option 'always' for attribute 'inline'
16 |         remainder < 10 ? remainder + 0x30 : remainder + 0x37
17 |     }
[25/32] Compiling JSONAST JSON.Node.swift
/Users/admin/builder/spi-builder-workspace/.build/checkouts/swift-json/Sources/JSONAST/JSON.swift:15:6: error: unknown option 'always' for attribute 'inline'
13 | }
14 | extension JSON {
15 |     @inline(always) @inlinable static func hex(_ remainder: UInt8) -> UInt8 {
   |      `- error: unknown option 'always' for attribute 'inline'
16 |         remainder < 10 ? remainder + 0x30 : remainder + 0x37
17 |     }
[26/32] Compiling JSONAST JSON.Number.Base10.swift
/Users/admin/builder/spi-builder-workspace/.build/checkouts/swift-json/Sources/JSONAST/JSON.swift:15:6: error: unknown option 'always' for attribute 'inline'
13 | }
14 | extension JSON {
15 |     @inline(always) @inlinable static func hex(_ remainder: UInt8) -> UInt8 {
   |      `- error: unknown option 'always' for attribute 'inline'
16 |         remainder < 10 ? remainder + 0x30 : remainder + 0x37
17 |     }
[27/32] Compiling JSONAST JSON.Number.Inline.swift
/Users/admin/builder/spi-builder-workspace/.build/checkouts/swift-json/Sources/JSONAST/JSON.swift:15:6: error: unknown option 'always' for attribute 'inline'
13 | }
14 | extension JSON {
15 |     @inline(always) @inlinable static func hex(_ remainder: UInt8) -> UInt8 {
   |      `- error: unknown option 'always' for attribute 'inline'
16 |         remainder < 10 ? remainder + 0x30 : remainder + 0x37
17 |     }
[28/32] Compiling JSONAST JSON.IntegerOverflowError.swift
/Users/admin/builder/spi-builder-workspace/.build/checkouts/swift-json/Sources/JSONAST/JSON.swift:15:6: error: unknown option 'always' for attribute 'inline'
13 | }
14 | extension JSON {
15 |     @inline(always) @inlinable static func hex(_ remainder: UInt8) -> UInt8 {
   |      `- error: unknown option 'always' for attribute 'inline'
16 |         remainder < 10 ? remainder + 0x30 : remainder + 0x37
17 |     }
[29/32] Compiling JSONAST JSON.Key.swift
/Users/admin/builder/spi-builder-workspace/.build/checkouts/swift-json/Sources/JSONAST/JSON.swift:15:6: error: unknown option 'always' for attribute 'inline'
13 | }
14 | extension JSON {
15 |     @inline(always) @inlinable static func hex(_ remainder: UInt8) -> UInt8 {
   |      `- error: unknown option 'always' for attribute 'inline'
16 |         remainder < 10 ? remainder + 0x30 : remainder + 0x37
17 |     }
[30/32] Emitting module TestableErrors
[31/32] Compiling TestableErrors Error (ext).swift
[32/32] Compiling JSONAST String (ext).swift
/Users/admin/builder/spi-builder-workspace/.build/checkouts/swift-json/Sources/JSONAST/JSON.swift:15:6: error: unknown option 'always' for attribute 'inline'
13 | }
14 | extension JSON {
15 |     @inline(always) @inlinable static func hex(_ remainder: UInt8) -> UInt8 {
   |      `- error: unknown option 'always' for attribute 'inline'
16 |         remainder < 10 ? remainder + 0x30 : remainder + 0x37
17 |     }
Fetching https://github.com/rarestype/swift-json
Fetching https://github.com/ordo-one/dollup
Fetching https://github.com/rarestype/h
[1/1374] Fetching h
[125/4465] Fetching h, swift-json
[1699/4521] Fetching h, swift-json, dollup
Fetched https://github.com/ordo-one/dollup from cache (6.78s)
Fetched https://github.com/rarestype/h from cache (6.78s)
Fetched https://github.com/rarestype/swift-json from cache (6.78s)
Computing version for https://github.com/rarestype/h
Computed https://github.com/rarestype/h at 1.0.1 (7.36s)
Computing version for https://github.com/rarestype/swift-json
Computed https://github.com/rarestype/swift-json at 3.5.2 (3.07s)
Fetching https://github.com/rarestype/gram
[1/1366] Fetching gram
Fetched https://github.com/rarestype/gram from cache (0.99s)
Computing version for https://github.com/rarestype/gram
Computed https://github.com/rarestype/gram at 2.1.0 (1.58s)
Computing version for https://github.com/ordo-one/dollup
Computed https://github.com/ordo-one/dollup at 1.3.0 (0.52s)
Creating working copy for https://github.com/rarestype/swift-json
Working copy of https://github.com/rarestype/swift-json resolved at 3.5.2
Creating working copy for https://github.com/rarestype/gram
Working copy of https://github.com/rarestype/gram resolved at 2.1.0
Creating working copy for https://github.com/ordo-one/dollup
Working copy of https://github.com/ordo-one/dollup resolved at 1.3.0
Creating working copy for https://github.com/rarestype/h
Working copy of https://github.com/rarestype/h resolved at 1.0.1
Downloading binary artifact https://get.rarestype.com/dollup/1.3.0/macOS-arm64/dollup.artifactbundle.zip
[9565/4481453] Downloading https://get.rarestype.com/dollup/1.3.0/macOS-arm64/dollup.artifactbundle.zip
Downloaded https://get.rarestype.com/dollup/1.3.0/macOS-arm64/dollup.artifactbundle.zip (0.40s)
BUILD FAILURE 6.2 macosSpm