The Swift Package Index logo.Swift Package Index

Build Information

Failed to build Dejavu, reference main (2f26d6), with Swift 6.4 for Wasm on 21 Sep 2026 04:08:05 UTC.

Build Command

bash -c docker run --pull=always --rm -v "checkouts-53886770-0":/host -w "$PWD" -e JAVA_HOME="/root/.sdkman/candidates/java/current" -e SPI_BUILD="1" -e SPI_PROCESSING="1" registry.gitlab.com/saguaro1/spi-images:wasm-6.4-latest swift build --swift-sdk swift-6.4.x-DEVELOPMENT-SNAPSHOT-2026-09-04-a_wasm 2>&1

Build Log

========================================
RunAll
========================================
Builder version: 5.1.0
Interrupt handler set up.
========================================
Checkout
========================================
Clone URL: https://github.com/Esri/Dejavu.git
Reference: main
Initialized empty Git repository in /host/spi-builder-workspace/.git/
hint: Using 'master' as the name for the initial branch. This default branch name
hint: is subject to change. To configure the initial branch name to use in all
hint: of your new repositories, which will suppress this warning, call:
hint:
hint: 	git config --global init.defaultBranch <name>
hint:
hint: Names commonly chosen instead of 'master' are 'main', 'trunk' and
hint: 'development'. The just-created branch can be renamed via this command:
hint:
hint: 	git branch -m <name>
From https://github.com/Esri/Dejavu
 * branch            main       -> FETCH_HEAD
 * [new branch]      main       -> origin/main
HEAD is now at 2f26d6f Merge pull request #46 from Esri/ryan/fixes
Cloned https://github.com/Esri/Dejavu.git
Revision (git rev-parse @):
2f26d6f8dcaa8584e0a650c6051b43578cfd2711
SUCCESS checkout https://github.com/Esri/Dejavu.git at main
========================================
Build
========================================
Selected platform:         wasm
Swift version:             6.4
Building package at path:  $PWD
https://github.com/Esri/Dejavu.git
Running build ...
bash -c docker run --pull=always --rm -v "checkouts-53886770-0":/host -w "$PWD" -e JAVA_HOME="/root/.sdkman/candidates/java/current" -e SPI_BUILD="1" -e SPI_PROCESSING="1" registry.gitlab.com/saguaro1/spi-images:wasm-6.4-latest swift build --swift-sdk swift-6.4.x-DEVELOPMENT-SNAPSHOT-2026-09-04-a_wasm 2>&1
wasm-6.4-latest: Pulling from saguaro1/spi-images
Digest: sha256:4328fdb43c680d205c1d6761b1e3267aa38277eefdda9ddfb17b6a0f1a77857a
Status: Image is up to date for registry.gitlab.com/saguaro1/spi-images:wasm-6.4-latest
Fetching https://github.com/groue/GRDB.swift.git
[1/113884] Fetching grdb.swift
Fetched https://github.com/groue/GRDB.swift.git (6.72s)
Computing version for https://github.com/groue/GRDB.swift.git
Computed https://github.com/groue/GRDB.swift.git at 7.11.1 (7.83s)
Creating working copy for https://github.com/groue/GRDB.swift.git
Working copy of https://github.com/groue/GRDB.swift.git resolved at 7.11.1
Building for debugging...
[Pre-planning 1 / 126]
[Planning deferred tasks]
[29 / 44] GRDB
error: SwiftCompile normal wasm32 /host/spi-builder-workspace/.build/checkouts/GRDB.swift/GRDB/QueryInterface/SQL/SQLOperators.swift failed with a nonzero exit code. Command line:     cd /host
    builtin-SwiftPerFileCompile SQLOperators.swift
error: SwiftCompile normal wasm32 /host/spi-builder-workspace/.build/checkouts/GRDB.swift/GRDB/QueryInterface/SQL/SQLOrdering.swift failed with a nonzero exit code. Command line:     cd /host
    builtin-SwiftPerFileCompile SQLOrdering.swift
error: SwiftCompile normal wasm32 /host/spi-builder-workspace/.build/checkouts/GRDB.swift/GRDB/QueryInterface/SQL/SQLRelation.swift failed with a nonzero exit code. Command line:     cd /host
    builtin-SwiftPerFileCompile SQLRelation.swift
error: SwiftCompile normal wasm32 /host/spi-builder-workspace/.build/checkouts/GRDB.swift/GRDB/QueryInterface/SQL/SQLSelection.swift failed with a nonzero exit code. Command line:     cd /host
    builtin-SwiftPerFileCompile SQLSelection.swift
error: SwiftCompile normal wasm32 /host/spi-builder-workspace/.build/checkouts/GRDB.swift/GRDB/QueryInterface/SQL/SQLSubquery.swift failed with a nonzero exit code. Command line:     cd /host
    builtin-SwiftPerFileCompile SQLSubquery.swift
error: SwiftCompile normal wasm32 /host/spi-builder-workspace/.build/checkouts/GRDB.swift/GRDB/QueryInterface/SQL/Table.swift failed with a nonzero exit code. Command line:     cd /host
    builtin-SwiftPerFileCompile Table.swift
error: SwiftCompile normal wasm32 /host/spi-builder-workspace/.build/checkouts/GRDB.swift/GRDB/QueryInterface/SQLGeneration/SQLColumnGenerator.swift failed with a nonzero exit code. Command line:     cd /host
    builtin-SwiftPerFileCompile SQLColumnGenerator.swift
error: SwiftCompile normal wasm32 /host/spi-builder-workspace/.build/checkouts/GRDB.swift/GRDB/QueryInterface/SQLGeneration/SQLGenerationContext.swift failed with a nonzero exit code. Command line:     cd /host
    builtin-SwiftPerFileCompile SQLGenerationContext.swift
error: SwiftCompile normal wasm32 /host/spi-builder-workspace/.build/checkouts/GRDB.swift/GRDB/QueryInterface/SQLGeneration/SQLIndexGenerator.swift failed with a nonzero exit code. Command line:     cd /host
    builtin-SwiftPerFileCompile SQLIndexGenerator.swift
error: SwiftCompile normal wasm32 /host/spi-builder-workspace/.build/checkouts/GRDB.swift/GRDB/QueryInterface/SQLGeneration/SQLQueryGenerator.swift failed with a nonzero exit code. Command line:     cd /host
    builtin-SwiftPerFileCompile SQLQueryGenerator.swift
error: SwiftCompile normal wasm32 /host/spi-builder-workspace/.build/checkouts/GRDB.swift/GRDB/QueryInterface/SQLGeneration/SQLTableAlterationGenerator.swift failed with a nonzero exit code. Command line:     cd /host
    builtin-SwiftPerFileCompile SQLTableAlterationGenerator.swift
error: SwiftCompile normal wasm32 /host/spi-builder-workspace/.build/checkouts/GRDB.swift/GRDB/QueryInterface/SQLGeneration/SQLTableGenerator.swift failed with a nonzero exit code. Command line:     cd /host
    builtin-SwiftPerFileCompile SQLTableGenerator.swift
error: SwiftCompile normal wasm32 /host/spi-builder-workspace/.build/checkouts/GRDB.swift/GRDB/QueryInterface/SQLGeneration/TableAlias.swift failed with a nonzero exit code. Command line:     cd /host
    builtin-SwiftPerFileCompile TableAlias.swift
error: SwiftCompile normal wasm32 /host/spi-builder-workspace/.build/checkouts/GRDB.swift/GRDB/QueryInterface/SQLInterpolation+QueryInterface.swift failed with a nonzero exit code. Command line:     cd /host
    builtin-SwiftPerFileCompile SQLInterpolation+QueryInterface.swift
error: SwiftCompile normal wasm32 /host/spi-builder-workspace/.build/checkouts/GRDB.swift/GRDB/QueryInterface/Schema/ColumnDefinition.swift failed with a nonzero exit code. Command line:     cd /host
    builtin-SwiftPerFileCompile ColumnDefinition.swift
error: SwiftCompile normal wasm32 /host/spi-builder-workspace/.build/checkouts/GRDB.swift/GRDB/QueryInterface/Schema/Database+SchemaDefinition.swift failed with a nonzero exit code. Command line:     cd /host
    builtin-SwiftPerFileCompile Database+SchemaDefinition.swift
error: SwiftCompile normal wasm32 /host/spi-builder-workspace/.build/checkouts/GRDB.swift/GRDB/QueryInterface/Schema/ForeignKeyDefinition.swift failed with a nonzero exit code. Command line:     cd /host
    builtin-SwiftPerFileCompile ForeignKeyDefinition.swift
error: SwiftCompile normal wasm32 /host/spi-builder-workspace/.build/checkouts/GRDB.swift/GRDB/QueryInterface/Schema/IndexDefinition.swift failed with a nonzero exit code. Command line:     cd /host
    builtin-SwiftPerFileCompile IndexDefinition.swift
error: SwiftCompile normal wasm32 /host/spi-builder-workspace/.build/checkouts/GRDB.swift/GRDB/QueryInterface/Schema/TableAlteration.swift failed with a nonzero exit code. Command line:     cd /host
    builtin-SwiftPerFileCompile TableAlteration.swift
error: SwiftCompile normal wasm32 /host/spi-builder-workspace/.build/checkouts/GRDB.swift/GRDB/QueryInterface/Schema/TableDefinition.swift failed with a nonzero exit code. Command line:     cd /host
    builtin-SwiftPerFileCompile TableDefinition.swift
error: SwiftCompile normal wasm32 /host/spi-builder-workspace/.build/checkouts/GRDB.swift/GRDB/QueryInterface/Schema/VirtualTableModule.swift failed with a nonzero exit code. Command line:     cd /host
    builtin-SwiftPerFileCompile VirtualTableModule.swift
<module-includes>:1:10: note: in file included from <module-includes>:1:
1 | #include "shim.h"
  |          `- note: in file included from <module-includes>:1:
2 |
/host/spi-builder-workspace/.build/checkouts/GRDB.swift/Sources/GRDBSQLite/shim.h:1:10: error: 'sqlite3.h' file not found
 1 | #include <sqlite3.h>
   |          `- error: 'sqlite3.h' file not found
 2 |
 3 | typedef void(*_errorLogCallback)(void *pArg, int iErrCode, const char *zMsg);
/host/spi-builder-workspace/.build/checkouts/GRDB.swift/GRDB/Core/Configuration.swift:10:8: error: could not build C module 'GRDBSQLite'
  8 | import SQLCipher
  9 | #else // Default SPM trait must be the default. It impossible to detect from Xcode.
 10 | import GRDBSQLite
    |        `- error: could not build C module 'GRDBSQLite'
 11 | #endif
 12 |
Failed frontend command:
/usr/bin/swift-frontend -frontend -c -filelist /host/spi-builder-workspace/.build/out/Intermediates.noindex/GRDB.build/Debug-webassembly-wasm32/GRDB-t.build/Objects-normal/wasm32/sources-1 -primary-file /host/spi-builder-workspace/.build/checkouts/GRDB.swift/GRDB/QueryInterface/SQL/SQLOperators.swift -primary-file /host/spi-builder-workspace/.build/checkouts/GRDB.swift/GRDB/QueryInterface/SQL/SQLOrdering.swift -primary-file /host/spi-builder-workspace/.build/checkouts/GRDB.swift/GRDB/QueryInterface/SQL/SQLRelation.swift -primary-file /host/spi-builder-workspace/.build/checkouts/GRDB.swift/GRDB/QueryInterface/SQL/SQLSelection.swift -primary-file /host/spi-builder-workspace/.build/checkouts/GRDB.swift/GRDB/QueryInterface/SQL/SQLSubquery.swift -primary-file /host/spi-builder-workspace/.build/checkouts/GRDB.swift/GRDB/QueryInterface/SQL/Table.swift -primary-file /host/spi-builder-workspace/.build/checkouts/GRDB.swift/GRDB/QueryInterface/SQLGeneration/SQLColumnGenerator.swift -primary-file /host/spi-builder-workspace/.build/checkouts/GRDB.swift/GRDB/QueryInterface/SQLGeneration/SQLGenerationContext.swift -primary-file /host/spi-builder-workspace/.build/checkouts/GRDB.swift/GRDB/QueryInterface/SQLGeneration/SQLIndexGenerator.swift -primary-file /host/spi-builder-workspace/.build/checkouts/GRDB.swift/GRDB/QueryInterface/SQLGeneration/SQLQueryGenerator.swift -primary-file /host/spi-builder-workspace/.build/checkouts/GRDB.swift/GRDB/QueryInterface/SQLGeneration/SQLTableAlterationGenerator.swift -primary-file /host/spi-builder-workspace/.build/checkouts/GRDB.swift/GRDB/QueryInterface/SQLGeneration/SQLTableGenerator.swift -primary-file /host/spi-builder-workspace/.build/checkouts/GRDB.swift/GRDB/QueryInterface/SQLGeneration/TableAlias.swift -primary-file /host/spi-builder-workspace/.build/checkouts/GRDB.swift/GRDB/QueryInterface/SQLInterpolation+QueryInterface.swift -primary-file /host/spi-builder-workspace/.build/checkouts/GRDB.swift/GRDB/QueryInterface/Schema/ColumnDefinition.swift -primary-file /host/spi-builder-workspace/.build/checkouts/GRDB.swift/GRDB/QueryInterface/Schema/Database+SchemaDefinition.swift -primary-file /host/spi-builder-workspace/.build/checkouts/GRDB.swift/GRDB/QueryInterface/Schema/ForeignKeyDefinition.swift -primary-file /host/spi-builder-workspace/.build/checkouts/GRDB.swift/GRDB/QueryInterface/Schema/IndexDefinition.swift -primary-file /host/spi-builder-workspace/.build/checkouts/GRDB.swift/GRDB/QueryInterface/Schema/TableAlteration.swift -primary-file /host/spi-builder-workspace/.build/checkouts/GRDB.swift/GRDB/QueryInterface/Schema/TableDefinition.swift -primary-file /host/spi-builder-workspace/.build/checkouts/GRDB.swift/GRDB/QueryInterface/Schema/VirtualTableModule.swift -supplementary-output-file-map /host/spi-builder-workspace/.build/out/Intermediates.noindex/GRDB.build/Debug-webassembly-wasm32/GRDB-t.build/Objects-normal/wasm32/supplementaryOutputs-6 -target wasm32-unknown-wasip1 -disable-objc-interop -sdk /root/.swiftpm/swift-sdks/swift-6.4.x-DEVELOPMENT-SNAPSHOT-2026-09-04-a_wasm.artifactbundle/swift-6.4.x-DEVELOPMENT-SNAPSHOT-2026-09-04-a_wasm/wasm32-unknown-wasip1/WASI.sdk -sysroot /root/.swiftpm/swift-sdks/swift-6.4.x-DEVELOPMENT-SNAPSHOT-2026-09-04-a_wasm.artifactbundle/swift-6.4.x-DEVELOPMENT-SNAPSHOT-2026-09-04-a_wasm/wasm32-unknown-wasip1/WASI.sdk -I /host/spi-builder-workspace/.build/out/Products/Debug-webassembly-wasm32 -module-cache-path /host/spi-builder-workspace/.build/out/ModuleCache.noindex -color-diagnostics -Xcc -fcolor-diagnostics -enable-testing -g -debug-info-format\=dwarf -dwarf-version\=4 -suppress-warnings -swift-version 6 -Onone -D SWIFT_PACKAGE -D DEBUG -D SWIFT_MODULE_RESOURCE_BUNDLE_AVAILABLE -D SQLITE_ENABLE_FTS5 -D SQLITE_ENABLE_SNAPSHOT -D Xcode -serialize-debugging-options -enable-upcoming-feature MemberImportVisibility -enable-experimental-feature DebugDescriptionMacro -empty-abi-descriptor -external-plugin-path /usr/lib/swift/host/plugins/testing\#/usr/bin/swift-plugin-server -user-module-version 7.11.1 -validate-clang-modules-once -clang-build-session-file /host/spi-builder-workspace/.build/out/ModuleCache.noindex/Session.modulevalidation -Xcc -working-directory -Xcc /host -resource-dir /root/.swiftpm/swift-sdks/swift-6.4.x-DEVELOPMENT-SNAPSHOT-2026-09-04-a_wasm.artifactbundle/swift-6.4.x-DEVELOPMENT-SNAPSHOT-2026-09-04-a_wasm/wasm32-unknown-wasip1/swift.xctoolchain/usr/lib/swift_static -use-static-resource-dir -enable-anonymous-context-mangled-names -file-compilation-dir /host -Xcc -resource-dir -Xcc /root/.swiftpm/swift-sdks/swift-6.4.x-DEVELOPMENT-SNAPSHOT-2026-09-04-a_wasm.artifactbundle/swift-6.4.x-DEVELOPMENT-SNAPSHOT-2026-09-04-a_wasm/wasm32-unknown-wasip1/swift.xctoolchain/usr/lib/swift_static/clang -Xcc -fmodule-map-file\=/host/spi-builder-workspace/.build/checkouts/GRDB.swift/Sources/GRDBSQLite/module.modulemap -Xcc -D_LIBCPP_HARDENING_MODE\=_LIBCPP_HARDENING_MODE_DEBUG -Xcc -fmodules-prune-interval\=86400 -Xcc -fmodules-prune-after\=345600 -Xcc -I/host/spi-builder-workspace/.build/out/Products/Debug-webassembly-wasm32/include -Xcc -I/host/spi-builder-workspace/.build/out/Intermediates.noindex/GRDB.build/Debug-webassembly-wasm32/GRDB-t.build/DerivedSources-normal/wasm32 -Xcc -I/host/spi-builder-workspace/.build/out/Intermediates.noindex/GRDB.build/Debug-webassembly-wasm32/GRDB-t.build/DerivedSources/wasm32 -Xcc -I/host/spi-builder-workspace/.build/out/Intermediates.noindex/GRDB.build/Debug-webassembly-wasm32/GRDB-t.build/DerivedSources -Xcc -DSWIFT_PACKAGE -Xcc -DDEBUG\=1 -no-auto-bridging-header-chaining -module-name GRDB -package-name grdb_swift -const-gather-protocols-file /host/spi-builder-workspace/.build/out/Intermediates.noindex/GRDB.build/Debug-webassembly-wasm32/GRDB-t.build/Objects-normal/wasm32/GRDB_const_extract_protocols.json -in-process-plugin-server-path /usr/lib/swift/host/libSwiftInProcPluginServer.so -plugin-path /usr/lib/swift/host/plugins -plugin-path /usr/local/lib/swift/host/plugins -parse-as-library -o /host/spi-builder-workspace/.build/out/Intermediates.noindex/GRDB.build/Debug-webassembly-wasm32/GRDB-t.build/Objects-normal/wasm32/SQLOperators.o -o /host/spi-builder-workspace/.build/out/Intermediates.noindex/GRDB.build/Debug-webassembly-wasm32/GRDB-t.build/Objects-normal/wasm32/SQLOrdering.o -o /host/spi-builder-workspace/.build/out/Intermediates.noindex/GRDB.build/Debug-webassembly-wasm32/GRDB-t.build/Objects-normal/wasm32/SQLRelation.o -o /host/spi-builder-workspace/.build/out/Intermediates.noindex/GRDB.build/Debug-webassembly-wasm32/GRDB-t.build/Objects-normal/wasm32/SQLSelection.o -o /host/spi-builder-workspace/.build/out/Intermediates.noindex/GRDB.build/Debug-webassembly-wasm32/GRDB-t.build/Objects-normal/wasm32/SQLSubquery.o -o /host/spi-builder-workspace/.build/out/Intermediates.noindex/GRDB.build/Debug-webassembly-wasm32/GRDB-t.build/Objects-normal/wasm32/Table.o -o /host/spi-builder-workspace/.build/out/Intermediates.noindex/GRDB.build/Debug-webassembly-wasm32/GRDB-t.build/Objects-normal/wasm32/SQLColumnGenerator.o -o /host/spi-builder-workspace/.build/out/Intermediates.noindex/GRDB.build/Debug-webassembly-wasm32/GRDB-t.build/Objects-normal/wasm32/SQLGenerationContext.o -o /host/spi-builder-workspace/.build/out/Intermediates.noindex/GRDB.build/Debug-webassembly-wasm32/GRDB-t.build/Objects-normal/wasm32/SQLIndexGenerator.o -o /host/spi-builder-workspace/.build/out/Intermediates.noindex/GRDB.build/Debug-webassembly-wasm32/GRDB-t.build/Objects-normal/wasm32/SQLQueryGenerator.o -o /host/spi-builder-workspace/.build/out/Intermediates.noindex/GRDB.build/Debug-webassembly-wasm32/GRDB-t.build/Objects-normal/wasm32/SQLTableAlterationGenerator.o -o /host/spi-builder-workspace/.build/out/Intermediates.noindex/GRDB.build/Debug-webassembly-wasm32/GRDB-t.build/Objects-normal/wasm32/SQLTableGenerator.o -o /host/spi-builder-workspace/.build/out/Intermediates.noindex/GRDB.build/Debug-webassembly-wasm32/GRDB-t.build/Objects-normal/wasm32/TableAlias.o -o /host/spi-builder-workspace/.build/out/Intermediates.noindex/GRDB.build/Debug-webassembly-wasm32/GRDB-t.build/Objects-normal/wasm32/SQLInterpolation+QueryInterface.o -o /host/spi-builder-workspace/.build/out/Intermediates.noindex/GRDB.build/Debug-webassembly-wasm32/GRDB-t.build/Objects-normal/wasm32/ColumnDefinition.o -o /host/spi-builder-workspace/.build/out/Intermediates.noindex/GRDB.build/Debug-webassembly-wasm32/GRDB-t.build/Objects-normal/wasm32/Database+SchemaDefinition.o -o /host/spi-builder-workspace/.build/out/Intermediates.noindex/GRDB.build/Debug-webassembly-wasm32/GRDB-t.build/Objects-normal/wasm32/ForeignKeyDefinition.o -o /host/spi-builder-workspace/.build/out/Intermediates.noindex/GRDB.build/Debug-webassembly-wasm32/GRDB-t.build/Objects-normal/wasm32/IndexDefinition.o -o /host/spi-builder-workspace/.build/out/Intermediates.noindex/GRDB.build/Debug-webassembly-wasm32/GRDB-t.build/Objects-normal/wasm32/TableAlteration.o -o /host/spi-builder-workspace/.build/out/Intermediates.noindex/GRDB.build/Debug-webassembly-wasm32/GRDB-t.build/Objects-normal/wasm32/TableDefinition.o -o /host/spi-builder-workspace/.build/out/Intermediates.noindex/GRDB.build/Debug-webassembly-wasm32/GRDB-t.build/Objects-normal/wasm32/VirtualTableModule.o -index-unit-output-path /GRDB.build/Debug-webassembly-wasm32/GRDB-t.build/Objects-normal/wasm32/SQLOperators.o -index-unit-output-path /GRDB.build/Debug-webassembly-wasm32/GRDB-t.build/Objects-normal/wasm32/SQLOrdering.o -index-unit-output-path /GRDB.build/Debug-webassembly-wasm32/GRDB-t.build/Objects-normal/wasm32/SQLRelation.o -index-unit-output-path /GRDB.build/Debug-webassembly-wasm32/GRDB-t.build/Objects-normal/wasm32/SQLSelection.o -index-unit-output-path /GRDB.build/Debug-webassembly-wasm32/GRDB-t.build/Objects-normal/wasm32/SQLSubquery.o -index-unit-output-path /GRDB.build/Debug-webassembly-wasm32/GRDB-t.build/Objects-normal/wasm32/Table.o -index-unit-output-path /GRDB.build/Debug-webassembly-wasm32/GRDB-t.build/Objects-normal/wasm32/SQLColumnGenerator.o -index-unit-output-path /GRDB.build/Debug-webassembly-wasm32/GRDB-t.build/Objects-normal/wasm32/SQLGenerationContext.o -index-unit-output-path /GRDB.build/Debug-webassembly-wasm32/GRDB-t.build/Objects-normal/wasm32/SQLIndexGenerator.o -index-unit-output-path /GRDB.build/Debug-webassembly-wasm32/GRDB-t.build/Objects-normal/wasm32/SQLQueryGenerator.o -index-unit-output-path /GRDB.build/Debug-webassembly-wasm32/GRDB-t.build/Objects-normal/wasm32/SQLTableAlterationGenerator.o -index-unit-output-path /GRDB.build/Debug-webassembly-wasm32/GRDB-t.build/Objects-normal/wasm32/SQLTableGenerator.o -index-unit-output-path /GRDB.build/Debug-webassembly-wasm32/GRDB-t.build/Objects-normal/wasm32/TableAlias.o -index-unit-output-path /GRDB.build/Debug-webassembly-wasm32/GRDB-t.build/Objects-normal/wasm32/SQLInterpolation+QueryInterface.o -index-unit-output-path /GRDB.build/Debug-webassembly-wasm32/GRDB-t.build/Objects-normal/wasm32/ColumnDefinition.o -index-unit-output-path /GRDB.build/Debug-webassembly-wasm32/GRDB-t.build/Objects-normal/wasm32/Database+SchemaDefinition.o -index-unit-output-path /GRDB.build/Debug-webassembly-wasm32/GRDB-t.build/Objects-normal/wasm32/ForeignKeyDefinition.o -index-unit-output-path /GRDB.build/Debug-webassembly-wasm32/GRDB-t.build/Objects-normal/wasm32/IndexDefinition.o -index-unit-output-path /GRDB.build/Debug-webassembly-wasm32/GRDB-t.build/Objects-normal/wasm32/TableAlteration.o -index-unit-output-path /GRDB.build/Debug-webassembly-wasm32/GRDB-t.build/Objects-normal/wasm32/TableDefinition.o -index-unit-output-path /GRDB.build/Debug-webassembly-wasm32/GRDB-t.build/Objects-normal/wasm32/VirtualTableModule.o -index-store-path /host/spi-builder-workspace/.build/out -index-system-modules
[38 / 53] GRDB
error: Build failed
BUILD FAILURE 6.4 wasm