The Swift Package Index logo.Swift Package Index

Build Information

Failed to build googleanalytics-swift, reference main (88e9fe), with Swift 6.2 for Wasm on 29 Sep 2026 16:45:31 UTC.

Build Command

bash -c docker run --pull=always --rm -v "checkouts-54344843-1":/host -w "$PWD" -e JAVA_HOME="/root/.sdkman/candidates/java/current" -e SPI_BUILD="1" -e SPI_PROCESSING="1" registry.gitlab.com/saguaro1/spi-images:wasm-6.2-latest swift build --swift-sdk swift-6.2-RELEASE_wasm 2>&1

Build Log

========================================
RunAll
========================================
Builder version: 5.1.0
Interrupt handler set up.
========================================
Checkout
========================================
Clone URL: https://github.com/zunda-pixel/googleanalytics-swift.git
Reference: main
Initialized empty Git repository in /host/spi-builder-workspace/.git/
hint: Using 'master' as the name for the initial branch. This default branch name
hint: is subject to change. To configure the initial branch name to use in all
hint: of your new repositories, which will suppress this warning, call:
hint:
hint: 	git config --global init.defaultBranch <name>
hint:
hint: Names commonly chosen instead of 'master' are 'main', 'trunk' and
hint: 'development'. The just-created branch can be renamed via this command:
hint:
hint: 	git branch -m <name>
From https://github.com/zunda-pixel/googleanalytics-swift
 * branch            main       -> FETCH_HEAD
 * [new branch]      main       -> origin/main
HEAD is now at 88e9fe2 Bump github.com/apple/swift-http-types from 1.7.0 to 1.8.0 (#66)
Cloned https://github.com/zunda-pixel/googleanalytics-swift.git
Revision (git rev-parse @):
88e9fe2d8a11560d536492441a0ce4e190ba70af
SUCCESS checkout https://github.com/zunda-pixel/googleanalytics-swift.git at main
========================================
Build
========================================
Selected platform:         wasm
Swift version:             6.2
Building package at path:  $PWD
https://github.com/zunda-pixel/googleanalytics-swift.git
Running build ...
bash -c docker run --pull=always --rm -v "checkouts-54344843-1":/host -w "$PWD" -e JAVA_HOME="/root/.sdkman/candidates/java/current" -e SPI_BUILD="1" -e SPI_PROCESSING="1" registry.gitlab.com/saguaro1/spi-images:wasm-6.2-latest swift build --swift-sdk swift-6.2-RELEASE_wasm 2>&1
wasm-6.2-latest: Pulling from saguaro1/spi-images
Digest: sha256:ff44196b45f83e5a0a99a627b185f548850d9bc1242e3dee2178fb1570812fe8
Status: Image is up to date for registry.gitlab.com/saguaro1/spi-images:wasm-6.2-latest
Fetching https://github.com/swift-standards/swift-iso-3166.git
Fetching https://github.com/apple/swift-crypto.git
Fetching https://github.com/zunda-pixel/swift-currency.git
Fetching https://github.com/apple/swift-algorithms.git
Fetching https://github.com/gohanlon/swift-memberwise-init-macro.git
[1/1649] Fetching swift-memberwise-init-macro
[18/7808] Fetching swift-memberwise-init-macro, swift-algorithms
[1110/26380] Fetching swift-memberwise-init-macro, swift-algorithms, swift-crypto
[1560/26398] Fetching swift-memberwise-init-macro, swift-algorithms, swift-crypto, swift-currency
Fetching https://github.com/swift-standards/swift-iso-639.git
[3211/26833] Fetching swift-memberwise-init-macro, swift-algorithms, swift-crypto, swift-currency, swift-iso-3166
Fetched https://github.com/swift-standards/swift-iso-3166.git from cache (0.81s)
Fetched https://github.com/apple/swift-algorithms.git from cache (0.81s)
Fetched https://github.com/zunda-pixel/swift-currency.git from cache (0.81s)
Fetching https://github.com/zunda-pixel/http-client.git
Fetching https://github.com/apple/swift-http-types.git
[2950/20221] Fetching swift-memberwise-init-macro, swift-crypto
[8336/20642] Fetching swift-memberwise-init-macro, swift-crypto, swift-iso-639
[9615/22581] Fetching swift-memberwise-init-macro, swift-crypto, swift-iso-639, swift-http-types
Fetched https://github.com/swift-standards/swift-iso-639.git from cache (0.77s)
[10112/22160] Fetching swift-memberwise-init-macro, swift-crypto, swift-http-types
[10172/22395] Fetching swift-memberwise-init-macro, swift-crypto, swift-http-types, http-client
Fetched https://github.com/zunda-pixel/http-client.git from cache (0.65s)
Fetched https://github.com/apple/swift-http-types.git from cache (0.66s)
[11678/20221] Fetching swift-memberwise-init-macro, swift-crypto
Fetched https://github.com/gohanlon/swift-memberwise-init-macro.git from cache (2.10s)
Fetched https://github.com/apple/swift-crypto.git from cache (2.12s)
Computing version for https://github.com/zunda-pixel/swift-currency.git
Computed https://github.com/zunda-pixel/swift-currency.git at 0.0.1 (2.47s)
Computing version for https://github.com/gohanlon/swift-memberwise-init-macro.git
Computed https://github.com/gohanlon/swift-memberwise-init-macro.git at 0.6.0 (1.60s)
Fetching https://github.com/swiftlang/swift-syntax
[1/80082] Fetching swift-syntax
Fetched https://github.com/swiftlang/swift-syntax from cache (5.40s)
Computing version for https://github.com/apple/swift-algorithms.git
Computed https://github.com/apple/swift-algorithms.git at 1.2.1 (5.87s)
Fetching https://github.com/apple/swift-numerics.git
[1/6651] Fetching swift-numerics
Fetched https://github.com/apple/swift-numerics.git from cache (0.67s)
Computing version for https://github.com/zunda-pixel/http-client.git
Computed https://github.com/zunda-pixel/http-client.git at 0.4.0 (1.01s)
Fetching https://github.com/swift-server/async-http-client.git
[1/16398] Fetching async-http-client
Fetched https://github.com/swift-server/async-http-client.git from cache (1.34s)
Computing version for https://github.com/swift-standards/swift-iso-639.git
Computed https://github.com/swift-standards/swift-iso-639.git at 0.2.4 (1.67s)
Fetching https://github.com/swift-standards/swift-incits-4-1986
[1/1301] Fetching swift-incits-4-1986
Fetching https://github.com/swift-standards/swift-standards
Fetched https://github.com/swift-standards/swift-incits-4-1986 from cache (0.60s)
[1/4873] Fetching swift-standards
Fetched https://github.com/swift-standards/swift-standards from cache (0.75s)
Computing version for https://github.com/swift-standards/swift-iso-3166.git
Computed https://github.com/swift-standards/swift-iso-3166.git at 0.2.4 (1.71s)
Computing version for https://github.com/swift-standards/swift-incits-4-1986
Computed https://github.com/swift-standards/swift-incits-4-1986 at 0.7.1 (0.33s)
Computing version for https://github.com/apple/swift-numerics.git
Computed https://github.com/apple/swift-numerics.git at 1.1.1 (0.32s)
Computing version for https://github.com/apple/swift-http-types.git
Computed https://github.com/apple/swift-http-types.git at 1.8.0 (0.42s)
Computing version for https://github.com/swift-server/async-http-client.git
Computed https://github.com/swift-server/async-http-client.git at 1.36.2 (0.43s)
Fetching https://github.com/apple/swift-service-context.git
Fetching https://github.com/apple/swift-nio-http2.git
Fetching https://github.com/apple/swift-atomics.git
[19/1885] Fetching swift-atomics
[1886/14140] Fetching swift-atomics, swift-nio-http2
Fetched https://github.com/apple/swift-atomics.git from cache (0.92s)
Fetching https://github.com/apple/swift-distributed-tracing.git
[123/12255] Fetching swift-nio-http2
[12270/13660] Fetching swift-nio-http2, swift-service-context
Fetching https://github.com/apple/swift-configuration.git
Fetched https://github.com/apple/swift-service-context.git from cache (1.65s)
Fetching https://github.com/apple/swift-log.git
[1/6426] Fetching swift-distributed-tracing
Fetched https://github.com/apple/swift-distributed-tracing.git from cache (1.10s)
Fetching https://github.com/apple/swift-nio-extras.git
Fetching https://github.com/apple/swift-nio.git
Fetching https://github.com/apple/swift-nio-ssl.git
Fetched https://github.com/apple/swift-nio-http2.git from cache (2.20s)
[1/8165] Fetching swift-log
Fetching https://github.com/apple/swift-nio-transport-services.git
[2/11978] Fetching swift-log, swift-configuration
Fetched https://github.com/apple/swift-configuration.git from cache (0.82s)
Fetched https://github.com/apple/swift-log.git from cache (0.88s)
[1/6693] Fetching swift-nio-extras
[6694/9560] Fetching swift-nio-extras, swift-nio-transport-services
Fetched https://github.com/apple/swift-nio-extras.git from cache (0.80s)
Fetched https://github.com/apple/swift-nio-transport-services.git from cache (0.67s)
[1/16863] Fetching swift-nio-ssl
[3205/103069] Fetching swift-nio-ssl, swift-nio
Fetched https://github.com/apple/swift-nio-ssl.git from cache (2.39s)
[60345/86206] Fetching swift-nio
Fetched https://github.com/apple/swift-nio.git from cache (5.33s)
Computing version for https://github.com/apple/swift-service-context.git
Computed https://github.com/apple/swift-service-context.git at 1.3.0 (7.79s)
Computing version for https://github.com/apple/swift-distributed-tracing.git
Computed https://github.com/apple/swift-distributed-tracing.git at 1.5.0 (0.37s)
Computing version for https://github.com/apple/swift-configuration.git
Computed https://github.com/apple/swift-configuration.git at 1.2.1 (1.41s)
Fetching https://github.com/apple/swift-system
Fetching https://github.com/swift-server/swift-service-lifecycle
Fetching https://github.com/apple/swift-collections
[1/2849] Fetching swift-service-lifecycle
Fetched https://github.com/swift-server/swift-service-lifecycle from cache (0.58s)
[1/6986] Fetching swift-system
Fetched https://github.com/apple/swift-system from cache (0.80s)
[1/27802] Fetching swift-collections
Fetched https://github.com/apple/swift-collections from cache (1.84s)
Computing version for https://github.com/apple/swift-atomics.git
Computed https://github.com/apple/swift-atomics.git at 1.3.1 (2.21s)
Computing version for https://github.com/apple/swift-nio-transport-services.git
Computed https://github.com/apple/swift-nio-transport-services.git at 1.28.0 (0.40s)
Computing version for https://github.com/apple/swift-nio.git
Computed https://github.com/apple/swift-nio.git at 2.103.0 (0.71s)
Computing version for https://github.com/swift-server/swift-service-lifecycle
Computed https://github.com/swift-server/swift-service-lifecycle at 2.12.0 (0.37s)
Fetching https://github.com/apple/swift-async-algorithms.git
[1/6791] Fetching swift-async-algorithms
Fetched https://github.com/apple/swift-async-algorithms.git from cache (0.84s)
Computing version for https://github.com/apple/swift-log.git
Computed https://github.com/apple/swift-log.git at 1.15.1 (1.16s)
Computing version for https://github.com/apple/swift-async-algorithms.git
Computed https://github.com/apple/swift-async-algorithms.git at 1.1.6 (0.42s)
Computing version for https://github.com/apple/swift-collections
Computed https://github.com/apple/swift-collections at 1.7.1 (0.51s)
Computing version for https://github.com/apple/swift-crypto.git
Computed https://github.com/apple/swift-crypto.git at 4.5.2 (1.03s)
Fetching https://github.com/apple/swift-asn1.git
[1/1986] Fetching swift-asn1
Fetched https://github.com/apple/swift-asn1.git from cache (0.56s)
Computing version for https://github.com/apple/swift-nio-http2.git
Computed https://github.com/apple/swift-nio-http2.git at 1.46.0 (0.87s)
Computing version for https://github.com/apple/swift-asn1.git
Computed https://github.com/apple/swift-asn1.git at 1.7.3 (0.36s)
Computing version for https://github.com/apple/swift-nio-ssl.git
Computed https://github.com/apple/swift-nio-ssl.git at 2.37.5 (0.39s)
Computing version for https://github.com/apple/swift-system
Computed https://github.com/apple/swift-system at 1.8.1 (0.44s)
Computing version for https://github.com/swiftlang/swift-syntax
Computed https://github.com/swiftlang/swift-syntax at 604.0.0 (0.46s)
Computing version for https://github.com/apple/swift-nio-extras.git
Computed https://github.com/apple/swift-nio-extras.git at 1.35.1 (0.49s)
Fetching https://github.com/apple/swift-certificates.git
Fetching https://github.com/apple/swift-http-structured-headers.git
[1/7598] Fetching swift-certificates
Fetched https://github.com/apple/swift-certificates.git from cache (0.77s)
[1/1253] Fetching swift-http-structured-headers
Fetched https://github.com/apple/swift-http-structured-headers.git from cache (1.20s)
Computing version for https://github.com/apple/swift-http-structured-headers.git
Computed https://github.com/apple/swift-http-structured-headers.git at 1.7.0 (1.57s)
Computing version for https://github.com/apple/swift-certificates.git
Computed https://github.com/apple/swift-certificates.git at 1.21.0 (0.40s)
Computing version for https://github.com/swift-standards/swift-standards
Computed https://github.com/swift-standards/swift-standards at 0.17.4 (0.41s)
Fetching https://github.com/coenttb/swift-testing-performance
[1/426] Fetching swift-testing-performance
Fetched https://github.com/coenttb/swift-testing-performance from cache (0.67s)
Computing version for https://github.com/coenttb/swift-testing-performance
Computed https://github.com/coenttb/swift-testing-performance at 0.3.1 (1.01s)
Fetching https://github.com/coenttb/swift-memory-allocation
[1/471] Fetching swift-memory-allocation
Fetched https://github.com/coenttb/swift-memory-allocation from cache (0.59s)
Computing version for https://github.com/coenttb/swift-memory-allocation
Computed https://github.com/coenttb/swift-memory-allocation at 0.2.0 (0.95s)
Creating working copy for https://github.com/apple/swift-http-types.git
Working copy of https://github.com/apple/swift-http-types.git resolved at 1.8.0
Creating working copy for https://github.com/zunda-pixel/http-client.git
Working copy of https://github.com/zunda-pixel/http-client.git resolved at 0.4.0
Creating working copy for https://github.com/apple/swift-nio-extras.git
Working copy of https://github.com/apple/swift-nio-extras.git resolved at 1.35.1
Creating working copy for https://github.com/apple/swift-numerics.git
Working copy of https://github.com/apple/swift-numerics.git resolved at 1.1.1
Creating working copy for https://github.com/swift-server/swift-service-lifecycle
Working copy of https://github.com/swift-server/swift-service-lifecycle resolved at 2.12.0
Creating working copy for https://github.com/apple/swift-async-algorithms.git
Working copy of https://github.com/apple/swift-async-algorithms.git resolved at 1.1.6
Creating working copy for https://github.com/swift-standards/swift-iso-3166.git
Working copy of https://github.com/swift-standards/swift-iso-3166.git resolved at 0.2.4
Creating working copy for https://github.com/swift-standards/swift-incits-4-1986
Working copy of https://github.com/swift-standards/swift-incits-4-1986 resolved at 0.7.1
Creating working copy for https://github.com/apple/swift-crypto.git
Working copy of https://github.com/apple/swift-crypto.git resolved at 4.5.2
Creating working copy for https://github.com/apple/swift-log.git
Working copy of https://github.com/apple/swift-log.git resolved at 1.15.1
Creating working copy for https://github.com/apple/swift-nio.git
Working copy of https://github.com/apple/swift-nio.git resolved at 2.103.0
Creating working copy for https://github.com/coenttb/swift-testing-performance
Working copy of https://github.com/coenttb/swift-testing-performance resolved at 0.3.1
Creating working copy for https://github.com/swift-standards/swift-iso-639.git
Working copy of https://github.com/swift-standards/swift-iso-639.git resolved at 0.2.4
Creating working copy for https://github.com/coenttb/swift-memory-allocation
Working copy of https://github.com/coenttb/swift-memory-allocation resolved at 0.2.0
Creating working copy for https://github.com/apple/swift-collections
Working copy of https://github.com/apple/swift-collections resolved at 1.7.1
Creating working copy for https://github.com/apple/swift-distributed-tracing.git
Working copy of https://github.com/apple/swift-distributed-tracing.git resolved at 1.5.0
Creating working copy for https://github.com/apple/swift-nio-http2.git
Working copy of https://github.com/apple/swift-nio-http2.git resolved at 1.46.0
Creating working copy for https://github.com/apple/swift-service-context.git
Working copy of https://github.com/apple/swift-service-context.git resolved at 1.3.0
Creating working copy for https://github.com/swiftlang/swift-syntax
Working copy of https://github.com/swiftlang/swift-syntax resolved at 604.0.0
Creating working copy for https://github.com/apple/swift-system
Working copy of https://github.com/apple/swift-system resolved at 1.8.1
Creating working copy for https://github.com/apple/swift-algorithms.git
Working copy of https://github.com/apple/swift-algorithms.git resolved at 1.2.1
Creating working copy for https://github.com/apple/swift-configuration.git
Working copy of https://github.com/apple/swift-configuration.git resolved at 1.2.1
Creating working copy for https://github.com/zunda-pixel/swift-currency.git
Working copy of https://github.com/zunda-pixel/swift-currency.git resolved at 0.0.1
Creating working copy for https://github.com/apple/swift-nio-ssl.git
Working copy of https://github.com/apple/swift-nio-ssl.git resolved at 2.37.5
Creating working copy for https://github.com/apple/swift-asn1.git
Working copy of https://github.com/apple/swift-asn1.git resolved at 1.7.3
Creating working copy for https://github.com/swift-standards/swift-standards
Working copy of https://github.com/swift-standards/swift-standards resolved at 0.17.4
Creating working copy for https://github.com/apple/swift-certificates.git
Working copy of https://github.com/apple/swift-certificates.git resolved at 1.21.0
Creating working copy for https://github.com/apple/swift-nio-transport-services.git
Working copy of https://github.com/apple/swift-nio-transport-services.git resolved at 1.28.0
Creating working copy for https://github.com/apple/swift-http-structured-headers.git
Working copy of https://github.com/apple/swift-http-structured-headers.git resolved at 1.7.0
Creating working copy for https://github.com/gohanlon/swift-memberwise-init-macro.git
Working copy of https://github.com/gohanlon/swift-memberwise-init-macro.git resolved at 0.6.0
Creating working copy for https://github.com/swift-server/async-http-client.git
Working copy of https://github.com/swift-server/async-http-client.git resolved at 1.36.2
Creating working copy for https://github.com/apple/swift-atomics.git
Working copy of https://github.com/apple/swift-atomics.git resolved at 1.3.1
Building for debugging...
[0/900] Write sources
[13/900] Copying Data
[13/900] Write sources
[70/900] Compiling _NumericsShims _NumericsShims.c
[71/900] Compiling _CWASI _CWASI.c
[72/900] Compiling _AtomicsShims.c
[73/900] Compiling SimpleFIPS202.c
[74/900] Compiling KeccakSponge.c
[75/900] Compiling CXKCPShims shims.c
[76/900] Compiling _SwiftSyntaxCShims PlatformMutex.c
[77/900] Compiling KeccakHash.c
[78/900] Compiling CSystem shims.c
[79/900] Compiling CNIOWASI CNIOWASI.c
[80/900] Compiling CNIOWindows shim.c
[81/900] Compiling CNIOWindows WSAStartup.c
[82/900] Compiling CNIOPosix event_loop_id.c
[83/900] Compiling CNIOOpenBSD shim.c
[84/900] Compiling CNIOLinux shim.c
[85/900] Compiling CNIOFreeBSD shim.c
[86/900] Compiling CNIOLinux liburing_shims.c
[87/900] Write swift-version-24593BA9C3E375BF.txt
[88/900] Compiling CNIOLLHTTP c_nio_http.c
[89/900] Compiling CNIOExtrasZlib zutil.c
[90/900] Compiling CNIOExtrasZlib inftrees.c
[91/900] Compiling CNIOLLHTTP c_nio_api.c
[92/906] Compiling CNIOExtrasZlib trees.c
[93/913] Compiling CNIOExtrasZlib inflate.c
[95/949] Emitting module SwiftSyntax602
[96/949] Emitting module SwiftSyntax603
[97/949] Emitting module _NIODataStructures
[97/949] Compiling CNIOLLHTTP c_nio_llhttp.c
[99/951] Compiling _NIOBase64 Base64.swift
[100/951] Emitting module _NIOBase64
[102/953] Compiling _NIODataStructures _TinyArray.swift
[103/953] Compiling _NIODataStructures PriorityQueue.swift
[104/954] Emitting module SwiftSyntax600
[105/954] Compiling SwiftSyntax603 Empty.swift
[106/955] Compiling SwiftSyntax604 Empty.swift
[108/955] Emitting module SwiftSyntax604
[109/956] Emitting module SwiftSyntax601
[110/956] Compiling SwiftSyntax601 Empty.swift
[113/959] Compiling SwiftSyntax602 Empty.swift
[114/960] Compiling SwiftSyntax510 Empty.swift
[115/960] Compiling SwiftSyntax600 Empty.swift
[116/961] Compiling SystemPackage FilePathComponentView.swift
[117/961] Compiling SystemPackage FilePathComponents.swift
[118/961] Compiling SystemPackage FilePathParsing.swift
[119/961] Compiling SystemPackage FilePathString.swift
[120/961] Compiling SystemPackage FilePathSyntax.swift
[121/961] Emitting module SwiftSyntax510
[122/962] Compiling SystemPackage Errno.swift
[123/962] Compiling SystemPackage ErrnoWindows.swift
[124/962] Compiling SystemPackage FileDescriptor.swift
[125/962] Compiling SystemPackage FileHelpers.swift
[126/962] Compiling SystemPackage FileOperations.swift
[127/962] Compiling SystemPackage FilePath.swift
[128/962] Emitting module SystemPackage
[131/969] Compiling SystemPackage IOCompletion.swift
[132/969] Compiling SystemPackage IORequest.swift
[133/969] Compiling SystemPackage IORing+Util.swift
[134/969] Compiling SystemPackage IORing.swift
[135/969] Compiling SystemPackage RawIORequest.swift
[136/969] Compiling SystemPackage Backcompat.swift
[137/969] Compiling SystemPackage CInterop.swift
[138/969] Compiling SystemPackage Constants.swift
[139/969] Compiling SystemPackage Exports.swift
[140/969] Compiling SystemPackage Mocking.swift
[141/969] Compiling SwiftSyntax509 Empty.swift
[143/969] Compiling SystemPackage RawBuffer.swift
[144/969] Compiling SystemPackage Syscalls.swift
[145/969] Compiling SystemPackage WindowsSyscallAdapters.swift
[146/969] Compiling SystemPackage MachPort.swift
[147/969] Compiling SystemPackage PlatformString.swift
[148/969] Emitting module SwiftSyntax509
[149/970] Compiling SystemPackage FileFlags.swift
[150/970] Compiling SystemPackage FileMode.swift
[151/970] Compiling SystemPackage FileType.swift
[152/970] Compiling SystemPackage Identifiers.swift
[153/970] Compiling SystemPackage Stat.swift
[154/970] Compiling SystemPackage FilePathTemp.swift
[155/970] Compiling SystemPackage FilePathTempPosix.swift
[156/970] Compiling SystemPackage FilePathTempWindows.swift
[157/970] Compiling SystemPackage FilePathWindows.swift
[158/970] Compiling SystemPackage FilePermissions.swift
[160/1043] Compiling _NIODataStructures Heap.swift
[161/1058] Compiling RealModule RealFunctions.swift
[163/1123] Compiling RealModule RelaxedArithmetic.swift
[164/1123] Emitting module ServiceContextModule
[165/1123] Compiling ServiceContextModule ServiceContextKey.swift
[166/1130] Compiling RealModule Float80+Real.swift
[167/1133] Compiling RealModule Real.swift
[168/1134] Compiling ServiceContextModule ServiceContext.swift
[169/1135] Compiling RealModule Float16+Real.swift
[171/1135] Compiling Logging LogEvent.swift
[172/1135] Compiling Logging LogHandler.swift
[173/1135] Compiling Logging SwiftLogNoOpLogHandler.swift
[174/1135] Compiling Logging Locks.swift
[175/1136] Compiling Logging MultiplexLogHandler.swift
[176/1136] Compiling Logging StreamLogHandler.swift
[177/1158] Compiling InternalCollectionsUtilities Debugging.swift
[178/1158] Compiling InternalCollectionsUtilities Descriptions.swift
[179/1164] Compiling Logging Logger+With.swift
[180/1164] Compiling Logging LoggingSystem.swift
[181/1164] Emitting module Positioning
[182/1164] Compiling Positioning Distribution.swift
[183/1165] Compiling Logging MetadataProvider.swift
[185/1165] Emitting module RealModule
[186/1165] Compiling InternalCollectionsUtilities BorrowingIteratorProtocol+Equality.swift
[187/1165] Compiling InternalCollectionsUtilities BorrowingIteratorProtocol+Extras.swift
[188/1166] Compiling InternalCollectionsUtilities _UnsafeBitSet+_Word.swift
[189/1166] Compiling InternalCollectionsUtilities _UnsafeBitSet.swift
[190/1166] Compiling InternalCollectionsUtilities UnsafeBufferPointer+Extras.swift
[191/1166] Compiling InternalCollectionsUtilities UnsafeMutableBufferPointer+Extras.swift
[192/1166] Compiling InternalCollectionsUtilities UnsafeMutablePointer+Extras.swift
[193/1166] Compiling InternalCollectionsUtilities UnsafeMutableRawBufferPointer+Extras.swift
[194/1166] Compiling InternalCollectionsUtilities UnsafePointer+Extras.swift
[195/1166] Compiling SwiftSyntax SyntaxNodeStructure.swift
[196/1166] Compiling SwiftSyntax SyntaxProtocol.swift
[197/1166] Compiling SwiftSyntax SyntaxText.swift
[198/1166] Compiling InternalCollectionsUtilities LifetimeOverride.swift
[199/1166] Compiling InternalCollectionsUtilities MutableRef.swift
[200/1166] Compiling InternalCollectionsUtilities MutableSpan+Extras.swift
[201/1166] Compiling InternalCollectionsUtilities OutputSpan+Extras.swift
[202/1166] Compiling InternalCollectionsUtilities RandomAccessCollection+Offsets.swift
[203/1166] Compiling InternalCollectionsUtilities Span+Extras.swift
[204/1166] Compiling InternalCollectionsUtilities Strideable+LimitHelpers.swift
[205/1166] Compiling InternalCollectionsUtilities String+Padding.swift
[206/1166] Compiling InternalCollectionsUtilities TemporaryAllocation.swift
[207/1166] Compiling InternalCollectionsUtilities _UnsafeBitSet+Index.swift
[212/1166] Compiling InternalCollectionsUtilities FixedWidthInteger+roundUpToPowerOfTwo.swift
[213/1166] Compiling InternalCollectionsUtilities Integer rank.swift
[214/1166] Compiling InternalCollectionsUtilities UInt+first and last set bit.swift
[215/1166] Compiling InternalCollectionsUtilities UInt+reversed.swift
[216/1166] Compiling InternalCollectionsUtilities Iterable+CopyContents.swift
[217/1166] Compiling InternalCollectionsUtilities Iterable+Equality.swift
[219/1176] Compiling SwiftSyntax RenamedNodesCompatibility.swift
[220/1176] Compiling SwiftSyntax SyntaxAnyVisitor.swift
[221/1176] Compiling SwiftSyntax SyntaxBaseNodes.swift
[222/1176] Compiling SwiftSyntax SyntaxCollections.swift
[223/1176] Compiling SwiftSyntax SyntaxEnum.swift
[224/1176] Compiling SwiftSyntax SyntaxKind.swift
[225/1176] Compiling SwiftSyntax SyntaxRewriter.swift
[226/1176] Compiling SwiftSyntax SyntaxTraits.swift
[227/1176] Compiling SwiftSyntax SyntaxVisitor.swift
[228/1176] Compiling SwiftSyntax TokenKind.swift
[229/1176] Emitting module StandardLibraryExtensions
[233/1192] Compiling SwiftSyntax Tokens.swift
[234/1192] Compiling SwiftSyntax TriviaPieces.swift
[235/1192] Compiling SwiftSyntax RawSyntaxNodesAB.swift
[236/1192] Compiling SwiftSyntax RawSyntaxNodesC.swift
[237/1192] Compiling SwiftSyntax RawSyntaxNodesD.swift
[238/1192] Compiling SwiftSyntax RawSyntaxNodesEF.swift
[239/1192] Compiling SwiftSyntax RawSyntaxNodesGHI.swift
[240/1192] Compiling SwiftSyntax RawSyntaxNodesJKLMN.swift
[241/1192] Compiling SwiftSyntax RawSyntaxNodesOP.swift
[242/1192] Compiling SwiftSyntax RawSyntaxNodesQRS.swift
[243/1195] Compiling SwiftSyntax RawSyntaxNodesTUVWXYZ.swift
[244/1195] Compiling SwiftSyntax RawSyntaxValidation.swift
[245/1195] Compiling SwiftSyntax SyntaxNodesAB.swift
[246/1195] Compiling StandardLibraryExtensions OpaquePointer.swift
[247/1195] Compiling StandardLibraryExtensions Optional.Builder.swift
[248/1195] Compiling StandardLibraryExtensions Optional.swift
[249/1195] Compiling StandardLibraryExtensions PartialRangeFrom.swift
[250/1195] Compiling StandardLibraryExtensions PartialRangeThrough.swift
[251/1195] Compiling StandardLibraryExtensions PartialRangeUpTo.swift
[252/1195] Compiling StandardLibraryExtensions Range.Builder.swift
[253/1195] Compiling SwiftSyntax SyntaxTreeViewMode.swift
[254/1195] Compiling SwiftSyntax TokenDiagnostic.swift
[255/1195] Compiling SwiftSyntax TokenSequence.swift
[256/1195] Compiling SwiftSyntax TokenSyntax.swift
[257/1195] Compiling SwiftSyntax Trivia+commentValue.swift
[258/1195] Compiling SwiftSyntax Trivia.swift
[259/1195] Compiling SwiftSyntax Utils.swift
[260/1195] Compiling SwiftSyntax ChildNameForKeyPath.swift
[261/1195] Compiling SwiftSyntax Keyword.swift
[262/1195] Compiling SwiftSyntax RenamedChildrenCompatibility.swift
[263/1195] Emitting module Logging
[264/1195] Compiling StandardLibraryExtensions Unmanaged.swift
[265/1195] Compiling StandardLibraryExtensions UnsafeBufferPointer.swift
[266/1195] Compiling StandardLibraryExtensions UnsafeMutableBufferPointer.swift
[267/1195] Compiling StandardLibraryExtensions UnsafeMutablePointer.swift
[268/1195] Compiling StandardLibraryExtensions UnsafeMutableRawBufferPointer.swift
[269/1195] Compiling StandardLibraryExtensions UnsafeMutableRawPointer.swift
[270/1195] Compiling StandardLibraryExtensions UnsafePointer.swift
[271/1195] Compiling StandardLibraryExtensions UnsafeRawBufferPointer.swift
[272/1195] Compiling StandardLibraryExtensions UnsafeRawPointer.swift
[273/1195] Compiling StandardLibraryExtensions Zip2Sequence.swift
[274/1196] Compiling Instrumentation Instrument.swift
[275/1196] Emitting module Instrumentation
[276/1196] Compiling Instrumentation NoOpInstrument.swift
[278/1196] Compiling Instrumentation Locks.swift
[279/1196] Compiling Instrumentation InstrumentationSystem.swift
[280/1196] Compiling Instrumentation MultiplexInstrument.swift
[282/1197] Compiling Logging Logger+Attributes.swift
[283/1197] Compiling InternalCollectionsUtilities UnsafeRawBufferPointer+Extras.swift
[284/1197] Compiling InternalCollectionsUtilities _SortedCollection.swift
[285/1197] Compiling InternalCollectionsUtilities _UniqueCollection.swift
[290/1197] Compiling HTTPTypes HTTP2ErrorCode.swift
[291/1197] Compiling HTTPTypes HTTP3ErrorCode.swift
[292/1197] Compiling HTTPTypes HTTPField.swift
[293/1197] Compiling HTTPTypes HTTPFieldName.swift
[294/1203] Emitting module TernaryLogic
[303/1203] Compiling TernaryLogic Optional Bool+TernaryLogic.swift
[304/1203] Compiling TernaryLogic TernaryLogic.swift
[305/1203] Compiling Logging Logger.swift
[306/1203] Compiling TernaryLogic TernaryLogic.Builder.swift
[308/1212] Compiling Currency Currency.swift
[309/1212] Emitting module Currency
[312/1214] Compiling Tracing InstrumentationSystem+Tracing.swift
[315/1215] Compiling Tracing WithTracer.swift
[322/1242] Compiling Predicate (T) to Bool.swift
[323/1242] Compiling Tracing TracingTime.swift
[324/1242] Emitting module Tracing
[325/1242] Emitting module InternalCollectionsUtilities
[326/1244] Compiling StandardTime Time.Week.Day.swift
[327/1244] Compiling StandardTime Time.Week.swift
[328/1244] Compiling StandardTime Time.Year.swift
[329/1247] Compiling Tracing TracerProtocol.swift
[330/1247] Compiling StandardTime Time.Calendar.Gregorian.swift
[331/1247] Compiling StandardTime Time.Calendar.swift
[332/1247] Compiling StandardTime Time.Epoch.Conversion.swift
[333/1247] Emitting module Locale
[334/1247] Emitting module Predicate
[335/1247] Compiling Locale Locale.swift
[336/1248] Compiling Tracing TracerProtocol+Legacy.swift
[337/1248] Compiling Tracing Tracer.swift
[338/1248] Compiling StandardTime Time.Microsecond.swift
[339/1248] Compiling StandardTime Time.Millisecond.swift
[340/1248] Compiling StandardTime Time.Minute.swift
[341/1248] Compiling StandardTime Time.Epoch.swift
[342/1248] Compiling StandardTime Time.Femtosecond.swift
[343/1248] Compiling StandardTime Time.Hour.swift
[345/1248] Compiling StandardTime Time.Month.Day.swift
[346/1248] Compiling StandardTime Time.Month.swift
[347/1248] Compiling StandardTime Time.Nanosecond.swift
[348/1248] Compiling StandardTime Time.Picosecond.swift
[349/1248] Compiling StandardTime Time.Second.swift
[350/1248] Compiling StandardTime Time.TimezoneOffset.swift
[350/1248] Compiling KeccakP-1600-opt64.c
[355/1251] Compiling StandardTime Duration.swift
[356/1251] Compiling StandardTime Instant.swift
[357/1251] Compiling StandardTime Time.Attosecond.swift
[360/1264] Wrapping AST for SwiftSyntax604 for debugging
[361/1264] Wrapping AST for SwiftSyntax603 for debugging
[363/1264] Compiling Formatting Format.Numeric.SignDisplayStrategy.swift
[364/1264] Compiling Formatting Format.Numeric.Notation.swift
[365/1264] Compiling Formatting Formatting.swift
[366/1264] Compiling Formatting Format.Numeric.swift
[367/1264] Compiling Formatting Format.Numeric.DecimalSeparatorStrategy.swift
[369/1264] Compiling StandardTime Time.Yoctosecond.swift
[370/1264] Compiling StandardTime Time.Zeptosecond.swift
[371/1264] Compiling StandardTime Time.swift
[378/1264] Wrapping AST for SwiftSyntax602 for debugging
[380/1265] Compiling Formatting Format.FloatingPoint.swift
[381/1265] Emitting module StandardTime
[382/1265] Compiling Predicate Predicate.swift
[383/1265] Compiling Predicate Predicate+TernaryLogic.swift
[384/1266] Wrapping AST for SwiftSyntax601 for debugging
[386/1266] Emitting module Formatting
[387/1266] Compiling Formatting Format.BinaryInteger.swift
[388/1267] Wrapping AST for SwiftSyntax510 for debugging
[389/1267] Wrapping AST for SwiftSyntax600 for debugging
[392/1267] Compiling Tracing SpanProtocol.swift
[393/1267] Compiling Tracing NoOpTracer.swift
[393/1268] Wrapping AST for SwiftSyntax509 for debugging
[394/1269] Compiling CNIOExtrasZlib inffast.c
[400/1302] Compiling SpanPreview MutableSpan+InputSpanHelpers.swift
[401/1302] Compiling SpanPreview OutputSpan+InputSpanHelpers.swift
[402/1302] Emitting module SpanPreview
[403/1302] Compiling SpanPreview InputSpan.swift
[403/1303] Compiling CNIOExtrasZlib deflate.c
[404/1303] Compiling CNIOExtrasZlib crc32.c
[405/1303] Compiling CNIODarwin shim.c
[406/1303] Compiling CNIOExtrasZlib adler32.c
[409/1303] Compiling HTTPTypes HTTPRequest.swift
[410/1304] Compiling HTTPTypes HTTPParsedFields.swift
[411/1304] Compiling HTTPTypes HTTPRequest+URL.swift
[412/1304] Compiling Dimension Angle.swift
[413/1304] Compiling Dimension Axis+CaseIterable.swift
[415/1304] Compiling HTTPTypes HTTPFieldValue.swift
[415/1304] Compiling fiat_p256_adx_sqr.S
[416/1304] Compiling fiat_p256_adx_mul.S
[417/1304] Compiling fiat_curve25519_adx_square.S
[418/1304] Compiling fiat_curve25519_adx_mul.S
[420/1346] Compiling HTTPTypes HTTPFields.swift
[421/1346] Compiling DequeModule Deque+CustomReflectable.swift
[422/1346] Compiling DequeModule Deque+Descriptions.swift
[423/1346] Compiling DequeModule Deque+Codable.swift
[424/1346] Compiling DequeModule Deque+Collection.swift
[427/1350] Emitting module HTTPTypes
[427/1350] Compiling CNIOBoringSSLShims shims.c
[429/1350] Compiling DequeModule UniqueDeque+Initializers.swift
[430/1350] Compiling DequeModule UniqueDeque+Insertions.swift
[431/1350] Compiling DequeModule UniqueDeque+Iterable.swift
[432/1350] Compiling DequeModule UniqueDeque+Prepend.swift
[433/1350] Compiling DequeModule UniqueDeque+Removals.swift
[434/1350] Compiling Dimension Vertical.swift
[435/1350] Compiling Dimension Winding.swift
[436/1350] Compiling DequeModule UniqueDeque+Deprecations.swift
[437/1350] Compiling DequeModule UniqueDeque+Descriptions.swift
[438/1350] Compiling DequeModule UniqueDeque+Equatable.swift
[439/1350] Compiling DequeModule UniqueDeque+Hashable.swift
[440/1355] Compiling DequeModule _DequeBuffer.swift
[441/1355] Compiling DequeModule _DequeBufferHeader.swift
[442/1355] Compiling DequeModule RigidDeque+Append.swift
[443/1355] Compiling DequeModule RigidDeque+Consumption.swift
[444/1355] Compiling DequeModule RigidDeque+ContainerOperations.swift
[445/1355] Compiling DequeModule RigidDeque+Deprecations.swift
[446/1355] Compiling DequeModule Deque+Equatable.swift
[447/1355] Compiling DequeModule Deque+ExpressibleByArrayLiteral.swift
[450/1355] Compiling DequeModule RigidDeque+Descriptions.swift
[451/1355] Compiling DequeModule RigidDeque+Equatable.swift
[452/1355] Compiling DequeModule RigidDeque+Hashable.swift
[453/1355] Compiling DequeModule RigidDeque+Initializers.swift
[454/1355] Compiling DequeModule RigidDeque+Insertions.swift
[455/1355] Compiling DequeModule RigidDeque+Iterable.swift
[456/1355] Compiling DequeModule RigidDeque+Prepend.swift
[457/1355] Compiling DequeModule RigidDeque+Removals.swift
[458/1355] Compiling DequeModule RigidDeque+Replacements.swift
[459/1355] Compiling DequeModule RigidDeque+Testing.swift
[460/1355] Compiling Dimension Tagged.swift
[461/1355] Compiling Dimension Temporal.swift
[462/1355] Compiling HTTPTypes HTTPResponse.swift
[483/1356] Compiling DequeModule Deque+Extras.swift
[484/1356] Compiling DequeModule Deque+Hashable.swift
[485/1356] Compiling DequeModule Deque+Testing.swift
[486/1356] Compiling DequeModule Deque._Storage.swift
[487/1356] Compiling DequeModule Deque._UnsafeHandle.swift
[488/1356] Compiling DequeModule Deque.swift
[497/1356] Compiling tls_record.cc
[498/1356] Compiling tls_method.cc
[499/1362] Compiling tls13_server.cc
[500/1362] Compiling tls13_enc.cc
error: emit-module command failed with exit code 1 (use -v to see invocation)
[502/1362] Emitting module HTTPTypesFoundation
/host/spi-builder-workspace/.build/checkouts/swift-http-types/Sources/HTTPTypesFoundation/URLSession+HTTPTypes.swift:50:1: error: non-nominal type 'URLSession' (aka 'AnyObject') cannot be extended [#NominalTypes]
 48 | @available(macOS 12.0, iOS 15.0, watchOS 8.0, tvOS 15.0, *)
 49 | @available(HTTPTypes 1.0, *)
 50 | extension URLSession {
    | `- error: non-nominal type 'URLSession' (aka 'AnyObject') cannot be extended [#NominalTypes]
 51 |     /// Convenience method to load data using an `HTTPRequest`; creates and resumes a `URLSessionDataTask` internally.
 52 |     ///
/host/spi-builder-workspace/.build/checkouts/swift-http-types/Sources/HTTPTypesFoundation/URLSession+HTTPTypes.swift:155:1: error: non-nominal type 'URLSession' (aka 'AnyObject') cannot be extended [#NominalTypes]
153 | @available(macOS 10.15, iOS 13.0, watchOS 6.0, tvOS 13.0, *)
154 | @available(HTTPTypes 1.0, *)
155 | extension URLSession {
    | `- error: non-nominal type 'URLSession' (aka 'AnyObject') cannot be extended [#NominalTypes]
156 |     /// Convenience method to load data using an `HTTPRequest`; creates and resumes a `URLSessionDataTask` internally.
157 |     ///
[#NominalTypes]: <https://docs.swift.org/compiler/documentation/diagnostics/nominal-types>
[502/1362] Compiling tls13_client.cc
[524/1362] Compiling HTTPTypesFoundation URLSession+HTTPTypes.swift
/host/spi-builder-workspace/.build/checkouts/swift-http-types/Sources/HTTPTypesFoundation/URLSession+HTTPTypes.swift:50:1: error: non-nominal type 'URLSession' (aka 'AnyObject') cannot be extended [#NominalTypes]
 48 | @available(macOS 12.0, iOS 15.0, watchOS 8.0, tvOS 15.0, *)
 49 | @available(HTTPTypes 1.0, *)
 50 | extension URLSession {
    | `- error: non-nominal type 'URLSession' (aka 'AnyObject') cannot be extended [#NominalTypes]
 51 |     /// Convenience method to load data using an `HTTPRequest`; creates and resumes a `URLSessionDataTask` internally.
 52 |     ///
/host/spi-builder-workspace/.build/checkouts/swift-http-types/Sources/HTTPTypesFoundation/URLSession+HTTPTypes.swift:155:1: error: non-nominal type 'URLSession' (aka 'AnyObject') cannot be extended [#NominalTypes]
153 | @available(macOS 10.15, iOS 13.0, watchOS 6.0, tvOS 13.0, *)
154 | @available(HTTPTypes 1.0, *)
155 | extension URLSession {
    | `- error: non-nominal type 'URLSession' (aka 'AnyObject') cannot be extended [#NominalTypes]
156 |     /// Convenience method to load data using an `HTTPRequest`; creates and resumes a `URLSessionDataTask` internally.
157 |     ///
/host/spi-builder-workspace/.build/checkouts/swift-http-types/Sources/HTTPTypesFoundation/URLSession+HTTPTypes.swift:58:19: error: cannot find type 'URLSessionTaskDelegate' in scope
 56 |     public func data(
 57 |         for request: HTTPRequest,
 58 |         delegate: URLSessionTaskDelegate? = nil
    |                   `- error: cannot find type 'URLSessionTaskDelegate' in scope
 59 |     ) async throws -> (Data, HTTPResponse) {
 60 |         guard let urlRequest = URLRequest(httpRequest: request) else {
/host/spi-builder-workspace/.build/checkouts/swift-http-types/Sources/HTTPTypesFoundation/URLSession+HTTPTypes.swift:79:19: error: cannot find type 'URLSessionTaskDelegate' in scope
 77 |         for request: HTTPRequest,
 78 |         fromFile fileURL: URL,
 79 |         delegate: URLSessionTaskDelegate? = nil
    |                   `- error: cannot find type 'URLSessionTaskDelegate' in scope
 80 |     ) async throws -> (Data, HTTPResponse) {
 81 |         guard let urlRequest = URLRequest(httpRequest: request) else {
/host/spi-builder-workspace/.build/checkouts/swift-http-types/Sources/HTTPTypesFoundation/URLSession+HTTPTypes.swift:100:19: error: cannot find type 'URLSessionTaskDelegate' in scope
 98 |         for request: HTTPRequest,
 99 |         from bodyData: Data,
100 |         delegate: URLSessionTaskDelegate? = nil
    |                   `- error: cannot find type 'URLSessionTaskDelegate' in scope
101 |     ) async throws -> (Data, HTTPResponse) {
102 |         guard let urlRequest = URLRequest(httpRequest: request) else {
/host/spi-builder-workspace/.build/checkouts/swift-http-types/Sources/HTTPTypesFoundation/URLSession+HTTPTypes.swift:119:19: error: cannot find type 'URLSessionTaskDelegate' in scope
117 |     public func download(
118 |         for request: HTTPRequest,
119 |         delegate: URLSessionTaskDelegate? = nil
    |                   `- error: cannot find type 'URLSessionTaskDelegate' in scope
120 |     ) async throws -> (URL, HTTPResponse) {
121 |         guard let urlRequest = URLRequest(httpRequest: request) else {
[#NominalTypes]: <https://docs.swift.org/compiler/documentation/diagnostics/nominal-types>
[525/1362] Compiling HTTPTypesFoundation URLResponse+HTTPTypes.swift
[526/1362] Compiling HTTPTypesFoundation HTTPTypes+ISOLatin1.swift
[527/1362] Compiling HTTPTypesFoundation URLRequest+HTTPTypes.swift
[528/1362] Compiling HTTPTypesFoundation HTTPTypesFoundation.swift
[528/1362] Compiling ssl_x509.cc
[528/1362] Compiling tls13_both.cc
[528/1362] Compiling ssl_versions.cc
[528/1362] Compiling t1_enc.cc
BUILD FAILURE 6.2 wasm