Build Information
Failed to build GatheredKit, reference main (847629), with Swift 6.4 for visionOS using Xcode 27.0 on 19 Sep 2026 12:45:40 UTC.
Build Command
env DEVELOPER_DIR=/Applications/Xcode-27.0.0-Release.Candidate.app xcrun xcodebuild -IDEClonedSourcePackagesDirPathOverride=$PWD/.dependencies -skipMacroValidation -skipPackagePluginValidation -derivedDataPath $PWD/.derivedData build -scheme GatheredKit-Package -destination generic/platform=xrOSBuild Log
cd /Users/admin/builder/spi-builder-workspace
builtin-swiftHeaderTool -arch arm64 /Users/admin/builder/spi-builder-workspace/.derivedData/Build/Intermediates.noindex/GatheredKit.build/Debug-xros/GatheredKitProcessInfo-t.build/Objects-normal/arm64/GatheredKitProcessInfo-Swift.h -o /Users/admin/builder/spi-builder-workspace/.derivedData/Build/Intermediates.noindex/GeneratedModuleMaps-xros/GatheredKitProcessInfo-Swift.h
Copy /Users/admin/builder/spi-builder-workspace/.derivedData/Build/Products/Debug-xros/GatheredKitProcessInfo.swiftmodule/arm64-apple-xros.swiftmodule /Users/admin/builder/spi-builder-workspace/.derivedData/Build/Intermediates.noindex/GatheredKit.build/Debug-xros/GatheredKitProcessInfo-t.build/Objects-normal/arm64/GatheredKitProcessInfo.swiftmodule (in target 'GatheredKitProcessInfo' from project 'GatheredKit')
cd /Users/admin/builder/spi-builder-workspace
builtin-copy -exclude .DS_Store -exclude CVS -exclude .svn -exclude .git -exclude .hg -resolve-src-symlinks -rename /Users/admin/builder/spi-builder-workspace/.derivedData/Build/Intermediates.noindex/GatheredKit.build/Debug-xros/GatheredKitProcessInfo-t.build/Objects-normal/arm64/GatheredKitProcessInfo.swiftmodule /Users/admin/builder/spi-builder-workspace/.derivedData/Build/Products/Debug-xros/GatheredKitProcessInfo.swiftmodule/arm64-apple-xros.swiftmodule
Copy /Users/admin/builder/spi-builder-workspace/.derivedData/Build/Products/Debug-xros/GatheredKitProcessInfo.swiftmodule/arm64-apple-xros.swiftdoc /Users/admin/builder/spi-builder-workspace/.derivedData/Build/Intermediates.noindex/GatheredKit.build/Debug-xros/GatheredKitProcessInfo-t.build/Objects-normal/arm64/GatheredKitProcessInfo.swiftdoc (in target 'GatheredKitProcessInfo' from project 'GatheredKit')
cd /Users/admin/builder/spi-builder-workspace
builtin-copy -exclude .DS_Store -exclude CVS -exclude .svn -exclude .git -exclude .hg -resolve-src-symlinks -rename /Users/admin/builder/spi-builder-workspace/.derivedData/Build/Intermediates.noindex/GatheredKit.build/Debug-xros/GatheredKitProcessInfo-t.build/Objects-normal/arm64/GatheredKitProcessInfo.swiftdoc /Users/admin/builder/spi-builder-workspace/.derivedData/Build/Products/Debug-xros/GatheredKitProcessInfo.swiftmodule/arm64-apple-xros.swiftdoc
Copy /Users/admin/builder/spi-builder-workspace/.derivedData/Build/Products/Debug-xros/GatheredKitProcessInfo.swiftmodule/arm64-apple-xros.abi.json /Users/admin/builder/spi-builder-workspace/.derivedData/Build/Intermediates.noindex/GatheredKit.build/Debug-xros/GatheredKitProcessInfo-t.build/Objects-normal/arm64/GatheredKitProcessInfo.abi.json (in target 'GatheredKitProcessInfo' from project 'GatheredKit')
cd /Users/admin/builder/spi-builder-workspace
builtin-copy -exclude .DS_Store -exclude CVS -exclude .svn -exclude .git -exclude .hg -resolve-src-symlinks -rename /Users/admin/builder/spi-builder-workspace/.derivedData/Build/Intermediates.noindex/GatheredKit.build/Debug-xros/GatheredKitProcessInfo-t.build/Objects-normal/arm64/GatheredKitProcessInfo.abi.json /Users/admin/builder/spi-builder-workspace/.derivedData/Build/Products/Debug-xros/GatheredKitProcessInfo.swiftmodule/arm64-apple-xros.abi.json
SwiftDriverJobDiscovery normal arm64 Compiling SourceKind+thermalState.swift (in target 'GatheredKitProcessInfo' from project 'GatheredKit')
Copy /Users/admin/builder/spi-builder-workspace/.derivedData/Build/Products/Debug-xros/GatheredKitProcessInfo.swiftmodule/Project/arm64-apple-xros.swiftsourceinfo /Users/admin/builder/spi-builder-workspace/.derivedData/Build/Intermediates.noindex/GatheredKit.build/Debug-xros/GatheredKitProcessInfo-t.build/Objects-normal/arm64/GatheredKitProcessInfo.swiftsourceinfo (in target 'GatheredKitProcessInfo' from project 'GatheredKit')
cd /Users/admin/builder/spi-builder-workspace
builtin-copy -exclude .DS_Store -exclude CVS -exclude .svn -exclude .git -exclude .hg -resolve-src-symlinks -rename /Users/admin/builder/spi-builder-workspace/.derivedData/Build/Intermediates.noindex/GatheredKit.build/Debug-xros/GatheredKitProcessInfo-t.build/Objects-normal/arm64/GatheredKitProcessInfo.swiftsourceinfo /Users/admin/builder/spi-builder-workspace/.derivedData/Build/Products/Debug-xros/GatheredKitProcessInfo.swiftmodule/Project/arm64-apple-xros.swiftsourceinfo
SwiftExplicitDependencyGeneratePcm arm64 /Users/admin/builder/spi-builder-workspace/.derivedData/SDKExplicitPrecompiledModules/Network-59OXS1WBU0E96MTVI1BQ4Y8O0.pcm
SwiftExplicitDependencyGeneratePcm arm64 /Users/admin/builder/spi-builder-workspace/.derivedData/SDKExplicitPrecompiledModules/MachO-6F2CAO15JWU9TP0S5ZC6PL9IB.pcm
SwiftExplicitDependencyGeneratePcm arm64 /Users/admin/builder/spi-builder-workspace/.derivedData/SDKExplicitPrecompiledModules/ExtensionFoundation-BU61P2CEAMM06XGJDUB248XC8.pcm
SwiftDriverJobDiscovery normal arm64 Emitting module for GatheredKitDevice (in target 'GatheredKitDevice' from project 'GatheredKit')
SwiftDriver\ Compilation\ Requirements GatheredKitDevice normal arm64 com.apple.xcode.tools.swift.compiler (in target 'GatheredKitDevice' from project 'GatheredKit')
cd /Users/admin/builder/spi-builder-workspace/.swiftpm/xcode
builtin-Swift-Compilation-Requirements -- /Applications/Xcode-27.0.0-Release.Candidate.app/Contents/Developer/Toolchains/XcodeDefault.xctoolchain/usr/bin/swiftc -parse-as-library -module-name GatheredKitDevice -Onone @/Users/admin/builder/spi-builder-workspace/.derivedData/Build/Intermediates.noindex/GatheredKit.build/Debug-xros/GatheredKitDevice-t.build/Objects-normal/arm64/GatheredKitDevice.SwiftFileList -DSWIFT_PACKAGE -DDEBUG -DSWIFT_MODULE_RESOURCE_BUNDLE_UNAVAILABLE -DXcode -plugin-path /Applications/Xcode-27.0.0-Release.Candidate.app/Contents/Developer/Toolchains/XcodeDefault.xctoolchain/usr/lib/swift/host/plugins/testing -enable-experimental-feature DebugDescriptionMacro -sdk /Applications/Xcode-27.0.0-Release.Candidate.app/Contents/Developer/Platforms/XROS.platform/Developer/SDKs/XROS27.0.sdk -target arm64-apple-xros1.0 -g -module-cache-path /Users/admin/builder/spi-builder-workspace/.derivedData/ModuleCache.noindex -Xfrontend -serialize-debugging-options -profile-coverage-mapping -profile-generate -enable-testing -index-store-path /Users/admin/builder/spi-builder-workspace/.derivedData/Index.noindex/DataStore -Xcc -D_LIBCPP_HARDENING_MODE\=_LIBCPP_HARDENING_MODE_DEBUG -swift-version 6 -I /Users/admin/builder/spi-builder-workspace/.derivedData/Build/Products/Debug-xros -Isystem /Applications/Xcode-27.0.0-Release.Candidate.app/Contents/Developer/Platforms/XROS.platform/Developer/usr/lib -F /Users/admin/builder/spi-builder-workspace/.derivedData/Build/Products/Debug-xros/PackageFrameworks -F /Users/admin/builder/spi-builder-workspace/.derivedData/Build/Products/Debug-xros -F /Applications/Xcode-27.0.0-Release.Candidate.app/Contents/Developer/Platforms/XROS.platform/Developer/Library/Frameworks -F /Applications/Xcode-27.0.0-Release.Candidate.app/Contents/Developer/Platforms/XROS.platform/Developer/SDKs/XROS27.0.sdk/Developer/Library/Frameworks -Xfrontend -load-plugin-executable -Xfrontend /Users/admin/builder/spi-builder-workspace/.derivedData/Build/Products/Debug/GatheredKitMacrosMacros\#GatheredKitMacrosMacros -c -j10 -enable-batch-mode -incremental -Xcc -ivfsstatcache -Xcc /Users/admin/builder/spi-builder-workspace/.derivedData/SDKStatCaches.noindex/xros27.0-24M361-e829b21a6f8c9b70876ba0858053c044735bd543db762f57723cac368afd1ce4.sdkstatcache -output-file-map /Users/admin/builder/spi-builder-workspace/.derivedData/Build/Intermediates.noindex/GatheredKit.build/Debug-xros/GatheredKitDevice-t.build/Objects-normal/arm64/GatheredKitDevice-OutputFileMap.json -save-temps -no-color-diagnostics -explicit-module-build -module-cache-path /Users/admin/builder/spi-builder-workspace/.derivedData/Build/Intermediates.noindex/SwiftExplicitPrecompiledModules -clang-scanner-module-cache-path /Users/admin/builder/spi-builder-workspace/.derivedData/ModuleCache.noindex -sdk-module-cache-path /Users/admin/builder/spi-builder-workspace/.derivedData/SDKExplicitPrecompiledModules -emit-dependencies -emit-module -emit-module-path /Users/admin/builder/spi-builder-workspace/.derivedData/Build/Intermediates.noindex/GatheredKit.build/Debug-xros/GatheredKitDevice-t.build/Objects-normal/arm64/GatheredKitDevice.swiftmodule -serialize-diagnostics -dependency-scan-serialize-diagnostics-path /Users/admin/builder/spi-builder-workspace/.derivedData/Build/Intermediates.noindex/GatheredKit.build/Debug-xros/GatheredKitDevice-t.build/Objects-normal/arm64/GatheredKitDevice-dependency-scan.dia -validate-clang-modules-once -clang-build-session-file /Users/admin/builder/spi-builder-workspace/.derivedData/ModuleCache.noindex/Session.modulevalidation -Xcc -fmodules-prune-interval\=86400 -Xcc -fmodules-prune-after\=345600 -package-name spi_builder_workspace -emit-const-values -const-gather-protocols-list /Users/admin/builder/spi-builder-workspace/.derivedData/Build/Intermediates.noindex/GatheredKit.build/Debug-xros/GatheredKitDevice-t.build/Objects-normal/arm64/GatheredKitDevice_const_extract_protocols.json -Xcc -I/Users/admin/builder/spi-builder-workspace/.derivedData/Build/Products/Debug-xros/include -Xcc -I/Users/admin/builder/spi-builder-workspace/.derivedData/Build/Intermediates.noindex/GatheredKit.build/Debug-xros/GatheredKitDevice-t.build/DerivedSources-normal/arm64 -Xcc -I/Users/admin/builder/spi-builder-workspace/.derivedData/Build/Intermediates.noindex/GatheredKit.build/Debug-xros/GatheredKitDevice-t.build/DerivedSources/arm64 -Xcc -I/Users/admin/builder/spi-builder-workspace/.derivedData/Build/Intermediates.noindex/GatheredKit.build/Debug-xros/GatheredKitDevice-t.build/DerivedSources -Xcc -DSWIFT_PACKAGE -Xcc -DDEBUG\=1 -emit-objc-header -emit-objc-header-path /Users/admin/builder/spi-builder-workspace/.derivedData/Build/Intermediates.noindex/GatheredKit.build/Debug-xros/GatheredKitDevice-t.build/Objects-normal/arm64/GatheredKitDevice-Swift.h -working-directory /Users/admin/builder/spi-builder-workspace/.swiftpm/xcode -experimental-emit-module-separately -disable-cmo
SwiftExplicitDependencyGeneratePcm arm64 /Users/admin/builder/spi-builder-workspace/.derivedData/SDKExplicitPrecompiledModules/_LocationEssentials-32JNDL0Y7WK6X17R1HPKJCQEE.pcm
SwiftMergeGeneratedHeaders /Users/admin/builder/spi-builder-workspace/.derivedData/Build/Intermediates.noindex/GeneratedModuleMaps-xros/GatheredKitDevice-Swift.h /Users/admin/builder/spi-builder-workspace/.derivedData/Build/Intermediates.noindex/GatheredKit.build/Debug-xros/GatheredKitDevice-t.build/Objects-normal/arm64/GatheredKitDevice-Swift.h (in target 'GatheredKitDevice' from project 'GatheredKit')
cd /Users/admin/builder/spi-builder-workspace
builtin-swiftHeaderTool -arch arm64 /Users/admin/builder/spi-builder-workspace/.derivedData/Build/Intermediates.noindex/GatheredKit.build/Debug-xros/GatheredKitDevice-t.build/Objects-normal/arm64/GatheredKitDevice-Swift.h -o /Users/admin/builder/spi-builder-workspace/.derivedData/Build/Intermediates.noindex/GeneratedModuleMaps-xros/GatheredKitDevice-Swift.h
Copy /Users/admin/builder/spi-builder-workspace/.derivedData/Build/Products/Debug-xros/GatheredKitDevice.swiftmodule/arm64-apple-xros.swiftmodule /Users/admin/builder/spi-builder-workspace/.derivedData/Build/Intermediates.noindex/GatheredKit.build/Debug-xros/GatheredKitDevice-t.build/Objects-normal/arm64/GatheredKitDevice.swiftmodule (in target 'GatheredKitDevice' from project 'GatheredKit')
cd /Users/admin/builder/spi-builder-workspace
builtin-copy -exclude .DS_Store -exclude CVS -exclude .svn -exclude .git -exclude .hg -resolve-src-symlinks -rename /Users/admin/builder/spi-builder-workspace/.derivedData/Build/Intermediates.noindex/GatheredKit.build/Debug-xros/GatheredKitDevice-t.build/Objects-normal/arm64/GatheredKitDevice.swiftmodule /Users/admin/builder/spi-builder-workspace/.derivedData/Build/Products/Debug-xros/GatheredKitDevice.swiftmodule/arm64-apple-xros.swiftmodule
Copy /Users/admin/builder/spi-builder-workspace/.derivedData/Build/Products/Debug-xros/GatheredKitDevice.swiftmodule/arm64-apple-xros.swiftdoc /Users/admin/builder/spi-builder-workspace/.derivedData/Build/Intermediates.noindex/GatheredKit.build/Debug-xros/GatheredKitDevice-t.build/Objects-normal/arm64/GatheredKitDevice.swiftdoc (in target 'GatheredKitDevice' from project 'GatheredKit')
cd /Users/admin/builder/spi-builder-workspace
builtin-copy -exclude .DS_Store -exclude CVS -exclude .svn -exclude .git -exclude .hg -resolve-src-symlinks -rename /Users/admin/builder/spi-builder-workspace/.derivedData/Build/Intermediates.noindex/GatheredKit.build/Debug-xros/GatheredKitDevice-t.build/Objects-normal/arm64/GatheredKitDevice.swiftdoc /Users/admin/builder/spi-builder-workspace/.derivedData/Build/Products/Debug-xros/GatheredKitDevice.swiftmodule/arm64-apple-xros.swiftdoc
Copy /Users/admin/builder/spi-builder-workspace/.derivedData/Build/Products/Debug-xros/GatheredKitDevice.swiftmodule/arm64-apple-xros.abi.json /Users/admin/builder/spi-builder-workspace/.derivedData/Build/Intermediates.noindex/GatheredKit.build/Debug-xros/GatheredKitDevice-t.build/Objects-normal/arm64/GatheredKitDevice.abi.json (in target 'GatheredKitDevice' from project 'GatheredKit')
cd /Users/admin/builder/spi-builder-workspace
builtin-copy -exclude .DS_Store -exclude CVS -exclude .svn -exclude .git -exclude .hg -resolve-src-symlinks -rename /Users/admin/builder/spi-builder-workspace/.derivedData/Build/Intermediates.noindex/GatheredKit.build/Debug-xros/GatheredKitDevice-t.build/Objects-normal/arm64/GatheredKitDevice.abi.json /Users/admin/builder/spi-builder-workspace/.derivedData/Build/Products/Debug-xros/GatheredKitDevice.swiftmodule/arm64-apple-xros.abi.json
Copy /Users/admin/builder/spi-builder-workspace/.derivedData/Build/Products/Debug-xros/GatheredKitDevice.swiftmodule/Project/arm64-apple-xros.swiftsourceinfo /Users/admin/builder/spi-builder-workspace/.derivedData/Build/Intermediates.noindex/GatheredKit.build/Debug-xros/GatheredKitDevice-t.build/Objects-normal/arm64/GatheredKitDevice.swiftsourceinfo (in target 'GatheredKitDevice' from project 'GatheredKit')
cd /Users/admin/builder/spi-builder-workspace
builtin-copy -exclude .DS_Store -exclude CVS -exclude .svn -exclude .git -exclude .hg -resolve-src-symlinks -rename /Users/admin/builder/spi-builder-workspace/.derivedData/Build/Intermediates.noindex/GatheredKit.build/Debug-xros/GatheredKitDevice-t.build/Objects-normal/arm64/GatheredKitDevice.swiftsourceinfo /Users/admin/builder/spi-builder-workspace/.derivedData/Build/Products/Debug-xros/GatheredKitDevice.swiftmodule/Project/arm64-apple-xros.swiftsourceinfo
SwiftExplicitDependencyGeneratePcm arm64 /Users/admin/builder/spi-builder-workspace/.derivedData/SDKExplicitPrecompiledModules/CoreMIDI-3PXS069A7G7J69W6C2O4U64TR.pcm
SwiftExplicitDependencyGeneratePcm arm64 /Users/admin/builder/spi-builder-workspace/.derivedData/SDKExplicitPrecompiledModules/ImageIO-IAKQMD68GVR7DW77YOHGK8X7.pcm
SwiftExplicitDependencyGeneratePcm arm64 /Users/admin/builder/spi-builder-workspace/.derivedData/SDKExplicitPrecompiledModules/_Builtin_intrinsics-3111M8ALPD4YFW0NUUUBCM0JD.pcm
SwiftExplicitDependencyGeneratePcm arm64 /Users/admin/builder/spi-builder-workspace/.derivedData/SDKExplicitPrecompiledModules/_Builtin_tgmath-6A504NZTD9420A66PPDYUHISN.pcm
SwiftExplicitDependencyGeneratePcm arm64 /Users/admin/builder/spi-builder-workspace/.derivedData/SDKExplicitPrecompiledModules/CoreLocation-E62WUNIY48I4BO5WNB3SVVIP8.pcm
SwiftExplicitDependencyGeneratePcm arm64 /Users/admin/builder/spi-builder-workspace/.derivedData/SDKExplicitPrecompiledModules/os-7D3ZMGEZW9BBPJG5AFYWTJQLV.pcm
SwiftDriverJobDiscovery normal arm64 Compiling ThermalState.swift (in target 'GatheredKitProcessInfo' from project 'GatheredKit')
SwiftExplicitDependencyGeneratePcm arm64 /Users/admin/builder/spi-builder-workspace/.derivedData/SDKExplicitPrecompiledModules/IOSurface-2D5KLETWRIPRMLT8HCRTTINH3.pcm
SwiftDriverJobDiscovery normal arm64 Emitting module for GatheredKitExternalAccessory (in target 'GatheredKitExternalAccessory' from project 'GatheredKit')
SwiftDriver\ Compilation\ Requirements GatheredKitExternalAccessory normal arm64 com.apple.xcode.tools.swift.compiler (in target 'GatheredKitExternalAccessory' from project 'GatheredKit')
cd /Users/admin/builder/spi-builder-workspace/.swiftpm/xcode
builtin-Swift-Compilation-Requirements -- /Applications/Xcode-27.0.0-Release.Candidate.app/Contents/Developer/Toolchains/XcodeDefault.xctoolchain/usr/bin/swiftc -parse-as-library -module-name GatheredKitExternalAccessory -Onone @/Users/admin/builder/spi-builder-workspace/.derivedData/Build/Intermediates.noindex/GatheredKit.build/Debug-xros/GatheredKitExternalAccessory-t.build/Objects-normal/arm64/GatheredKitExternalAccessory.SwiftFileList -DSWIFT_PACKAGE -DDEBUG -DSWIFT_MODULE_RESOURCE_BUNDLE_UNAVAILABLE -DXcode -plugin-path /Applications/Xcode-27.0.0-Release.Candidate.app/Contents/Developer/Toolchains/XcodeDefault.xctoolchain/usr/lib/swift/host/plugins/testing -enable-experimental-feature DebugDescriptionMacro -sdk /Applications/Xcode-27.0.0-Release.Candidate.app/Contents/Developer/Platforms/XROS.platform/Developer/SDKs/XROS27.0.sdk -target arm64-apple-xros1.0 -g -module-cache-path /Users/admin/builder/spi-builder-workspace/.derivedData/ModuleCache.noindex -Xfrontend -serialize-debugging-options -profile-coverage-mapping -profile-generate -enable-testing -index-store-path /Users/admin/builder/spi-builder-workspace/.derivedData/Index.noindex/DataStore -Xcc -D_LIBCPP_HARDENING_MODE\=_LIBCPP_HARDENING_MODE_DEBUG -swift-version 6 -I /Users/admin/builder/spi-builder-workspace/.derivedData/Build/Products/Debug-xros -Isystem /Applications/Xcode-27.0.0-Release.Candidate.app/Contents/Developer/Platforms/XROS.platform/Developer/usr/lib -F /Users/admin/builder/spi-builder-workspace/.derivedData/Build/Products/Debug-xros/PackageFrameworks -F /Users/admin/builder/spi-builder-workspace/.derivedData/Build/Products/Debug-xros -F /Applications/Xcode-27.0.0-Release.Candidate.app/Contents/Developer/Platforms/XROS.platform/Developer/Library/Frameworks -F /Applications/Xcode-27.0.0-Release.Candidate.app/Contents/Developer/Platforms/XROS.platform/Developer/SDKs/XROS27.0.sdk/Developer/Library/Frameworks -Xfrontend -load-plugin-executable -Xfrontend /Users/admin/builder/spi-builder-workspace/.derivedData/Build/Products/Debug/GatheredKitMacrosMacros\#GatheredKitMacrosMacros -c -j10 -enable-batch-mode -incremental -Xcc -ivfsstatcache -Xcc /Users/admin/builder/spi-builder-workspace/.derivedData/SDKStatCaches.noindex/xros27.0-24M361-e829b21a6f8c9b70876ba0858053c044735bd543db762f57723cac368afd1ce4.sdkstatcache -output-file-map /Users/admin/builder/spi-builder-workspace/.derivedData/Build/Intermediates.noindex/GatheredKit.build/Debug-xros/GatheredKitExternalAccessory-t.build/Objects-normal/arm64/GatheredKitExternalAccessory-OutputFileMap.json -save-temps -no-color-diagnostics -explicit-module-build -module-cache-path /Users/admin/builder/spi-builder-workspace/.derivedData/Build/Intermediates.noindex/SwiftExplicitPrecompiledModules -clang-scanner-module-cache-path /Users/admin/builder/spi-builder-workspace/.derivedData/ModuleCache.noindex -sdk-module-cache-path /Users/admin/builder/spi-builder-workspace/.derivedData/SDKExplicitPrecompiledModules -emit-dependencies -emit-module -emit-module-path /Users/admin/builder/spi-builder-workspace/.derivedData/Build/Intermediates.noindex/GatheredKit.build/Debug-xros/GatheredKitExternalAccessory-t.build/Objects-normal/arm64/GatheredKitExternalAccessory.swiftmodule -serialize-diagnostics -dependency-scan-serialize-diagnostics-path /Users/admin/builder/spi-builder-workspace/.derivedData/Build/Intermediates.noindex/GatheredKit.build/Debug-xros/GatheredKitExternalAccessory-t.build/Objects-normal/arm64/GatheredKitExternalAccessory-dependency-scan.dia -validate-clang-modules-once -clang-build-session-file /Users/admin/builder/spi-builder-workspace/.derivedData/ModuleCache.noindex/Session.modulevalidation -Xcc -fmodules-prune-interval\=86400 -Xcc -fmodules-prune-after\=345600 -package-name spi_builder_workspace -emit-const-values -const-gather-protocols-list /Users/admin/builder/spi-builder-workspace/.derivedData/Build/Intermediates.noindex/GatheredKit.build/Debug-xros/GatheredKitExternalAccessory-t.build/Objects-normal/arm64/GatheredKitExternalAccessory_const_extract_protocols.json -Xcc -I/Users/admin/builder/spi-builder-workspace/.derivedData/Build/Products/Debug-xros/include -Xcc -I/Users/admin/builder/spi-builder-workspace/.derivedData/Build/Intermediates.noindex/GatheredKit.build/Debug-xros/GatheredKitExternalAccessory-t.build/DerivedSources-normal/arm64 -Xcc -I/Users/admin/builder/spi-builder-workspace/.derivedData/Build/Intermediates.noindex/GatheredKit.build/Debug-xros/GatheredKitExternalAccessory-t.build/DerivedSources/arm64 -Xcc -I/Users/admin/builder/spi-builder-workspace/.derivedData/Build/Intermediates.noindex/GatheredKit.build/Debug-xros/GatheredKitExternalAccessory-t.build/DerivedSources -Xcc -DSWIFT_PACKAGE -Xcc -DDEBUG\=1 -emit-objc-header -emit-objc-header-path /Users/admin/builder/spi-builder-workspace/.derivedData/Build/Intermediates.noindex/GatheredKit.build/Debug-xros/GatheredKitExternalAccessory-t.build/Objects-normal/arm64/GatheredKitExternalAccessory-Swift.h -working-directory /Users/admin/builder/spi-builder-workspace/.swiftpm/xcode -experimental-emit-module-separately -disable-cmo
SwiftExplicitDependencyGeneratePcm arm64 /Users/admin/builder/spi-builder-workspace/.derivedData/SDKExplicitPrecompiledModules/AVRouting-A58BUG9HB1NCTPD2PCCO84ARM.pcm
SwiftDriverJobDiscovery normal arm64 Emitting module for GatheredKitScreen (in target 'GatheredKitScreen' from project 'GatheredKit')
SwiftExplicitDependencyGeneratePcm arm64 /Users/admin/builder/spi-builder-workspace/.derivedData/SDKExplicitPrecompiledModules/NetworkExtension-9F810V0FBGPL0YMZ8LO4E1KWR.pcm
SwiftDriver\ Compilation\ Requirements GatheredKitScreen normal arm64 com.apple.xcode.tools.swift.compiler (in target 'GatheredKitScreen' from project 'GatheredKit')
cd /Users/admin/builder/spi-builder-workspace/.swiftpm/xcode
builtin-Swift-Compilation-Requirements -- /Applications/Xcode-27.0.0-Release.Candidate.app/Contents/Developer/Toolchains/XcodeDefault.xctoolchain/usr/bin/swiftc -parse-as-library -module-name GatheredKitScreen -Onone @/Users/admin/builder/spi-builder-workspace/.derivedData/Build/Intermediates.noindex/GatheredKit.build/Debug-xros/GatheredKitScreen-t.build/Objects-normal/arm64/GatheredKitScreen.SwiftFileList -DSWIFT_PACKAGE -DDEBUG -DSWIFT_MODULE_RESOURCE_BUNDLE_UNAVAILABLE -DXcode -plugin-path /Applications/Xcode-27.0.0-Release.Candidate.app/Contents/Developer/Toolchains/XcodeDefault.xctoolchain/usr/lib/swift/host/plugins/testing -enable-experimental-feature DebugDescriptionMacro -sdk /Applications/Xcode-27.0.0-Release.Candidate.app/Contents/Developer/Platforms/XROS.platform/Developer/SDKs/XROS27.0.sdk -target arm64-apple-xros1.0 -g -module-cache-path /Users/admin/builder/spi-builder-workspace/.derivedData/ModuleCache.noindex -Xfrontend -serialize-debugging-options -profile-coverage-mapping -profile-generate -enable-testing -index-store-path /Users/admin/builder/spi-builder-workspace/.derivedData/Index.noindex/DataStore -Xcc -D_LIBCPP_HARDENING_MODE\=_LIBCPP_HARDENING_MODE_DEBUG -swift-version 6 -I /Users/admin/builder/spi-builder-workspace/.derivedData/Build/Products/Debug-xros -Isystem /Applications/Xcode-27.0.0-Release.Candidate.app/Contents/Developer/Platforms/XROS.platform/Developer/usr/lib -F /Users/admin/builder/spi-builder-workspace/.derivedData/Build/Products/Debug-xros/PackageFrameworks -F /Users/admin/builder/spi-builder-workspace/.derivedData/Build/Products/Debug-xros -F /Applications/Xcode-27.0.0-Release.Candidate.app/Contents/Developer/Platforms/XROS.platform/Developer/Library/Frameworks -F /Applications/Xcode-27.0.0-Release.Candidate.app/Contents/Developer/Platforms/XROS.platform/Developer/SDKs/XROS27.0.sdk/Developer/Library/Frameworks -Xfrontend -load-plugin-executable -Xfrontend /Users/admin/builder/spi-builder-workspace/.derivedData/Build/Products/Debug/GatheredKitMacrosMacros\#GatheredKitMacrosMacros -c -j10 -enable-batch-mode -incremental -Xcc -ivfsstatcache -Xcc /Users/admin/builder/spi-builder-workspace/.derivedData/SDKStatCaches.noindex/xros27.0-24M361-e829b21a6f8c9b70876ba0858053c044735bd543db762f57723cac368afd1ce4.sdkstatcache -output-file-map /Users/admin/builder/spi-builder-workspace/.derivedData/Build/Intermediates.noindex/GatheredKit.build/Debug-xros/GatheredKitScreen-t.build/Objects-normal/arm64/GatheredKitScreen-OutputFileMap.json -save-temps -no-color-diagnostics -explicit-module-build -module-cache-path /Users/admin/builder/spi-builder-workspace/.derivedData/Build/Intermediates.noindex/SwiftExplicitPrecompiledModules -clang-scanner-module-cache-path /Users/admin/builder/spi-builder-workspace/.derivedData/ModuleCache.noindex -sdk-module-cache-path /Users/admin/builder/spi-builder-workspace/.derivedData/SDKExplicitPrecompiledModules -emit-dependencies -emit-module -emit-module-path /Users/admin/builder/spi-builder-workspace/.derivedData/Build/Intermediates.noindex/GatheredKit.build/Debug-xros/GatheredKitScreen-t.build/Objects-normal/arm64/GatheredKitScreen.swiftmodule -serialize-diagnostics -dependency-scan-serialize-diagnostics-path /Users/admin/builder/spi-builder-workspace/.derivedData/Build/Intermediates.noindex/GatheredKit.build/Debug-xros/GatheredKitScreen-t.build/Objects-normal/arm64/GatheredKitScreen-dependency-scan.dia -validate-clang-modules-once -clang-build-session-file /Users/admin/builder/spi-builder-workspace/.derivedData/ModuleCache.noindex/Session.modulevalidation -Xcc -fmodules-prune-interval\=86400 -Xcc -fmodules-prune-after\=345600 -package-name spi_builder_workspace -emit-const-values -const-gather-protocols-list /Users/admin/builder/spi-builder-workspace/.derivedData/Build/Intermediates.noindex/GatheredKit.build/Debug-xros/GatheredKitScreen-t.build/Objects-normal/arm64/GatheredKitScreen_const_extract_protocols.json -Xcc -I/Users/admin/builder/spi-builder-workspace/.derivedData/Build/Products/Debug-xros/include -Xcc -I/Users/admin/builder/spi-builder-workspace/.derivedData/Build/Intermediates.noindex/GatheredKit.build/Debug-xros/GatheredKitScreen-t.build/DerivedSources-normal/arm64 -Xcc -I/Users/admin/builder/spi-builder-workspace/.derivedData/Build/Intermediates.noindex/GatheredKit.build/Debug-xros/GatheredKitScreen-t.build/DerivedSources/arm64 -Xcc -I/Users/admin/builder/spi-builder-workspace/.derivedData/Build/Intermediates.noindex/GatheredKit.build/Debug-xros/GatheredKitScreen-t.build/DerivedSources -Xcc -DSWIFT_PACKAGE -Xcc -DDEBUG\=1 -emit-objc-header -emit-objc-header-path /Users/admin/builder/spi-builder-workspace/.derivedData/Build/Intermediates.noindex/GatheredKit.build/Debug-xros/GatheredKitScreen-t.build/Objects-normal/arm64/GatheredKitScreen-Swift.h -working-directory /Users/admin/builder/spi-builder-workspace/.swiftpm/xcode -experimental-emit-module-separately -disable-cmo
SwiftMergeGeneratedHeaders /Users/admin/builder/spi-builder-workspace/.derivedData/Build/Intermediates.noindex/GeneratedModuleMaps-xros/GatheredKitExternalAccessory-Swift.h /Users/admin/builder/spi-builder-workspace/.derivedData/Build/Intermediates.noindex/GatheredKit.build/Debug-xros/GatheredKitExternalAccessory-t.build/Objects-normal/arm64/GatheredKitExternalAccessory-Swift.h (in target 'GatheredKitExternalAccessory' from project 'GatheredKit')
cd /Users/admin/builder/spi-builder-workspace
builtin-swiftHeaderTool -arch arm64 /Users/admin/builder/spi-builder-workspace/.derivedData/Build/Intermediates.noindex/GatheredKit.build/Debug-xros/GatheredKitExternalAccessory-t.build/Objects-normal/arm64/GatheredKitExternalAccessory-Swift.h -o /Users/admin/builder/spi-builder-workspace/.derivedData/Build/Intermediates.noindex/GeneratedModuleMaps-xros/GatheredKitExternalAccessory-Swift.h
SwiftMergeGeneratedHeaders /Users/admin/builder/spi-builder-workspace/.derivedData/Build/Intermediates.noindex/GeneratedModuleMaps-xros/GatheredKitScreen-Swift.h /Users/admin/builder/spi-builder-workspace/.derivedData/Build/Intermediates.noindex/GatheredKit.build/Debug-xros/GatheredKitScreen-t.build/Objects-normal/arm64/GatheredKitScreen-Swift.h (in target 'GatheredKitScreen' from project 'GatheredKit')
cd /Users/admin/builder/spi-builder-workspace
builtin-swiftHeaderTool -arch arm64 /Users/admin/builder/spi-builder-workspace/.derivedData/Build/Intermediates.noindex/GatheredKit.build/Debug-xros/GatheredKitScreen-t.build/Objects-normal/arm64/GatheredKitScreen-Swift.h -o /Users/admin/builder/spi-builder-workspace/.derivedData/Build/Intermediates.noindex/GeneratedModuleMaps-xros/GatheredKitScreen-Swift.h
Copy /Users/admin/builder/spi-builder-workspace/.derivedData/Build/Products/Debug-xros/GatheredKitScreen.swiftmodule/arm64-apple-xros.swiftmodule /Users/admin/builder/spi-builder-workspace/.derivedData/Build/Intermediates.noindex/GatheredKit.build/Debug-xros/GatheredKitScreen-t.build/Objects-normal/arm64/GatheredKitScreen.swiftmodule (in target 'GatheredKitScreen' from project 'GatheredKit')
cd /Users/admin/builder/spi-builder-workspace
builtin-copy -exclude .DS_Store -exclude CVS -exclude .svn -exclude .git -exclude .hg -resolve-src-symlinks -rename /Users/admin/builder/spi-builder-workspace/.derivedData/Build/Intermediates.noindex/GatheredKit.build/Debug-xros/GatheredKitScreen-t.build/Objects-normal/arm64/GatheredKitScreen.swiftmodule /Users/admin/builder/spi-builder-workspace/.derivedData/Build/Products/Debug-xros/GatheredKitScreen.swiftmodule/arm64-apple-xros.swiftmodule
Copy /Users/admin/builder/spi-builder-workspace/.derivedData/Build/Products/Debug-xros/GatheredKitScreen.swiftmodule/arm64-apple-xros.swiftdoc /Users/admin/builder/spi-builder-workspace/.derivedData/Build/Intermediates.noindex/GatheredKit.build/Debug-xros/GatheredKitScreen-t.build/Objects-normal/arm64/GatheredKitScreen.swiftdoc (in target 'GatheredKitScreen' from project 'GatheredKit')
cd /Users/admin/builder/spi-builder-workspace
builtin-copy -exclude .DS_Store -exclude CVS -exclude .svn -exclude .git -exclude .hg -resolve-src-symlinks -rename /Users/admin/builder/spi-builder-workspace/.derivedData/Build/Intermediates.noindex/GatheredKit.build/Debug-xros/GatheredKitScreen-t.build/Objects-normal/arm64/GatheredKitScreen.swiftdoc /Users/admin/builder/spi-builder-workspace/.derivedData/Build/Products/Debug-xros/GatheredKitScreen.swiftmodule/arm64-apple-xros.swiftdoc
Copy /Users/admin/builder/spi-builder-workspace/.derivedData/Build/Products/Debug-xros/GatheredKitScreen.swiftmodule/arm64-apple-xros.abi.json /Users/admin/builder/spi-builder-workspace/.derivedData/Build/Intermediates.noindex/GatheredKit.build/Debug-xros/GatheredKitScreen-t.build/Objects-normal/arm64/GatheredKitScreen.abi.json (in target 'GatheredKitScreen' from project 'GatheredKit')
cd /Users/admin/builder/spi-builder-workspace
builtin-copy -exclude .DS_Store -exclude CVS -exclude .svn -exclude .git -exclude .hg -resolve-src-symlinks -rename /Users/admin/builder/spi-builder-workspace/.derivedData/Build/Intermediates.noindex/GatheredKit.build/Debug-xros/GatheredKitScreen-t.build/Objects-normal/arm64/GatheredKitScreen.abi.json /Users/admin/builder/spi-builder-workspace/.derivedData/Build/Products/Debug-xros/GatheredKitScreen.swiftmodule/arm64-apple-xros.abi.json
Copy /Users/admin/builder/spi-builder-workspace/.derivedData/Build/Products/Debug-xros/GatheredKitScreen.swiftmodule/Project/arm64-apple-xros.swiftsourceinfo /Users/admin/builder/spi-builder-workspace/.derivedData/Build/Intermediates.noindex/GatheredKit.build/Debug-xros/GatheredKitScreen-t.build/Objects-normal/arm64/GatheredKitScreen.swiftsourceinfo (in target 'GatheredKitScreen' from project 'GatheredKit')
cd /Users/admin/builder/spi-builder-workspace
builtin-copy -exclude .DS_Store -exclude CVS -exclude .svn -exclude .git -exclude .hg -resolve-src-symlinks -rename /Users/admin/builder/spi-builder-workspace/.derivedData/Build/Intermediates.noindex/GatheredKit.build/Debug-xros/GatheredKitScreen-t.build/Objects-normal/arm64/GatheredKitScreen.swiftsourceinfo /Users/admin/builder/spi-builder-workspace/.derivedData/Build/Products/Debug-xros/GatheredKitScreen.swiftmodule/Project/arm64-apple-xros.swiftsourceinfo
Copy /Users/admin/builder/spi-builder-workspace/.derivedData/Build/Products/Debug-xros/GatheredKitExternalAccessory.swiftmodule/arm64-apple-xros.swiftmodule /Users/admin/builder/spi-builder-workspace/.derivedData/Build/Intermediates.noindex/GatheredKit.build/Debug-xros/GatheredKitExternalAccessory-t.build/Objects-normal/arm64/GatheredKitExternalAccessory.swiftmodule (in target 'GatheredKitExternalAccessory' from project 'GatheredKit')
cd /Users/admin/builder/spi-builder-workspace
builtin-copy -exclude .DS_Store -exclude CVS -exclude .svn -exclude .git -exclude .hg -resolve-src-symlinks -rename /Users/admin/builder/spi-builder-workspace/.derivedData/Build/Intermediates.noindex/GatheredKit.build/Debug-xros/GatheredKitExternalAccessory-t.build/Objects-normal/arm64/GatheredKitExternalAccessory.swiftmodule /Users/admin/builder/spi-builder-workspace/.derivedData/Build/Products/Debug-xros/GatheredKitExternalAccessory.swiftmodule/arm64-apple-xros.swiftmodule
Copy /Users/admin/builder/spi-builder-workspace/.derivedData/Build/Products/Debug-xros/GatheredKitExternalAccessory.swiftmodule/arm64-apple-xros.swiftdoc /Users/admin/builder/spi-builder-workspace/.derivedData/Build/Intermediates.noindex/GatheredKit.build/Debug-xros/GatheredKitExternalAccessory-t.build/Objects-normal/arm64/GatheredKitExternalAccessory.swiftdoc (in target 'GatheredKitExternalAccessory' from project 'GatheredKit')
cd /Users/admin/builder/spi-builder-workspace
builtin-copy -exclude .DS_Store -exclude CVS -exclude .svn -exclude .git -exclude .hg -resolve-src-symlinks -rename /Users/admin/builder/spi-builder-workspace/.derivedData/Build/Intermediates.noindex/GatheredKit.build/Debug-xros/GatheredKitExternalAccessory-t.build/Objects-normal/arm64/GatheredKitExternalAccessory.swiftdoc /Users/admin/builder/spi-builder-workspace/.derivedData/Build/Products/Debug-xros/GatheredKitExternalAccessory.swiftmodule/arm64-apple-xros.swiftdoc
Copy /Users/admin/builder/spi-builder-workspace/.derivedData/Build/Products/Debug-xros/GatheredKitExternalAccessory.swiftmodule/arm64-apple-xros.abi.json /Users/admin/builder/spi-builder-workspace/.derivedData/Build/Intermediates.noindex/GatheredKit.build/Debug-xros/GatheredKitExternalAccessory-t.build/Objects-normal/arm64/GatheredKitExternalAccessory.abi.json (in target 'GatheredKitExternalAccessory' from project 'GatheredKit')
cd /Users/admin/builder/spi-builder-workspace
builtin-copy -exclude .DS_Store -exclude CVS -exclude .svn -exclude .git -exclude .hg -resolve-src-symlinks -rename /Users/admin/builder/spi-builder-workspace/.derivedData/Build/Intermediates.noindex/GatheredKit.build/Debug-xros/GatheredKitExternalAccessory-t.build/Objects-normal/arm64/GatheredKitExternalAccessory.abi.json /Users/admin/builder/spi-builder-workspace/.derivedData/Build/Products/Debug-xros/GatheredKitExternalAccessory.swiftmodule/arm64-apple-xros.abi.json
Copy /Users/admin/builder/spi-builder-workspace/.derivedData/Build/Products/Debug-xros/GatheredKitExternalAccessory.swiftmodule/Project/arm64-apple-xros.swiftsourceinfo /Users/admin/builder/spi-builder-workspace/.derivedData/Build/Intermediates.noindex/GatheredKit.build/Debug-xros/GatheredKitExternalAccessory-t.build/Objects-normal/arm64/GatheredKitExternalAccessory.swiftsourceinfo (in target 'GatheredKitExternalAccessory' from project 'GatheredKit')
cd /Users/admin/builder/spi-builder-workspace
builtin-copy -exclude .DS_Store -exclude CVS -exclude .svn -exclude .git -exclude .hg -resolve-src-symlinks -rename /Users/admin/builder/spi-builder-workspace/.derivedData/Build/Intermediates.noindex/GatheredKit.build/Debug-xros/GatheredKitExternalAccessory-t.build/Objects-normal/arm64/GatheredKitExternalAccessory.swiftsourceinfo /Users/admin/builder/spi-builder-workspace/.derivedData/Build/Products/Debug-xros/GatheredKitExternalAccessory.swiftmodule/Project/arm64-apple-xros.swiftsourceinfo
SwiftExplicitDependencyGeneratePcm arm64 /Users/admin/builder/spi-builder-workspace/.derivedData/SDKExplicitPrecompiledModules/CoreAudioTypes-312R5U71UD8UC735GBX55K3US.pcm
Ld /Users/admin/builder/spi-builder-workspace/.derivedData/Build/Products/Debug-xros/GatheredKitUserTracking.o normal (in target 'GatheredKitUserTracking' from project 'GatheredKit')
cd /Users/admin/builder/spi-builder-workspace
/Applications/Xcode-27.0.0-Release.Candidate.app/Contents/Developer/Toolchains/XcodeDefault.xctoolchain/usr/bin/clang -Xlinker -reproducible -target arm64-apple-xros1.0 -r -isysroot /Applications/Xcode-27.0.0-Release.Candidate.app/Contents/Developer/Platforms/XROS.platform/Developer/SDKs/XROS27.0.sdk -O0 -Xlinker -no_warn_duplicate_libraries -F/Users/admin/builder/spi-builder-workspace/.derivedData/Build/Intermediates.noindex/EagerLinkingTBDs/Debug-xros -F/Users/admin/builder/spi-builder-workspace/.derivedData/Build/Products/Debug-xros/PackageFrameworks -F/Users/admin/builder/spi-builder-workspace/.derivedData/Build/Products/Debug-xros -iframework /Applications/Xcode-27.0.0-Release.Candidate.app/Contents/Developer/Platforms/XROS.platform/Developer/Library/Frameworks -iframework /Applications/Xcode-27.0.0-Release.Candidate.app/Contents/Developer/Platforms/XROS.platform/Developer/SDKs/XROS27.0.sdk/Developer/Library/Frameworks -filelist /Users/admin/builder/spi-builder-workspace/.derivedData/Build/Intermediates.noindex/GatheredKit.build/Debug-xros/GatheredKitUserTracking-t.build/Objects-normal/arm64/GatheredKitUserTracking.LinkFileList -nostdlib -Xlinker -object_path_lto -Xlinker /Users/admin/builder/spi-builder-workspace/.derivedData/Build/Intermediates.noindex/GatheredKit.build/Debug-xros/GatheredKitUserTracking-t.build/Objects-normal/arm64/GatheredKitUserTracking_lto.o -Xlinker -no_deduplicate -Xlinker -debug_variant -Xlinker -dependency_info -Xlinker /Users/admin/builder/spi-builder-workspace/.derivedData/Build/Intermediates.noindex/GatheredKit.build/Debug-xros/GatheredKitUserTracking-t.build/Objects-normal/arm64/GatheredKitUserTracking_dependency_info.dat -fobjc-link-runtime -L/Applications/Xcode-27.0.0-Release.Candidate.app/Contents/Developer/Toolchains/XcodeDefault.xctoolchain/usr/lib/swift/xros -L/usr/lib/swift -Xlinker -add_ast_path -Xlinker /Users/admin/builder/spi-builder-workspace/.derivedData/Build/Intermediates.noindex/GatheredKit.build/Debug-xros/GatheredKitUserTracking-t.build/Objects-normal/arm64/GatheredKitUserTracking.swiftmodule -o /Users/admin/builder/spi-builder-workspace/.derivedData/Build/Products/Debug-xros/GatheredKitUserTracking.o
SwiftCompile normal arm64 Compiling\ Screen_watchOS.swift /Users/admin/builder/spi-builder-workspace/Sources/GatheredKitScreen/Screen_watchOS.swift (in target 'GatheredKitScreen' from project 'GatheredKit')
SwiftCompile normal arm64 /Users/admin/builder/spi-builder-workspace/Sources/GatheredKitScreen/Screen_watchOS.swift (in target 'GatheredKitScreen' from project 'GatheredKit')
cd /Users/admin/builder/spi-builder-workspace/.swiftpm/xcode
builtin-SwiftPerFileCompile Screen_watchOS.swift
SwiftCompile normal arm64 Compiling\ Screen_macOS.swift /Users/admin/builder/spi-builder-workspace/Sources/GatheredKitScreen/Screen_macOS.swift (in target 'GatheredKitScreen' from project 'GatheredKit')
SwiftCompile normal arm64 /Users/admin/builder/spi-builder-workspace/Sources/GatheredKitScreen/Screen_macOS.swift (in target 'GatheredKitScreen' from project 'GatheredKit')
cd /Users/admin/builder/spi-builder-workspace/.swiftpm/xcode
builtin-SwiftPerFileCompile Screen_macOS.swift
SwiftExplicitDependencyGeneratePcm arm64 /Users/admin/builder/spi-builder-workspace/.derivedData/SDKExplicitPrecompiledModules/OSLog-3CTW8AFBZNTJNTYU2CNXR306R.pcm
SwiftExplicitDependencyGeneratePcm arm64 /Users/admin/builder/spi-builder-workspace/.derivedData/SDKExplicitPrecompiledModules/OpenGLES-CKJ9EEPIRPNP44Q12R6YOKS1E.pcm
SwiftExplicitDependencyGeneratePcm arm64 /Users/admin/builder/spi-builder-workspace/.derivedData/SDKExplicitPrecompiledModules/Metal-CAKGHYH5ACDACD017V00QOQC9.pcm
SwiftEmitModule normal arm64 Emitting\ module\ for\ GatheredKitLocation (in target 'GatheredKitLocation' from project 'GatheredKit')
SwiftCompile normal arm64 (in target 'GatheredKitLocation' from project 'GatheredKit')
cd /Users/admin/builder/spi-builder-workspace/.swiftpm/xcode
/Users/admin/builder/spi-builder-workspace/Sources/GatheredKitLocation/Sources/Location.swift:6:20: error: type 'Location' does not conform to protocol 'Controllable'
4 | import GatheredKit
5 |
6 | public final class Location: UpdatingSource, Controllable {
| |- error: type 'Location' does not conform to protocol 'Controllable'
| `- note: add stubs for conformance
7 | private enum State {
8 | case notMonitoring
GatheredKit.Controllable.startUpdating:2:17: note: protocol requires function 'startUpdating()' with type '() -> ()'
1 | protocol Controllable {
2 | @MainActor func startUpdating()}
| `- note: protocol requires function 'startUpdating()' with type '() -> ()'
3 |
/Users/admin/builder/spi-builder-workspace/Sources/GatheredKitLocation/Sources/Location.swift:356:10: error: cannot override 'locationManager' which has been marked unavailable
354 | }
355 |
356 | func locationManager(
| `- error: cannot override 'locationManager' which has been marked unavailable
357 | _ manager: CLLocationManager, didChangeAuthorization status: CLAuthorizationStatus
358 | ) {
/Applications/Xcode-27.0.0-Release.Candidate.app/Contents/Developer/Platforms/XROS.platform/Developer/SDKs/XROS27.0.sdk/System/Library/Frameworks/CoreLocation.framework/Headers/CLLocationManagerDelegate.h:164:1: note: 'locationManager(_:didChangeAuthorization:)' has been explicitly marked unavailable here
162 | * Invoked when the authorization status changes for this application.
163 | */
164 | - (void)locationManager:(CLLocationManager *)manager didChangeAuthorizationStatus:(CLAuthorizationStatus)status API_DEPRECATED_WITH_REPLACEMENT("-locationManagerDidChangeAuthorization:", ios(4.2, 14.0), macos(10.7, 11.0), watchos(1.0, 7.0), tvos(9.0, 14.0)) API_UNAVAILABLE(visionos);
| `- note: 'locationManager(_:didChangeAuthorization:)' has been explicitly marked unavailable here
165 |
166 | /*
Failed frontend command:
/Applications/Xcode-27.0.0-Release.Candidate.app/Contents/Developer/Toolchains/XcodeDefault.xctoolchain/usr/bin/swift-frontend -frontend -emit-module -experimental-skip-non-inlinable-function-bodies-without-types /Users/admin/builder/spi-builder-workspace/Sources/GatheredKitLocation/Properties/CoordinateProperty.swift /Users/admin/builder/spi-builder-workspace/Sources/GatheredKitLocation/Properties/OptionalCoordinateProperty.swift /Users/admin/builder/spi-builder-workspace/Sources/GatheredKitLocation/Sources/Location.swift /Users/admin/builder/spi-builder-workspace/Sources/GatheredKitLocation/Sources/SourceKind+location.swift -target arm64-apple-xros1.0 -disable-cross-import-overlay-search -load-resolved-plugin /Applications/Xcode-27.0.0-Release.Candidate.app/Contents/Developer/Platforms/XROS.platform/Developer/usr/lib/swift/host/plugins/libFoundationMacros.dylib\#/Applications/Xcode-27.0.0-Release.Candidate.app/Contents/Developer/Platforms/XROS.platform/Developer/usr/bin/swift-plugin-server\#FoundationMacros -load-resolved-plugin \#/Users/admin/builder/spi-builder-workspace/.derivedData/Build/Products/Debug/GatheredKitMacrosMacros\#GatheredKitMacrosMacros -load-resolved-plugin /Applications/Xcode-27.0.0-Release.Candidate.app/Contents/Developer/Platforms/XROS.platform/Developer/usr/lib/swift/host/plugins/libObservationMacros.dylib\#/Applications/Xcode-27.0.0-Release.Candidate.app/Contents/Developer/Platforms/XROS.platform/Developer/usr/bin/swift-plugin-server\#ObservationMacros -load-resolved-plugin /Applications/Xcode-27.0.0-Release.Candidate.app/Contents/Developer/Platforms/XROS.platform/Developer/usr/lib/swift/host/plugins/libSwiftMacros.dylib\#/Applications/Xcode-27.0.0-Release.Candidate.app/Contents/Developer/Platforms/XROS.platform/Developer/usr/bin/swift-plugin-server\#SwiftMacros -disable-implicit-swift-modules -Xcc -fno-implicit-modules -Xcc -fno-implicit-module-maps -explicit-swift-module-map-file /Users/admin/builder/spi-builder-workspace/.derivedData/Build/Intermediates.noindex/GatheredKit.build/Debug-xros/GatheredKitLocation-t.build/Objects-normal/arm64/GatheredKitLocation-dependencies-1.json -Xllvm -aarch64-use-tbi -enable-objc-interop -stack-check -sdk /Applications/Xcode-27.0.0-Release.Candidate.app/Contents/Developer/Platforms/XROS.platform/Developer/SDKs/XROS27.0.sdk -I /Users/admin/builder/spi-builder-workspace/.derivedData/Build/Products/Debug-xros -Isystem /Applications/Xcode-27.0.0-Release.Candidate.app/Contents/Developer/Platforms/XROS.platform/Developer/usr/lib -F /Users/admin/builder/spi-builder-workspace/.derivedData/Build/Products/Debug-xros/PackageFrameworks -F /Users/admin/builder/spi-builder-workspace/.derivedData/Build/Products/Debug-xros -F /Applications/Xcode-27.0.0-Release.Candidate.app/Contents/Developer/Platforms/XROS.platform/Developer/Library/Frameworks -F /Applications/Xcode-27.0.0-Release.Candidate.app/Contents/Developer/Platforms/XROS.platform/Developer/SDKs/XROS27.0.sdk/Developer/Library/Frameworks -module-cache-path /Users/admin/builder/spi-builder-workspace/.derivedData/Build/Intermediates.noindex/SwiftExplicitPrecompiledModules -no-color-diagnostics -Xcc -fno-color-diagnostics -enable-testing -g -debug-info-format\=dwarf -dwarf-version\=4 -profile-generate -profile-coverage-mapping -swift-version 6 -Onone -D SWIFT_PACKAGE -D DEBUG -D SWIFT_MODULE_RESOURCE_BUNDLE_UNAVAILABLE -D Xcode -serialize-debugging-options -load-plugin-executable /Users/admin/builder/spi-builder-workspace/.derivedData/Build/Products/Debug/GatheredKitMacrosMacros\#GatheredKitMacrosMacros -enable-experimental-feature DebugDescriptionMacro -empty-abi-descriptor -validate-clang-modules-once -clang-build-session-file /Users/admin/builder/spi-builder-workspace/.derivedData/ModuleCache.noindex/Session.modulevalidation -Xcc -working-directory -Xcc /Users/admin/builder/spi-builder-workspace/.swiftpm/xcode -enable-anonymous-context-mangled-names -file-compilation-dir /Users/admin/builder/spi-builder-workspace/.swiftpm/xcode -Xcc -D_LIBCPP_HARDENING_MODE\=_LIBCPP_HARDENING_MODE_DEBUG -Xcc -ivfsstatcache -Xcc /Users/admin/builder/spi-builder-workspace/.derivedData/SDKStatCaches.noindex/xros27.0-24M361-e829b21a6f8c9b70876ba0858053c044735bd543db762f57723cac368afd1ce4.sdkstatcache -Xcc -fmodules-prune-interval\=86400 -Xcc -fmodules-prune-after\=345600 -Xcc -I/Users/admin/builder/spi-builder-workspace/.derivedData/Build/Products/Debug-xros/include -Xcc -I/Users/admin/builder/spi-builder-workspace/.derivedData/Build/Intermediates.noindex/GatheredKit.build/Debug-xros/GatheredKitLocation-t.build/DerivedSources-normal/arm64 -Xcc -I/Users/admin/builder/spi-builder-workspace/.derivedData/Build/Intermediates.noindex/GatheredKit.build/Debug-xros/GatheredKitLocation-t.build/DerivedSources/arm64 -Xcc -I/Users/admin/builder/spi-builder-workspace/.derivedData/Build/Intermediates.noindex/GatheredKit.build/Debug-xros/GatheredKitLocation-t.build/DerivedSources -Xcc -DSWIFT_PACKAGE -Xcc -DDEBUG\=1 -no-auto-bridging-header-chaining -module-name GatheredKitLocation -package-name spi_builder_workspace -const-gather-protocols-file /Users/admin/builder/spi-builder-workspace/.derivedData/Build/Intermediates.noindex/GatheredKit.build/Debug-xros/GatheredKitLocation-t.build/Objects-normal/arm64/GatheredKitLocation_const_extract_protocols.json -disable-clang-spi -clang-target arm64-apple-xros27.0 -target-sdk-version 27.0 -target-sdk-name xros27.0 -in-process-plugin-server-path /Applications/Xcode-27.0.0-Release.Candidate.app/Contents/Developer/Toolchains/XcodeDefault.xctoolchain/usr/lib/swift/host/libSwiftInProcPluginServer.dylib -emit-module-doc-path /Users/admin/builder/spi-builder-workspace/.derivedData/Build/Intermediates.noindex/GatheredKit.build/Debug-xros/GatheredKitLocation-t.build/Objects-normal/arm64/GatheredKitLocation.swiftdoc -emit-module-source-info-path /Users/admin/builder/spi-builder-workspace/.derivedData/Build/Intermediates.noindex/GatheredKit.build/Debug-xros/GatheredKitLocation-t.build/Objects-normal/arm64/GatheredKitLocation.swiftsourceinfo -emit-objc-header-path /Users/admin/builder/spi-builder-workspace/.derivedData/Build/Intermediates.noindex/GatheredKit.build/Debug-xros/GatheredKitLocation-t.build/Objects-normal/arm64/GatheredKitLocation-Swift.h -serialize-diagnostics-path /Users/admin/builder/spi-builder-workspace/.derivedData/Build/Intermediates.noindex/GatheredKit.build/Debug-xros/GatheredKitLocation-t.build/Objects-normal/arm64/GatheredKitLocation-primary-emit-module.dia -emit-dependencies-path /Users/admin/builder/spi-builder-workspace/.derivedData/Build/Intermediates.noindex/GatheredKit.build/Debug-xros/GatheredKitLocation-t.build/Objects-normal/arm64/GatheredKitLocation-primary-emit-module.d -parse-as-library -o /Users/admin/builder/spi-builder-workspace/.derivedData/Build/Intermediates.noindex/GatheredKit.build/Debug-xros/GatheredKitLocation-t.build/Objects-normal/arm64/GatheredKitLocation.swiftmodule -emit-abi-descriptor-path /Users/admin/builder/spi-builder-workspace/.derivedData/Build/Intermediates.noindex/GatheredKit.build/Debug-xros/GatheredKitLocation-t.build/Objects-normal/arm64/GatheredKitLocation.abi.json
SwiftExplicitDependencyGeneratePcm arm64 /Users/admin/builder/spi-builder-workspace/.derivedData/SDKExplicitPrecompiledModules/CoreMotion-DCVNRIJ2COFK7QG37YNW48EGV.pcm
SwiftDriverJobDiscovery normal arm64 Compiling MemoryStatistics.swift (in target 'GatheredKitSystemStatistics' from project 'GatheredKit')
SwiftDriver\ Compilation GatheredKitSystemStatistics normal arm64 com.apple.xcode.tools.swift.compiler (in target 'GatheredKitSystemStatistics' from project 'GatheredKit')
cd /Users/admin/builder/spi-builder-workspace/.swiftpm/xcode
builtin-Swift-Compilation -- /Applications/Xcode-27.0.0-Release.Candidate.app/Contents/Developer/Toolchains/XcodeDefault.xctoolchain/usr/bin/swiftc -parse-as-library -module-name GatheredKitSystemStatistics -Onone @/Users/admin/builder/spi-builder-workspace/.derivedData/Build/Intermediates.noindex/GatheredKit.build/Debug-xros/GatheredKitSystemStatistics-t.build/Objects-normal/arm64/GatheredKitSystemStatistics.SwiftFileList -DSWIFT_PACKAGE -DDEBUG -DSWIFT_MODULE_RESOURCE_BUNDLE_UNAVAILABLE -DXcode -plugin-path /Applications/Xcode-27.0.0-Release.Candidate.app/Contents/Developer/Toolchains/XcodeDefault.xctoolchain/usr/lib/swift/host/plugins/testing -enable-experimental-feature DebugDescriptionMacro -sdk /Applications/Xcode-27.0.0-Release.Candidate.app/Contents/Developer/Platforms/XROS.platform/Developer/SDKs/XROS27.0.sdk -target arm64-apple-xros1.0 -g -module-cache-path /Users/admin/builder/spi-builder-workspace/.derivedData/ModuleCache.noindex -Xfrontend -serialize-debugging-options -profile-coverage-mapping -profile-generate -enable-testing -index-store-path /Users/admin/builder/spi-builder-workspace/.derivedData/Index.noindex/DataStore -Xcc -D_LIBCPP_HARDENING_MODE\=_LIBCPP_HARDENING_MODE_DEBUG -swift-version 6 -I /Users/admin/builder/spi-builder-workspace/.derivedData/Build/Products/Debug-xros -Isystem /Applications/Xcode-27.0.0-Release.Candidate.app/Contents/Developer/Platforms/XROS.platform/Developer/usr/lib -F /Users/admin/builder/spi-builder-workspace/.derivedData/Build/Products/Debug-xros/PackageFrameworks -F /Users/admin/builder/spi-builder-workspace/.derivedData/Build/Products/Debug-xros -F /Applications/Xcode-27.0.0-Release.Candidate.app/Contents/Developer/Platforms/XROS.platform/Developer/Library/Frameworks -F /Applications/Xcode-27.0.0-Release.Candidate.app/Contents/Developer/Platforms/XROS.platform/Developer/SDKs/XROS27.0.sdk/Developer/Library/Frameworks -Xfrontend -load-plugin-executable -Xfrontend /Users/admin/builder/spi-builder-workspace/.derivedData/Build/Products/Debug/GatheredKitMacrosMacros\#GatheredKitMacrosMacros -c -j10 -enable-batch-mode -incremental -Xcc -ivfsstatcache -Xcc /Users/admin/builder/spi-builder-workspace/.derivedData/SDKStatCaches.noindex/xros27.0-24M361-e829b21a6f8c9b70876ba0858053c044735bd543db762f57723cac368afd1ce4.sdkstatcache -output-file-map /Users/admin/builder/spi-builder-workspace/.derivedData/Build/Intermediates.noindex/GatheredKit.build/Debug-xros/GatheredKitSystemStatistics-t.build/Objects-normal/arm64/GatheredKitSystemStatistics-OutputFileMap.json -save-temps -no-color-diagnostics -explicit-module-build -module-cache-path /Users/admin/builder/spi-builder-workspace/.derivedData/Build/Intermediates.noindex/SwiftExplicitPrecompiledModules -clang-scanner-module-cache-path /Users/admin/builder/spi-builder-workspace/.derivedData/ModuleCache.noindex -sdk-module-cache-path /Users/admin/builder/spi-builder-workspace/.derivedData/SDKExplicitPrecompiledModules -emit-dependencies -emit-module -emit-module-path /Users/admin/builder/spi-builder-workspace/.derivedData/Build/Intermediates.noindex/GatheredKit.build/Debug-xros/GatheredKitSystemStatistics-t.build/Objects-normal/arm64/GatheredKitSystemStatistics.swiftmodule -serialize-diagnostics -dependency-scan-serialize-diagnostics-path /Users/admin/builder/spi-builder-workspace/.derivedData/Build/Intermediates.noindex/GatheredKit.build/Debug-xros/GatheredKitSystemStatistics-t.build/Objects-normal/arm64/GatheredKitSystemStatistics-dependency-scan.dia -validate-clang-modules-once -clang-build-session-file /Users/admin/builder/spi-builder-workspace/.derivedData/ModuleCache.noindex/Session.modulevalidation -Xcc -fmodules-prune-interval\=86400 -Xcc -fmodules-prune-after\=345600 -package-name spi_builder_workspace -emit-const-values -const-gather-protocols-list /Users/admin/builder/spi-builder-workspace/.derivedData/Build/Intermediates.noindex/GatheredKit.build/Debug-xros/GatheredKitSystemStatistics-t.build/Objects-normal/arm64/GatheredKitSystemStatistics_const_extract_protocols.json -Xcc -I/Users/admin/builder/spi-builder-workspace/.derivedData/Build/Products/Debug-xros/include -Xcc -I/Users/admin/builder/spi-builder-workspace/.derivedData/Build/Intermediates.noindex/GatheredKit.build/Debug-xros/GatheredKitSystemStatistics-t.build/DerivedSources-normal/arm64 -Xcc -I/Users/admin/builder/spi-builder-workspace/.derivedData/Build/Intermediates.noindex/GatheredKit.build/Debug-xros/GatheredKitSystemStatistics-t.build/DerivedSources/arm64 -Xcc -I/Users/admin/builder/spi-builder-workspace/.derivedData/Build/Intermediates.noindex/GatheredKit.build/Debug-xros/GatheredKitSystemStatistics-t.build/DerivedSources -Xcc -DSWIFT_PACKAGE -Xcc -DDEBUG\=1 -emit-objc-header -emit-objc-header-path /Users/admin/builder/spi-builder-workspace/.derivedData/Build/Intermediates.noindex/GatheredKit.build/Debug-xros/GatheredKitSystemStatistics-t.build/Objects-normal/arm64/GatheredKitSystemStatistics-Swift.h -working-directory /Users/admin/builder/spi-builder-workspace/.swiftpm/xcode -experimental-emit-module-separately -disable-cmo
SwiftExplicitDependencyGeneratePcm arm64 /Users/admin/builder/spi-builder-workspace/.derivedData/SDKExplicitPrecompiledModules/AudioToolbox-BIB990ZQT6Y2YX7R0HKENKU6T.pcm
Ld /Users/admin/builder/spi-builder-workspace/.derivedData/Build/Products/Debug-xros/GatheredKitSystemStatistics.o normal (in target 'GatheredKitSystemStatistics' from project 'GatheredKit')
cd /Users/admin/builder/spi-builder-workspace
/Applications/Xcode-27.0.0-Release.Candidate.app/Contents/Developer/Toolchains/XcodeDefault.xctoolchain/usr/bin/clang -Xlinker -reproducible -target arm64-apple-xros1.0 -r -isysroot /Applications/Xcode-27.0.0-Release.Candidate.app/Contents/Developer/Platforms/XROS.platform/Developer/SDKs/XROS27.0.sdk -O0 -Xlinker -no_warn_duplicate_libraries -F/Users/admin/builder/spi-builder-workspace/.derivedData/Build/Intermediates.noindex/EagerLinkingTBDs/Debug-xros -F/Users/admin/builder/spi-builder-workspace/.derivedData/Build/Products/Debug-xros/PackageFrameworks -F/Users/admin/builder/spi-builder-workspace/.derivedData/Build/Products/Debug-xros -iframework /Applications/Xcode-27.0.0-Release.Candidate.app/Contents/Developer/Platforms/XROS.platform/Developer/Library/Frameworks -iframework /Applications/Xcode-27.0.0-Release.Candidate.app/Contents/Developer/Platforms/XROS.platform/Developer/SDKs/XROS27.0.sdk/Developer/Library/Frameworks -filelist /Users/admin/builder/spi-builder-workspace/.derivedData/Build/Intermediates.noindex/GatheredKit.build/Debug-xros/GatheredKitSystemStatistics-t.build/Objects-normal/arm64/GatheredKitSystemStatistics.LinkFileList -nostdlib -Xlinker -object_path_lto -Xlinker /Users/admin/builder/spi-builder-workspace/.derivedData/Build/Intermediates.noindex/GatheredKit.build/Debug-xros/GatheredKitSystemStatistics-t.build/Objects-normal/arm64/GatheredKitSystemStatistics_lto.o -Xlinker -no_deduplicate -Xlinker -debug_variant -Xlinker -dependency_info -Xlinker /Users/admin/builder/spi-builder-workspace/.derivedData/Build/Intermediates.noindex/GatheredKit.build/Debug-xros/GatheredKitSystemStatistics-t.build/Objects-normal/arm64/GatheredKitSystemStatistics_dependency_info.dat -fobjc-link-runtime -L/Applications/Xcode-27.0.0-Release.Candidate.app/Contents/Developer/Toolchains/XcodeDefault.xctoolchain/usr/lib/swift/xros -L/usr/lib/swift -Xlinker -add_ast_path -Xlinker /Users/admin/builder/spi-builder-workspace/.derivedData/Build/Intermediates.noindex/GatheredKit.build/Debug-xros/GatheredKitSystemStatistics-t.build/Objects-normal/arm64/GatheredKitSystemStatistics.swiftmodule -o /Users/admin/builder/spi-builder-workspace/.derivedData/Build/Products/Debug-xros/GatheredKitSystemStatistics.o
SwiftExplicitDependencyGeneratePcm arm64 /Users/admin/builder/spi-builder-workspace/.derivedData/SDKExplicitPrecompiledModules/CoreAudio-BNVVZ0H6VD0B9Q2N4KZUSB6RB.pcm
SwiftDriverJobDiscovery normal arm64 Compiling Screen_watchOS.swift (in target 'GatheredKitScreen' from project 'GatheredKit')
SwiftEmitModule normal arm64 Emitting\ module\ for\ GatheredKitWiFi (in target 'GatheredKitWiFi' from project 'GatheredKit')
SwiftCompile normal arm64 (in target 'GatheredKitWiFi' from project 'GatheredKit')
cd /Users/admin/builder/spi-builder-workspace/.swiftpm/xcode
SwiftCompile normal arm64 Compiling\ SourceKind+wifi.swift /Users/admin/builder/spi-builder-workspace/Sources/GatheredKitWiFi/SourceKind+wifi.swift (in target 'GatheredKitWiFi' from project 'GatheredKit')
SwiftCompile normal arm64 /Users/admin/builder/spi-builder-workspace/Sources/GatheredKitWiFi/SourceKind+wifi.swift (in target 'GatheredKitWiFi' from project 'GatheredKit')
cd /Users/admin/builder/spi-builder-workspace/.swiftpm/xcode
builtin-SwiftPerFileCompile SourceKind+wifi.swift
SwiftDriverJobDiscovery normal arm64 Compiling Screen_macOS.swift (in target 'GatheredKitScreen' from project 'GatheredKit')
SwiftCompile normal arm64 Compiling\ WiFi.swift /Users/admin/builder/spi-builder-workspace/Sources/GatheredKitWiFi/WiFi.swift (in target 'GatheredKitWiFi' from project 'GatheredKit')
SwiftCompile normal arm64 /Users/admin/builder/spi-builder-workspace/Sources/GatheredKitWiFi/WiFi.swift (in target 'GatheredKitWiFi' from project 'GatheredKit')
cd /Users/admin/builder/spi-builder-workspace/.swiftpm/xcode
builtin-SwiftPerFileCompile WiFi.swift
SwiftCompile normal arm64 Compiling\ WiFiProvider.swift /Users/admin/builder/spi-builder-workspace/Sources/GatheredKitWiFi/WiFiProvider.swift (in target 'GatheredKitWiFi' from project 'GatheredKit')
SwiftCompile normal arm64 /Users/admin/builder/spi-builder-workspace/Sources/GatheredKitWiFi/WiFiProvider.swift (in target 'GatheredKitWiFi' from project 'GatheredKit')
cd /Users/admin/builder/spi-builder-workspace/.swiftpm/xcode
builtin-SwiftPerFileCompile WiFiProvider.swift
SwiftCompile normal arm64 Compiling\ ResolutionProperty.swift,\ ResolutionMeasurement.swift /Users/admin/builder/spi-builder-workspace/Sources/GatheredKitScreen/Properties/ResolutionProperty.swift /Users/admin/builder/spi-builder-workspace/Sources/GatheredKitScreen/ResolutionMeasurement.swift (in target 'GatheredKitScreen' from project 'GatheredKit')
SwiftCompile normal arm64 /Users/admin/builder/spi-builder-workspace/Sources/GatheredKitScreen/Properties/ResolutionProperty.swift (in target 'GatheredKitScreen' from project 'GatheredKit')
cd /Users/admin/builder/spi-builder-workspace/.swiftpm/xcode
builtin-SwiftPerFileCompile ResolutionProperty.swift
SwiftCompile normal arm64 /Users/admin/builder/spi-builder-workspace/Sources/GatheredKitScreen/ResolutionMeasurement.swift (in target 'GatheredKitScreen' from project 'GatheredKit')
cd /Users/admin/builder/spi-builder-workspace/.swiftpm/xcode
builtin-SwiftPerFileCompile ResolutionMeasurement.swift
SwiftExplicitDependencyGeneratePcm arm64 /Users/admin/builder/spi-builder-workspace/.derivedData/SDKExplicitPrecompiledModules/simd-7J2M7D2SOHYQ7IO8MYH2RXTKH.pcm
SwiftCompile normal arm64 Compiling\ NSColorSpaceFormatter.swift,\ NSColorSpaceModelFormatter.swift /Users/admin/builder/spi-builder-workspace/Sources/GatheredKitScreen/Formatters/NSColorSpaceFormatter.swift /Users/admin/builder/spi-builder-workspace/Sources/GatheredKitScreen/Formatters/NSColorSpaceModelFormatter.swift (in target 'GatheredKitScreen' from project 'GatheredKit')
SwiftCompile normal arm64 /Users/admin/builder/spi-builder-workspace/Sources/GatheredKitScreen/Formatters/NSColorSpaceFormatter.swift (in target 'GatheredKitScreen' from project 'GatheredKit')
cd /Users/admin/builder/spi-builder-workspace/.swiftpm/xcode
builtin-SwiftPerFileCompile NSColorSpaceFormatter.swift
SwiftCompile normal arm64 /Users/admin/builder/spi-builder-workspace/Sources/GatheredKitScreen/Formatters/NSColorSpaceModelFormatter.swift (in target 'GatheredKitScreen' from project 'GatheredKit')
cd /Users/admin/builder/spi-builder-workspace/.swiftpm/xcode
builtin-SwiftPerFileCompile NSColorSpaceModelFormatter.swift
SwiftEmitModule normal arm64 Emitting\ module\ for\ GatheredKitMotion (in target 'GatheredKitMotion' from project 'GatheredKit')
SwiftCompile normal arm64 (in target 'GatheredKitMotion' from project 'GatheredKit')
cd /Users/admin/builder/spi-builder-workspace/.swiftpm/xcode
SwiftCompile normal arm64 Compiling\ ScreenProvider_macOS.swift /Users/admin/builder/spi-builder-workspace/Sources/GatheredKitScreen/ScreenProvider_macOS.swift (in target 'GatheredKitScreen' from project 'GatheredKit')
SwiftCompile normal arm64 /Users/admin/builder/spi-builder-workspace/Sources/GatheredKitScreen/ScreenProvider_macOS.swift (in target 'GatheredKitScreen' from project 'GatheredKit')
cd /Users/admin/builder/spi-builder-workspace/.swiftpm/xcode
builtin-SwiftPerFileCompile ScreenProvider_macOS.swift
SwiftExplicitDependencyGeneratePcm arm64 /Users/admin/builder/spi-builder-workspace/.derivedData/SDKExplicitPrecompiledModules/CoreVideo-4PK3Q849TG28PPFW9ON3UC1O9.pcm
SwiftDriverJobDiscovery normal arm64 Compiling NSColorSpaceFormatter.swift, NSColorSpaceModelFormatter.swift (in target 'GatheredKitScreen' from project 'GatheredKit')
SwiftCompile normal arm64 Compiling\ UnitResolution.swift /Users/admin/builder/spi-builder-workspace/Sources/GatheredKitScreen/Units/UnitResolution.swift (in target 'GatheredKitScreen' from project 'GatheredKit')
SwiftCompile normal arm64 /Users/admin/builder/spi-builder-workspace/Sources/GatheredKitScreen/Units/UnitResolution.swift (in target 'GatheredKitScreen' from project 'GatheredKit')
cd /Users/admin/builder/spi-builder-workspace/.swiftpm/xcode
builtin-SwiftPerFileCompile UnitResolution.swift
SwiftDriverJobDiscovery normal arm64 Compiling SourceKind+wifi.swift (in target 'GatheredKitWiFi' from project 'GatheredKit')
SwiftCompile normal arm64 Compiling\ SourceKind+screen.swift /Users/admin/builder/spi-builder-workspace/Sources/GatheredKitScreen/SourceKind+screen.swift (in target 'GatheredKitScreen' from project 'GatheredKit')
SwiftCompile normal arm64 /Users/admin/builder/spi-builder-workspace/Sources/GatheredKitScreen/SourceKind+screen.swift (in target 'GatheredKitScreen' from project 'GatheredKit')
cd /Users/admin/builder/spi-builder-workspace/.swiftpm/xcode
builtin-SwiftPerFileCompile SourceKind+screen.swift
SwiftDriverJobDiscovery normal arm64 Emitting module for GatheredKitWiFi (in target 'GatheredKitWiFi' from project 'GatheredKit')
SwiftDriver\ Compilation\ Requirements GatheredKitWiFi normal arm64 com.apple.xcode.tools.swift.compiler (in target 'GatheredKitWiFi' from project 'GatheredKit')
cd /Users/admin/builder/spi-builder-workspace/.swiftpm/xcode
builtin-Swift-Compilation-Requirements -- /Applications/Xcode-27.0.0-Release.Candidate.app/Contents/Developer/Toolchains/XcodeDefault.xctoolchain/usr/bin/swiftc -parse-as-library -module-name GatheredKitWiFi -Onone @/Users/admin/builder/spi-builder-workspace/.derivedData/Build/Intermediates.noindex/GatheredKit.build/Debug-xros/GatheredKitWiFi-t.build/Objects-normal/arm64/GatheredKitWiFi.SwiftFileList -DSWIFT_PACKAGE -DDEBUG -DSWIFT_MODULE_RESOURCE_BUNDLE_UNAVAILABLE -DXcode -plugin-path /Applications/Xcode-27.0.0-Release.Candidate.app/Contents/Developer/Toolchains/XcodeDefault.xctoolchain/usr/lib/swift/host/plugins/testing -enable-experimental-feature DebugDescriptionMacro -sdk /Applications/Xcode-27.0.0-Release.Candidate.app/Contents/Developer/Platforms/XROS.platform/Developer/SDKs/XROS27.0.sdk -target arm64-apple-xros1.0 -g -module-cache-path /Users/admin/builder/spi-builder-workspace/.derivedData/ModuleCache.noindex -Xfrontend -serialize-debugging-options -profile-coverage-mapping -profile-generate -enable-testing -index-store-path /Users/admin/builder/spi-builder-workspace/.derivedData/Index.noindex/DataStore -Xcc -D_LIBCPP_HARDENING_MODE\=_LIBCPP_HARDENING_MODE_DEBUG -swift-version 6 -I /Users/admin/builder/spi-builder-workspace/.derivedData/Build/Products/Debug-xros -Isystem /Applications/Xcode-27.0.0-Release.Candidate.app/Contents/Developer/Platforms/XROS.platform/Developer/usr/lib -F /Users/admin/builder/spi-builder-workspace/.derivedData/Build/Products/Debug-xros/PackageFrameworks -F /Users/admin/builder/spi-builder-workspace/.derivedData/Build/Products/Debug-xros -F /Applications/Xcode-27.0.0-Release.Candidate.app/Contents/Developer/Platforms/XROS.platform/Developer/Library/Frameworks -F /Applications/Xcode-27.0.0-Release.Candidate.app/Contents/Developer/Platforms/XROS.platform/Developer/SDKs/XROS27.0.sdk/Developer/Library/Frameworks -Xfrontend -load-plugin-executable -Xfrontend /Users/admin/builder/spi-builder-workspace/.derivedData/Build/Products/Debug/GatheredKitMacrosMacros\#GatheredKitMacrosMacros -c -j10 -enable-batch-mode -incremental -Xcc -ivfsstatcache -Xcc /Users/admin/builder/spi-builder-workspace/.derivedData/SDKStatCaches.noindex/xros27.0-24M361-e829b21a6f8c9b70876ba0858053c044735bd543db762f57723cac368afd1ce4.sdkstatcache -output-file-map /Users/admin/builder/spi-builder-workspace/.derivedData/Build/Intermediates.noindex/GatheredKit.build/Debug-xros/GatheredKitWiFi-t.build/Objects-normal/arm64/GatheredKitWiFi-OutputFileMap.json -save-temps -no-color-diagnostics -explicit-module-build -module-cache-path /Users/admin/builder/spi-builder-workspace/.derivedData/Build/Intermediates.noindex/SwiftExplicitPrecompiledModules -clang-scanner-module-cache-path /Users/admin/builder/spi-builder-workspace/.derivedData/ModuleCache.noindex -sdk-module-cache-path /Users/admin/builder/spi-builder-workspace/.derivedData/SDKExplicitPrecompiledModules -emit-dependencies -emit-module -emit-module-path /Users/admin/builder/spi-builder-workspace/.derivedData/Build/Intermediates.noindex/GatheredKit.build/Debug-xros/GatheredKitWiFi-t.build/Objects-normal/arm64/GatheredKitWiFi.swiftmodule -serialize-diagnostics -dependency-scan-serialize-diagnostics-path /Users/admin/builder/spi-builder-workspace/.derivedData/Build/Intermediates.noindex/GatheredKit.build/Debug-xros/GatheredKitWiFi-t.build/Objects-normal/arm64/GatheredKitWiFi-dependency-scan.dia -validate-clang-modules-once -clang-build-session-file /Users/admin/builder/spi-builder-workspace/.derivedData/ModuleCache.noindex/Session.modulevalidation -Xcc -fmodules-prune-interval\=86400 -Xcc -fmodules-prune-after\=345600 -package-name spi_builder_workspace -emit-const-values -const-gather-protocols-list /Users/admin/builder/spi-builder-workspace/.derivedData/Build/Intermediates.noindex/GatheredKit.build/Debug-xros/GatheredKitWiFi-t.build/Objects-normal/arm64/GatheredKitWiFi_const_extract_protocols.json -Xcc -I/Users/admin/builder/spi-builder-workspace/.derivedData/Build/Products/Debug-xros/include -Xcc -I/Users/admin/builder/spi-builder-workspace/.derivedData/Build/Intermediates.noindex/GatheredKit.build/Debug-xros/GatheredKitWiFi-t.build/DerivedSources-normal/arm64 -Xcc -I/Users/admin/builder/spi-builder-workspace/.derivedData/Build/Intermediates.noindex/GatheredKit.build/Debug-xros/GatheredKitWiFi-t.build/DerivedSources/arm64 -Xcc -I/Users/admin/builder/spi-builder-workspace/.derivedData/Build/Intermediates.noindex/GatheredKit.build/Debug-xros/GatheredKitWiFi-t.build/DerivedSources -Xcc -DSWIFT_PACKAGE -Xcc -DDEBUG\=1 -emit-objc-header -emit-objc-header-path /Users/admin/builder/spi-builder-workspace/.derivedData/Build/Intermediates.noindex/GatheredKit.build/Debug-xros/GatheredKitWiFi-t.build/Objects-normal/arm64/GatheredKitWiFi-Swift.h -working-directory /Users/admin/builder/spi-builder-workspace/.swiftpm/xcode -experimental-emit-module-separately -disable-cmo
PruneExplicitPrecompiledModules /Users/admin/builder/spi-builder-workspace/.derivedData/Build/Intermediates.noindex/SwiftExplicitPrecompiledModules
PruneExplicitPrecompiledModules /Users/admin/builder/spi-builder-workspace/.derivedData/SDKExplicitPrecompiledModules
PruneExplicitPrecompiledModules /Users/admin/builder/spi-builder-workspace/.derivedData/Build/Intermediates.noindex/ExplicitPrecompiledModules
2026-09-19 08:44:27.880 xcodebuild[999:6063] [MT] IDERunDestination: Supported platforms for the buildables in the current scheme is empty.
2026-09-19 08:44:27.980 xcodebuild[999:6063] [MT] IDERunDestination: Supported platforms for the buildables in the current scheme is empty.
** BUILD FAILED **
The following build commands failed:
SwiftCompile normal arm64 (in target 'GatheredKitLocation' from project 'GatheredKit')
SwiftEmitModule normal arm64 Emitting\ module\ for\ GatheredKitLocation (in target 'GatheredKitLocation' from project 'GatheredKit')
Building workspace GatheredKit with scheme GatheredKit-Package
(3 failures)
Command line invocation:
/Applications/Xcode-27.0.0-Release.Candidate.app/Contents/Developer/usr/bin/xcodebuild -IDEClonedSourcePackagesDirPathOverride=/Users/admin/builder/spi-builder-workspace/.dependencies -resolvePackageDependencies
Resolve Package Graph
Resolved source packages:
GatheredKit: /Users/admin/builder/spi-builder-workspace
swift-syntax: https://github.com/swiftlang/swift-syntax @ 601.0.1
SwiftDocCPlugin: https://github.com/apple/swift-docc-plugin @ 1.0.0
swift-algorithms: https://github.com/apple/swift-algorithms.git @ 1.2.1
swift-numerics: https://github.com/apple/swift-numerics.git @ 1.1.1
resolved source packages: GatheredKit, swift-syntax, SwiftDocCPlugin, swift-algorithms, swift-numerics
2026-09-19 08:45:12.740 xcodebuild[1819:10527] [MT] IDERunDestination: Supported platforms for the buildables in the current scheme is empty.
2026-09-19 08:45:12.839 xcodebuild[1819:10527] [MT] IDERunDestination: Supported platforms for the buildables in the current scheme is empty.
{
"dependencies" : [
{
"identity" : "swift-docc-plugin",
"requirement" : {
"exact" : [
"1.0.0"
]
},
"type" : "sourceControl",
"url" : "https://github.com/apple/swift-docc-plugin"
},
{
"identity" : "swift-syntax",
"requirement" : {
"range" : [
{
"lower_bound" : "600.0.0",
"upper_bound" : "602.0.0"
}
]
},
"type" : "sourceControl",
"url" : "https://github.com/swiftlang/swift-syntax"
},
{
"identity" : "swift-algorithms",
"requirement" : {
"range" : [
{
"lower_bound" : "1.0.0",
"upper_bound" : "2.0.0"
}
]
},
"type" : "sourceControl",
"url" : "https://github.com/apple/swift-algorithms.git"
}
],
"manifest_display_name" : "GatheredKit",
"name" : "GatheredKit",
"path" : "/Users/admin/builder/spi-builder-workspace",
"platforms" : [
{
"name" : "macos",
"version" : "12.0"
},
{
"name" : "ios",
"version" : "15.0"
},
{
"name" : "tvos",
"version" : "15.0"
},
{
"name" : "watchos",
"version" : "8.0"
},
{
"name" : "maccatalyst",
"version" : "15.0"
}
],
"products" : [
{
"name" : "GatheredKit",
"targets" : [
"GatheredKit"
],
"type" : {
"library" : [
"automatic"
]
}
},
{
"name" : "GatheredKitCamera",
"targets" : [
"GatheredKitCamera"
],
"type" : {
"library" : [
"automatic"
]
}
},
{
"name" : "GatheredKitDevice",
"targets" : [
"GatheredKitDevice"
],
"type" : {
"library" : [
"automatic"
]
}
},
{
"name" : "GatheredKitExternalAccessory",
"targets" : [
"GatheredKitExternalAccessory"
],
"type" : {
"library" : [
"automatic"
]
}
},
{
"name" : "GatheredKitLocation",
"targets" : [
"GatheredKitLocation"
],
"type" : {
"library" : [
"automatic"
]
}
},
{
"name" : "GatheredKitMotion",
"targets" : [
"GatheredKitMotion"
],
"type" : {
"library" : [
"automatic"
]
}
},
{
"name" : "GatheredKitProcessInfo",
"targets" : [
"GatheredKitProcessInfo"
],
"type" : {
"library" : [
"automatic"
]
}
},
{
"name" : "GatheredKitScreen",
"targets" : [
"GatheredKitScreen"
],
"type" : {
"library" : [
"automatic"
]
}
},
{
"name" : "GatheredKitSystemStatistics",
"targets" : [
"GatheredKitSystemStatistics"
],
"type" : {
"library" : [
"automatic"
]
}
},
{
"name" : "GatheredKitTestHelpers",
"targets" : [
"GatheredKitTestHelpers"
],
"type" : {
"library" : [
"automatic"
]
}
},
{
"name" : "GatheredKitUserTracking",
"targets" : [
"GatheredKitUserTracking"
],
"type" : {
"library" : [
"automatic"
]
}
},
{
"name" : "GatheredKitWiFi",
"targets" : [
"GatheredKitWiFi"
],
"type" : {
"library" : [
"automatic"
]
}
},
{
"name" : "GatheredKitMacrosMacros",
"targets" : [
"GatheredKitMacrosMacros"
],
"type" : {
"macro" : null
}
}
],
"targets" : [
{
"c99name" : "GatheredKitWiFi",
"module_type" : "SwiftTarget",
"name" : "GatheredKitWiFi",
"path" : "Sources/GatheredKitWiFi",
"product_memberships" : [
"GatheredKitWiFi"
],
"sources" : [
"SourceKind+wifi.swift",
"WiFi.swift",
"WiFiProvider.swift"
],
"target_dependencies" : [
"GatheredKit",
"GatheredKitMacros"
],
"type" : "library"
},
{
"c99name" : "GatheredKitUserTracking",
"module_type" : "SwiftTarget",
"name" : "GatheredKitUserTracking",
"path" : "Sources/GatheredKitUserTracking",
"product_memberships" : [
"GatheredKitUserTracking"
],
"sources" : [
"SourceKind+userTracking.swift",
"UserTracking.swift"
],
"target_dependencies" : [
"GatheredKit",
"GatheredKitMacros"
],
"type" : "library"
},
{
"c99name" : "GatheredKitTests",
"module_type" : "SwiftTarget",
"name" : "GatheredKitTests",
"path" : "Tests/GatheredKitTests",
"sources" : [
"MicroTeslaTests.swift",
"PlatformTests.swift",
"PropertyIdentifierTests.swift",
"SourceIdentifierTests.swift",
"SourceProviderIdentifierTests.swift"
],
"target_dependencies" : [
"GatheredKit",
"GatheredKitTestHelpers"
],
"type" : "test"
},
{
"c99name" : "GatheredKitTestHelpers",
"module_type" : "SwiftTarget",
"name" : "GatheredKitTestHelpers",
"path" : "Sources/GatheredKitTestHelpers",
"product_memberships" : [
"GatheredKitTestHelpers"
],
"sources" : [
"Mocks/MockNotificationCenter.swift"
],
"target_dependencies" : [
"GatheredKit"
],
"type" : "library"
},
{
"c99name" : "GatheredKitSystemStatistics",
"module_type" : "SwiftTarget",
"name" : "GatheredKitSystemStatistics",
"path" : "Sources/GatheredKitSystemStatistics",
"product_memberships" : [
"GatheredKitSystemStatistics"
],
"sources" : [
"MemoryStatistics.swift",
"SourceKind+memoryUsage.swift"
],
"target_dependencies" : [
"GatheredKit",
"GatheredKitMacros"
],
"type" : "library"
},
{
"c99name" : "GatheredKitScreenTests",
"module_type" : "SwiftTarget",
"name" : "GatheredKitScreenTests",
"path" : "Tests/GatheredKitScreenTests",
"sources" : [
"MockScreen.swift",
"ScreenTests_iOS_tvOS.swift",
"UnitResolutionTests.swift"
],
"target_dependencies" : [
"GatheredKitScreen",
"GatheredKitTestHelpers"
],
"type" : "test"
},
{
"c99name" : "GatheredKitScreen",
"module_type" : "SwiftTarget",
"name" : "GatheredKitScreen",
"path" : "Sources/GatheredKitScreen",
"product_memberships" : [
"GatheredKitScreen"
],
"sources" : [
"Formatters/NSColorSpaceFormatter.swift",
"Formatters/NSColorSpaceModelFormatter.swift",
"Properties/NSColorSpaceProperty.swift",
"Properties/OptionalNSColorSpaceProperty.swift",
"Properties/ResolutionProperty.swift",
"ResolutionMeasurement.swift",
"ScreenProvider_iOS_tvOS.swift",
"ScreenProvider_macOS.swift",
"Screen_iOS_tvOS.swift",
"Screen_macOS.swift",
"Screen_watchOS.swift",
"SourceKind+screen.swift",
"Units/UnitResolution.swift"
],
"target_dependencies" : [
"GatheredKit",
"GatheredKitMacros"
],
"type" : "library"
},
{
"c99name" : "GatheredKitProcessInfo",
"module_type" : "SwiftTarget",
"name" : "GatheredKitProcessInfo",
"path" : "Sources/GatheredKitProcessInfo",
"product_memberships" : [
"GatheredKitProcessInfo"
],
"sources" : [
"SourceKind+thermalState.swift",
"ThermalState.swift"
],
"target_dependencies" : [
"GatheredKit",
"GatheredKitMacros"
],
"type" : "library"
},
{
"c99name" : "GatheredKitMotion",
"module_type" : "SwiftTarget",
"name" : "GatheredKitMotion",
"path" : "Sources/GatheredKitMotion",
"product_memberships" : [
"GatheredKitMotion"
],
"sources" : [
"Formatters/CMAccelerationFormatter.swift",
"Formatters/CMAttitudeFormatter.swift",
"Formatters/CMCalibratedMagneticFieldFormatter.swift",
"Formatters/CMMagneticFieldFormatter.swift",
"Formatters/CMQuaternionFormatter.swift",
"Formatters/CMRotationMatrixFormatter.swift",
"Formatters/CMRotationRateFormatter.swift",
"Formatters/MagneticFieldCalibrationAccuracyFormatter.swift",
"Properties/CMAbsoluteAltitudeDataProperty.swift",
"Properties/CMAccelerationProperty.swift",
"Properties/CMAttitudeProperty.swift",
"Properties/CMCalibratedMagneticFieldProperty.swift",
"Properties/CMMagneticFieldProperty.swift",
"Properties/CMQuaternionProperty.swift",
"Properties/CMRotationMatrixProperty.swift",
"Properties/CMRotationRateProperty.swift",
"Properties/MagneticFieldCalibrationAccuracyProperty.swift",
"Properties/OptionalCMAbsoluteAltitudeDataProperty.swift",
"Properties/OptionalCMAccelerationProperty.swift",
"Properties/OptionalCMAttitudeProperty.swift",
"Properties/OptionalCMCalibratedMagneticFieldProperty.swift",
"Properties/OptionalCMMagneticFieldProperty.swift",
"Properties/OptionalCMQuaternionProperty.swift",
"Properties/OptionalCMRotationMatrixProperty.swift",
"Properties/OptionalCMRotationRateProperty.swift",
"Sources/Accelerometer.swift",
"Sources/Altimeter.swift",
"Sources/CMLogItem+date.swift",
"Sources/CMMotionManager+shared.swift",
"Sources/DeviceMotion.swift",
"Sources/Gyroscope.swift",
"Sources/Magnetometer.swift",
"Sources/SourceKind+motionSources.swift"
],
"target_dependencies" : [
"GatheredKit",
"GatheredKitMacros"
],
"type" : "library"
},
{
"c99name" : "GatheredKitMacrosMacrosTests",
"module_type" : "SwiftTarget",
"name" : "GatheredKitMacrosMacrosTests",
"path" : "Tests/GatheredKitMacrosMacrosTests",
"product_dependencies" : [
"SwiftSyntaxMacrosTestSupport"
],
"sources" : [
"SourceKindsMacroTests.swift"
],
"target_dependencies" : [
"GatheredKitMacrosMacros"
],
"type" : "test"
},
{
"c99name" : "GatheredKitMacrosMacros",
"module_type" : "SwiftTarget",
"name" : "GatheredKitMacrosMacros",
"path" : "Sources/GatheredKitMacrosMacros",
"product_dependencies" : [
"Algorithms",
"SwiftDiagnostics",
"SwiftSyntax",
"SwiftSyntaxMacros",
"SwiftCompilerPlugin"
],
"product_memberships" : [
"GatheredKitCamera",
"GatheredKitDevice",
"GatheredKitExternalAccessory",
"GatheredKitLocation",
"GatheredKitMotion",
"GatheredKitProcessInfo",
"GatheredKitScreen",
"GatheredKitSystemStatistics",
"GatheredKitUserTracking",
"GatheredKitWiFi",
"GatheredKitMacrosMacros"
],
"sources" : [
"Dignostics/GatheredKitDiagnosticMessage.swift",
"Dignostics/GatheredKitFixItMessage.swift",
"Dignostics/MessageID+GatheredKit.swift",
"MAcros.swift"
],
"type" : "macro"
},
{
"c99name" : "GatheredKitMacros",
"module_type" : "SwiftTarget",
"name" : "GatheredKitMacros",
"path" : "Sources/GatheredKitMacros",
"product_memberships" : [
"GatheredKitCamera",
"GatheredKitDevice",
"GatheredKitExternalAccessory",
"GatheredKitLocation",
"GatheredKitMotion",
"GatheredKitProcessInfo",
"GatheredKitScreen",
"GatheredKitSystemStatistics",
"GatheredKitUserTracking",
"GatheredKitWiFi"
],
"sources" : [
"Macros.swift"
],
"target_dependencies" : [
"GatheredKit",
"GatheredKitMacrosMacros"
],
"type" : "library"
},
{
"c99name" : "GatheredKitLocationTests",
"module_type" : "SwiftTarget",
"name" : "GatheredKitLocationTests",
"path" : "Tests/GatheredKitLocationTests",
"sources" : [
"LocationTests.swift",
"MockLocationManager.swift"
],
"target_dependencies" : [
"GatheredKitLocation"
],
"type" : "test"
},
{
"c99name" : "GatheredKitLocation",
"module_type" : "SwiftTarget",
"name" : "GatheredKitLocation",
"path" : "Sources/GatheredKitLocation",
"product_memberships" : [
"GatheredKitLocation"
],
"sources" : [
"Properties/CoordinateProperty.swift",
"Properties/OptionalCoordinateProperty.swift",
"Sources/Location.swift",
"Sources/SourceKind+location.swift"
],
"target_dependencies" : [
"GatheredKit",
"GatheredKitMacros"
],
"type" : "library"
},
{
"c99name" : "GatheredKitExternalAccessory",
"module_type" : "SwiftTarget",
"name" : "GatheredKitExternalAccessory",
"path" : "Sources/GatheredKitExternalAccessory",
"product_memberships" : [
"GatheredKitExternalAccessory"
],
"sources" : [
"ExternalAccessory.swift",
"ExternalAccessoryProvider.swift",
"SourceKind+externalAccessory.swift"
],
"target_dependencies" : [
"GatheredKit",
"GatheredKitMacros"
],
"type" : "library"
},
{
"c99name" : "GatheredKitDevice",
"module_type" : "SwiftTarget",
"name" : "GatheredKitDevice",
"path" : "Sources/GatheredKitDevice",
"product_memberships" : [
"GatheredKitDevice"
],
"sources" : [
"Battery/Battery.swift",
"Battery/SourceKind+battery.swift"
],
"target_dependencies" : [
"GatheredKit",
"GatheredKitMacros"
],
"type" : "library"
},
{
"c99name" : "GatheredKitCamera",
"module_type" : "SwiftTarget",
"name" : "GatheredKitCamera",
"path" : "Sources/GatheredKitCamera",
"product_memberships" : [
"GatheredKitCamera"
],
"sources" : [
"AVCaptureDevicePositionFormatStyle.swift",
"Camera.swift",
"CameraProvider.swift",
"SourceKind+camera.swift"
],
"target_dependencies" : [
"GatheredKit",
"GatheredKitMacros"
],
"type" : "library"
},
{
"c99name" : "GatheredKit",
"module_type" : "SwiftTarget",
"name" : "GatheredKit",
"path" : "Sources/GatheredKit",
"product_memberships" : [
"GatheredKit",
"GatheredKitCamera",
"GatheredKitDevice",
"GatheredKitExternalAccessory",
"GatheredKitLocation",
"GatheredKitMotion",
"GatheredKitProcessInfo",
"GatheredKitScreen",
"GatheredKitSystemStatistics",
"GatheredKitTestHelpers",
"GatheredKitUserTracking",
"GatheredKitWiFi"
],
"sources" : [
"Controllable/Controllable.swift",
"Controllable/ControllableError.swift",
"Controllable/CustomisableUpdateIntervalControllable.swift",
"Extensions/OperationQueue+convenience.swift",
"Extensions/String+localized.swift",
"Extensions/castToOptional.swift",
"Properties/MeasurementProperty.swift",
"Properties/OptionalMeasurementProperty.swift",
"PropertiesProvider/ManuallyUpdatablePropertiesProvider.swift",
"PropertiesProvider/PropertiesProviding.swift",
"Property/OptionalProperty.swift",
"Property/PrimitiveProperty.swift",
"Property/Property.swift",
"Property/PropertyIdentifier.swift",
"Property/ReadOnlyProperty.swift",
"Property/ScaleProperty.swift",
"Property/Snapshot.swift",
"Property/UpdatableProperty.swift",
"Source/BasePollingSource.swift",
"Source/Source.swift",
"Source/SourceAvailability.swift",
"Source/SourceError.swift",
"Source/SourceEvent.swift",
"Source/SourceIdentifier.swift",
"Source/SourceKind.swift",
"Source/UpdatingSource.swift",
"SourceProvider/ControllableSourceProvider.swift",
"SourceProvider/SingleSourceProvider.swift",
"SourceProvider/SourceProvider.swift",
"SourceProvider/SourceProviderEvent.swift",
"SourceProvider/SourceProviderIdentifier.swift",
"SourceProvider/UpdatingSourceProvider.swift",
"Units/UnitFrequency+radiansPerSecond.swift",
"Units/UnitMagneticField.swift"
],
"type" : "library"
}
],
"tools_version" : "6.1"
}
{
"workspace" : {
"name" : "GatheredKit",
"schemes" : [
"GatheredKit",
"GatheredKit-Package",
"GatheredKitCamera",
"GatheredKitDevice",
"GatheredKitExternalAccessory",
"GatheredKitLocation",
"GatheredKitMotion",
"GatheredKitProcessInfo",
"GatheredKitScreen",
"GatheredKitSystemStatistics",
"GatheredKitTestHelpers",
"GatheredKitUserTracking",
"GatheredKitWiFi"
]
}
}
2026-09-19 08:45:19.410 xcodebuild[1868:10860] [MT] IDERunDestination: Supported platforms for the buildables in the current scheme is empty.
2026-09-19 08:45:19.510 xcodebuild[1868:10860] [MT] IDERunDestination: Supported platforms for the buildables in the current scheme is empty.
{
"workspace" : {
"name" : "GatheredKit",
"schemes" : [
"GatheredKit",
"GatheredKit-Package",
"GatheredKitCamera",
"GatheredKitDevice",
"GatheredKitExternalAccessory",
"GatheredKitLocation",
"GatheredKitMotion",
"GatheredKitProcessInfo",
"GatheredKitScreen",
"GatheredKitSystemStatistics",
"GatheredKitTestHelpers",
"GatheredKitUserTracking",
"GatheredKitWiFi"
]
}
}
2026-09-19 08:45:25.713 xcodebuild[1911:11169] [MT] IDERunDestination: Supported platforms for the buildables in the current scheme is empty.
2026-09-19 08:45:25.814 xcodebuild[1911:11169] [MT] IDERunDestination: Supported platforms for the buildables in the current scheme is empty.
Running build ...
env DEVELOPER_DIR=/Applications/Xcode-27.0.0-Release.Candidate.app xcrun xcodebuild -IDEClonedSourcePackagesDirPathOverride=$PWD/.dependencies -skipMacroValidation -skipPackagePluginValidation -derivedDataPath $PWD/.derivedData build -scheme GatheredKit-Package -destination generic/platform=xrOS
Command line invocation:
/Applications/Xcode-27.0.0-Release.Candidate.app/Contents/Developer/usr/bin/xcodebuild -IDEClonedSourcePackagesDirPathOverride=/Users/admin/builder/spi-builder-workspace/.dependencies -skipMacroValidation -skipPackagePluginValidation -derivedDataPath /Users/admin/builder/spi-builder-workspace/.derivedData build -scheme GatheredKit-Package -destination generic/platform=xrOS
Resolve Package Graph
Resolved source packages:
swift-syntax: https://github.com/swiftlang/swift-syntax @ 601.0.1
swift-numerics: https://github.com/apple/swift-numerics.git @ 1.1.1
GatheredKit: /Users/admin/builder/spi-builder-workspace
SwiftDocCPlugin: https://github.com/apple/swift-docc-plugin @ 1.0.0
swift-algorithms: https://github.com/apple/swift-algorithms.git @ 1.2.1
ComputePackagePrebuildTargetDependencyGraph
Prepare packages
CreateBuildRequest
SendProjectDescription
CreateBuildOperation
ComputeTargetDependencyGraph
note: Building targets in dependency order
note: Target dependency graph (53 targets)
Target 'GatheredKitSystemStatistics-product' in project 'GatheredKit'
➜ Explicit dependency on target 'GatheredKitSystemStatistics' in project 'GatheredKit'
➜ Explicit dependency on target 'GatheredKit' in project 'GatheredKit'
➜ Explicit dependency on target 'GatheredKitMacrosMacros' in project 'GatheredKit'
➜ Explicit dependency on target 'GatheredKitMacros' in project 'GatheredKit'
Target 'GatheredKitSystemStatistics' in project 'GatheredKit'
➜ Explicit dependency on target 'GatheredKit' in project 'GatheredKit'
➜ Explicit dependency on target 'GatheredKitMacrosMacros' in project 'GatheredKit'
➜ Explicit dependency on target 'GatheredKitMacros' in project 'GatheredKit'
Target 'GatheredKitWiFi-product' in project 'GatheredKit'
➜ Explicit dependency on target 'GatheredKitWiFi' in project 'GatheredKit'
➜ Explicit dependency on target 'GatheredKit' in project 'GatheredKit'
➜ Explicit dependency on target 'GatheredKitMacrosMacros' in project 'GatheredKit'
➜ Explicit dependency on target 'GatheredKitMacros' in project 'GatheredKit'
Target 'GatheredKitWiFi' in project 'GatheredKit'
➜ Explicit dependency on target 'GatheredKit' in project 'GatheredKit'
➜ Explicit dependency on target 'GatheredKitMacrosMacros' in project 'GatheredKit'
➜ Explicit dependency on target 'GatheredKitMacros' in project 'GatheredKit'
Target 'GatheredKitUserTracking-product' in project 'GatheredKit'
➜ Explicit dependency on target 'GatheredKitUserTracking' in project 'GatheredKit'
➜ Explicit dependency on target 'GatheredKit' in project 'GatheredKit'
➜ Explicit dependency on target 'GatheredKitMacrosMacros' in project 'GatheredKit'
➜ Explicit dependency on target 'GatheredKitMacros' in project 'GatheredKit'
Target 'GatheredKitUserTracking' in project 'GatheredKit'
➜ Explicit dependency on target 'GatheredKit' in project 'GatheredKit'
➜ Explicit dependency on target 'GatheredKitMacrosMacros' in project 'GatheredKit'
➜ Explicit dependency on target 'GatheredKitMacros' in project 'GatheredKit'
Target 'GatheredKitDevice-product' in project 'GatheredKit'
➜ Explicit dependency on target 'GatheredKitDevice' in project 'GatheredKit'
➜ Explicit dependency on target 'GatheredKit' in project 'GatheredKit'
➜ Explicit dependency on target 'GatheredKitMacrosMacros' in project 'GatheredKit'
➜ Explicit dependency on target 'GatheredKitMacros' in project 'GatheredKit'
Target 'GatheredKitDevice' in project 'GatheredKit'
➜ Explicit dependency on target 'GatheredKit' in project 'GatheredKit'
➜ Explicit dependency on target 'GatheredKitMacrosMacros' in project 'GatheredKit'
➜ Explicit dependency on target 'GatheredKitMacros' in project 'GatheredKit'
Target 'GatheredKitExternalAccessory-product' in project 'GatheredKit'
➜ Explicit dependency on target 'GatheredKitExternalAccessory' in project 'GatheredKit'
➜ Explicit dependency on target 'GatheredKit' in project 'GatheredKit'
➜ Explicit dependency on target 'GatheredKitMacrosMacros' in project 'GatheredKit'
➜ Explicit dependency on target 'GatheredKitMacros' in project 'GatheredKit'
Target 'GatheredKitExternalAccessory' in project 'GatheredKit'
➜ Explicit dependency on target 'GatheredKit' in project 'GatheredKit'
➜ Explicit dependency on target 'GatheredKitMacrosMacros' in project 'GatheredKit'
➜ Explicit dependency on target 'GatheredKitMacros' in project 'GatheredKit'
Target 'GatheredKitProcessInfo-product' in project 'GatheredKit'
➜ Explicit dependency on target 'GatheredKitProcessInfo' in project 'GatheredKit'
➜ Explicit dependency on target 'GatheredKit' in project 'GatheredKit'
➜ Explicit dependency on target 'GatheredKitMacrosMacros' in project 'GatheredKit'
➜ Explicit dependency on target 'GatheredKitMacros' in project 'GatheredKit'
Target 'GatheredKitProcessInfo' in project 'GatheredKit'
➜ Explicit dependency on target 'GatheredKit' in project 'GatheredKit'
➜ Explicit dependency on target 'GatheredKitMacrosMacros' in project 'GatheredKit'
➜ Explicit dependency on target 'GatheredKitMacros' in project 'GatheredKit'
Target 'GatheredKitCamera-product' in project 'GatheredKit'
➜ Explicit dependency on target 'GatheredKitCamera' in project 'GatheredKit'
➜ Explicit dependency on target 'GatheredKit' in project 'GatheredKit'
➜ Explicit dependency on target 'GatheredKitMacrosMacros' in project 'GatheredKit'
➜ Explicit dependency on target 'GatheredKitMacros' in project 'GatheredKit'
Target 'GatheredKitCamera' in project 'GatheredKit'
➜ Explicit dependency on target 'GatheredKit' in project 'GatheredKit'
➜ Explicit dependency on target 'GatheredKitMacrosMacros' in project 'GatheredKit'
➜ Explicit dependency on target 'GatheredKitMacros' in project 'GatheredKit'
Target 'GatheredKitScreenTests-product' in project 'GatheredKit'
➜ Explicit dependency on target 'GatheredKit' in project 'GatheredKit'
➜ Explicit dependency on target 'GatheredKitMacrosMacros' in project 'GatheredKit'
➜ Explicit dependency on target 'GatheredKitMacros' in project 'GatheredKit'
➜ Explicit dependency on target 'GatheredKitScreen' in project 'GatheredKit'
➜ Explicit dependency on target 'GatheredKitTestHelpers' in project 'GatheredKit'
Target 'GatheredKitLocationTests-product' in project 'GatheredKit'
➜ Explicit dependency on target 'GatheredKit' in project 'GatheredKit'
➜ Explicit dependency on target 'GatheredKitMacrosMacros' in project 'GatheredKit'
➜ Explicit dependency on target 'GatheredKitMacros' in project 'GatheredKit'
➜ Explicit dependency on target 'GatheredKitLocation' in project 'GatheredKit'
Target 'GatheredKitTestHelpers-product' in project 'GatheredKit'
➜ Explicit dependency on target 'GatheredKitTestHelpers' in project 'GatheredKit'
➜ Explicit dependency on target 'GatheredKit' in project 'GatheredKit'
Target 'GatheredKitTestHelpers' in project 'GatheredKit'
➜ Explicit dependency on target 'GatheredKit' in project 'GatheredKit'
Target 'GatheredKitScreen-product' in project 'GatheredKit'
➜ Explicit dependency on target 'GatheredKitScreen' in project 'GatheredKit'
➜ Explicit dependency on target 'GatheredKit' in project 'GatheredKit'
➜ Explicit dependency on target 'GatheredKitMacrosMacros' in project 'GatheredKit'
➜ Explicit dependency on target 'GatheredKitMacros' in project 'GatheredKit'
Target 'GatheredKitScreen' in project 'GatheredKit'
➜ Explicit dependency on target 'GatheredKit' in project 'GatheredKit'
➜ Explicit dependency on target 'GatheredKitMacrosMacros' in project 'GatheredKit'
➜ Explicit dependency on target 'GatheredKitMacros' in project 'GatheredKit'
Target 'GatheredKitMotion-product' in project 'GatheredKit'
➜ Explicit dependency on target 'GatheredKitMotion' in project 'GatheredKit'
➜ Explicit dependency on target 'GatheredKit' in project 'GatheredKit'
➜ Explicit dependency on target 'GatheredKitMacrosMacros' in project 'GatheredKit'
➜ Explicit dependency on target 'GatheredKitMacros' in project 'GatheredKit'
Target 'GatheredKitMotion' in project 'GatheredKit'
➜ Explicit dependency on target 'GatheredKit' in project 'GatheredKit'
➜ Explicit dependency on target 'GatheredKitMacrosMacros' in project 'GatheredKit'
➜ Explicit dependency on target 'GatheredKitMacros' in project 'GatheredKit'
Target 'GatheredKitLocation-product' in project 'GatheredKit'
➜ Explicit dependency on target 'GatheredKitLocation' in project 'GatheredKit'
➜ Explicit dependency on target 'GatheredKit' in project 'GatheredKit'
➜ Explicit dependency on target 'GatheredKitMacrosMacros' in project 'GatheredKit'
➜ Explicit dependency on target 'GatheredKitMacros' in project 'GatheredKit'
Target 'GatheredKitLocation' in project 'GatheredKit'
➜ Explicit dependency on target 'GatheredKit' in project 'GatheredKit'
➜ Explicit dependency on target 'GatheredKitMacrosMacros' in project 'GatheredKit'
➜ Explicit dependency on target 'GatheredKitMacros' in project 'GatheredKit'
Target 'GatheredKitMacros' in project 'GatheredKit'
➜ Explicit dependency on target 'GatheredKit' in project 'GatheredKit'
➜ Explicit dependency on target 'GatheredKitMacrosMacros' in project 'GatheredKit'
Target 'GatheredKitMacrosMacros' in project 'GatheredKit'
➜ Explicit dependency on target 'Algorithms-product' in project 'swift-algorithms'
➜ Explicit dependency on target 'SwiftDiagnostics-product' in project 'swift-syntax'
➜ Explicit dependency on target 'SwiftSyntax-product' in project 'swift-syntax'
➜ Explicit dependency on target 'SwiftSyntaxMacros-product' in project 'swift-syntax'
➜ Explicit dependency on target 'SwiftCompilerPlugin-product' in project 'swift-syntax'
Target 'SwiftCompilerPlugin-product' in project 'swift-syntax'
➜ Explicit dependency on target 'SwiftCompilerPlugin' in project 'swift-syntax'
➜ Explicit dependency on target '_SwiftSyntaxCShims' in project 'swift-syntax'
➜ Explicit dependency on target 'SwiftSyntax509' in project 'swift-syntax'
➜ Explicit dependency on target 'SwiftSyntax510' in project 'swift-syntax'
➜ Explicit dependency on target 'SwiftSyntax600' in project 'swift-syntax'
➜ Explicit dependency on target 'SwiftSyntax601' in project 'swift-syntax'
➜ Explicit dependency on target 'SwiftSyntax' in project 'swift-syntax'
➜ Explicit dependency on target 'SwiftDiagnostics' in project 'swift-syntax'
➜ Explicit dependency on target 'SwiftParser' in project 'swift-syntax'
➜ Explicit dependency on target 'SwiftOperators' in project 'swift-syntax'
➜ Explicit dependency on target 'SwiftBasicFormat' in project 'swift-syntax'
➜ Explicit dependency on target 'SwiftParserDiagnostics' in project 'swift-syntax'
➜ Explicit dependency on target 'SwiftSyntaxBuilder' in project 'swift-syntax'
➜ Explicit dependency on target 'SwiftSyntaxMacros' in project 'swift-syntax'
➜ Explicit dependency on target 'SwiftSyntaxMacroExpansion' in project 'swift-syntax'
➜ Explicit dependency on target 'SwiftCompilerPluginMessageHandling' in project 'swift-syntax'
Target 'SwiftCompilerPlugin' in project 'swift-syntax'
➜ Explicit dependency on target '_SwiftSyntaxCShims' in project 'swift-syntax'
➜ Explicit dependency on target 'SwiftSyntax509' in project 'swift-syntax'
➜ Explicit dependency on target 'SwiftSyntax510' in project 'swift-syntax'
➜ Explicit dependency on target 'SwiftSyntax600' in project 'swift-syntax'
➜ Explicit dependency on target 'SwiftSyntax601' in project 'swift-syntax'
➜ Explicit dependency on target 'SwiftSyntax' in project 'swift-syntax'
➜ Explicit dependency on target 'SwiftDiagnostics' in project 'swift-syntax'
➜ Explicit dependency on target 'SwiftParser' in project 'swift-syntax'
➜ Explicit dependency on target 'SwiftOperators' in project 'swift-syntax'
➜ Explicit dependency on target 'SwiftBasicFormat' in project 'swift-syntax'
➜ Explicit dependency on target 'SwiftParserDiagnostics' in project 'swift-syntax'
➜ Explicit dependency on target 'SwiftSyntaxBuilder' in project 'swift-syntax'
➜ Explicit dependency on target 'SwiftSyntaxMacros' in project 'swift-syntax'
➜ Explicit dependency on target 'SwiftSyntaxMacroExpansion' in project 'swift-syntax'
➜ Explicit dependency on target 'SwiftCompilerPluginMessageHandling' in project 'swift-syntax'
Target 'SwiftCompilerPluginMessageHandling' in project 'swift-syntax'
➜ Explicit dependency on target '_SwiftSyntaxCShims' in project 'swift-syntax'
➜ Explicit dependency on target 'SwiftSyntax509' in project 'swift-syntax'
➜ Explicit dependency on target 'SwiftSyntax510' in project 'swift-syntax'
➜ Explicit dependency on target 'SwiftSyntax600' in project 'swift-syntax'
➜ Explicit dependency on target 'SwiftSyntax601' in project 'swift-syntax'
➜ Explicit dependency on target 'SwiftSyntax' in project 'swift-syntax'
➜ Explicit dependency on target 'SwiftDiagnostics' in project 'swift-syntax'
➜ Explicit dependency on target 'SwiftParser' in project 'swift-syntax'
➜ Explicit dependency on target 'SwiftOperators' in project 'swift-syntax'
➜ Explicit dependency on target 'SwiftBasicFormat' in project 'swift-syntax'
➜ Explicit dependency on target 'SwiftParserDiagnostics' in project 'swift-syntax'
➜ Explicit dependency on target 'SwiftSyntaxBuilder' in project 'swift-syntax'
➜ Explicit dependency on target 'SwiftSyntaxMacros' in project 'swift-syntax'
➜ Explicit dependency on target 'SwiftSyntaxMacroExpansion' in project 'swift-syntax'
Target 'SwiftSyntaxMacroExpansion' in project 'swift-syntax'
➜ Explicit dependency on target '_SwiftSyntaxCShims' in project 'swift-syntax'
➜ Explicit dependency on target 'SwiftSyntax509' in project 'swift-syntax'
➜ Explicit dependency on target 'SwiftSyntax510' in project 'swift-syntax'
➜ Explicit dependency on target 'SwiftSyntax600' in project 'swift-syntax'
➜ Explicit dependency on target 'SwiftSyntax601' in project 'swift-syntax'
➜ Explicit dependency on target 'SwiftSyntax' in project 'swift-syntax'
➜ Explicit dependency on target 'SwiftBasicFormat' in project 'swift-syntax'
➜ Explicit dependency on target 'SwiftParser' in project 'swift-syntax'
➜ Explicit dependency on target 'SwiftDiagnostics' in project 'swift-syntax'
➜ Explicit dependency on target 'SwiftParserDiagnostics' in project 'swift-syntax'
➜ Explicit dependency on target 'SwiftSyntaxBuilder' in project 'swift-syntax'
➜ Explicit dependency on target 'SwiftSyntaxMacros' in project 'swift-syntax'
➜ Explicit dependency on target 'SwiftOperators' in project 'swift-syntax'
Target 'SwiftOperators' in project 'swift-syntax'
➜ Explicit dependency on target '_SwiftSyntaxCShims' in project 'swift-syntax'
➜ Explicit dependency on target 'SwiftSyntax509' in project 'swift-syntax'
➜ Explicit dependency on target 'SwiftSyntax510' in project 'swift-syntax'
➜ Explicit dependency on target 'SwiftSyntax600' in project 'swift-syntax'
➜ Explicit dependency on target 'SwiftSyntax601' in project 'swift-syntax'
➜ Explicit dependency on target 'SwiftSyntax' in project 'swift-syntax'
➜ Explicit dependency on target 'SwiftDiagnostics' in project 'swift-syntax'
➜ Explicit dependency on target 'SwiftParser' in project 'swift-syntax'
Target 'SwiftSyntaxMacros-product' in project 'swift-syntax'
➜ Explicit dependency on target 'SwiftSyntaxMacros' in project 'swift-syntax'
➜ Explicit dependency on target '_SwiftSyntaxCShims' in project 'swift-syntax'
➜ Explicit dependency on target 'SwiftSyntax509' in project 'swift-syntax'
➜ Explicit dependency on target 'SwiftSyntax510' in project 'swift-syntax'
➜ Explicit dependency on target 'SwiftSyntax600' in project 'swift-syntax'
➜ Explicit dependency on target 'SwiftSyntax601' in project 'swift-syntax'
➜ Explicit dependency on target 'SwiftSyntax' in project 'swift-syntax'
➜ Explicit dependency on target 'SwiftDiagnostics' in project 'swift-syntax'
➜ Explicit dependency on target 'SwiftParser' in project 'swift-syntax'
➜ Explicit dependency on target 'SwiftBasicFormat' in project 'swift-syntax'
➜ Explicit dependency on target 'SwiftParserDiagnostics' in project 'swift-syntax'
➜ Explicit dependency on target 'SwiftSyntaxBuilder' in project 'swift-syntax'
Target 'SwiftSyntaxMacros' in project 'swift-syntax'
➜ Explicit dependency on target '_SwiftSyntaxCShims' in project 'swift-syntax'
➜ Explicit dependency on target 'SwiftSyntax509' in project 'swift-syntax'
➜ Explicit dependency on target 'SwiftSyntax510' in project 'swift-syntax'
➜ Explicit dependency on target 'SwiftSyntax600' in project 'swift-syntax'
➜ Explicit dependency on target 'SwiftSyntax601' in project 'swift-syntax'
➜ Explicit dependency on target 'SwiftSyntax' in project 'swift-syntax'
➜ Explicit dependency on target 'SwiftDiagnostics' in project 'swift-syntax'
➜ Explicit dependency on target 'SwiftParser' in project 'swift-syntax'
➜ Explicit dependency on target 'SwiftBasicFormat' in project 'swift-syntax'
➜ Explicit dependency on target 'SwiftParserDiagnostics' in project 'swift-syntax'
➜ Explicit dependency on target 'SwiftSyntaxBuilder' in project 'swift-syntax'
Target 'SwiftSyntaxBuilder' in project 'swift-syntax'
➜ Explicit dependency on target '_SwiftSyntaxCShims' in project 'swift-syntax'
➜ Explicit dependency on target 'SwiftSyntax509' in project 'swift-syntax'
➜ Explicit dependency on target 'SwiftSyntax510' in project 'swift-syntax'
➜ Explicit dependency on target 'SwiftSyntax600' in project 'swift-syntax'
➜ Explicit dependency on target 'SwiftSyntax601' in project 'swift-syntax'
➜ Explicit dependency on target 'SwiftSyntax' in project 'swift-syntax'
➜ Explicit dependency on target 'SwiftBasicFormat' in project 'swift-syntax'
➜ Explicit dependency on target 'SwiftParser' in project 'swift-syntax'
➜ Explicit dependency on target 'SwiftDiagnostics' in project 'swift-syntax'
➜ Explicit dependency on target 'SwiftParserDiagnostics' in project 'swift-syntax'
Target 'SwiftParserDiagnostics' in project 'swift-syntax'
➜ Explicit dependency on target '_SwiftSyntaxCShims' in project 'swift-syntax'
➜ Explicit dependency on target 'SwiftSyntax509' in project 'swift-syntax'
➜ Explicit dependency on target 'SwiftSyntax510' in project 'swift-syntax'
➜ Explicit dependency on target 'SwiftSyntax600' in project 'swift-syntax'
➜ Explicit dependency on target 'SwiftSyntax601' in project 'swift-syntax'
➜ Explicit dependency on target 'SwiftSyntax' in project 'swift-syntax'
➜ Explicit dependency on target 'SwiftBasicFormat' in project 'swift-syntax'
➜ Explicit dependency on target 'SwiftDiagnostics' in project 'swift-syntax'
➜ Explicit dependency on target 'SwiftParser' in project 'swift-syntax'
Target 'SwiftBasicFormat' in project 'swift-syntax'
➜ Explicit dependency on target '_SwiftSyntaxCShims' in project 'swift-syntax'
➜ Explicit dependency on target 'SwiftSyntax509' in project 'swift-syntax'
➜ Explicit dependency on target 'SwiftSyntax510' in project 'swift-syntax'
➜ Explicit dependency on target 'SwiftSyntax600' in project 'swift-syntax'
➜ Explicit dependency on target 'SwiftSyntax601' in project 'swift-syntax'
➜ Explicit dependency on target 'SwiftSyntax' in project 'swift-syntax'
Target 'SwiftParser' in project 'swift-syntax'
➜ Explicit dependency on target '_SwiftSyntaxCShims' in project 'swift-syntax'
➜ Explicit dependency on target 'SwiftSyntax509' in project 'swift-syntax'
➜ Explicit dependency on target 'SwiftSyntax510' in project 'swift-syntax'
➜ Explicit dependency on target 'SwiftSyntax600' in project 'swift-syntax'
➜ Explicit dependency on target 'SwiftSyntax601' in project 'swift-syntax'
➜ Explicit dependency on target 'SwiftSyntax' in project 'swift-syntax'
Target 'SwiftSyntax-product' in project 'swift-syntax'
➜ Explicit dependency on target 'SwiftSyntax' in project 'swift-syntax'
➜ Explicit dependency on target '_SwiftSyntaxCShims' in project 'swift-syntax'
➜ Explicit dependency on target 'SwiftSyntax509' in project 'swift-syntax'
➜ Explicit dependency on target 'SwiftSyntax510' in project 'swift-syntax'
➜ Explicit dependency on target 'SwiftSyntax600' in project 'swift-syntax'
➜ Explicit dependency on target 'SwiftSyntax601' in project 'swift-syntax'
Target 'SwiftDiagnostics-product' in project 'swift-syntax'
➜ Explicit dependency on target 'SwiftDiagnostics' in project 'swift-syntax'
➜ Explicit dependency on target '_SwiftSyntaxCShims' in project 'swift-syntax'
➜ Explicit dependency on target 'SwiftSyntax509' in project 'swift-syntax'
➜ Explicit dependency on target 'SwiftSyntax510' in project 'swift-syntax'
➜ Explicit dependency on target 'SwiftSyntax600' in project 'swift-syntax'
➜ Explicit dependency on target 'SwiftSyntax601' in project 'swift-syntax'
➜ Explicit dependency on target 'SwiftSyntax' in project 'swift-syntax'
Target 'SwiftDiagnostics' in project 'swift-syntax'
➜ Explicit dependency on target '_SwiftSyntaxCShims' in project 'swift-syntax'
➜ Explicit dependency on target 'SwiftSyntax509' in project 'swift-syntax'
➜ Explicit dependency on target 'SwiftSyntax510' in project 'swift-syntax'
➜ Explicit dependency on target 'SwiftSyntax600' in project 'swift-syntax'
➜ Explicit dependency on target 'SwiftSyntax601' in project 'swift-syntax'
➜ Explicit dependency on target 'SwiftSyntax' in project 'swift-syntax'
Target 'SwiftSyntax' in project 'swift-syntax'
➜ Explicit dependency on target '_SwiftSyntaxCShims' in project 'swift-syntax'
➜ Explicit dependency on target 'SwiftSyntax509' in project 'swift-syntax'
➜ Explicit dependency on target 'SwiftSyntax510' in project 'swift-syntax'
➜ Explicit dependency on target 'SwiftSyntax600' in project 'swift-syntax'
➜ Explicit dependency on target 'SwiftSyntax601' in project 'swift-syntax'
Target 'SwiftSyntax601' in project 'swift-syntax' (no dependencies)
Target 'SwiftSyntax600' in project 'swift-syntax' (no dependencies)
Target 'SwiftSyntax510' in project 'swift-syntax' (no dependencies)
Target 'SwiftSyntax509' in project 'swift-syntax' (no dependencies)
Target '_SwiftSyntaxCShims' in project 'swift-syntax' (no dependencies)
Target 'Algorithms-product' in project 'swift-algorithms'
➜ Explicit dependency on target 'Algorithms' in project 'swift-algorithms'
➜ Explicit dependency on target 'RealModule-product' in project 'swift-numerics'
Target 'Algorithms' in project 'swift-algorithms'
➜ Explicit dependency on target 'RealModule-product' in project 'swift-numerics'
Target 'RealModule-product' in project 'swift-numerics'
➜ Explicit dependency on target 'RealModule' in project 'swift-numerics'
➜ Explicit dependency on target '_NumericsShims' in project 'swift-numerics'
Target 'RealModule' in project 'swift-numerics'
➜ Explicit dependency on target '_NumericsShims' in project 'swift-numerics'
Target '_NumericsShims' in project 'swift-numerics' (no dependencies)
Target 'GatheredKit-product' in project 'GatheredKit'
➜ Explicit dependency on target 'GatheredKit' in project 'GatheredKit'
Target 'GatheredKit' in project 'GatheredKit' (no dependencies)
GatherProvisioningInputs
CreateBuildDescription
ClangStatCache /Applications/Xcode-27.0.0-Release.Candidate.app/Contents/Developer/Toolchains/XcodeDefault.xctoolchain/usr/bin/clang-stat-cache /Applications/Xcode-27.0.0-Release.Candidate.app/Contents/Developer/Platforms/XROS.platform/Developer/SDKs/XROS27.0.sdk /Users/admin/builder/spi-builder-workspace/.derivedData/SDKStatCaches.noindex/xros27.0-24M361-e829b21a6f8c9b70876ba0858053c044735bd543db762f57723cac368afd1ce4.sdkstatcache
cd /Users/admin/builder/spi-builder-workspace/.swiftpm/xcode
/Applications/Xcode-27.0.0-Release.Candidate.app/Contents/Developer/Toolchains/XcodeDefault.xctoolchain/usr/bin/clang-stat-cache /Applications/Xcode-27.0.0-Release.Candidate.app/Contents/Developer/Platforms/XROS.platform/Developer/SDKs/XROS27.0.sdk -o /Users/admin/builder/spi-builder-workspace/.derivedData/SDKStatCaches.noindex/xros27.0-24M361-e829b21a6f8c9b70876ba0858053c044735bd543db762f57723cac368afd1ce4.sdkstatcache
ClangStatCache /Applications/Xcode-27.0.0-Release.Candidate.app/Contents/Developer/Toolchains/XcodeDefault.xctoolchain/usr/bin/clang-stat-cache /Applications/Xcode-27.0.0-Release.Candidate.app/Contents/Developer/Platforms/MacOSX.platform/Developer/SDKs/MacOSX27.0.sdk /Users/admin/builder/spi-builder-workspace/.derivedData/SDKStatCaches.noindex/macosx27.0-26A425-e829b21a6f8c9b70876ba0858053c0446a22442a12e9d48fe1a705f55a1adfc4.sdkstatcache
cd /Users/admin/builder/spi-builder-workspace/.swiftpm/xcode
/Applications/Xcode-27.0.0-Release.Candidate.app/Contents/Developer/Toolchains/XcodeDefault.xctoolchain/usr/bin/clang-stat-cache /Applications/Xcode-27.0.0-Release.Candidate.app/Contents/Developer/Platforms/MacOSX.platform/Developer/SDKs/MacOSX27.0.sdk -o /Users/admin/builder/spi-builder-workspace/.derivedData/SDKStatCaches.noindex/macosx27.0-26A425-e829b21a6f8c9b70876ba0858053c0446a22442a12e9d48fe1a705f55a1adfc4.sdkstatcache
SwiftDriver GatheredKitWiFi normal arm64 com.apple.xcode.tools.swift.compiler (in target 'GatheredKitWiFi' from project 'GatheredKit')
cd /Users/admin/builder/spi-builder-workspace/.swiftpm/xcode
builtin-SwiftDriver -- /Applications/Xcode-27.0.0-Release.Candidate.app/Contents/Developer/Toolchains/XcodeDefault.xctoolchain/usr/bin/swiftc -parse-as-library -module-name GatheredKitWiFi -Onone @/Users/admin/builder/spi-builder-workspace/.derivedData/Build/Intermediates.noindex/GatheredKit.build/Debug-xros/GatheredKitWiFi-t.build/Objects-normal/arm64/GatheredKitWiFi.SwiftFileList -DSWIFT_PACKAGE -DDEBUG -DSWIFT_MODULE_RESOURCE_BUNDLE_UNAVAILABLE -DXcode -plugin-path /Applications/Xcode-27.0.0-Release.Candidate.app/Contents/Developer/Toolchains/XcodeDefault.xctoolchain/usr/lib/swift/host/plugins/testing -enable-experimental-feature DebugDescriptionMacro -sdk /Applications/Xcode-27.0.0-Release.Candidate.app/Contents/Developer/Platforms/XROS.platform/Developer/SDKs/XROS27.0.sdk -target arm64-apple-xros1.0 -g -module-cache-path /Users/admin/builder/spi-builder-workspace/.derivedData/ModuleCache.noindex -Xfrontend -serialize-debugging-options -profile-coverage-mapping -profile-generate -enable-testing -index-store-path /Users/admin/builder/spi-builder-workspace/.derivedData/Index.noindex/DataStore -Xcc -D_LIBCPP_HARDENING_MODE\=_LIBCPP_HARDENING_MODE_DEBUG -swift-version 6 -I /Users/admin/builder/spi-builder-workspace/.derivedData/Build/Products/Debug-xros -Isystem /Applications/Xcode-27.0.0-Release.Candidate.app/Contents/Developer/Platforms/XROS.platform/Developer/usr/lib -F /Users/admin/builder/spi-builder-workspace/.derivedData/Build/Products/Debug-xros/PackageFrameworks -F /Users/admin/builder/spi-builder-workspace/.derivedData/Build/Products/Debug-xros -F /Applications/Xcode-27.0.0-Release.Candidate.app/Contents/Developer/Platforms/XROS.platform/Developer/Library/Frameworks -F /Applications/Xcode-27.0.0-Release.Candidate.app/Contents/Developer/Platforms/XROS.platform/Developer/SDKs/XROS27.0.sdk/Developer/Library/Frameworks -Xfrontend -load-plugin-executable -Xfrontend /Users/admin/builder/spi-builder-workspace/.derivedData/Build/Products/Debug/GatheredKitMacrosMacros\#GatheredKitMacrosMacros -c -j10 -enable-batch-mode -incremental -Xcc -ivfsstatcache -Xcc /Users/admin/builder/spi-builder-workspace/.derivedData/SDKStatCaches.noindex/xros27.0-24M361-e829b21a6f8c9b70876ba0858053c044735bd543db762f57723cac368afd1ce4.sdkstatcache -output-file-map /Users/admin/builder/spi-builder-workspace/.derivedData/Build/Intermediates.noindex/GatheredKit.build/Debug-xros/GatheredKitWiFi-t.build/Objects-normal/arm64/GatheredKitWiFi-OutputFileMap.json -save-temps -no-color-diagnostics -explicit-module-build -module-cache-path /Users/admin/builder/spi-builder-workspace/.derivedData/Build/Intermediates.noindex/SwiftExplicitPrecompiledModules -clang-scanner-module-cache-path /Users/admin/builder/spi-builder-workspace/.derivedData/ModuleCache.noindex -sdk-module-cache-path /Users/admin/builder/spi-builder-workspace/.derivedData/SDKExplicitPrecompiledModules -emit-dependencies -emit-module -emit-module-path /Users/admin/builder/spi-builder-workspace/.derivedData/Build/Intermediates.noindex/GatheredKit.build/Debug-xros/GatheredKitWiFi-t.build/Objects-normal/arm64/GatheredKitWiFi.swiftmodule -serialize-diagnostics -dependency-scan-serialize-diagnostics-path /Users/admin/builder/spi-builder-workspace/.derivedData/Build/Intermediates.noindex/GatheredKit.build/Debug-xros/GatheredKitWiFi-t.build/Objects-normal/arm64/GatheredKitWiFi-dependency-scan.dia -validate-clang-modules-once -clang-build-session-file /Users/admin/builder/spi-builder-workspace/.derivedData/ModuleCache.noindex/Session.modulevalidation -Xcc -fmodules-prune-interval\=86400 -Xcc -fmodules-prune-after\=345600 -package-name spi_builder_workspace -emit-const-values -const-gather-protocols-list /Users/admin/builder/spi-builder-workspace/.derivedData/Build/Intermediates.noindex/GatheredKit.build/Debug-xros/GatheredKitWiFi-t.build/Objects-normal/arm64/GatheredKitWiFi_const_extract_protocols.json -Xcc -I/Users/admin/builder/spi-builder-workspace/.derivedData/Build/Products/Debug-xros/include -Xcc -I/Users/admin/builder/spi-builder-workspace/.derivedData/Build/Intermediates.noindex/GatheredKit.build/Debug-xros/GatheredKitWiFi-t.build/DerivedSources-normal/arm64 -Xcc -I/Users/admin/builder/spi-builder-workspace/.derivedData/Build/Intermediates.noindex/GatheredKit.build/Debug-xros/GatheredKitWiFi-t.build/DerivedSources/arm64 -Xcc -I/Users/admin/builder/spi-builder-workspace/.derivedData/Build/Intermediates.noindex/GatheredKit.build/Debug-xros/GatheredKitWiFi-t.build/DerivedSources -Xcc -DSWIFT_PACKAGE -Xcc -DDEBUG\=1 -emit-objc-header -emit-objc-header-path /Users/admin/builder/spi-builder-workspace/.derivedData/Build/Intermediates.noindex/GatheredKit.build/Debug-xros/GatheredKitWiFi-t.build/Objects-normal/arm64/GatheredKitWiFi-Swift.h -working-directory /Users/admin/builder/spi-builder-workspace/.swiftpm/xcode -experimental-emit-module-separately -disable-cmo
SwiftDriver GatheredKitScreen normal arm64 com.apple.xcode.tools.swift.compiler (in target 'GatheredKitScreen' from project 'GatheredKit')
cd /Users/admin/builder/spi-builder-workspace/.swiftpm/xcode
builtin-SwiftDriver -- /Applications/Xcode-27.0.0-Release.Candidate.app/Contents/Developer/Toolchains/XcodeDefault.xctoolchain/usr/bin/swiftc -parse-as-library -module-name GatheredKitScreen -Onone @/Users/admin/builder/spi-builder-workspace/.derivedData/Build/Intermediates.noindex/GatheredKit.build/Debug-xros/GatheredKitScreen-t.build/Objects-normal/arm64/GatheredKitScreen.SwiftFileList -DSWIFT_PACKAGE -DDEBUG -DSWIFT_MODULE_RESOURCE_BUNDLE_UNAVAILABLE -DXcode -plugin-path /Applications/Xcode-27.0.0-Release.Candidate.app/Contents/Developer/Toolchains/XcodeDefault.xctoolchain/usr/lib/swift/host/plugins/testing -enable-experimental-feature DebugDescriptionMacro -sdk /Applications/Xcode-27.0.0-Release.Candidate.app/Contents/Developer/Platforms/XROS.platform/Developer/SDKs/XROS27.0.sdk -target arm64-apple-xros1.0 -g -module-cache-path /Users/admin/builder/spi-builder-workspace/.derivedData/ModuleCache.noindex -Xfrontend -serialize-debugging-options -profile-coverage-mapping -profile-generate -enable-testing -index-store-path /Users/admin/builder/spi-builder-workspace/.derivedData/Index.noindex/DataStore -Xcc -D_LIBCPP_HARDENING_MODE\=_LIBCPP_HARDENING_MODE_DEBUG -swift-version 6 -I /Users/admin/builder/spi-builder-workspace/.derivedData/Build/Products/Debug-xros -Isystem /Applications/Xcode-27.0.0-Release.Candidate.app/Contents/Developer/Platforms/XROS.platform/Developer/usr/lib -F /Users/admin/builder/spi-builder-workspace/.derivedData/Build/Products/Debug-xros/PackageFrameworks -F /Users/admin/builder/spi-builder-workspace/.derivedData/Build/Products/Debug-xros -F /Applications/Xcode-27.0.0-Release.Candidate.app/Contents/Developer/Platforms/XROS.platform/Developer/Library/Frameworks -F /Applications/Xcode-27.0.0-Release.Candidate.app/Contents/Developer/Platforms/XROS.platform/Developer/SDKs/XROS27.0.sdk/Developer/Library/Frameworks -Xfrontend -load-plugin-executable -Xfrontend /Users/admin/builder/spi-builder-workspace/.derivedData/Build/Products/Debug/GatheredKitMacrosMacros\#GatheredKitMacrosMacros -c -j10 -enable-batch-mode -incremental -Xcc -ivfsstatcache -Xcc /Users/admin/builder/spi-builder-workspace/.derivedData/SDKStatCaches.noindex/xros27.0-24M361-e829b21a6f8c9b70876ba0858053c044735bd543db762f57723cac368afd1ce4.sdkstatcache -output-file-map /Users/admin/builder/spi-builder-workspace/.derivedData/Build/Intermediates.noindex/GatheredKit.build/Debug-xros/GatheredKitScreen-t.build/Objects-normal/arm64/GatheredKitScreen-OutputFileMap.json -save-temps -no-color-diagnostics -explicit-module-build -module-cache-path /Users/admin/builder/spi-builder-workspace/.derivedData/Build/Intermediates.noindex/SwiftExplicitPrecompiledModules -clang-scanner-module-cache-path /Users/admin/builder/spi-builder-workspace/.derivedData/ModuleCache.noindex -sdk-module-cache-path /Users/admin/builder/spi-builder-workspace/.derivedData/SDKExplicitPrecompiledModules -emit-dependencies -emit-module -emit-module-path /Users/admin/builder/spi-builder-workspace/.derivedData/Build/Intermediates.noindex/GatheredKit.build/Debug-xros/GatheredKitScreen-t.build/Objects-normal/arm64/GatheredKitScreen.swiftmodule -serialize-diagnostics -dependency-scan-serialize-diagnostics-path /Users/admin/builder/spi-builder-workspace/.derivedData/Build/Intermediates.noindex/GatheredKit.build/Debug-xros/GatheredKitScreen-t.build/Objects-normal/arm64/GatheredKitScreen-dependency-scan.dia -validate-clang-modules-once -clang-build-session-file /Users/admin/builder/spi-builder-workspace/.derivedData/ModuleCache.noindex/Session.modulevalidation -Xcc -fmodules-prune-interval\=86400 -Xcc -fmodules-prune-after\=345600 -package-name spi_builder_workspace -emit-const-values -const-gather-protocols-list /Users/admin/builder/spi-builder-workspace/.derivedData/Build/Intermediates.noindex/GatheredKit.build/Debug-xros/GatheredKitScreen-t.build/Objects-normal/arm64/GatheredKitScreen_const_extract_protocols.json -Xcc -I/Users/admin/builder/spi-builder-workspace/.derivedData/Build/Products/Debug-xros/include -Xcc -I/Users/admin/builder/spi-builder-workspace/.derivedData/Build/Intermediates.noindex/GatheredKit.build/Debug-xros/GatheredKitScreen-t.build/DerivedSources-normal/arm64 -Xcc -I/Users/admin/builder/spi-builder-workspace/.derivedData/Build/Intermediates.noindex/GatheredKit.build/Debug-xros/GatheredKitScreen-t.build/DerivedSources/arm64 -Xcc -I/Users/admin/builder/spi-builder-workspace/.derivedData/Build/Intermediates.noindex/GatheredKit.build/Debug-xros/GatheredKitScreen-t.build/DerivedSources -Xcc -DSWIFT_PACKAGE -Xcc -DDEBUG\=1 -emit-objc-header -emit-objc-header-path /Users/admin/builder/spi-builder-workspace/.derivedData/Build/Intermediates.noindex/GatheredKit.build/Debug-xros/GatheredKitScreen-t.build/Objects-normal/arm64/GatheredKitScreen-Swift.h -working-directory /Users/admin/builder/spi-builder-workspace/.swiftpm/xcode -experimental-emit-module-separately -disable-cmo
SwiftDriver GatheredKitProcessInfo normal arm64 com.apple.xcode.tools.swift.compiler (in target 'GatheredKitProcessInfo' from project 'GatheredKit')
cd /Users/admin/builder/spi-builder-workspace/.swiftpm/xcode
builtin-SwiftDriver -- /Applications/Xcode-27.0.0-Release.Candidate.app/Contents/Developer/Toolchains/XcodeDefault.xctoolchain/usr/bin/swiftc -parse-as-library -module-name GatheredKitProcessInfo -Onone @/Users/admin/builder/spi-builder-workspace/.derivedData/Build/Intermediates.noindex/GatheredKit.build/Debug-xros/GatheredKitProcessInfo-t.build/Objects-normal/arm64/GatheredKitProcessInfo.SwiftFileList -DSWIFT_PACKAGE -DDEBUG -DSWIFT_MODULE_RESOURCE_BUNDLE_UNAVAILABLE -DXcode -plugin-path /Applications/Xcode-27.0.0-Release.Candidate.app/Contents/Developer/Toolchains/XcodeDefault.xctoolchain/usr/lib/swift/host/plugins/testing -enable-experimental-feature DebugDescriptionMacro -sdk /Applications/Xcode-27.0.0-Release.Candidate.app/Contents/Developer/Platforms/XROS.platform/Developer/SDKs/XROS27.0.sdk -target arm64-apple-xros1.0 -g -module-cache-path /Users/admin/builder/spi-builder-workspace/.derivedData/ModuleCache.noindex -Xfrontend -serialize-debugging-options -profile-coverage-mapping -profile-generate -enable-testing -index-store-path /Users/admin/builder/spi-builder-workspace/.derivedData/Index.noindex/DataStore -Xcc -D_LIBCPP_HARDENING_MODE\=_LIBCPP_HARDENING_MODE_DEBUG -swift-version 6 -I /Users/admin/builder/spi-builder-workspace/.derivedData/Build/Products/Debug-xros -Isystem /Applications/Xcode-27.0.0-Release.Candidate.app/Contents/Developer/Platforms/XROS.platform/Developer/usr/lib -F /Users/admin/builder/spi-builder-workspace/.derivedData/Build/Products/Debug-xros/PackageFrameworks -F /Users/admin/builder/spi-builder-workspace/.derivedData/Build/Products/Debug-xros -F /Applications/Xcode-27.0.0-Release.Candidate.app/Contents/Developer/Platforms/XROS.platform/Developer/Library/Frameworks -F /Applications/Xcode-27.0.0-Release.Candidate.app/Contents/Developer/Platforms/XROS.platform/Developer/SDKs/XROS27.0.sdk/Developer/Library/Frameworks -Xfrontend -load-plugin-executable -Xfrontend /Users/admin/builder/spi-builder-workspace/.derivedData/Build/Products/Debug/GatheredKitMacrosMacros\#GatheredKitMacrosMacros -c -j10 -enable-batch-mode -incremental -Xcc -ivfsstatcache -Xcc /Users/admin/builder/spi-builder-workspace/.derivedData/SDKStatCaches.noindex/xros27.0-24M361-e829b21a6f8c9b70876ba0858053c044735bd543db762f57723cac368afd1ce4.sdkstatcache -output-file-map /Users/admin/builder/spi-builder-workspace/.derivedData/Build/Intermediates.noindex/GatheredKit.build/Debug-xros/GatheredKitProcessInfo-t.build/Objects-normal/arm64/GatheredKitProcessInfo-OutputFileMap.json -save-temps -no-color-diagnostics -explicit-module-build -module-cache-path /Users/admin/builder/spi-builder-workspace/.derivedData/Build/Intermediates.noindex/SwiftExplicitPrecompiledModules -clang-scanner-module-cache-path /Users/admin/builder/spi-builder-workspace/.derivedData/ModuleCache.noindex -sdk-module-cache-path /Users/admin/builder/spi-builder-workspace/.derivedData/SDKExplicitPrecompiledModules -emit-dependencies -emit-module -emit-module-path /Users/admin/builder/spi-builder-workspace/.derivedData/Build/Intermediates.noindex/GatheredKit.build/Debug-xros/GatheredKitProcessInfo-t.build/Objects-normal/arm64/GatheredKitProcessInfo.swiftmodule -serialize-diagnostics -dependency-scan-serialize-diagnostics-path /Users/admin/builder/spi-builder-workspace/.derivedData/Build/Intermediates.noindex/GatheredKit.build/Debug-xros/GatheredKitProcessInfo-t.build/Objects-normal/arm64/GatheredKitProcessInfo-dependency-scan.dia -validate-clang-modules-once -clang-build-session-file /Users/admin/builder/spi-builder-workspace/.derivedData/ModuleCache.noindex/Session.modulevalidation -Xcc -fmodules-prune-interval\=86400 -Xcc -fmodules-prune-after\=345600 -package-name spi_builder_workspace -emit-const-values -const-gather-protocols-list /Users/admin/builder/spi-builder-workspace/.derivedData/Build/Intermediates.noindex/GatheredKit.build/Debug-xros/GatheredKitProcessInfo-t.build/Objects-normal/arm64/GatheredKitProcessInfo_const_extract_protocols.json -Xcc -I/Users/admin/builder/spi-builder-workspace/.derivedData/Build/Products/Debug-xros/include -Xcc -I/Users/admin/builder/spi-builder-workspace/.derivedData/Build/Intermediates.noindex/GatheredKit.build/Debug-xros/GatheredKitProcessInfo-t.build/DerivedSources-normal/arm64 -Xcc -I/Users/admin/builder/spi-builder-workspace/.derivedData/Build/Intermediates.noindex/GatheredKit.build/Debug-xros/GatheredKitProcessInfo-t.build/DerivedSources/arm64 -Xcc -I/Users/admin/builder/spi-builder-workspace/.derivedData/Build/Intermediates.noindex/GatheredKit.build/Debug-xros/GatheredKitProcessInfo-t.build/DerivedSources -Xcc -DSWIFT_PACKAGE -Xcc -DDEBUG\=1 -emit-objc-header -emit-objc-header-path /Users/admin/builder/spi-builder-workspace/.derivedData/Build/Intermediates.noindex/GatheredKit.build/Debug-xros/GatheredKitProcessInfo-t.build/Objects-normal/arm64/GatheredKitProcessInfo-Swift.h -working-directory /Users/admin/builder/spi-builder-workspace/.swiftpm/xcode -experimental-emit-module-separately -disable-cmo
SwiftDriver GatheredKitMotion normal arm64 com.apple.xcode.tools.swift.compiler (in target 'GatheredKitMotion' from project 'GatheredKit')
cd /Users/admin/builder/spi-builder-workspace/.swiftpm/xcode
builtin-SwiftDriver -- /Applications/Xcode-27.0.0-Release.Candidate.app/Contents/Developer/Toolchains/XcodeDefault.xctoolchain/usr/bin/swiftc -parse-as-library -module-name GatheredKitMotion -Onone @/Users/admin/builder/spi-builder-workspace/.derivedData/Build/Intermediates.noindex/GatheredKit.build/Debug-xros/GatheredKitMotion-t.build/Objects-normal/arm64/GatheredKitMotion.SwiftFileList -DSWIFT_PACKAGE -DDEBUG -DSWIFT_MODULE_RESOURCE_BUNDLE_UNAVAILABLE -DXcode -plugin-path /Applications/Xcode-27.0.0-Release.Candidate.app/Contents/Developer/Toolchains/XcodeDefault.xctoolchain/usr/lib/swift/host/plugins/testing -enable-experimental-feature DebugDescriptionMacro -sdk /Applications/Xcode-27.0.0-Release.Candidate.app/Contents/Developer/Platforms/XROS.platform/Developer/SDKs/XROS27.0.sdk -target arm64-apple-xros1.0 -g -module-cache-path /Users/admin/builder/spi-builder-workspace/.derivedData/ModuleCache.noindex -Xfrontend -serialize-debugging-options -profile-coverage-mapping -profile-generate -enable-testing -index-store-path /Users/admin/builder/spi-builder-workspace/.derivedData/Index.noindex/DataStore -Xcc -D_LIBCPP_HARDENING_MODE\=_LIBCPP_HARDENING_MODE_DEBUG -swift-version 6 -I /Users/admin/builder/spi-builder-workspace/.derivedData/Build/Products/Debug-xros -Isystem /Applications/Xcode-27.0.0-Release.Candidate.app/Contents/Developer/Platforms/XROS.platform/Developer/usr/lib -F /Users/admin/builder/spi-builder-workspace/.derivedData/Build/Products/Debug-xros/PackageFrameworks -F /Users/admin/builder/spi-builder-workspace/.derivedData/Build/Products/Debug-xros -F /Applications/Xcode-27.0.0-Release.Candidate.app/Contents/Developer/Platforms/XROS.platform/Developer/Library/Frameworks -F /Applications/Xcode-27.0.0-Release.Candidate.app/Contents/Developer/Platforms/XROS.platform/Developer/SDKs/XROS27.0.sdk/Developer/Library/Frameworks -Xfrontend -load-plugin-executable -Xfrontend /Users/admin/builder/spi-builder-workspace/.derivedData/Build/Products/Debug/GatheredKitMacrosMacros\#GatheredKitMacrosMacros -c -j10 -enable-batch-mode -incremental -Xcc -ivfsstatcache -Xcc /Users/admin/builder/spi-builder-workspace/.derivedData/SDKStatCaches.noindex/xros27.0-24M361-e829b21a6f8c9b70876ba0858053c044735bd543db762f57723cac368afd1ce4.sdkstatcache -output-file-map /Users/admin/builder/spi-builder-workspace/.derivedData/Build/Intermediates.noindex/GatheredKit.build/Debug-xros/GatheredKitMotion-t.build/Objects-normal/arm64/GatheredKitMotion-OutputFileMap.json -save-temps -no-color-diagnostics -explicit-module-build -module-cache-path /Users/admin/builder/spi-builder-workspace/.derivedData/Build/Intermediates.noindex/SwiftExplicitPrecompiledModules -clang-scanner-module-cache-path /Users/admin/builder/spi-builder-workspace/.derivedData/ModuleCache.noindex -sdk-module-cache-path /Users/admin/builder/spi-builder-workspace/.derivedData/SDKExplicitPrecompiledModules -emit-dependencies -emit-module -emit-module-path /Users/admin/builder/spi-builder-workspace/.derivedData/Build/Intermediates.noindex/GatheredKit.build/Debug-xros/GatheredKitMotion-t.build/Objects-normal/arm64/GatheredKitMotion.swiftmodule -serialize-diagnostics -dependency-scan-serialize-diagnostics-path /Users/admin/builder/spi-builder-workspace/.derivedData/Build/Intermediates.noindex/GatheredKit.build/Debug-xros/GatheredKitMotion-t.build/Objects-normal/arm64/GatheredKitMotion-dependency-scan.dia -validate-clang-modules-once -clang-build-session-file /Users/admin/builder/spi-builder-workspace/.derivedData/ModuleCache.noindex/Session.modulevalidation -Xcc -fmodules-prune-interval\=86400 -Xcc -fmodules-prune-after\=345600 -package-name spi_builder_workspace -emit-const-values -const-gather-protocols-list /Users/admin/builder/spi-builder-workspace/.derivedData/Build/Intermediates.noindex/GatheredKit.build/Debug-xros/GatheredKitMotion-t.build/Objects-normal/arm64/GatheredKitMotion_const_extract_protocols.json -Xcc -I/Users/admin/builder/spi-builder-workspace/.derivedData/Build/Products/Debug-xros/include -Xcc -I/Users/admin/builder/spi-builder-workspace/.derivedData/Build/Intermediates.noindex/GatheredKit.build/Debug-xros/GatheredKitMotion-t.build/DerivedSources-normal/arm64 -Xcc -I/Users/admin/builder/spi-builder-workspace/.derivedData/Build/Intermediates.noindex/GatheredKit.build/Debug-xros/GatheredKitMotion-t.build/DerivedSources/arm64 -Xcc -I/Users/admin/builder/spi-builder-workspace/.derivedData/Build/Intermediates.noindex/GatheredKit.build/Debug-xros/GatheredKitMotion-t.build/DerivedSources -Xcc -DSWIFT_PACKAGE -Xcc -DDEBUG\=1 -emit-objc-header -emit-objc-header-path /Users/admin/builder/spi-builder-workspace/.derivedData/Build/Intermediates.noindex/GatheredKit.build/Debug-xros/GatheredKitMotion-t.build/Objects-normal/arm64/GatheredKitMotion-Swift.h -working-directory /Users/admin/builder/spi-builder-workspace/.swiftpm/xcode -experimental-emit-module-separately -disable-cmo
SwiftDriver GatheredKitLocation normal arm64 com.apple.xcode.tools.swift.compiler (in target 'GatheredKitLocation' from project 'GatheredKit')
cd /Users/admin/builder/spi-builder-workspace/.swiftpm/xcode
builtin-SwiftDriver -- /Applications/Xcode-27.0.0-Release.Candidate.app/Contents/Developer/Toolchains/XcodeDefault.xctoolchain/usr/bin/swiftc -parse-as-library -module-name GatheredKitLocation -Onone @/Users/admin/builder/spi-builder-workspace/.derivedData/Build/Intermediates.noindex/GatheredKit.build/Debug-xros/GatheredKitLocation-t.build/Objects-normal/arm64/GatheredKitLocation.SwiftFileList -DSWIFT_PACKAGE -DDEBUG -DSWIFT_MODULE_RESOURCE_BUNDLE_UNAVAILABLE -DXcode -plugin-path /Applications/Xcode-27.0.0-Release.Candidate.app/Contents/Developer/Toolchains/XcodeDefault.xctoolchain/usr/lib/swift/host/plugins/testing -enable-experimental-feature DebugDescriptionMacro -sdk /Applications/Xcode-27.0.0-Release.Candidate.app/Contents/Developer/Platforms/XROS.platform/Developer/SDKs/XROS27.0.sdk -target arm64-apple-xros1.0 -g -module-cache-path /Users/admin/builder/spi-builder-workspace/.derivedData/ModuleCache.noindex -Xfrontend -serialize-debugging-options -profile-coverage-mapping -profile-generate -enable-testing -index-store-path /Users/admin/builder/spi-builder-workspace/.derivedData/Index.noindex/DataStore -Xcc -D_LIBCPP_HARDENING_MODE\=_LIBCPP_HARDENING_MODE_DEBUG -swift-version 6 -I /Users/admin/builder/spi-builder-workspace/.derivedData/Build/Products/Debug-xros -Isystem /Applications/Xcode-27.0.0-Release.Candidate.app/Contents/Developer/Platforms/XROS.platform/Developer/usr/lib -F /Users/admin/builder/spi-builder-workspace/.derivedData/Build/Products/Debug-xros/PackageFrameworks -F /Users/admin/builder/spi-builder-workspace/.derivedData/Build/Products/Debug-xros -F /Applications/Xcode-27.0.0-Release.Candidate.app/Contents/Developer/Platforms/XROS.platform/Developer/Library/Frameworks -F /Applications/Xcode-27.0.0-Release.Candidate.app/Contents/Developer/Platforms/XROS.platform/Developer/SDKs/XROS27.0.sdk/Developer/Library/Frameworks -Xfrontend -load-plugin-executable -Xfrontend /Users/admin/builder/spi-builder-workspace/.derivedData/Build/Products/Debug/GatheredKitMacrosMacros\#GatheredKitMacrosMacros -c -j10 -enable-batch-mode -incremental -Xcc -ivfsstatcache -Xcc /Users/admin/builder/spi-builder-workspace/.derivedData/SDKStatCaches.noindex/xros27.0-24M361-e829b21a6f8c9b70876ba0858053c044735bd543db762f57723cac368afd1ce4.sdkstatcache -output-file-map /Users/admin/builder/spi-builder-workspace/.derivedData/Build/Intermediates.noindex/GatheredKit.build/Debug-xros/GatheredKitLocation-t.build/Objects-normal/arm64/GatheredKitLocation-OutputFileMap.json -save-temps -no-color-diagnostics -explicit-module-build -module-cache-path /Users/admin/builder/spi-builder-workspace/.derivedData/Build/Intermediates.noindex/SwiftExplicitPrecompiledModules -clang-scanner-module-cache-path /Users/admin/builder/spi-builder-workspace/.derivedData/ModuleCache.noindex -sdk-module-cache-path /Users/admin/builder/spi-builder-workspace/.derivedData/SDKExplicitPrecompiledModules -emit-dependencies -emit-module -emit-module-path /Users/admin/builder/spi-builder-workspace/.derivedData/Build/Intermediates.noindex/GatheredKit.build/Debug-xros/GatheredKitLocation-t.build/Objects-normal/arm64/GatheredKitLocation.swiftmodule -serialize-diagnostics -dependency-scan-serialize-diagnostics-path /Users/admin/builder/spi-builder-workspace/.derivedData/Build/Intermediates.noindex/GatheredKit.build/Debug-xros/GatheredKitLocation-t.build/Objects-normal/arm64/GatheredKitLocation-dependency-scan.dia -validate-clang-modules-once -clang-build-session-file /Users/admin/builder/spi-builder-workspace/.derivedData/ModuleCache.noindex/Session.modulevalidation -Xcc -fmodules-prune-interval\=86400 -Xcc -fmodules-prune-after\=345600 -package-name spi_builder_workspace -emit-const-values -const-gather-protocols-list /Users/admin/builder/spi-builder-workspace/.derivedData/Build/Intermediates.noindex/GatheredKit.build/Debug-xros/GatheredKitLocation-t.build/Objects-normal/arm64/GatheredKitLocation_const_extract_protocols.json -Xcc -I/Users/admin/builder/spi-builder-workspace/.derivedData/Build/Products/Debug-xros/include -Xcc -I/Users/admin/builder/spi-builder-workspace/.derivedData/Build/Intermediates.noindex/GatheredKit.build/Debug-xros/GatheredKitLocation-t.build/DerivedSources-normal/arm64 -Xcc -I/Users/admin/builder/spi-builder-workspace/.derivedData/Build/Intermediates.noindex/GatheredKit.build/Debug-xros/GatheredKitLocation-t.build/DerivedSources/arm64 -Xcc -I/Users/admin/builder/spi-builder-workspace/.derivedData/Build/Intermediates.noindex/GatheredKit.build/Debug-xros/GatheredKitLocation-t.build/DerivedSources -Xcc -DSWIFT_PACKAGE -Xcc -DDEBUG\=1 -emit-objc-header -emit-objc-header-path /Users/admin/builder/spi-builder-workspace/.derivedData/Build/Intermediates.noindex/GatheredKit.build/Debug-xros/GatheredKitLocation-t.build/Objects-normal/arm64/GatheredKitLocation-Swift.h -working-directory /Users/admin/builder/spi-builder-workspace/.swiftpm/xcode -experimental-emit-module-separately -disable-cmo
SwiftDriver GatheredKitExternalAccessory normal arm64 com.apple.xcode.tools.swift.compiler (in target 'GatheredKitExternalAccessory' from project 'GatheredKit')
cd /Users/admin/builder/spi-builder-workspace/.swiftpm/xcode
builtin-SwiftDriver -- /Applications/Xcode-27.0.0-Release.Candidate.app/Contents/Developer/Toolchains/XcodeDefault.xctoolchain/usr/bin/swiftc -parse-as-library -module-name GatheredKitExternalAccessory -Onone @/Users/admin/builder/spi-builder-workspace/.derivedData/Build/Intermediates.noindex/GatheredKit.build/Debug-xros/GatheredKitExternalAccessory-t.build/Objects-normal/arm64/GatheredKitExternalAccessory.SwiftFileList -DSWIFT_PACKAGE -DDEBUG -DSWIFT_MODULE_RESOURCE_BUNDLE_UNAVAILABLE -DXcode -plugin-path /Applications/Xcode-27.0.0-Release.Candidate.app/Contents/Developer/Toolchains/XcodeDefault.xctoolchain/usr/lib/swift/host/plugins/testing -enable-experimental-feature DebugDescriptionMacro -sdk /Applications/Xcode-27.0.0-Release.Candidate.app/Contents/Developer/Platforms/XROS.platform/Developer/SDKs/XROS27.0.sdk -target arm64-apple-xros1.0 -g -module-cache-path /Users/admin/builder/spi-builder-workspace/.derivedData/ModuleCache.noindex -Xfrontend -serialize-debugging-options -profile-coverage-mapping -profile-generate -enable-testing -index-store-path /Users/admin/builder/spi-builder-workspace/.derivedData/Index.noindex/DataStore -Xcc -D_LIBCPP_HARDENING_MODE\=_LIBCPP_HARDENING_MODE_DEBUG -swift-version 6 -I /Users/admin/builder/spi-builder-workspace/.derivedData/Build/Products/Debug-xros -Isystem /Applications/Xcode-27.0.0-Release.Candidate.app/Contents/Developer/Platforms/XROS.platform/Developer/usr/lib -F /Users/admin/builder/spi-builder-workspace/.derivedData/Build/Products/Debug-xros/PackageFrameworks -F /Users/admin/builder/spi-builder-workspace/.derivedData/Build/Products/Debug-xros -F /Applications/Xcode-27.0.0-Release.Candidate.app/Contents/Developer/Platforms/XROS.platform/Developer/Library/Frameworks -F /Applications/Xcode-27.0.0-Release.Candidate.app/Contents/Developer/Platforms/XROS.platform/Developer/SDKs/XROS27.0.sdk/Developer/Library/Frameworks -Xfrontend -load-plugin-executable -Xfrontend /Users/admin/builder/spi-builder-workspace/.derivedData/Build/Products/Debug/GatheredKitMacrosMacros\#GatheredKitMacrosMacros -c -j10 -enable-batch-mode -incremental -Xcc -ivfsstatcache -Xcc /Users/admin/builder/spi-builder-workspace/.derivedData/SDKStatCaches.noindex/xros27.0-24M361-e829b21a6f8c9b70876ba0858053c044735bd543db762f57723cac368afd1ce4.sdkstatcache -output-file-map /Users/admin/builder/spi-builder-workspace/.derivedData/Build/Intermediates.noindex/GatheredKit.build/Debug-xros/GatheredKitExternalAccessory-t.build/Objects-normal/arm64/GatheredKitExternalAccessory-OutputFileMap.json -save-temps -no-color-diagnostics -explicit-module-build -module-cache-path /Users/admin/builder/spi-builder-workspace/.derivedData/Build/Intermediates.noindex/SwiftExplicitPrecompiledModules -clang-scanner-module-cache-path /Users/admin/builder/spi-builder-workspace/.derivedData/ModuleCache.noindex -sdk-module-cache-path /Users/admin/builder/spi-builder-workspace/.derivedData/SDKExplicitPrecompiledModules -emit-dependencies -emit-module -emit-module-path /Users/admin/builder/spi-builder-workspace/.derivedData/Build/Intermediates.noindex/GatheredKit.build/Debug-xros/GatheredKitExternalAccessory-t.build/Objects-normal/arm64/GatheredKitExternalAccessory.swiftmodule -serialize-diagnostics -dependency-scan-serialize-diagnostics-path /Users/admin/builder/spi-builder-workspace/.derivedData/Build/Intermediates.noindex/GatheredKit.build/Debug-xros/GatheredKitExternalAccessory-t.build/Objects-normal/arm64/GatheredKitExternalAccessory-dependency-scan.dia -validate-clang-modules-once -clang-build-session-file /Users/admin/builder/spi-builder-workspace/.derivedData/ModuleCache.noindex/Session.modulevalidation -Xcc -fmodules-prune-interval\=86400 -Xcc -fmodules-prune-after\=345600 -package-name spi_builder_workspace -emit-const-values -const-gather-protocols-list /Users/admin/builder/spi-builder-workspace/.derivedData/Build/Intermediates.noindex/GatheredKit.build/Debug-xros/GatheredKitExternalAccessory-t.build/Objects-normal/arm64/GatheredKitExternalAccessory_const_extract_protocols.json -Xcc -I/Users/admin/builder/spi-builder-workspace/.derivedData/Build/Products/Debug-xros/include -Xcc -I/Users/admin/builder/spi-builder-workspace/.derivedData/Build/Intermediates.noindex/GatheredKit.build/Debug-xros/GatheredKitExternalAccessory-t.build/DerivedSources-normal/arm64 -Xcc -I/Users/admin/builder/spi-builder-workspace/.derivedData/Build/Intermediates.noindex/GatheredKit.build/Debug-xros/GatheredKitExternalAccessory-t.build/DerivedSources/arm64 -Xcc -I/Users/admin/builder/spi-builder-workspace/.derivedData/Build/Intermediates.noindex/GatheredKit.build/Debug-xros/GatheredKitExternalAccessory-t.build/DerivedSources -Xcc -DSWIFT_PACKAGE -Xcc -DDEBUG\=1 -emit-objc-header -emit-objc-header-path /Users/admin/builder/spi-builder-workspace/.derivedData/Build/Intermediates.noindex/GatheredKit.build/Debug-xros/GatheredKitExternalAccessory-t.build/Objects-normal/arm64/GatheredKitExternalAccessory-Swift.h -working-directory /Users/admin/builder/spi-builder-workspace/.swiftpm/xcode -experimental-emit-module-separately -disable-cmo
SwiftDriver GatheredKitDevice normal arm64 com.apple.xcode.tools.swift.compiler (in target 'GatheredKitDevice' from project 'GatheredKit')
cd /Users/admin/builder/spi-builder-workspace/.swiftpm/xcode
builtin-SwiftDriver -- /Applications/Xcode-27.0.0-Release.Candidate.app/Contents/Developer/Toolchains/XcodeDefault.xctoolchain/usr/bin/swiftc -parse-as-library -module-name GatheredKitDevice -Onone @/Users/admin/builder/spi-builder-workspace/.derivedData/Build/Intermediates.noindex/GatheredKit.build/Debug-xros/GatheredKitDevice-t.build/Objects-normal/arm64/GatheredKitDevice.SwiftFileList -DSWIFT_PACKAGE -DDEBUG -DSWIFT_MODULE_RESOURCE_BUNDLE_UNAVAILABLE -DXcode -plugin-path /Applications/Xcode-27.0.0-Release.Candidate.app/Contents/Developer/Toolchains/XcodeDefault.xctoolchain/usr/lib/swift/host/plugins/testing -enable-experimental-feature DebugDescriptionMacro -sdk /Applications/Xcode-27.0.0-Release.Candidate.app/Contents/Developer/Platforms/XROS.platform/Developer/SDKs/XROS27.0.sdk -target arm64-apple-xros1.0 -g -module-cache-path /Users/admin/builder/spi-builder-workspace/.derivedData/ModuleCache.noindex -Xfrontend -serialize-debugging-options -profile-coverage-mapping -profile-generate -enable-testing -index-store-path /Users/admin/builder/spi-builder-workspace/.derivedData/Index.noindex/DataStore -Xcc -D_LIBCPP_HARDENING_MODE\=_LIBCPP_HARDENING_MODE_DEBUG -swift-version 6 -I /Users/admin/builder/spi-builder-workspace/.derivedData/Build/Products/Debug-xros -Isystem /Applications/Xcode-27.0.0-Release.Candidate.app/Contents/Developer/Platforms/XROS.platform/Developer/usr/lib -F /Users/admin/builder/spi-builder-workspace/.derivedData/Build/Products/Debug-xros/PackageFrameworks -F /Users/admin/builder/spi-builder-workspace/.derivedData/Build/Products/Debug-xros -F /Applications/Xcode-27.0.0-Release.Candidate.app/Contents/Developer/Platforms/XROS.platform/Developer/Library/Frameworks -F /Applications/Xcode-27.0.0-Release.Candidate.app/Contents/Developer/Platforms/XROS.platform/Developer/SDKs/XROS27.0.sdk/Developer/Library/Frameworks -Xfrontend -load-plugin-executable -Xfrontend /Users/admin/builder/spi-builder-workspace/.derivedData/Build/Products/Debug/GatheredKitMacrosMacros\#GatheredKitMacrosMacros -c -j10 -enable-batch-mode -incremental -Xcc -ivfsstatcache -Xcc /Users/admin/builder/spi-builder-workspace/.derivedData/SDKStatCaches.noindex/xros27.0-24M361-e829b21a6f8c9b70876ba0858053c044735bd543db762f57723cac368afd1ce4.sdkstatcache -output-file-map /Users/admin/builder/spi-builder-workspace/.derivedData/Build/Intermediates.noindex/GatheredKit.build/Debug-xros/GatheredKitDevice-t.build/Objects-normal/arm64/GatheredKitDevice-OutputFileMap.json -save-temps -no-color-diagnostics -explicit-module-build -module-cache-path /Users/admin/builder/spi-builder-workspace/.derivedData/Build/Intermediates.noindex/SwiftExplicitPrecompiledModules -clang-scanner-module-cache-path /Users/admin/builder/spi-builder-workspace/.derivedData/ModuleCache.noindex -sdk-module-cache-path /Users/admin/builder/spi-builder-workspace/.derivedData/SDKExplicitPrecompiledModules -emit-dependencies -emit-module -emit-module-path /Users/admin/builder/spi-builder-workspace/.derivedData/Build/Intermediates.noindex/GatheredKit.build/Debug-xros/GatheredKitDevice-t.build/Objects-normal/arm64/GatheredKitDevice.swiftmodule -serialize-diagnostics -dependency-scan-serialize-diagnostics-path /Users/admin/builder/spi-builder-workspace/.derivedData/Build/Intermediates.noindex/GatheredKit.build/Debug-xros/GatheredKitDevice-t.build/Objects-normal/arm64/GatheredKitDevice-dependency-scan.dia -validate-clang-modules-once -clang-build-session-file /Users/admin/builder/spi-builder-workspace/.derivedData/ModuleCache.noindex/Session.modulevalidation -Xcc -fmodules-prune-interval\=86400 -Xcc -fmodules-prune-after\=345600 -package-name spi_builder_workspace -emit-const-values -const-gather-protocols-list /Users/admin/builder/spi-builder-workspace/.derivedData/Build/Intermediates.noindex/GatheredKit.build/Debug-xros/GatheredKitDevice-t.build/Objects-normal/arm64/GatheredKitDevice_const_extract_protocols.json -Xcc -I/Users/admin/builder/spi-builder-workspace/.derivedData/Build/Products/Debug-xros/include -Xcc -I/Users/admin/builder/spi-builder-workspace/.derivedData/Build/Intermediates.noindex/GatheredKit.build/Debug-xros/GatheredKitDevice-t.build/DerivedSources-normal/arm64 -Xcc -I/Users/admin/builder/spi-builder-workspace/.derivedData/Build/Intermediates.noindex/GatheredKit.build/Debug-xros/GatheredKitDevice-t.build/DerivedSources/arm64 -Xcc -I/Users/admin/builder/spi-builder-workspace/.derivedData/Build/Intermediates.noindex/GatheredKit.build/Debug-xros/GatheredKitDevice-t.build/DerivedSources -Xcc -DSWIFT_PACKAGE -Xcc -DDEBUG\=1 -emit-objc-header -emit-objc-header-path /Users/admin/builder/spi-builder-workspace/.derivedData/Build/Intermediates.noindex/GatheredKit.build/Debug-xros/GatheredKitDevice-t.build/Objects-normal/arm64/GatheredKitDevice-Swift.h -working-directory /Users/admin/builder/spi-builder-workspace/.swiftpm/xcode -experimental-emit-module-separately -disable-cmo
SwiftDriver GatheredKitCamera normal arm64 com.apple.xcode.tools.swift.compiler (in target 'GatheredKitCamera' from project 'GatheredKit')
cd /Users/admin/builder/spi-builder-workspace/.swiftpm/xcode
builtin-SwiftDriver -- /Applications/Xcode-27.0.0-Release.Candidate.app/Contents/Developer/Toolchains/XcodeDefault.xctoolchain/usr/bin/swiftc -parse-as-library -module-name GatheredKitCamera -Onone @/Users/admin/builder/spi-builder-workspace/.derivedData/Build/Intermediates.noindex/GatheredKit.build/Debug-xros/GatheredKitCamera-t.build/Objects-normal/arm64/GatheredKitCamera.SwiftFileList -DSWIFT_PACKAGE -DDEBUG -DSWIFT_MODULE_RESOURCE_BUNDLE_UNAVAILABLE -DXcode -plugin-path /Applications/Xcode-27.0.0-Release.Candidate.app/Contents/Developer/Toolchains/XcodeDefault.xctoolchain/usr/lib/swift/host/plugins/testing -enable-experimental-feature DebugDescriptionMacro -sdk /Applications/Xcode-27.0.0-Release.Candidate.app/Contents/Developer/Platforms/XROS.platform/Developer/SDKs/XROS27.0.sdk -target arm64-apple-xros1.0 -g -module-cache-path /Users/admin/builder/spi-builder-workspace/.derivedData/ModuleCache.noindex -Xfrontend -serialize-debugging-options -profile-coverage-mapping -profile-generate -enable-testing -index-store-path /Users/admin/builder/spi-builder-workspace/.derivedData/Index.noindex/DataStore -Xcc -D_LIBCPP_HARDENING_MODE\=_LIBCPP_HARDENING_MODE_DEBUG -swift-version 6 -I /Users/admin/builder/spi-builder-workspace/.derivedData/Build/Products/Debug-xros -Isystem /Applications/Xcode-27.0.0-Release.Candidate.app/Contents/Developer/Platforms/XROS.platform/Developer/usr/lib -F /Users/admin/builder/spi-builder-workspace/.derivedData/Build/Products/Debug-xros/PackageFrameworks -F /Users/admin/builder/spi-builder-workspace/.derivedData/Build/Products/Debug-xros -F /Applications/Xcode-27.0.0-Release.Candidate.app/Contents/Developer/Platforms/XROS.platform/Developer/Library/Frameworks -F /Applications/Xcode-27.0.0-Release.Candidate.app/Contents/Developer/Platforms/XROS.platform/Developer/SDKs/XROS27.0.sdk/Developer/Library/Frameworks -Xfrontend -load-plugin-executable -Xfrontend /Users/admin/builder/spi-builder-workspace/.derivedData/Build/Products/Debug/GatheredKitMacrosMacros\#GatheredKitMacrosMacros -c -j10 -enable-batch-mode -incremental -Xcc -ivfsstatcache -Xcc /Users/admin/builder/spi-builder-workspace/.derivedData/SDKStatCaches.noindex/xros27.0-24M361-e829b21a6f8c9b70876ba0858053c044735bd543db762f57723cac368afd1ce4.sdkstatcache -output-file-map /Users/admin/builder/spi-builder-workspace/.derivedData/Build/Intermediates.noindex/GatheredKit.build/Debug-xros/GatheredKitCamera-t.build/Objects-normal/arm64/GatheredKitCamera-OutputFileMap.json -save-temps -no-color-diagnostics -explicit-module-build -module-cache-path /Users/admin/builder/spi-builder-workspace/.derivedData/Build/Intermediates.noindex/SwiftExplicitPrecompiledModules -clang-scanner-module-cache-path /Users/admin/builder/spi-builder-workspace/.derivedData/ModuleCache.noindex -sdk-module-cache-path /Users/admin/builder/spi-builder-workspace/.derivedData/SDKExplicitPrecompiledModules -emit-dependencies -emit-module -emit-module-path /Users/admin/builder/spi-builder-workspace/.derivedData/Build/Intermediates.noindex/GatheredKit.build/Debug-xros/GatheredKitCamera-t.build/Objects-normal/arm64/GatheredKitCamera.swiftmodule -serialize-diagnostics -dependency-scan-serialize-diagnostics-path /Users/admin/builder/spi-builder-workspace/.derivedData/Build/Intermediates.noindex/GatheredKit.build/Debug-xros/GatheredKitCamera-t.build/Objects-normal/arm64/GatheredKitCamera-dependency-scan.dia -validate-clang-modules-once -clang-build-session-file /Users/admin/builder/spi-builder-workspace/.derivedData/ModuleCache.noindex/Session.modulevalidation -Xcc -fmodules-prune-interval\=86400 -Xcc -fmodules-prune-after\=345600 -package-name spi_builder_workspace -emit-const-values -const-gather-protocols-list /Users/admin/builder/spi-builder-workspace/.derivedData/Build/Intermediates.noindex/GatheredKit.build/Debug-xros/GatheredKitCamera-t.build/Objects-normal/arm64/GatheredKitCamera_const_extract_protocols.json -Xcc -I/Users/admin/builder/spi-builder-workspace/.derivedData/Build/Products/Debug-xros/include -Xcc -I/Users/admin/builder/spi-builder-workspace/.derivedData/Build/Intermediates.noindex/GatheredKit.build/Debug-xros/GatheredKitCamera-t.build/DerivedSources-normal/arm64 -Xcc -I/Users/admin/builder/spi-builder-workspace/.derivedData/Build/Intermediates.noindex/GatheredKit.build/Debug-xros/GatheredKitCamera-t.build/DerivedSources/arm64 -Xcc -I/Users/admin/builder/spi-builder-workspace/.derivedData/Build/Intermediates.noindex/GatheredKit.build/Debug-xros/GatheredKitCamera-t.build/DerivedSources -Xcc -DSWIFT_PACKAGE -Xcc -DDEBUG\=1 -emit-objc-header -emit-objc-header-path /Users/admin/builder/spi-builder-workspace/.derivedData/Build/Intermediates.noindex/GatheredKit.build/Debug-xros/GatheredKitCamera-t.build/Objects-normal/arm64/GatheredKitCamera-Swift.h -working-directory /Users/admin/builder/spi-builder-workspace/.swiftpm/xcode -experimental-emit-module-separately -disable-cmo
ExtractAppIntentsMetadata (in target 'GatheredKitUserTracking' from project 'GatheredKit')
cd /Users/admin/builder/spi-builder-workspace
/Applications/Xcode-27.0.0-Release.Candidate.app/Contents/Developer/Toolchains/XcodeDefault.xctoolchain/usr/bin/appintentsmetadataprocessor --toolchain-dir /var/run/com.apple.security.cryptexd/mnt/com.apple.MobileAsset.MetalToolchain-v27.1.266.1.BJIezF/Metal.xctoolchain --module-name GatheredKitUserTracking --sdk-root /Applications/Xcode-27.0.0-Release.Candidate.app/Contents/Developer/Platforms/XROS.platform/Developer/SDKs/XROS27.0.sdk --xcode-version 27A266a --platform-family xrOS --deployment-target 1.0 --bundle-identifier spi-builder-workspace.GatheredKitUserTracking --output /Users/admin/builder/spi-builder-workspace/.derivedData/Build/Products/Debug-xros/GatheredKitUserTracking.appintents --target-triple arm64-apple-xros1.0 --binary-file /Users/admin/builder/spi-builder-workspace/.derivedData/Build/Products/Debug-xros/GatheredKitUserTracking.o --dependency-file /Users/admin/builder/spi-builder-workspace/.derivedData/Build/Intermediates.noindex/GatheredKit.build/Debug-xros/GatheredKitUserTracking-t.build/Objects-normal/arm64/GatheredKitUserTracking_dependency_info.dat --stringsdata-file /Users/admin/builder/spi-builder-workspace/.derivedData/Build/Intermediates.noindex/GatheredKit.build/Debug-xros/GatheredKitUserTracking-t.build/Objects-normal/arm64/ExtractedAppShortcutsMetadata.stringsdata --source-file-list /Users/admin/builder/spi-builder-workspace/.derivedData/Build/Intermediates.noindex/GatheredKit.build/Debug-xros/GatheredKitUserTracking-t.build/Objects-normal/arm64/GatheredKitUserTracking.SwiftFileList --metadata-file-list /Users/admin/builder/spi-builder-workspace/.derivedData/Build/Intermediates.noindex/GatheredKit.build/Debug-xros/GatheredKitUserTracking-t.build/GatheredKitUserTracking.DependencyMetadataFileList --static-metadata-file-list /Users/admin/builder/spi-builder-workspace/.derivedData/Build/Intermediates.noindex/GatheredKit.build/Debug-xros/GatheredKitUserTracking-t.build/GatheredKitUserTracking.DependencyStaticMetadataFileList --swift-const-vals-list /Users/admin/builder/spi-builder-workspace/.derivedData/Build/Intermediates.noindex/GatheredKit.build/Debug-xros/GatheredKitUserTracking-t.build/Objects-normal/arm64/GatheredKitUserTracking.SwiftConstValuesFileList --force --compile-time-extraction --deployment-aware-processing --no-app-shortcuts-localization
2026-09-19 08:45:39.069 appintentsmetadataprocessor[1998:11786] Starting appintentsmetadataprocessor export
2026-09-19 08:45:39.136 appintentsmetadataprocessor[1998:11786] Extracted no relevant App Intents symbols, skipping writing output
ExtractAppIntentsMetadata (in target 'GatheredKitSystemStatistics' from project 'GatheredKit')
cd /Users/admin/builder/spi-builder-workspace
/Applications/Xcode-27.0.0-Release.Candidate.app/Contents/Developer/Toolchains/XcodeDefault.xctoolchain/usr/bin/appintentsmetadataprocessor --toolchain-dir /var/run/com.apple.security.cryptexd/mnt/com.apple.MobileAsset.MetalToolchain-v27.1.266.1.BJIezF/Metal.xctoolchain --module-name GatheredKitSystemStatistics --sdk-root /Applications/Xcode-27.0.0-Release.Candidate.app/Contents/Developer/Platforms/XROS.platform/Developer/SDKs/XROS27.0.sdk --xcode-version 27A266a --platform-family xrOS --deployment-target 1.0 --bundle-identifier spi-builder-workspace.GatheredKitSystemStatistics --output /Users/admin/builder/spi-builder-workspace/.derivedData/Build/Products/Debug-xros/GatheredKitSystemStatistics.appintents --target-triple arm64-apple-xros1.0 --binary-file /Users/admin/builder/spi-builder-workspace/.derivedData/Build/Products/Debug-xros/GatheredKitSystemStatistics.o --dependency-file /Users/admin/builder/spi-builder-workspace/.derivedData/Build/Intermediates.noindex/GatheredKit.build/Debug-xros/GatheredKitSystemStatistics-t.build/Objects-normal/arm64/GatheredKitSystemStatistics_dependency_info.dat --stringsdata-file /Users/admin/builder/spi-builder-workspace/.derivedData/Build/Intermediates.noindex/GatheredKit.build/Debug-xros/GatheredKitSystemStatistics-t.build/Objects-normal/arm64/ExtractedAppShortcutsMetadata.stringsdata --source-file-list /Users/admin/builder/spi-builder-workspace/.derivedData/Build/Intermediates.noindex/GatheredKit.build/Debug-xros/GatheredKitSystemStatistics-t.build/Objects-normal/arm64/GatheredKitSystemStatistics.SwiftFileList --metadata-file-list /Users/admin/builder/spi-builder-workspace/.derivedData/Build/Intermediates.noindex/GatheredKit.build/Debug-xros/GatheredKitSystemStatistics-t.build/GatheredKitSystemStatistics.DependencyMetadataFileList --static-metadata-file-list /Users/admin/builder/spi-builder-workspace/.derivedData/Build/Intermediates.noindex/GatheredKit.build/Debug-xros/GatheredKitSystemStatistics-t.build/GatheredKitSystemStatistics.DependencyStaticMetadataFileList --swift-const-vals-list /Users/admin/builder/spi-builder-workspace/.derivedData/Build/Intermediates.noindex/GatheredKit.build/Debug-xros/GatheredKitSystemStatistics-t.build/Objects-normal/arm64/GatheredKitSystemStatistics.SwiftConstValuesFileList --force --compile-time-extraction --deployment-aware-processing --no-app-shortcuts-localization
2026-09-19 08:45:39.069 appintentsmetadataprocessor[1999:11787] Starting appintentsmetadataprocessor export
2026-09-19 08:45:39.136 appintentsmetadataprocessor[1999:11787] Extracted no relevant App Intents symbols, skipping writing output
SwiftDriver GatheredKitScreenTests normal arm64 com.apple.xcode.tools.swift.compiler (in target 'GatheredKitScreenTests-product' from project 'GatheredKit')
cd /Users/admin/builder/spi-builder-workspace/.swiftpm/xcode
builtin-SwiftDriver -- /Applications/Xcode-27.0.0-Release.Candidate.app/Contents/Developer/Toolchains/XcodeDefault.xctoolchain/usr/bin/swiftc -parse-as-library -module-name GatheredKitScreenTests -Onone @/Users/admin/builder/spi-builder-workspace/.derivedData/Build/Intermediates.noindex/GatheredKit.build/Debug-xros/GatheredKitScreenTests-p.build/Objects-normal/arm64/GatheredKitScreenTests.SwiftFileList -DSWIFT_PACKAGE -DDEBUG -DXcode -plugin-path /Applications/Xcode-27.0.0-Release.Candidate.app/Contents/Developer/Toolchains/XcodeDefault.xctoolchain/usr/lib/swift/host/plugins/testing -enable-experimental-feature DebugDescriptionMacro -sdk /Applications/Xcode-27.0.0-Release.Candidate.app/Contents/Developer/Platforms/XROS.platform/Developer/SDKs/XROS27.0.sdk -target arm64-apple-xros1.0 -g -module-cache-path /Users/admin/builder/spi-builder-workspace/.derivedData/ModuleCache.noindex -Xfrontend -serialize-debugging-options -profile-coverage-mapping -profile-generate -enable-testing -index-store-path /Users/admin/builder/spi-builder-workspace/.derivedData/Index.noindex/DataStore -Xcc -D_LIBCPP_HARDENING_MODE\=_LIBCPP_HARDENING_MODE_DEBUG -swift-version 6 -I /Users/admin/builder/spi-builder-workspace/.derivedData/Build/Products/Debug-xros -Isystem /Applications/Xcode-27.0.0-Release.Candidate.app/Contents/Developer/Platforms/XROS.platform/Developer/usr/lib -F /Users/admin/builder/spi-builder-workspace/.derivedData/Build/Products/Debug-xros/PackageFrameworks -F /Users/admin/builder/spi-builder-workspace/.derivedData/Build/Products/Debug-xros -F /Applications/Xcode-27.0.0-Release.Candidate.app/Contents/Developer/Platforms/XROS.platform/Developer/Library/Frameworks -F /Applications/Xcode-27.0.0-Release.Candidate.app/Contents/Developer/Platforms/XROS.platform/Developer/SDKs/XROS27.0.sdk/Developer/Library/Frameworks -Xfrontend -load-plugin-executable -Xfrontend /Users/admin/builder/spi-builder-workspace/.derivedData/Build/Products/Debug/GatheredKitMacrosMacros\#GatheredKitMacrosMacros -c -j10 -enable-batch-mode -incremental -Xcc -ivfsstatcache -Xcc /Users/admin/builder/spi-builder-workspace/.derivedData/SDKStatCaches.noindex/xros27.0-24M361-e829b21a6f8c9b70876ba0858053c044735bd543db762f57723cac368afd1ce4.sdkstatcache -output-file-map /Users/admin/builder/spi-builder-workspace/.derivedData/Build/Intermediates.noindex/GatheredKit.build/Debug-xros/GatheredKitScreenTests-p.build/Objects-normal/arm64/GatheredKitScreenTests-OutputFileMap.json -save-temps -no-color-diagnostics -explicit-module-build -module-cache-path /Users/admin/builder/spi-builder-workspace/.derivedData/Build/Intermediates.noindex/SwiftExplicitPrecompiledModules -clang-scanner-module-cache-path /Users/admin/builder/spi-builder-workspace/.derivedData/ModuleCache.noindex -sdk-module-cache-path /Users/admin/builder/spi-builder-workspace/.derivedData/SDKExplicitPrecompiledModules -emit-dependencies -emit-module -emit-module-path /Users/admin/builder/spi-builder-workspace/.derivedData/Build/Intermediates.noindex/GatheredKit.build/Debug-xros/GatheredKitScreenTests-p.build/Objects-normal/arm64/GatheredKitScreenTests.swiftmodule -serialize-diagnostics -dependency-scan-serialize-diagnostics-path /Users/admin/builder/spi-builder-workspace/.derivedData/Build/Intermediates.noindex/GatheredKit.build/Debug-xros/GatheredKitScreenTests-p.build/Objects-normal/arm64/GatheredKitScreenTests-dependency-scan.dia -validate-clang-modules-once -clang-build-session-file /Users/admin/builder/spi-builder-workspace/.derivedData/ModuleCache.noindex/Session.modulevalidation -Xcc -fmodules-prune-interval\=86400 -Xcc -fmodules-prune-after\=345600 -package-name spi_builder_workspace -emit-const-values -const-gather-protocols-list /Users/admin/builder/spi-builder-workspace/.derivedData/Build/Intermediates.noindex/GatheredKit.build/Debug-xros/GatheredKitScreenTests-p.build/Objects-normal/arm64/GatheredKitScreenTests_const_extract_protocols.json -Xcc -I/Users/admin/builder/spi-builder-workspace/.derivedData/Build/Products/Debug-xros/include -Xcc -I/Users/admin/builder/spi-builder-workspace/.derivedData/Build/Intermediates.noindex/GatheredKit.build/Debug-xros/GatheredKitScreenTests-p.build/DerivedSources-normal/arm64 -Xcc -I/Users/admin/builder/spi-builder-workspace/.derivedData/Build/Intermediates.noindex/GatheredKit.build/Debug-xros/GatheredKitScreenTests-p.build/DerivedSources/arm64 -Xcc -I/Users/admin/builder/spi-builder-workspace/.derivedData/Build/Intermediates.noindex/GatheredKit.build/Debug-xros/GatheredKitScreenTests-p.build/DerivedSources -Xcc -DSWIFT_PACKAGE -Xcc -DDEBUG\=1 -working-directory /Users/admin/builder/spi-builder-workspace/.swiftpm/xcode -experimental-emit-module-separately -disable-cmo
SwiftEmitModule normal arm64 Emitting\ module\ for\ GatheredKitDevice (in target 'GatheredKitDevice' from project 'GatheredKit')
SwiftCompile normal arm64 (in target 'GatheredKitDevice' from project 'GatheredKit')
cd /Users/admin/builder/spi-builder-workspace/.swiftpm/xcode
SwiftCompile normal arm64 Compiling\ Battery.swift /Users/admin/builder/spi-builder-workspace/Sources/GatheredKitDevice/Battery/Battery.swift (in target 'GatheredKitDevice' from project 'GatheredKit')
SwiftCompile normal arm64 /Users/admin/builder/spi-builder-workspace/Sources/GatheredKitDevice/Battery/Battery.swift (in target 'GatheredKitDevice' from project 'GatheredKit')
cd /Users/admin/builder/spi-builder-workspace/.swiftpm/xcode
builtin-SwiftPerFileCompile Battery.swift
SwiftCompile normal arm64 Compiling\ SourceKind+battery.swift /Users/admin/builder/spi-builder-workspace/Sources/GatheredKitDevice/Battery/SourceKind+battery.swift (in target 'GatheredKitDevice' from project 'GatheredKit')
SwiftCompile normal arm64 /Users/admin/builder/spi-builder-workspace/Sources/GatheredKitDevice/Battery/SourceKind+battery.swift (in target 'GatheredKitDevice' from project 'GatheredKit')
cd /Users/admin/builder/spi-builder-workspace/.swiftpm/xcode
builtin-SwiftPerFileCompile SourceKind+battery.swift
SwiftEmitModule normal arm64 Emitting\ module\ for\ GatheredKitExternalAccessory (in target 'GatheredKitExternalAccessory' from project 'GatheredKit')
SwiftCompile normal arm64 (in target 'GatheredKitExternalAccessory' from project 'GatheredKit')
cd /Users/admin/builder/spi-builder-workspace/.swiftpm/xcode
SwiftCompile normal arm64 Compiling\ ExternalAccessory.swift /Users/admin/builder/spi-builder-workspace/Sources/GatheredKitExternalAccessory/ExternalAccessory.swift (in target 'GatheredKitExternalAccessory' from project 'GatheredKit')
SwiftCompile normal arm64 /Users/admin/builder/spi-builder-workspace/Sources/GatheredKitExternalAccessory/ExternalAccessory.swift (in target 'GatheredKitExternalAccessory' from project 'GatheredKit')
cd /Users/admin/builder/spi-builder-workspace/.swiftpm/xcode
builtin-SwiftPerFileCompile ExternalAccessory.swift
SwiftDriverJobDiscovery normal arm64 Compiling Battery.swift (in target 'GatheredKitDevice' from project 'GatheredKit')
SwiftEmitModule normal arm64 Emitting\ module\ for\ GatheredKitLocation (in target 'GatheredKitLocation' from project 'GatheredKit')
/Users/admin/builder/spi-builder-workspace/Sources/GatheredKitLocation/Sources/Location.swift:6:20: error: type 'Location' does not conform to protocol 'Controllable'
4 | import GatheredKit
5 |
6 | public final class Location: UpdatingSource, Controllable {
| |- error: type 'Location' does not conform to protocol 'Controllable'
| `- note: add stubs for conformance
7 | private enum State {
8 | case notMonitoring
GatheredKit.Controllable.startUpdating:2:17: note: protocol requires function 'startUpdating()' with type '() -> ()'
1 | protocol Controllable {
2 | @MainActor func startUpdating()}
| `- note: protocol requires function 'startUpdating()' with type '() -> ()'
3 |
/Users/admin/builder/spi-builder-workspace/Sources/GatheredKitLocation/Sources/Location.swift:356:10: error: cannot override 'locationManager' which has been marked unavailable
354 | }
355 |
356 | func locationManager(
| `- error: cannot override 'locationManager' which has been marked unavailable
357 | _ manager: CLLocationManager, didChangeAuthorization status: CLAuthorizationStatus
358 | ) {
/Applications/Xcode-27.0.0-Release.Candidate.app/Contents/Developer/Platforms/XROS.platform/Developer/SDKs/XROS27.0.sdk/System/Library/Frameworks/CoreLocation.framework/Headers/CLLocationManagerDelegate.h:164:1: note: 'locationManager(_:didChangeAuthorization:)' has been explicitly marked unavailable here
162 | * Invoked when the authorization status changes for this application.
163 | */
164 | - (void)locationManager:(CLLocationManager *)manager didChangeAuthorizationStatus:(CLAuthorizationStatus)status API_DEPRECATED_WITH_REPLACEMENT("-locationManagerDidChangeAuthorization:", ios(4.2, 14.0), macos(10.7, 11.0), watchos(1.0, 7.0), tvos(9.0, 14.0)) API_UNAVAILABLE(visionos);
| `- note: 'locationManager(_:didChangeAuthorization:)' has been explicitly marked unavailable here
165 |
166 | /*
Failed frontend command:
/Applications/Xcode-27.0.0-Release.Candidate.app/Contents/Developer/Toolchains/XcodeDefault.xctoolchain/usr/bin/swift-frontend -frontend -emit-module -experimental-skip-non-inlinable-function-bodies-without-types /Users/admin/builder/spi-builder-workspace/Sources/GatheredKitLocation/Properties/CoordinateProperty.swift /Users/admin/builder/spi-builder-workspace/Sources/GatheredKitLocation/Properties/OptionalCoordinateProperty.swift /Users/admin/builder/spi-builder-workspace/Sources/GatheredKitLocation/Sources/Location.swift /Users/admin/builder/spi-builder-workspace/Sources/GatheredKitLocation/Sources/SourceKind+location.swift -target arm64-apple-xros1.0 -disable-cross-import-overlay-search -load-resolved-plugin /Applications/Xcode-27.0.0-Release.Candidate.app/Contents/Developer/Platforms/XROS.platform/Developer/usr/lib/swift/host/plugins/libFoundationMacros.dylib\#/Applications/Xcode-27.0.0-Release.Candidate.app/Contents/Developer/Platforms/XROS.platform/Developer/usr/bin/swift-plugin-server\#FoundationMacros -load-resolved-plugin \#/Users/admin/builder/spi-builder-workspace/.derivedData/Build/Products/Debug/GatheredKitMacrosMacros\#GatheredKitMacrosMacros -load-resolved-plugin /Applications/Xcode-27.0.0-Release.Candidate.app/Contents/Developer/Platforms/XROS.platform/Developer/usr/lib/swift/host/plugins/libObservationMacros.dylib\#/Applications/Xcode-27.0.0-Release.Candidate.app/Contents/Developer/Platforms/XROS.platform/Developer/usr/bin/swift-plugin-server\#ObservationMacros -load-resolved-plugin /Applications/Xcode-27.0.0-Release.Candidate.app/Contents/Developer/Platforms/XROS.platform/Developer/usr/lib/swift/host/plugins/libSwiftMacros.dylib\#/Applications/Xcode-27.0.0-Release.Candidate.app/Contents/Developer/Platforms/XROS.platform/Developer/usr/bin/swift-plugin-server\#SwiftMacros -disable-implicit-swift-modules -Xcc -fno-implicit-modules -Xcc -fno-implicit-module-maps -explicit-swift-module-map-file /Users/admin/builder/spi-builder-workspace/.derivedData/Build/Intermediates.noindex/GatheredKit.build/Debug-xros/GatheredKitLocation-t.build/Objects-normal/arm64/GatheredKitLocation-dependencies-1.json -Xllvm -aarch64-use-tbi -enable-objc-interop -stack-check -sdk /Applications/Xcode-27.0.0-Release.Candidate.app/Contents/Developer/Platforms/XROS.platform/Developer/SDKs/XROS27.0.sdk -I /Users/admin/builder/spi-builder-workspace/.derivedData/Build/Products/Debug-xros -Isystem /Applications/Xcode-27.0.0-Release.Candidate.app/Contents/Developer/Platforms/XROS.platform/Developer/usr/lib -F /Users/admin/builder/spi-builder-workspace/.derivedData/Build/Products/Debug-xros/PackageFrameworks -F /Users/admin/builder/spi-builder-workspace/.derivedData/Build/Products/Debug-xros -F /Applications/Xcode-27.0.0-Release.Candidate.app/Contents/Developer/Platforms/XROS.platform/Developer/Library/Frameworks -F /Applications/Xcode-27.0.0-Release.Candidate.app/Contents/Developer/Platforms/XROS.platform/Developer/SDKs/XROS27.0.sdk/Developer/Library/Frameworks -module-cache-path /Users/admin/builder/spi-builder-workspace/.derivedData/Build/Intermediates.noindex/SwiftExplicitPrecompiledModules -no-color-diagnostics -Xcc -fno-color-diagnostics -enable-testing -g -debug-info-format\=dwarf -dwarf-version\=4 -profile-generate -profile-coverage-mapping -swift-version 6 -Onone -D SWIFT_PACKAGE -D DEBUG -D SWIFT_MODULE_RESOURCE_BUNDLE_UNAVAILABLE -D Xcode -serialize-debugging-options -load-plugin-executable /Users/admin/builder/spi-builder-workspace/.derivedData/Build/Products/Debug/GatheredKitMacrosMacros\#GatheredKitMacrosMacros -enable-experimental-feature DebugDescriptionMacro -empty-abi-descriptor -validate-clang-modules-once -clang-build-session-file /Users/admin/builder/spi-builder-workspace/.derivedData/ModuleCache.noindex/Session.modulevalidation -Xcc -working-directory -Xcc /Users/admin/builder/spi-builder-workspace/.swiftpm/xcode -enable-anonymous-context-mangled-names -file-compilation-dir /Users/admin/builder/spi-builder-workspace/.swiftpm/xcode -Xcc -D_LIBCPP_HARDENING_MODE\=_LIBCPP_HARDENING_MODE_DEBUG -Xcc -ivfsstatcache -Xcc /Users/admin/builder/spi-builder-workspace/.derivedData/SDKStatCaches.noindex/xros27.0-24M361-e829b21a6f8c9b70876ba0858053c044735bd543db762f57723cac368afd1ce4.sdkstatcache -Xcc -fmodules-prune-interval\=86400 -Xcc -fmodules-prune-after\=345600 -Xcc -I/Users/admin/builder/spi-builder-workspace/.derivedData/Build/Products/Debug-xros/include -Xcc -I/Users/admin/builder/spi-builder-workspace/.derivedData/Build/Intermediates.noindex/GatheredKit.build/Debug-xros/GatheredKitLocation-t.build/DerivedSources-normal/arm64 -Xcc -I/Users/admin/builder/spi-builder-workspace/.derivedData/Build/Intermediates.noindex/GatheredKit.build/Debug-xros/GatheredKitLocation-t.build/DerivedSources/arm64 -Xcc -I/Users/admin/builder/spi-builder-workspace/.derivedData/Build/Intermediates.noindex/GatheredKit.build/Debug-xros/GatheredKitLocation-t.build/DerivedSources -Xcc -DSWIFT_PACKAGE -Xcc -DDEBUG\=1 -no-auto-bridging-header-chaining -module-name GatheredKitLocation -package-name spi_builder_workspace -const-gather-protocols-file /Users/admin/builder/spi-builder-workspace/.derivedData/Build/Intermediates.noindex/GatheredKit.build/Debug-xros/GatheredKitLocation-t.build/Objects-normal/arm64/GatheredKitLocation_const_extract_protocols.json -disable-clang-spi -clang-target arm64-apple-xros27.0 -target-sdk-version 27.0 -target-sdk-name xros27.0 -in-process-plugin-server-path /Applications/Xcode-27.0.0-Release.Candidate.app/Contents/Developer/Toolchains/XcodeDefault.xctoolchain/usr/lib/swift/host/libSwiftInProcPluginServer.dylib -emit-module-doc-path /Users/admin/builder/spi-builder-workspace/.derivedData/Build/Intermediates.noindex/GatheredKit.build/Debug-xros/GatheredKitLocation-t.build/Objects-normal/arm64/GatheredKitLocation.swiftdoc -emit-module-source-info-path /Users/admin/builder/spi-builder-workspace/.derivedData/Build/Intermediates.noindex/GatheredKit.build/Debug-xros/GatheredKitLocation-t.build/Objects-normal/arm64/GatheredKitLocation.swiftsourceinfo -emit-objc-header-path /Users/admin/builder/spi-builder-workspace/.derivedData/Build/Intermediates.noindex/GatheredKit.build/Debug-xros/GatheredKitLocation-t.build/Objects-normal/arm64/GatheredKitLocation-Swift.h -serialize-diagnostics-path /Users/admin/builder/spi-builder-workspace/.derivedData/Build/Intermediates.noindex/GatheredKit.build/Debug-xros/GatheredKitLocation-t.build/Objects-normal/arm64/GatheredKitLocation-primary-emit-module.dia -emit-dependencies-path /Users/admin/builder/spi-builder-workspace/.derivedData/Build/Intermediates.noindex/GatheredKit.build/Debug-xros/GatheredKitLocation-t.build/Objects-normal/arm64/GatheredKitLocation-primary-emit-module.d -parse-as-library -o /Users/admin/builder/spi-builder-workspace/.derivedData/Build/Intermediates.noindex/GatheredKit.build/Debug-xros/GatheredKitLocation-t.build/Objects-normal/arm64/GatheredKitLocation.swiftmodule -emit-abi-descriptor-path /Users/admin/builder/spi-builder-workspace/.derivedData/Build/Intermediates.noindex/GatheredKit.build/Debug-xros/GatheredKitLocation-t.build/Objects-normal/arm64/GatheredKitLocation.abi.json
SwiftCompile normal arm64 (in target 'GatheredKitLocation' from project 'GatheredKit')
cd /Users/admin/builder/spi-builder-workspace/.swiftpm/xcode
SwiftCompile normal arm64 Compiling\ OptionalCoordinateProperty.swift /Users/admin/builder/spi-builder-workspace/Sources/GatheredKitLocation/Properties/OptionalCoordinateProperty.swift (in target 'GatheredKitLocation' from project 'GatheredKit')
SwiftCompile normal arm64 /Users/admin/builder/spi-builder-workspace/Sources/GatheredKitLocation/Properties/OptionalCoordinateProperty.swift (in target 'GatheredKitLocation' from project 'GatheredKit')
cd /Users/admin/builder/spi-builder-workspace/.swiftpm/xcode
builtin-SwiftPerFileCompile OptionalCoordinateProperty.swift
SwiftDriver\ Compilation GatheredKitProcessInfo normal arm64 com.apple.xcode.tools.swift.compiler (in target 'GatheredKitProcessInfo' from project 'GatheredKit')
cd /Users/admin/builder/spi-builder-workspace/.swiftpm/xcode
builtin-Swift-Compilation -- /Applications/Xcode-27.0.0-Release.Candidate.app/Contents/Developer/Toolchains/XcodeDefault.xctoolchain/usr/bin/swiftc -parse-as-library -module-name GatheredKitProcessInfo -Onone @/Users/admin/builder/spi-builder-workspace/.derivedData/Build/Intermediates.noindex/GatheredKit.build/Debug-xros/GatheredKitProcessInfo-t.build/Objects-normal/arm64/GatheredKitProcessInfo.SwiftFileList -DSWIFT_PACKAGE -DDEBUG -DSWIFT_MODULE_RESOURCE_BUNDLE_UNAVAILABLE -DXcode -plugin-path /Applications/Xcode-27.0.0-Release.Candidate.app/Contents/Developer/Toolchains/XcodeDefault.xctoolchain/usr/lib/swift/host/plugins/testing -enable-experimental-feature DebugDescriptionMacro -sdk /Applications/Xcode-27.0.0-Release.Candidate.app/Contents/Developer/Platforms/XROS.platform/Developer/SDKs/XROS27.0.sdk -target arm64-apple-xros1.0 -g -module-cache-path /Users/admin/builder/spi-builder-workspace/.derivedData/ModuleCache.noindex -Xfrontend -serialize-debugging-options -profile-coverage-mapping -profile-generate -enable-testing -index-store-path /Users/admin/builder/spi-builder-workspace/.derivedData/Index.noindex/DataStore -Xcc -D_LIBCPP_HARDENING_MODE\=_LIBCPP_HARDENING_MODE_DEBUG -swift-version 6 -I /Users/admin/builder/spi-builder-workspace/.derivedData/Build/Products/Debug-xros -Isystem /Applications/Xcode-27.0.0-Release.Candidate.app/Contents/Developer/Platforms/XROS.platform/Developer/usr/lib -F /Users/admin/builder/spi-builder-workspace/.derivedData/Build/Products/Debug-xros/PackageFrameworks -F /Users/admin/builder/spi-builder-workspace/.derivedData/Build/Products/Debug-xros -F /Applications/Xcode-27.0.0-Release.Candidate.app/Contents/Developer/Platforms/XROS.platform/Developer/Library/Frameworks -F /Applications/Xcode-27.0.0-Release.Candidate.app/Contents/Developer/Platforms/XROS.platform/Developer/SDKs/XROS27.0.sdk/Developer/Library/Frameworks -Xfrontend -load-plugin-executable -Xfrontend /Users/admin/builder/spi-builder-workspace/.derivedData/Build/Products/Debug/GatheredKitMacrosMacros\#GatheredKitMacrosMacros -c -j10 -enable-batch-mode -incremental -Xcc -ivfsstatcache -Xcc /Users/admin/builder/spi-builder-workspace/.derivedData/SDKStatCaches.noindex/xros27.0-24M361-e829b21a6f8c9b70876ba0858053c044735bd543db762f57723cac368afd1ce4.sdkstatcache -output-file-map /Users/admin/builder/spi-builder-workspace/.derivedData/Build/Intermediates.noindex/GatheredKit.build/Debug-xros/GatheredKitProcessInfo-t.build/Objects-normal/arm64/GatheredKitProcessInfo-OutputFileMap.json -save-temps -no-color-diagnostics -explicit-module-build -module-cache-path /Users/admin/builder/spi-builder-workspace/.derivedData/Build/Intermediates.noindex/SwiftExplicitPrecompiledModules -clang-scanner-module-cache-path /Users/admin/builder/spi-builder-workspace/.derivedData/ModuleCache.noindex -sdk-module-cache-path /Users/admin/builder/spi-builder-workspace/.derivedData/SDKExplicitPrecompiledModules -emit-dependencies -emit-module -emit-module-path /Users/admin/builder/spi-builder-workspace/.derivedData/Build/Intermediates.noindex/GatheredKit.build/Debug-xros/GatheredKitProcessInfo-t.build/Objects-normal/arm64/GatheredKitProcessInfo.swiftmodule -serialize-diagnostics -dependency-scan-serialize-diagnostics-path /Users/admin/builder/spi-builder-workspace/.derivedData/Build/Intermediates.noindex/GatheredKit.build/Debug-xros/GatheredKitProcessInfo-t.build/Objects-normal/arm64/GatheredKitProcessInfo-dependency-scan.dia -validate-clang-modules-once -clang-build-session-file /Users/admin/builder/spi-builder-workspace/.derivedData/ModuleCache.noindex/Session.modulevalidation -Xcc -fmodules-prune-interval\=86400 -Xcc -fmodules-prune-after\=345600 -package-name spi_builder_workspace -emit-const-values -const-gather-protocols-list /Users/admin/builder/spi-builder-workspace/.derivedData/Build/Intermediates.noindex/GatheredKit.build/Debug-xros/GatheredKitProcessInfo-t.build/Objects-normal/arm64/GatheredKitProcessInfo_const_extract_protocols.json -Xcc -I/Users/admin/builder/spi-builder-workspace/.derivedData/Build/Products/Debug-xros/include -Xcc -I/Users/admin/builder/spi-builder-workspace/.derivedData/Build/Intermediates.noindex/GatheredKit.build/Debug-xros/GatheredKitProcessInfo-t.build/DerivedSources-normal/arm64 -Xcc -I/Users/admin/builder/spi-builder-workspace/.derivedData/Build/Intermediates.noindex/GatheredKit.build/Debug-xros/GatheredKitProcessInfo-t.build/DerivedSources/arm64 -Xcc -I/Users/admin/builder/spi-builder-workspace/.derivedData/Build/Intermediates.noindex/GatheredKit.build/Debug-xros/GatheredKitProcessInfo-t.build/DerivedSources -Xcc -DSWIFT_PACKAGE -Xcc -DDEBUG\=1 -emit-objc-header -emit-objc-header-path /Users/admin/builder/spi-builder-workspace/.derivedData/Build/Intermediates.noindex/GatheredKit.build/Debug-xros/GatheredKitProcessInfo-t.build/Objects-normal/arm64/GatheredKitProcessInfo-Swift.h -working-directory /Users/admin/builder/spi-builder-workspace/.swiftpm/xcode -experimental-emit-module-separately -disable-cmo
SwiftDriverJobDiscovery normal arm64 Compiling SourceKind+battery.swift (in target 'GatheredKitDevice' from project 'GatheredKit')
SwiftCompile normal arm64 Compiling\ Location.swift /Users/admin/builder/spi-builder-workspace/Sources/GatheredKitLocation/Sources/Location.swift (in target 'GatheredKitLocation' from project 'GatheredKit')
/Users/admin/builder/spi-builder-workspace/Sources/GatheredKitLocation/Sources/Location.swift:6:20: error: type 'Location' does not conform to protocol 'Controllable'
4 | import GatheredKit
5 |
6 | public final class Location: UpdatingSource, Controllable {
| |- error: type 'Location' does not conform to protocol 'Controllable'
| `- note: add stubs for conformance
7 | private enum State {
8 | case notMonitoring
GatheredKit.Controllable.startUpdating:2:17: note: protocol requires function 'startUpdating()' with type '() -> ()'
1 | protocol Controllable {
2 | @MainActor func startUpdating()}
| `- note: protocol requires function 'startUpdating()' with type '() -> ()'
3 |
SwiftCompile normal arm64 /Users/admin/builder/spi-builder-workspace/Sources/GatheredKitLocation/Sources/Location.swift (in target 'GatheredKitLocation' from project 'GatheredKit')
cd /Users/admin/builder/spi-builder-workspace/.swiftpm/xcode
builtin-SwiftPerFileCompile Location.swift
Ld /Users/admin/builder/spi-builder-workspace/.derivedData/Build/Products/Debug-xros/GatheredKitProcessInfo.o normal (in target 'GatheredKitProcessInfo' from project 'GatheredKit')
cd /Users/admin/builder/spi-builder-workspace
/Applications/Xcode-27.0.0-Release.Candidate.app/Contents/Developer/Toolchains/XcodeDefault.xctoolchain/usr/bin/clang -Xlinker -reproducible -target arm64-apple-xros1.0 -r -isysroot /Applications/Xcode-27.0.0-Release.Candidate.app/Contents/Developer/Platforms/XROS.platform/Developer/SDKs/XROS27.0.sdk -O0 -Xlinker -no_warn_duplicate_libraries -F/Users/admin/builder/spi-builder-workspace/.derivedData/Build/Intermediates.noindex/EagerLinkingTBDs/Debug-xros -F/Users/admin/builder/spi-builder-workspace/.derivedData/Build/Products/Debug-xros/PackageFrameworks -F/Users/admin/builder/spi-builder-workspace/.derivedData/Build/Products/Debug-xros -iframework /Applications/Xcode-27.0.0-Release.Candidate.app/Contents/Developer/Platforms/XROS.platform/Developer/Library/Frameworks -iframework /Applications/Xcode-27.0.0-Release.Candidate.app/Contents/Developer/Platforms/XROS.platform/Developer/SDKs/XROS27.0.sdk/Developer/Library/Frameworks -filelist /Users/admin/builder/spi-builder-workspace/.derivedData/Build/Intermediates.noindex/GatheredKit.build/Debug-xros/GatheredKitProcessInfo-t.build/Objects-normal/arm64/GatheredKitProcessInfo.LinkFileList -nostdlib -Xlinker -object_path_lto -Xlinker /Users/admin/builder/spi-builder-workspace/.derivedData/Build/Intermediates.noindex/GatheredKit.build/Debug-xros/GatheredKitProcessInfo-t.build/Objects-normal/arm64/GatheredKitProcessInfo_lto.o -Xlinker -no_deduplicate -Xlinker -debug_variant -Xlinker -dependency_info -Xlinker /Users/admin/builder/spi-builder-workspace/.derivedData/Build/Intermediates.noindex/GatheredKit.build/Debug-xros/GatheredKitProcessInfo-t.build/Objects-normal/arm64/GatheredKitProcessInfo_dependency_info.dat -fobjc-link-runtime -L/Applications/Xcode-27.0.0-Release.Candidate.app/Contents/Developer/Toolchains/XcodeDefault.xctoolchain/usr/lib/swift/xros -L/usr/lib/swift -Xlinker -add_ast_path -Xlinker /Users/admin/builder/spi-builder-workspace/.derivedData/Build/Intermediates.noindex/GatheredKit.build/Debug-xros/GatheredKitProcessInfo-t.build/Objects-normal/arm64/GatheredKitProcessInfo.swiftmodule -o /Users/admin/builder/spi-builder-workspace/.derivedData/Build/Products/Debug-xros/GatheredKitProcessInfo.o
SwiftCompile normal arm64 Compiling\ CoordinateProperty.swift /Users/admin/builder/spi-builder-workspace/Sources/GatheredKitLocation/Properties/CoordinateProperty.swift (in target 'GatheredKitLocation' from project 'GatheredKit')
SwiftCompile normal arm64 /Users/admin/builder/spi-builder-workspace/Sources/GatheredKitLocation/Properties/CoordinateProperty.swift (in target 'GatheredKitLocation' from project 'GatheredKit')
cd /Users/admin/builder/spi-builder-workspace/.swiftpm/xcode
builtin-SwiftPerFileCompile CoordinateProperty.swift
SwiftCompile normal arm64 Compiling\ SourceKind+location.swift /Users/admin/builder/spi-builder-workspace/Sources/GatheredKitLocation/Sources/SourceKind+location.swift (in target 'GatheredKitLocation' from project 'GatheredKit')
SwiftCompile normal arm64 /Users/admin/builder/spi-builder-workspace/Sources/GatheredKitLocation/Sources/SourceKind+location.swift (in target 'GatheredKitLocation' from project 'GatheredKit')
cd /Users/admin/builder/spi-builder-workspace/.swiftpm/xcode
builtin-SwiftPerFileCompile SourceKind+location.swift
SwiftEmitModule normal arm64 Emitting\ module\ for\ GatheredKitWiFi (in target 'GatheredKitWiFi' from project 'GatheredKit')
SwiftCompile normal arm64 (in target 'GatheredKitWiFi' from project 'GatheredKit')
cd /Users/admin/builder/spi-builder-workspace/.swiftpm/xcode
SwiftEmitModule normal arm64 Emitting\ module\ for\ GatheredKitScreen (in target 'GatheredKitScreen' from project 'GatheredKit')
SwiftCompile normal arm64 (in target 'GatheredKitScreen' from project 'GatheredKit')
cd /Users/admin/builder/spi-builder-workspace/.swiftpm/xcode
SwiftEmitModule normal arm64 Emitting\ module\ for\ GatheredKitMotion (in target 'GatheredKitMotion' from project 'GatheredKit')
SwiftCompile normal arm64 (in target 'GatheredKitMotion' from project 'GatheredKit')
cd /Users/admin/builder/spi-builder-workspace/.swiftpm/xcode
SwiftExplicitDependencyGeneratePcm arm64 /Users/admin/builder/spi-builder-workspace/.derivedData/SDKExplicitPrecompiledModules/simd-7J2M7D2SOHYQ7IO8MYH2RXTKH.pcm
SwiftDriverJobDiscovery normal arm64 Compiling SourceKind+location.swift (in target 'GatheredKitLocation' from project 'GatheredKit')
SwiftExplicitDependencyGeneratePcm arm64 /Users/admin/builder/spi-builder-workspace/.derivedData/SDKExplicitPrecompiledModules/CoreVideo-4PK3Q849TG28PPFW9ON3UC1O9.pcm
SwiftDriverJobDiscovery normal arm64 Compiling ExternalAccessory.swift (in target 'GatheredKitExternalAccessory' from project 'GatheredKit')
SwiftCompile normal arm64 Compiling\ WiFiProvider.swift /Users/admin/builder/spi-builder-workspace/Sources/GatheredKitWiFi/WiFiProvider.swift (in target 'GatheredKitWiFi' from project 'GatheredKit')
SwiftCompile normal arm64 /Users/admin/builder/spi-builder-workspace/Sources/GatheredKitWiFi/WiFiProvider.swift (in target 'GatheredKitWiFi' from project 'GatheredKit')
cd /Users/admin/builder/spi-builder-workspace/.swiftpm/xcode
builtin-SwiftPerFileCompile WiFiProvider.swift
SwiftDriverJobDiscovery normal arm64 Emitting module for GatheredKitWiFi (in target 'GatheredKitWiFi' from project 'GatheredKit')
SwiftDriver\ Compilation\ Requirements GatheredKitWiFi normal arm64 com.apple.xcode.tools.swift.compiler (in target 'GatheredKitWiFi' from project 'GatheredKit')
cd /Users/admin/builder/spi-builder-workspace/.swiftpm/xcode
builtin-Swift-Compilation-Requirements -- /Applications/Xcode-27.0.0-Release.Candidate.app/Contents/Developer/Toolchains/XcodeDefault.xctoolchain/usr/bin/swiftc -parse-as-library -module-name GatheredKitWiFi -Onone @/Users/admin/builder/spi-builder-workspace/.derivedData/Build/Intermediates.noindex/GatheredKit.build/Debug-xros/GatheredKitWiFi-t.build/Objects-normal/arm64/GatheredKitWiFi.SwiftFileList -DSWIFT_PACKAGE -DDEBUG -DSWIFT_MODULE_RESOURCE_BUNDLE_UNAVAILABLE -DXcode -plugin-path /Applications/Xcode-27.0.0-Release.Candidate.app/Contents/Developer/Toolchains/XcodeDefault.xctoolchain/usr/lib/swift/host/plugins/testing -enable-experimental-feature DebugDescriptionMacro -sdk /Applications/Xcode-27.0.0-Release.Candidate.app/Contents/Developer/Platforms/XROS.platform/Developer/SDKs/XROS27.0.sdk -target arm64-apple-xros1.0 -g -module-cache-path /Users/admin/builder/spi-builder-workspace/.derivedData/ModuleCache.noindex -Xfrontend -serialize-debugging-options -profile-coverage-mapping -profile-generate -enable-testing -index-store-path /Users/admin/builder/spi-builder-workspace/.derivedData/Index.noindex/DataStore -Xcc -D_LIBCPP_HARDENING_MODE\=_LIBCPP_HARDENING_MODE_DEBUG -swift-version 6 -I /Users/admin/builder/spi-builder-workspace/.derivedData/Build/Products/Debug-xros -Isystem /Applications/Xcode-27.0.0-Release.Candidate.app/Contents/Developer/Platforms/XROS.platform/Developer/usr/lib -F /Users/admin/builder/spi-builder-workspace/.derivedData/Build/Products/Debug-xros/PackageFrameworks -F /Users/admin/builder/spi-builder-workspace/.derivedData/Build/Products/Debug-xros -F /Applications/Xcode-27.0.0-Release.Candidate.app/Contents/Developer/Platforms/XROS.platform/Developer/Library/Frameworks -F /Applications/Xcode-27.0.0-Release.Candidate.app/Contents/Developer/Platforms/XROS.platform/Developer/SDKs/XROS27.0.sdk/Developer/Library/Frameworks -Xfrontend -load-plugin-executable -Xfrontend /Users/admin/builder/spi-builder-workspace/.derivedData/Build/Products/Debug/GatheredKitMacrosMacros\#GatheredKitMacrosMacros -c -j10 -enable-batch-mode -incremental -Xcc -ivfsstatcache -Xcc /Users/admin/builder/spi-builder-workspace/.derivedData/SDKStatCaches.noindex/xros27.0-24M361-e829b21a6f8c9b70876ba0858053c044735bd543db762f57723cac368afd1ce4.sdkstatcache -output-file-map /Users/admin/builder/spi-builder-workspace/.derivedData/Build/Intermediates.noindex/GatheredKit.build/Debug-xros/GatheredKitWiFi-t.build/Objects-normal/arm64/GatheredKitWiFi-OutputFileMap.json -save-temps -no-color-diagnostics -explicit-module-build -module-cache-path /Users/admin/builder/spi-builder-workspace/.derivedData/Build/Intermediates.noindex/SwiftExplicitPrecompiledModules -clang-scanner-module-cache-path /Users/admin/builder/spi-builder-workspace/.derivedData/ModuleCache.noindex -sdk-module-cache-path /Users/admin/builder/spi-builder-workspace/.derivedData/SDKExplicitPrecompiledModules -emit-dependencies -emit-module -emit-module-path /Users/admin/builder/spi-builder-workspace/.derivedData/Build/Intermediates.noindex/GatheredKit.build/Debug-xros/GatheredKitWiFi-t.build/Objects-normal/arm64/GatheredKitWiFi.swiftmodule -serialize-diagnostics -dependency-scan-serialize-diagnostics-path /Users/admin/builder/spi-builder-workspace/.derivedData/Build/Intermediates.noindex/GatheredKit.build/Debug-xros/GatheredKitWiFi-t.build/Objects-normal/arm64/GatheredKitWiFi-dependency-scan.dia -validate-clang-modules-once -clang-build-session-file /Users/admin/builder/spi-builder-workspace/.derivedData/ModuleCache.noindex/Session.modulevalidation -Xcc -fmodules-prune-interval\=86400 -Xcc -fmodules-prune-after\=345600 -package-name spi_builder_workspace -emit-const-values -const-gather-protocols-list /Users/admin/builder/spi-builder-workspace/.derivedData/Build/Intermediates.noindex/GatheredKit.build/Debug-xros/GatheredKitWiFi-t.build/Objects-normal/arm64/GatheredKitWiFi_const_extract_protocols.json -Xcc -I/Users/admin/builder/spi-builder-workspace/.derivedData/Build/Products/Debug-xros/include -Xcc -I/Users/admin/builder/spi-builder-workspace/.derivedData/Build/Intermediates.noindex/GatheredKit.build/Debug-xros/GatheredKitWiFi-t.build/DerivedSources-normal/arm64 -Xcc -I/Users/admin/builder/spi-builder-workspace/.derivedData/Build/Intermediates.noindex/GatheredKit.build/Debug-xros/GatheredKitWiFi-t.build/DerivedSources/arm64 -Xcc -I/Users/admin/builder/spi-builder-workspace/.derivedData/Build/Intermediates.noindex/GatheredKit.build/Debug-xros/GatheredKitWiFi-t.build/DerivedSources -Xcc -DSWIFT_PACKAGE -Xcc -DDEBUG\=1 -emit-objc-header -emit-objc-header-path /Users/admin/builder/spi-builder-workspace/.derivedData/Build/Intermediates.noindex/GatheredKit.build/Debug-xros/GatheredKitWiFi-t.build/Objects-normal/arm64/GatheredKitWiFi-Swift.h -working-directory /Users/admin/builder/spi-builder-workspace/.swiftpm/xcode -experimental-emit-module-separately -disable-cmo
PruneExplicitPrecompiledModules /Users/admin/builder/spi-builder-workspace/.derivedData/Build/Intermediates.noindex/ExplicitPrecompiledModules
PruneExplicitPrecompiledModules /Users/admin/builder/spi-builder-workspace/.derivedData/SDKExplicitPrecompiledModules
PruneExplicitPrecompiledModules /Users/admin/builder/spi-builder-workspace/.derivedData/Build/Intermediates.noindex/SwiftExplicitPrecompiledModules
2026-09-19 08:45:31.979 xcodebuild[1953:11472] [MT] IDERunDestination: Supported platforms for the buildables in the current scheme is empty.
2026-09-19 08:45:32.078 xcodebuild[1953:11472] [MT] IDERunDestination: Supported platforms for the buildables in the current scheme is empty.
** BUILD FAILED **
The following build commands failed:
SwiftEmitModule normal arm64 Emitting\ module\ for\ GatheredKitLocation (in target 'GatheredKitLocation' from project 'GatheredKit')
SwiftCompile normal arm64 (in target 'GatheredKitLocation' from project 'GatheredKit')
Building workspace GatheredKit with scheme GatheredKit-Package
(3 failures)
BUILD FAILURE 6.4 visionOS