Build Information
Failed to build public-api-diff, reference 0.12.0 (06620f), with Swift 6.3 for Linux on 27 Jun 2026 09:30:39 UTC.
Build Command
bash -c docker run --pull=always --rm -v "checkouts-53886768-0":/host -w "$PWD" -e JAVA_HOME="/root/.sdkman/candidates/java/current" -e SPI_BUILD="1" -e SPI_PROCESSING="1" registry.gitlab.com/saguaro1/spi-images:basic-6.3-latest swift build --triple x86_64-unknown-linux-gnu 2>&1Build Log
========================================
RunAll
========================================
Builder version: 0e64495ecc1688c3b3e031a5ef1348b5c05091ae
Interrupt handler set up.
========================================
Checkout
========================================
Clone URL: https://github.com/Adyen/adyen-swift-public-api-diff.git
Reference: 0.12.0
Initialized empty Git repository in /host/spi-builder-workspace/.git/
hint: Using 'master' as the name for the initial branch. This default branch name
hint: is subject to change. To configure the initial branch name to use in all
hint: of your new repositories, which will suppress this warning, call:
hint:
hint: git config --global init.defaultBranch <name>
hint:
hint: Names commonly chosen instead of 'master' are 'main', 'trunk' and
hint: 'development'. The just-created branch can be renamed via this command:
hint:
hint: git branch -m <name>
From https://github.com/Adyen/adyen-swift-public-api-diff
* tag 0.12.0 -> FETCH_HEAD
HEAD is now at 06620ff Bump version to 0.12.0
Cloned https://github.com/Adyen/adyen-swift-public-api-diff.git
Revision (git rev-parse @):
06620ffe614773a43102ab8052077ae463908b78
SPI manifest file found: $PWD/.spi.yml
SUCCESS checkout https://github.com/Adyen/adyen-swift-public-api-diff.git at 0.12.0
========================================
Build
========================================
Selected platform: linux
Swift version: 6.3
Building package at path: $PWD
https://github.com/Adyen/adyen-swift-public-api-diff.git
Running build ...
bash -c docker run --pull=always --rm -v "checkouts-53886768-0":/host -w "$PWD" -e JAVA_HOME="/root/.sdkman/candidates/java/current" -e SPI_BUILD="1" -e SPI_PROCESSING="1" registry.gitlab.com/saguaro1/spi-images:basic-6.3-latest swift build --triple x86_64-unknown-linux-gnu 2>&1
basic-6.3-latest: Pulling from saguaro1/spi-images
Digest: sha256:518d581a7f3cc0f988d8921e0dce92c3361f942cd4cc7d944cb46f8707e06c63
Status: Image is up to date for registry.gitlab.com/saguaro1/spi-images:basic-6.3-latest
Fetching https://github.com/apple/swift-docc-plugin
Fetching https://github.com/apple/swift-testing
Fetching https://github.com/apple/swift-argument-parser
Fetching https://github.com/swiftlang/swift-syntax
Fetching https://github.com/nicklockwood/SwiftFormat
[1/17949] Fetching swift-argument-parser
[2/20274] Fetching swift-argument-parser, swift-docc-plugin
[13337/59650] Fetching swift-argument-parser, swift-docc-plugin, swift-testing
[24484/116456] Fetching swift-argument-parser, swift-docc-plugin, swift-testing, swiftformat
[49724/192206] Fetching swift-argument-parser, swift-docc-plugin, swift-testing, swiftformat, swift-syntax
Fetched https://github.com/swiftlang/swift-syntax from cache (2.74s)
[71012/116456] Fetching swift-argument-parser, swift-docc-plugin, swift-testing, swiftformat
Fetched https://github.com/apple/swift-docc-plugin from cache (18.54s)
Fetched https://github.com/apple/swift-argument-parser from cache (18.55s)
Fetched https://github.com/apple/swift-testing from cache (18.55s)
Fetched https://github.com/nicklockwood/SwiftFormat from cache (18.79s)
Computing version for https://github.com/apple/swift-testing
Computed https://github.com/apple/swift-testing at 6.3.2 (20.07s)
Computing version for https://github.com/apple/swift-docc-plugin
Computed https://github.com/apple/swift-docc-plugin at 1.5.0 (0.85s)
Fetching https://github.com/swiftlang/swift-docc-symbolkit
[1/3749] Fetching swift-docc-symbolkit
Fetched https://github.com/swiftlang/swift-docc-symbolkit from cache (0.52s)
Computing version for https://github.com/nicklockwood/SwiftFormat
Computed https://github.com/nicklockwood/SwiftFormat at 0.61.1 (0.70s)
Computing version for https://github.com/swiftlang/swift-docc-symbolkit
Computed https://github.com/swiftlang/swift-docc-symbolkit at 1.0.0 (0.18s)
Computing version for https://github.com/swiftlang/swift-syntax
Computed https://github.com/swiftlang/swift-syntax at 603.0.2 (0.24s)
Computing version for https://github.com/apple/swift-argument-parser
Computed https://github.com/apple/swift-argument-parser at 1.8.2 (0.14s)
Creating working copy for https://github.com/apple/swift-docc-plugin
Working copy of https://github.com/apple/swift-docc-plugin resolved at 1.5.0
Creating working copy for https://github.com/apple/swift-testing
Working copy of https://github.com/apple/swift-testing resolved at 6.3.2
Creating working copy for https://github.com/swiftlang/swift-docc-symbolkit
Working copy of https://github.com/swiftlang/swift-docc-symbolkit resolved at 1.0.0
Creating working copy for https://github.com/nicklockwood/SwiftFormat
Working copy of https://github.com/nicklockwood/SwiftFormat resolved at 0.61.1
Creating working copy for https://github.com/swiftlang/swift-syntax
Working copy of https://github.com/swiftlang/swift-syntax resolved at 603.0.2
Creating working copy for https://github.com/apple/swift-argument-parser
Working copy of https://github.com/apple/swift-argument-parser resolved at 1.8.2
Downloading package prebuilt https://download.swift.org/prebuilts/swift-syntax/603.0.2/swift-6.3.2-RELEASE-ubuntu_jammy_x86_64-MacroSupport.tar.gz
Downloaded https://download.swift.org/prebuilts/swift-syntax/603.0.2/swift-6.3.2-RELEASE-ubuntu_jammy_x86_64-MacroSupport.tar.gz (0.19s)
[1/1] Compiling plugin Swift-DocC Preview
[2/2] Compiling plugin Swift-DocC
[3/3] Compiling plugin SwiftFormatPlugin
[4/4] Compiling plugin GenerateManual
[5/5] Compiling plugin GenerateDoccReference
Building for debugging...
[5/51] Write sources
[26/51] Compiling _SwiftSyntaxCShims PlatformMutex.c
[27/51] Write swift-version-24593BA9C3E375BF.txt
[29/70] Emitting module SwiftSyntax600
[30/70] Emitting module SwiftSyntax510
[31/70] Emitting module FileHandlingModule
[32/70] Compiling SwiftSyntax510 Empty.swift
[34/73] Compiling SwiftSyntax509 Empty.swift
[35/73] Emitting module SwiftSyntax509
[36/74] Wrapping AST for SwiftSyntax510 for debugging
[37/74] Wrapping AST for SwiftSyntax509 for debugging
[39/74] Compiling SwiftSyntax600 Empty.swift
[40/75] Emitting module SwiftSyntax602
[41/75] Compiling SwiftSyntax602 Empty.swift
[43/76] Wrapping AST for SwiftSyntax600 for debugging
[44/76] Wrapping AST for SwiftSyntax602 for debugging
[46/76] Emitting module SwiftSyntax603
[47/76] Compiling SwiftSyntax603 Empty.swift
[49/77] Emitting module SwiftSyntax601
[50/77] Compiling SwiftSyntax601 Empty.swift
[50/78] Wrapping AST for SwiftSyntax603 for debugging
[52/78] Wrapping AST for SwiftSyntax601 for debugging
[54/141] Emitting module ArgumentParserToolInfo
[55/141] Compiling ArgumentParserToolInfo ToolInfo.swift
[56/142] Wrapping AST for ArgumentParserToolInfo for debugging
[58/189] Compiling PADCore SwiftInterfaceFile.swift
[59/189] Compiling FileHandlingModule FileManager+FileHandling.swift
[60/189] Compiling FileHandlingModule FileHandling.swift
[61/189] Emitting module PADCore
[62/189] Compiling PADCore Change.swift
[64/190] Compiling FileHandlingModule FileHandling+Convenience.swift
[64/191] Wrapping AST for PADCore for debugging
[66/194] Wrapping AST for FileHandlingModule for debugging
[68/194] Compiling PADOutputGenerator OutputGenerating.swift
error: emit-module command failed with exit code 1 (use -v to see invocation)
[69/200] Emitting module PADLogging
/host/spi-builder-workspace/Sources/Shared/Public/PADLogging/LogLevelLogger.swift:8:8: error: no such module 'OSLog'
6 |
7 | import Foundation
8 | import OSLog
| `- error: no such module 'OSLog'
9 |
10 | /// A log level specifying the granularity of the emitted logs
[70/200] Compiling PADLogging Logging.swift
/host/spi-builder-workspace/Sources/Shared/Public/PADLogging/LogLevelLogger.swift:8:8: error: no such module 'OSLog'
6 |
7 | import Foundation
8 | import OSLog
| `- error: no such module 'OSLog'
9 |
10 | /// A log level specifying the granularity of the emitted logs
[71/200] Compiling ArgumentParser BashCompletionsGenerator.swift
[72/200] Compiling ArgumentParser CompletionsGenerator.swift
[73/200] Compiling ArgumentParser FishCompletionsGenerator.swift
[74/200] Compiling ArgumentParser ZshCompletionsGenerator.swift
[75/200] Compiling ArgumentParser Argument.swift
[76/200] Compiling ArgumentParser ArgumentDiscussion.swift
[77/200] Compiling ArgumentParser ArgumentHelp.swift
[78/200] Compiling ArgumentParser ArgumentVisibility.swift
[79/200] Compiling ArgumentParser CompletionKind.swift
[80/208] Compiling PADLogging LoggingGroup.swift
/host/spi-builder-workspace/Sources/Shared/Public/PADLogging/LogLevelLogger.swift:8:8: error: no such module 'OSLog'
6 |
7 | import Foundation
8 | import OSLog
| `- error: no such module 'OSLog'
9 |
10 | /// A log level specifying the granularity of the emitted logs
[81/208] Compiling PADLogging SystemLogger.swift
/host/spi-builder-workspace/Sources/Shared/Public/PADLogging/LogLevelLogger.swift:8:8: error: no such module 'OSLog'
6 |
7 | import Foundation
8 | import OSLog
| `- error: no such module 'OSLog'
9 |
10 | /// A log level specifying the granularity of the emitted logs
[82/208] Compiling PADLogging LogFileLogger.swift
/host/spi-builder-workspace/Sources/Shared/Public/PADLogging/LogLevelLogger.swift:8:8: error: no such module 'OSLog'
6 |
7 | import Foundation
8 | import OSLog
| `- error: no such module 'OSLog'
9 |
10 | /// A log level specifying the granularity of the emitted logs
[83/208] Compiling PADLogging LogLevelLogger.swift
/host/spi-builder-workspace/Sources/Shared/Public/PADLogging/LogLevelLogger.swift:8:8: error: no such module 'OSLog'
6 |
7 | import Foundation
8 | import OSLog
| `- error: no such module 'OSLog'
9 |
10 | /// A log level specifying the granularity of the emitted logs
[84/208] Emitting module PADOutputGenerator
BUILD FAILURE 6.3 linux