The Swift Package Index logo.Swift Package Index

Build Information

Failed to build GoogleCloudNetworkManagementV1, reference main (6f83c0), with Swift 6.2 for Android on 12 Oct 2026 00:10:36 UTC.

Build Command

bash -c docker run --pull=always --rm -v "checkouts-54344849-3":/host -w "$PWD" -e JAVA_HOME="/root/.sdkman/candidates/java/current" -e SPI_BUILD="1" -e SPI_PROCESSING="1" registry.gitlab.com/saguaro1/spi-images:android-6.2-latest swift build --swift-sdk aarch64-unknown-linux-android28 2>&1

Build Log

========================================
RunAll
========================================
Builder version: 5.1.1
Interrupt handler set up.
========================================
Checkout
========================================
Clone URL: https://github.com/googleapis/swift-google-cloud-networkmanagement-v1.git
Reference: main
Initialized empty Git repository in /host/spi-builder-workspace/.git/
hint: Using 'master' as the name for the initial branch. This default branch name
hint: is subject to change. To configure the initial branch name to use in all
hint: of your new repositories, which will suppress this warning, call:
hint:
hint: 	git config --global init.defaultBranch <name>
hint:
hint: Names commonly chosen instead of 'master' are 'main', 'trunk' and
hint: 'development'. The just-created branch can be renamed via this command:
hint:
hint: 	git branch -m <name>
From https://github.com/googleapis/swift-google-cloud-networkmanagement-v1
 * branch            main       -> FETCH_HEAD
 * [new branch]      main       -> origin/main
HEAD is now at 6f83c04 chore: release circa 2026-10-07 (#1382)
Cloned https://github.com/googleapis/swift-google-cloud-networkmanagement-v1.git
Revision (git rev-parse @):
6f83c047928aa8571de880880f6db58327fbbc33
SPI manifest file found: $PWD/.spi.yml
SUCCESS checkout https://github.com/googleapis/swift-google-cloud-networkmanagement-v1.git at main
========================================
Build
========================================
Selected platform:         android
Swift version:             6.2
Building package at path:  $PWD
https://github.com/googleapis/swift-google-cloud-networkmanagement-v1.git
Running build ...
bash -c docker run --pull=always --rm -v "checkouts-54344849-3":/host -w "$PWD" -e JAVA_HOME="/root/.sdkman/candidates/java/current" -e SPI_BUILD="1" -e SPI_PROCESSING="1" registry.gitlab.com/saguaro1/spi-images:android-6.2-latest swift build --swift-sdk aarch64-unknown-linux-android28 2>&1
android-6.2-latest: Pulling from saguaro1/spi-images
Digest: sha256:a839c9ce201f1dacc8eb056626ec7ab0a1c6d53d7b77c83feda395f4507c51be
Status: Image is up to date for registry.gitlab.com/saguaro1/spi-images:android-6.2-latest
Fetching https://github.com/googleapis/swift-google-rpc
Fetching https://github.com/apple/swift-log
Fetching https://github.com/googleapis/swift-google-wkt
Fetching https://github.com/googleapis/swift-google-cloud-location
Fetching https://github.com/googleapis/swift-google-iam-v1
[1/706] Fetching swift-google-iam-v1
[707/8963] Fetching swift-google-iam-v1, swift-log
[790/9986] Fetching swift-google-iam-v1, swift-log, swift-google-wkt
[1305/10538] Fetching swift-google-iam-v1, swift-log, swift-google-wkt, swift-google-cloud-location
[3463/10960] Fetching swift-google-iam-v1, swift-log, swift-google-wkt, swift-google-cloud-location, swift-google-rpc
Fetched https://github.com/googleapis/swift-google-iam-v1 from cache (1.14s)
Fetching https://github.com/googleapis/swift-google-auth
Fetching https://github.com/googleapis/swift-google-longrunning
Fetched https://github.com/googleapis/swift-google-cloud-location from cache (1.33s)
Fetched https://github.com/googleapis/swift-google-rpc from cache (1.34s)
Fetched https://github.com/googleapis/swift-google-wkt from cache (1.33s)
Fetching https://github.com/googleapis/swift-google-gax
Fetched https://github.com/apple/swift-log from cache (1.54s)
[1/1023] Fetching swift-google-auth
[1030/1642] Fetching swift-google-auth, swift-google-longrunning
[1643/3390] Fetching swift-google-auth, swift-google-longrunning, swift-google-gax
Fetched https://github.com/googleapis/swift-google-gax from cache (1.55s)
Fetched https://github.com/googleapis/swift-google-longrunning from cache (1.57s)
Fetched https://github.com/googleapis/swift-google-auth from cache (1.75s)
Computing version for https://github.com/googleapis/swift-google-wkt
Computed https://github.com/googleapis/swift-google-wkt at 0.5.0 (3.67s)
Fetching https://github.com/swift-extras/swift-extras-base64
[1/954] Fetching swift-extras-base64
Fetched https://github.com/swift-extras/swift-extras-base64 from cache (1.31s)
Computing version for https://github.com/googleapis/swift-google-rpc
Computed https://github.com/googleapis/swift-google-rpc at 0.5.0 (2.30s)
Computing version for https://github.com/googleapis/swift-google-longrunning
Computed https://github.com/googleapis/swift-google-longrunning at 0.5.0 (0.95s)
Computing version for https://github.com/googleapis/swift-google-iam-v1
Computed https://github.com/googleapis/swift-google-iam-v1 at 0.5.0 (0.89s)
Fetching https://github.com/googleapis/swift-google-type
[5/437] Fetching swift-google-type
Fetched https://github.com/googleapis/swift-google-type from cache (1.11s)
Computing version for https://github.com/googleapis/swift-google-gax
Computed https://github.com/googleapis/swift-google-gax at 0.5.0 (1.68s)
Fetching https://github.com/swift-server/async-http-client.git
Fetching https://github.com/apple/swift-nio
[1/16464] Fetching async-http-client
[8892/102838] Fetching async-http-client, swift-nio
Fetched https://github.com/swift-server/async-http-client.git from cache (1.66s)
[33686/86374] Fetching swift-nio
Fetched https://github.com/apple/swift-nio from cache (5.79s)
Computing version for https://github.com/googleapis/swift-google-cloud-location
Computed https://github.com/googleapis/swift-google-cloud-location at 0.5.0 (6.12s)
Computing version for https://github.com/googleapis/swift-google-auth
Computed https://github.com/googleapis/swift-google-auth at 0.5.0 (0.25s)
Fetching https://github.com/vapor/jwt-kit.git
Fetching https://github.com/apple/swift-system.git
[1/7241] Fetching swift-system
[219/17495] Fetching swift-system, jwt-kit
Fetched https://github.com/apple/swift-system.git from cache (0.81s)
[4205/10254] Fetching jwt-kit
Fetched https://github.com/vapor/jwt-kit.git from cache (1.22s)
Computing version for https://github.com/googleapis/swift-google-type
Computed https://github.com/googleapis/swift-google-type at 0.5.0 (1.51s)
Computing version for https://github.com/swift-extras/swift-extras-base64
Computed https://github.com/swift-extras/swift-extras-base64 at 1.2.0 (0.29s)
Computing version for https://github.com/swift-server/async-http-client.git
Computed https://github.com/swift-server/async-http-client.git at 1.36.2 (0.33s)
Fetching https://github.com/apple/swift-nio-extras.git
Fetching https://github.com/apple/swift-nio-http2.git
Fetching https://github.com/apple/swift-service-context.git
Fetching https://github.com/apple/swift-distributed-tracing.git
Fetching https://github.com/apple/swift-configuration.git
[1/3928] Fetching swift-configuration
[41/5429] Fetching swift-configuration, swift-service-context
[922/12132] Fetching swift-configuration, swift-service-context, swift-nio-extras
[10592/18683] Fetching swift-configuration, swift-service-context, swift-nio-extras, swift-distributed-tracing
[10727/30977] Fetching swift-configuration, swift-service-context, swift-nio-extras, swift-distributed-tracing, swift-nio-http2
Fetched https://github.com/apple/swift-service-context.git from cache (0.66s)
[13246/29476] Fetching swift-configuration, swift-nio-extras, swift-distributed-tracing, swift-nio-http2
Fetched https://github.com/apple/swift-configuration.git from cache (0.67s)
Fetching https://github.com/apple/swift-nio-ssl.git
[9441/25548] Fetching swift-nio-extras, swift-distributed-tracing, swift-nio-http2
Fetching https://github.com/apple/swift-algorithms.git
Fetched https://github.com/apple/swift-distributed-tracing.git from cache (0.95s)
Fetching https://github.com/apple/swift-atomics.git
[1/16880] Fetching swift-nio-ssl
[508/23044] Fetching swift-nio-ssl, swift-algorithms
[7039/24933] Fetching swift-nio-ssl, swift-algorithms, swift-atomics
Fetched https://github.com/apple/swift-algorithms.git from cache (0.78s)
[3746/18769] Fetching swift-nio-ssl, swift-atomics
Fetched https://github.com/apple/swift-atomics.git from cache (0.61s)
Fetching https://github.com/apple/swift-nio-transport-services.git
Fetched https://github.com/apple/swift-nio-extras.git from cache (1.57s)
[3545/16880] Fetching swift-nio-ssl
Fetched https://github.com/apple/swift-nio-http2.git from cache (1.58s)
[16881/19747] Fetching swift-nio-ssl, swift-nio-transport-services
Fetched https://github.com/apple/swift-nio-transport-services.git from cache (0.57s)
Fetched https://github.com/apple/swift-nio-ssl.git from cache (2.03s)
Computing version for https://github.com/apple/swift-service-context.git
Computed https://github.com/apple/swift-service-context.git at 1.3.0 (2.98s)
Computing version for https://github.com/apple/swift-algorithms.git
Computed https://github.com/apple/swift-algorithms.git at 1.2.1 (1.50s)
Fetching https://github.com/apple/swift-numerics.git
[1/6742] Fetching swift-numerics
Fetched https://github.com/apple/swift-numerics.git from cache (0.65s)
Computing version for https://github.com/apple/swift-log
Computed https://github.com/apple/swift-log at 1.16.1 (0.95s)
Computing version for https://github.com/apple/swift-distributed-tracing.git
Computed https://github.com/apple/swift-distributed-tracing.git at 1.5.0 (0.26s)
Computing version for https://github.com/apple/swift-atomics.git
Computed https://github.com/apple/swift-atomics.git at 1.3.1 (0.29s)
Computing version for https://github.com/apple/swift-numerics.git
Computed https://github.com/apple/swift-numerics.git at 1.1.1 (0.29s)
Computing version for https://github.com/apple/swift-nio
Computed https://github.com/apple/swift-nio at 2.104.0 (0.56s)
Fetching https://github.com/apple/swift-collections.git
[1/28703] Fetching swift-collections
Fetched https://github.com/apple/swift-collections.git from cache (1.62s)
Computing version for https://github.com/apple/swift-configuration.git
Computed https://github.com/apple/swift-configuration.git at 1.2.2 (2.99s)
Fetching https://github.com/swift-server/swift-service-lifecycle
[1/2867] Fetching swift-service-lifecycle
Fetched https://github.com/swift-server/swift-service-lifecycle from cache (0.48s)
Computing version for https://github.com/apple/swift-nio-transport-services.git
Computed https://github.com/apple/swift-nio-transport-services.git at 1.28.0 (0.79s)
Computing version for https://github.com/swift-server/swift-service-lifecycle
Computed https://github.com/swift-server/swift-service-lifecycle at 2.12.1 (0.30s)
Fetching https://github.com/apple/swift-async-algorithms.git
[1/6820] Fetching swift-async-algorithms
Fetched https://github.com/apple/swift-async-algorithms.git from cache (0.60s)
Computing version for https://github.com/apple/swift-async-algorithms.git
Computed https://github.com/apple/swift-async-algorithms.git at 1.1.7 (0.93s)
Computing version for https://github.com/apple/swift-collections.git
Computed https://github.com/apple/swift-collections.git at 1.7.2 (0.43s)
Computing version for https://github.com/apple/swift-nio-http2.git
Computed https://github.com/apple/swift-nio-http2.git at 1.46.0 (0.29s)
Computing version for https://github.com/vapor/jwt-kit.git
Computed https://github.com/vapor/jwt-kit.git at 5.7.1 (0.25s)
Fetching https://github.com/apple/swift-certificates.git
Fetching https://github.com/apple/swift-crypto.git
[1/18629] Fetching swift-crypto
[2/26242] Fetching swift-crypto, swift-certificates
Fetched https://github.com/apple/swift-certificates.git from cache (1.81s)
Fetched https://github.com/apple/swift-crypto.git from cache (1.83s)
Computing version for https://github.com/apple/swift-crypto.git
Computed https://github.com/apple/swift-crypto.git at 4.5.2 (2.79s)
Fetching https://github.com/apple/swift-asn1.git
[21/2009] Fetching swift-asn1
Fetched https://github.com/apple/swift-asn1.git from cache (0.47s)
Computing version for https://github.com/apple/swift-asn1.git
Computed https://github.com/apple/swift-asn1.git at 1.7.3 (0.78s)
Computing version for https://github.com/apple/swift-certificates.git
Computed https://github.com/apple/swift-certificates.git at 1.21.0 (0.34s)
Computing version for https://github.com/apple/swift-nio-ssl.git
Computed https://github.com/apple/swift-nio-ssl.git at 2.37.5 (0.30s)
Computing version for https://github.com/apple/swift-system.git
Computed https://github.com/apple/swift-system.git at 1.8.1 (0.25s)
Computing version for https://github.com/apple/swift-nio-extras.git
Computed https://github.com/apple/swift-nio-extras.git at 1.35.1 (0.35s)
Fetching https://github.com/apple/swift-http-structured-headers.git
Fetching https://github.com/apple/swift-http-types.git
[1/1939] Fetching swift-http-types
[2/3192] Fetching swift-http-types, swift-http-structured-headers
Fetched https://github.com/apple/swift-http-structured-headers.git from cache (0.45s)
Fetched https://github.com/apple/swift-http-types.git from cache (0.46s)
Computing version for https://github.com/apple/swift-http-structured-headers.git
Computed https://github.com/apple/swift-http-structured-headers.git at 1.7.0 (0.68s)
Computing version for https://github.com/apple/swift-http-types.git
Computed https://github.com/apple/swift-http-types.git at 1.8.0 (0.25s)
Creating working copy for https://github.com/googleapis/swift-google-iam-v1
Working copy of https://github.com/googleapis/swift-google-iam-v1 resolved at 0.5.0
Creating working copy for https://github.com/googleapis/swift-google-gax
Working copy of https://github.com/googleapis/swift-google-gax resolved at 0.5.0
Creating working copy for https://github.com/apple/swift-numerics.git
Working copy of https://github.com/apple/swift-numerics.git resolved at 1.1.1
Creating working copy for https://github.com/swift-server/async-http-client.git
Working copy of https://github.com/swift-server/async-http-client.git resolved at 1.36.2
Creating working copy for https://github.com/apple/swift-service-context.git
Working copy of https://github.com/apple/swift-service-context.git resolved at 1.3.0
Creating working copy for https://github.com/apple/swift-asn1.git
Working copy of https://github.com/apple/swift-asn1.git resolved at 1.7.3
Creating working copy for https://github.com/apple/swift-nio-extras.git
Working copy of https://github.com/apple/swift-nio-extras.git resolved at 1.35.1
Creating working copy for https://github.com/apple/swift-configuration.git
Working copy of https://github.com/apple/swift-configuration.git resolved at 1.2.2
Creating working copy for https://github.com/googleapis/swift-google-rpc
Working copy of https://github.com/googleapis/swift-google-rpc resolved at 0.5.0
Creating working copy for https://github.com/apple/swift-http-structured-headers.git
Working copy of https://github.com/apple/swift-http-structured-headers.git resolved at 1.7.0
Creating working copy for https://github.com/apple/swift-crypto.git
Working copy of https://github.com/apple/swift-crypto.git resolved at 4.5.2
Creating working copy for https://github.com/googleapis/swift-google-cloud-location
Working copy of https://github.com/googleapis/swift-google-cloud-location resolved at 0.5.0
Creating working copy for https://github.com/apple/swift-atomics.git
Working copy of https://github.com/apple/swift-atomics.git resolved at 1.3.1
Creating working copy for https://github.com/apple/swift-log
Working copy of https://github.com/apple/swift-log resolved at 1.16.1
Creating working copy for https://github.com/vapor/jwt-kit.git
Working copy of https://github.com/vapor/jwt-kit.git resolved at 5.7.1
Creating working copy for https://github.com/googleapis/swift-google-longrunning
Working copy of https://github.com/googleapis/swift-google-longrunning resolved at 0.5.0
Creating working copy for https://github.com/apple/swift-async-algorithms.git
Working copy of https://github.com/apple/swift-async-algorithms.git resolved at 1.1.7
Creating working copy for https://github.com/apple/swift-collections.git
Working copy of https://github.com/apple/swift-collections.git resolved at 1.7.2
Creating working copy for https://github.com/apple/swift-system.git
Working copy of https://github.com/apple/swift-system.git resolved at 1.8.1
Creating working copy for https://github.com/apple/swift-distributed-tracing.git
Working copy of https://github.com/apple/swift-distributed-tracing.git resolved at 1.5.0
Creating working copy for https://github.com/apple/swift-algorithms.git
Working copy of https://github.com/apple/swift-algorithms.git resolved at 1.2.1
Creating working copy for https://github.com/googleapis/swift-google-wkt
Working copy of https://github.com/googleapis/swift-google-wkt resolved at 0.5.0
Creating working copy for https://github.com/apple/swift-nio
Working copy of https://github.com/apple/swift-nio resolved at 2.104.0
Creating working copy for https://github.com/swift-extras/swift-extras-base64
Working copy of https://github.com/swift-extras/swift-extras-base64 resolved at 1.2.0
Creating working copy for https://github.com/apple/swift-certificates.git
Working copy of https://github.com/apple/swift-certificates.git resolved at 1.21.0
Creating working copy for https://github.com/googleapis/swift-google-type
Working copy of https://github.com/googleapis/swift-google-type resolved at 0.5.0
Creating working copy for https://github.com/apple/swift-nio-http2.git
Working copy of https://github.com/apple/swift-nio-http2.git resolved at 1.46.0
Creating working copy for https://github.com/apple/swift-nio-ssl.git
Working copy of https://github.com/apple/swift-nio-ssl.git resolved at 2.37.5
Creating working copy for https://github.com/apple/swift-nio-transport-services.git
Working copy of https://github.com/apple/swift-nio-transport-services.git resolved at 1.28.0
Creating working copy for https://github.com/swift-server/swift-service-lifecycle
Working copy of https://github.com/swift-server/swift-service-lifecycle resolved at 2.12.1
Creating working copy for https://github.com/apple/swift-http-types.git
Working copy of https://github.com/apple/swift-http-types.git resolved at 1.8.0
Creating working copy for https://github.com/googleapis/swift-google-auth
Working copy of https://github.com/googleapis/swift-google-auth resolved at 0.5.0
Building for debugging...
[0/1074] Write sources
[89/1074] Compiling _NumericsShims _NumericsShims.c
[90/1074] Compiling CXKCPShims shims.c
[91/1074] Compiling _AtomicsShims.c
[92/1074] Compiling SimpleFIPS202.c
[93/1074] Compiling CNIOWASI CNIOWASI.c
[93/1074] Compiling CNIOWindows WSAStartup.c
[95/1074] Compiling KeccakHash.c
[96/1074] Compiling CNIOWindows shim.c
[97/1074] Compiling KeccakSponge.c
[98/1074] Compiling CSystem shims.c
[99/1074] Compiling CNIOPosix event_loop_id.c
[99/1074] Compiling CNIOLinux liburing_shims.c
[99/1074] Compiling CNIOOpenBSD shim.c
[102/1074] Compiling CNIOFreeBSD shim.c
[103/1074] Compiling CNIOLLHTTP c_nio_http.c
[104/1074] Compiling CNIOLLHTTP c_nio_api.c
[105/1074] Compiling CNIOExtrasZlib zutil.c
[106/1074] Compiling CNIOLinux shim.c
[107/1074] Compiling CNIOExtrasZlib trees.c
[107/1074] Compiling CNIOExtrasZlib inftrees.c
[109/1074] Compiling CNIOExtrasZlib inffast.c
[110/1074] Compiling CNIODarwin shim.c
[111/1074] Compiling CNIOExtrasZlib crc32.c
[112/1074] Compiling CNIOExtrasZlib adler32.c
[113/1074] Compiling CNIOLLHTTP c_nio_llhttp.c
[114/1074] Compiling CNIOExtrasZlib inflate.c
[115/1074] Compiling fiat_p256_adx_mul.S
[116/1074] Compiling fiat_p256_adx_sqr.S
[117/1074] Compiling CNIOExtrasZlib deflate.c
[118/1074] Compiling fiat_curve25519_adx_square.S
[119/1074] Compiling fiat_curve25519_adx_mul.S
[120/1074] Compiling KeccakP-1600-opt64.c
[121/1074] Write swift-version--11D90AFD9DD3AB2.txt
[122/1074] Compiling CNIOBoringSSLShims shims.c
[123/1078] Compiling tls13_client.cc
[124/1078] Compiling tls_method.cc
[125/1082] Compiling t1_enc.cc
[126/1082] Compiling tls_record.cc
[127/1082] Compiling tls13_server.cc
[128/1139] Compiling tls13_both.cc
[129/1150] Compiling tls13_enc.cc
[131/1161] Compiling RealModule Real.swift
[132/1162] Compiling _NIOBase64 Base64.swift
[133/1162] Emitting module _NIOBase64
[135/1163] Compiling ServiceContextModule ServiceContext.swift
[136/1163] Compiling Logging MultiplexLogHandler.swift
[137/1163] Compiling Logging StreamLogHandler.swift
[138/1163] Compiling RealModule Float80+Real.swift
[139/1163] Compiling RealModule RelaxedArithmetic.swift
[140/1163] Compiling RealModule RealFunctions.swift
[141/1163] Compiling SwiftASN1 TimeUtilities.swift
[142/1163] Compiling SwiftASN1 UTCTime.swift
[143/1163] Compiling RealModule Float16+Real.swift
[144/1165] Compiling SwiftASN1 ASN1Integer.swift
[145/1165] Compiling SwiftASN1 ASN1Null.swift
[146/1165] Compiling Logging Locks.swift
[147/1165] Compiling Logging LogEvent.swift
[148/1165] Compiling Logging LogHandler.swift
[149/1165] Compiling ServiceContextModule ServiceContextKey.swift
[152/1166] Emitting module ServiceContextModule
[153/1181] Compiling _CertificateInternals _TinyArray.swift
[154/1181] Emitting module _CertificateInternals
[156/1189] Compiling InternalCollectionsUtilities FixedWidthInteger+roundUpToPowerOfTwo.swift
[157/1189] Compiling InternalCollectionsUtilities Integer rank.swift
[158/1189] Emitting module RealModule
[159/1196] Compiling InternalCollectionsUtilities Debugging.swift
[160/1196] Compiling InternalCollectionsUtilities Descriptions.swift
[162/1197] Compiling Logging Logger+With.swift
[163/1197] Compiling InternalCollectionsUtilities BorrowingIteratorProtocol+Equality.swift
[164/1197] Compiling InternalCollectionsUtilities BorrowingIteratorProtocol+Extras.swift
[166/1197] Emitting module SwiftASN1
[168/1197] Compiling _NIODataStructures PriorityQueue.swift
[169/1197] Compiling _NIODataStructures _TinyArray.swift
[175/1207] Emitting module SystemPackage
[175/1208] Wrapping AST for _NIOBase64 for debugging
[177/1213] Compiling _NIODataStructures Heap.swift
[178/1213] Emitting module _NIODataStructures
[179/1214] Wrapping AST for _CertificateInternals for debugging
[181/1214] Compiling InternalCollectionsUtilities UnsafeMutablePointer+Extras.swift
[182/1214] Compiling InternalCollectionsUtilities UnsafeMutableRawBufferPointer+Extras.swift
[183/1214] Compiling InternalCollectionsUtilities UnsafePointer+Extras.swift
[183/1217] Wrapping AST for _NIODataStructures for debugging
[184/1217] Wrapping AST for ServiceContextModule for debugging
[186/1217] Compiling Instrumentation NoOpInstrument.swift
[187/1217] Compiling Logging Logger+Attributes.swift
[188/1217] Compiling Logging LoggingSystem.swift
[189/1217] Compiling Logging Logger.swift
[189/1217] Wrapping AST for RealModule for debugging
[191/1217] Compiling Instrumentation MultiplexInstrument.swift
[192/1217] Emitting module Instrumentation
[195/1217] Compiling InternalCollectionsUtilities UInt+first and last set bit.swift
[196/1217] Compiling InternalCollectionsUtilities UInt+reversed.swift
[201/1217] Compiling InternalCollectionsUtilities UnsafeRawBufferPointer+Extras.swift
[202/1217] Compiling InternalCollectionsUtilities _SortedCollection.swift
[203/1217] Compiling InternalCollectionsUtilities _UniqueCollection.swift
[204/1217] Compiling InternalCollectionsUtilities Strideable+LimitHelpers.swift
[205/1217] Compiling InternalCollectionsUtilities String+Padding.swift
[206/1217] Compiling InternalCollectionsUtilities TemporaryAllocation.swift
[207/1217] Compiling InternalCollectionsUtilities _UnsafeBitSet+Index.swift
[208/1217] Compiling InternalCollectionsUtilities Iterable+CopyContents.swift
[209/1217] Compiling InternalCollectionsUtilities Iterable+Equality.swift
[210/1217] Compiling InternalCollectionsUtilities LifetimeOverride.swift
[211/1217] Compiling InternalCollectionsUtilities MutableRef.swift
[212/1217] Compiling InternalCollectionsUtilities MutableSpan+Extras.swift
[213/1217] Compiling InternalCollectionsUtilities OutputSpan+Extras.swift
[214/1217] Compiling SystemPackage SystemString.swift
[215/1217] Compiling SystemPackage Util+StringArray.swift
[216/1217] Compiling SystemPackage Util.swift
[217/1217] Compiling SystemPackage UtilConsumers.swift
[218/1217] Compiling SystemPackage WinSDK+Overlay.swift
[221/1217] Compiling InternalCollectionsUtilities _UnsafeBitSet.swift
[222/1217] Compiling InternalCollectionsUtilities UnsafeBufferPointer+Extras.swift
[223/1217] Compiling InternalCollectionsUtilities UnsafeMutableBufferPointer+Extras.swift
[226/1217] Compiling Logging MetadataProvider.swift
[239/1218] Emitting module InternalCollectionsUtilities
[248/1218] Compiling InternalCollectionsUtilities RandomAccessCollection+Offsets.swift
[249/1218] Compiling InternalCollectionsUtilities Span+Extras.swift
[250/1218] Compiling InternalCollectionsUtilities _UnsafeBitSet+_Word.swift
[253/1218] Emitting module Logging
[255/1219] Compiling Instrumentation InstrumentationSystem.swift
[256/1219] Compiling Instrumentation Instrument.swift
[257/1219] Compiling Instrumentation Locks.swift
[262/1220] Compiling SystemPackage Mocking.swift
[263/1220] Compiling SystemPackage RawBuffer.swift
[264/1220] Compiling SystemPackage Syscalls.swift
[265/1220] Compiling SystemPackage WindowsSyscallAdapters.swift
[266/1220] Compiling SystemPackage MachPort.swift
[267/1220] Compiling SystemPackage PlatformString.swift
[268/1221] Wrapping AST for SwiftASN1 for debugging
[269/1221] Wrapping AST for Logging for debugging
[271/1229] Wrapping AST for Instrumentation for debugging
[272/1229] Wrapping AST for SystemPackage for debugging
[282/1230] Emitting module Tracing
[284/1230] Compiling Tracing InstrumentationSystem+Tracing.swift
[285/1231] Compiling Tracing TracerProtocol.swift
[286/1231] Compiling Tracing TracingTime.swift
[286/1231] Compiling ssl_versions.cc
[288/1231] Compiling Tracing TracerProtocol+Legacy.swift
[289/1235] Compiling SpanPreview OutputSpan+InputSpanHelpers.swift
[290/1235] Compiling SpanPreview MutableSpan+InputSpanHelpers.swift
[291/1235] Compiling Tracing WithTracer.swift
[292/1235] Emitting module SpanPreview
[293/1235] Compiling SpanPreview InputSpan.swift
[295/1236] Compiling Tracing Tracer.swift
[295/1236] Wrapping AST for InternalCollectionsUtilities for debugging
[296/1236] Compiling ssl_x509.cc
[297/1236] Wrapping AST for SpanPreview for debugging
[299/1278] Compiling Tracing NoOpTracer.swift
[300/1278] Compiling Tracing SpanProtocol.swift
[302/1279] Compiling DequeModule RigidDeque+Descriptions.swift
[303/1279] Compiling DequeModule RigidDeque+Equatable.swift
[304/1279] Compiling DequeModule RigidDeque+Hashable.swift
[305/1279] Compiling DequeModule RigidDeque+Initializers.swift
[306/1279] Compiling DequeModule RigidDeque+Insertions.swift
[307/1279] Compiling DequeModule RigidDeque+Iterable.swift
[308/1284] Compiling DequeModule UniqueDeque+Initializers.swift
[309/1284] Compiling DequeModule UniqueDeque+Insertions.swift
[310/1284] Compiling DequeModule UniqueDeque+Iterable.swift
[311/1284] Compiling DequeModule UniqueDeque+Prepend.swift
[312/1284] Compiling DequeModule UniqueDeque+Removals.swift
[313/1284] Compiling DequeModule UniqueDeque+Consumption.swift
[314/1284] Compiling DequeModule UniqueDeque+ContainerOperations.swift
[315/1284] Compiling DequeModule UniqueDeque+Deprecations.swift
[316/1284] Compiling DequeModule UniqueDeque+Descriptions.swift
[317/1284] Compiling DequeModule UniqueDeque+Equatable.swift
[318/1284] Compiling DequeModule UniqueDeque+Hashable.swift
[319/1284] Compiling DequeModule _DequeBuffer.swift
[320/1284] Compiling DequeModule _DequeBufferHeader.swift
[321/1284] Compiling DequeModule RigidDeque+Append.swift
[322/1284] Compiling DequeModule RigidDeque+Consumption.swift
[323/1284] Compiling DequeModule RigidDeque+ContainerOperations.swift
[324/1284] Compiling DequeModule RigidDeque+Deprecations.swift
[325/1284] Compiling DequeModule RigidDeque+Prepend.swift
[326/1284] Compiling DequeModule RigidDeque+Removals.swift
[327/1284] Compiling DequeModule RigidDeque+Replacements.swift
[328/1284] Compiling DequeModule RigidDeque+Testing.swift
[329/1284] Compiling DequeModule RigidDeque.swift
[330/1284] Compiling DequeModule UniqueDeque+Append.swift
[330/1284] Compiling ssl_stat.cc
[331/1284] Compiling ssl_transcript.cc
[332/1284] Wrapping AST for Tracing for debugging
[333/1284] Compiling ssl_session.cc
[334/1284] Compiling ssl_key_share.cc
[335/1284] Compiling ssl_lib.cc
[336/1284] Compiling ssl_privkey.cc
[337/1284] Compiling ssl_credential.cc
[338/1284] Compiling ssl_file.cc
[339/1284] Compiling ssl_buffer.cc
[340/1284] Compiling ssl_asn1.cc
[341/1284] Compiling ssl_cipher.cc
[342/1284] Compiling ssl_cert.cc
[344/1284] Compiling ExtrasBase64 Base32+Span.swift
[345/1284] Compiling ExtrasBase64 Base64+Span.swift
[346/1284] Compiling ExtrasBase64 Base32.swift
[347/1284] Compiling ExtrasBase64 Base64.swift
[348/1284] Compiling DequeModule UniqueDeque+Replacements.swift
[349/1284] Compiling DequeModule UniqueDeque.swift
[350/1284] Compiling DequeModule _DequeSlot.swift
[351/1284] Compiling DequeModule _UnsafeDequeHandle.swift
[352/1284] Compiling DequeModule _UnsafeDequeSegments.swift
[353/1284] Compiling DequeModule Deque+Extras.swift
[354/1284] Compiling DequeModule Deque+Hashable.swift
[355/1284] Compiling DequeModule Deque+Testing.swift
[356/1284] Compiling DequeModule Deque._Storage.swift
[357/1284] Compiling DequeModule Deque._UnsafeHandle.swift
[358/1284] Compiling DequeModule Deque.swift
[359/1284] Compiling DequeModule Deque+Codable.swift
[360/1284] Compiling DequeModule Deque+Collection.swift
[361/1284] Compiling DequeModule Deque+CustomReflectable.swift
[362/1284] Compiling DequeModule Deque+Descriptions.swift
[363/1284] Compiling DequeModule Deque+Equatable.swift
[364/1284] Compiling DequeModule Deque+ExpressibleByArrayLiteral.swift
[365/1284] Emitting module DequeModule
[366/1297] Compiling ssl_aead_ctx.cc
[367/1328] Compiling s3_both.cc
[368/1328] Wrapping AST for DequeModule for debugging
[369/1328] Compiling s3_pkt.cc
[370/1328] Compiling s3_lib.cc
[372/1328] Emitting module ExtrasBase64
[373/1360] Compiling handshake_client.cc
[374/1360] Compiling handshake_server.cc
[375/1360] Wrapping AST for ExtrasBase64 for debugging
[377/1360] Compiling GoogleWKT WKTUInt32Value.swift
[378/1360] Compiling GoogleWKT WKTUInt64Value.swift
[379/1360] Compiling GoogleWKT WKTValue.swift
[380/1360] Compiling GoogleWKT WKTApi.swift
[381/1360] Compiling GoogleWKT WKTEnum.swift
[382/1360] Compiling GoogleWKT WKTEnumValue.swift
[382/1365] Compiling handoff.cc
[383/1365] Compiling handshake.cc
[384/1365] Compiling encrypted_client_hello.cc
[385/1365] Compiling extensions.cc
[387/1365] Compiling GoogleWKT UnknownFields.swift
[388/1365] Compiling GoogleWKT WKTAny.swift
[389/1365] Compiling GoogleWKT WKTAnyError.swift
[390/1365] Compiling GoogleWKT WKTBoolValue.swift
[391/1365] Compiling GoogleWKT WKTBytesValue.swift
[392/1369] Compiling GoogleWKT WKTFloatValue.swift
[393/1369] Compiling GoogleWKT WKTInt32Value.swift
[394/1369] Compiling GoogleWKT WKTInt64Value.swift
[395/1369] Compiling GoogleWKT WKTRecursive.swift
[396/1369] Compiling GoogleWKT WKTStringValue.swift
[397/1369] Compiling GoogleWKT WKTTimestamp.swift
[400/1369] Compiling GoogleWKT WKTField.swift
[401/1369] Compiling GoogleWKT WKTMethod.swift
[402/1369] Compiling GoogleWKT WKTMixin.swift
[403/1369] Compiling GoogleWKT WKTOption.swift
[408/1369] Compiling GoogleWKT WKTDoubleValue.swift
[409/1369] Compiling GoogleWKT WKTDuration.swift
[410/1369] Compiling GoogleWKT WKTEmpty.swift
[411/1369] Compiling GoogleWKT WKTFieldMask.swift
[411/1369] Compiling dtls_record.cc
[412/1369] Compiling d1_srtp.cc
[413/1369] Compiling md5-x86_64-linux.S
[415/1369] Emitting module GoogleWKT
[416/1369] Compiling GoogleWKT AnyPackable.swift
[417/1369] Compiling GoogleWKT DecodeToDefault.swift
[418/1369] Compiling GoogleWKT DiscoveryBase64.swift
[419/1369] Compiling GoogleWKT ProtoJSONDecoder.swift
[420/1369] Compiling GoogleWKT ProtoJSONEncoder.swift
[420/1369] Compiling dtls_method.cc
[421/1369] Compiling md5-x86_64-apple.S
[422/1369] Compiling md5-586-linux.S
[423/1369] Compiling md5-586-apple.S
[424/1369] Compiling chacha20_poly1305_x86_64-linux.S
[425/1369] Compiling chacha20_poly1305_x86_64-apple.S
[426/1369] Compiling chacha20_poly1305_armv8-win.S
[427/1369] Compiling chacha20_poly1305_armv8-linux.S
[428/1369] Compiling chacha20_poly1305_armv8-apple.S
[429/1369] Compiling chacha-x86_64-linux.S
[431/1369] Compiling GoogleWKT WKTSourceContext.swift
[432/1369] Compiling GoogleWKT WKTSyntax.swift
[433/1369] Compiling GoogleWKT WKTType.swift
[434/1369] Compiling GoogleWKT PackageVersion.swift
[434/1370] Compiling chacha-x86_64-apple.S
[435/1370] Compiling chacha-x86-linux.S
[437/1370] Compiling chacha-x86-apple.S
[438/1370] Compiling chacha-armv8-win.S
[439/1370] Compiling chacha-armv8-linux.S
[440/1403] Compiling d1_pkt.cc
[441/1403] Compiling err_data.cc
[442/1403] Wrapping AST for GoogleWKT for debugging
[443/1403] Compiling d1_both.cc
[444/1403] Compiling chacha-armv8-apple.S
[446/1403] Compiling Configuration MutableInMemoryProvider.swift
[447/1403] Compiling Configuration ConfigProvider+Operators.swift
[448/1403] Compiling Configuration KeyMappingProvider.swift
[449/1403] Compiling Configuration SecretsSpecifier.swift
[450/1403] Compiling Configuration AsyncCombineLatestManySequence.swift
[451/1403] Compiling Configuration CombineLatestManyStateMachine.swift
[456/1403] Compiling Configuration YAMLSnapshot.swift
[457/1403] Compiling Configuration InMemoryProvider.swift
[457/1403] Compiling chacha-armv4-linux.S
[458/1403] Compiling aes128gcmsiv-x86_64-linux.S
[460/1403] Compiling GoogleRpc DebugInfo.swift
[461/1403] Compiling GoogleRpc ErrorInfo.swift
[462/1403] Compiling GoogleRpc Help.swift
[463/1403] Compiling GoogleRpc HttpHeader.swift
[464/1403] Compiling GoogleRpc BadRequest.swift
[465/1403] Compiling GoogleRpc Code.swift
[465/1403] Compiling aes128gcmsiv-x86_64-apple.S
[467/1403] Compiling Configuration CombineLatestManyStorage.swift
[468/1403] Compiling Configuration AsyncSequences.swift
[469/1403] Compiling Configuration FoundationExtensions.swift
[470/1403] Compiling Configuration Span.swift
[471/1403] Compiling Configuration ConfigBytesFromStringDecoder.swift
[471/1403] Compiling x86_64-mont5-linux.S
[472/1403] Compiling x86_64-mont5-apple.S
[473/1403] Compiling x86_64-mont-linux.S
[474/1403] Compiling x86_64-mont-apple.S
[475/1403] Compiling x86-mont-linux.S
[476/1403] Compiling d1_lib.cc
[477/1403] Compiling x86-mont-apple.S
[478/1403] Compiling vpaes-x86_64-apple.S
[479/1403] Compiling vpaes-x86_64-linux.S
[480/1403] Compiling vpaes-x86-linux.S
[481/1403] Compiling vpaes-x86-apple.S
[482/1403] Compiling vpaes-armv8-win.S
[483/1403] Compiling vpaes-armv8-linux.S
[484/1403] Compiling vpaes-armv8-apple.S
[485/1403] Compiling vpaes-armv7-linux.S
[486/1403] Compiling sha512-x86_64-apple.S
[487/1403] Compiling sha512-x86_64-linux.S
[488/1403] Compiling sha512-armv8-win.S
[489/1403] Compiling sha512-armv8-apple.S
[490/1403] Compiling sha512-586-linux.S
[492/1403] Compiling GoogleRpc RequestInfo.swift
[493/1403] Compiling GoogleRpc ResourceInfo.swift
[493/1403] Compiling sha512-armv4-linux.S
[494/1405] Compiling sha512-armv8-linux.S
[495/1405] Compiling sha256-x86_64-linux.S
[496/1405] Compiling sha512-586-apple.S
[497/1405] Compiling sha256-armv8-win.S
[498/1405] Compiling sha256-x86_64-apple.S
[499/1405] Compiling sha256-armv8-apple.S
[500/1405] Compiling sha256-armv8-linux.S
[501/1405] Compiling bio_ssl.cc
[505/1405] Compiling GoogleRpc LocalizedMessage.swift
[506/1405] Compiling GoogleRpc PackageVersion.swift
[507/1405] Compiling GoogleRpc HttpRequest.swift
[508/1405] Compiling GoogleRpc HttpResponse.swift
[508/1407] Compiling sha1-x86_64-linux.S
[509/1407] Compiling sha256-armv4-linux.S
[510/1407] Compiling sha256-586-apple.S
[511/1407] Compiling sha256-586-linux.S
[512/1407] Compiling sha1-x86_64-apple.S
[513/1407] Compiling sha1-armv8-apple.S
[514/1407] Compiling sha1-armv8-linux.S
[515/1407] Compiling sha1-armv8-win.S
[519/1407] Compiling GoogleRpc QuotaFailure.swift
[520/1407] Compiling GoogleRpc RetryInfo.swift
[522/1407] Compiling sha1-armv4-large-linux.S
[523/1407] Compiling sha1-586-apple.S
[524/1407] Compiling sha1-586-linux.S
[528/1407] Compiling GoogleRpc PreconditionFailure.swift
[528/1407] Compiling rsaz-avx2-apple.S
[529/1407] Compiling rsaz-avx2-linux.S
[531/1407] Compiling GoogleRpc Status.swift
[532/1407] Compiling GoogleType PhoneNumber.swift
[532/1407] Compiling rdrand-x86_64-linux.S
[533/1407] Compiling rdrand-x86_64-apple.S
[534/1407] Emitting module GoogleRpc
[537/1407] Compiling p256_beeu-x86_64-asm-linux.S
[538/1407] Compiling p256_beeu-x86_64-asm-apple.S
[539/1407] Compiling p256_beeu-armv8-asm-win.S
[540/1407] Compiling p256_beeu-armv8-asm-linux.S
[541/1407] Compiling p256-x86_64-asm-linux.S
[542/1407] Compiling p256_beeu-armv8-asm-apple.S
[543/1407] Compiling p256-armv8-asm-win.S
[544/1407] Compiling p256-x86_64-asm-apple.S
[545/1407] Compiling p256-armv8-asm-linux.S
[546/1407] Compiling p256-armv8-asm-apple.S
[546/1407] Compiling ghashv8-armv8-win.S
[548/1407] Compiling ghashv8-armv8-apple.S
[549/1407] Compiling ghashv8-armv8-linux.S
[550/1407] Compiling ghashv8-armv7-linux.S
[551/1407] Compiling ghash-x86_64-linux.S
[554/1407] Compiling ghash-x86-apple.S
[555/1407] Compiling ghash-x86_64-apple.S
[563/1407] Emitting module GoogleType
[563/1407] Compiling ghash-x86-linux.S
[565/1407] Compiling GoogleType TimeOfDay.swift
[566/1407] Compiling GoogleType TimeZone.swift
[566/1407] Compiling ghash-ssse3-x86_64-apple.S
[567/1408] Compiling ghash-ssse3-x86_64-linux.S
[568/1408] Compiling ghash-neon-armv8-win.S
[569/1408] Compiling ghash-ssse3-x86-linux.S
[575/1408] Compiling ghash-neon-armv8-apple.S
[576/1408] Compiling ghash-ssse3-x86-apple.S
[577/1409] Compiling ghash-neon-armv8-linux.S
[578/1409] Compiling ghash-armv4-linux.S
[579/1409] Compiling bsaes-armv7-linux.S
[580/1409] Compiling co-586-linux.S
[581/1409] Compiling co-586-apple.S
[582/1409] Compiling bn-armv8-win.S
[584/1409] Compiling bn-armv8-linux.S
[585/1409] Compiling armv8-mont-win.S
[586/1409] Compiling bn-armv8-apple.S
[587/1409] Compiling bn-586-apple.S
[588/1409] Wrapping AST for GoogleType for debugging
[589/1409] Compiling bn-586-linux.S
[590/1409] Compiling armv8-mont-linux.S
[591/1409] Wrapping AST for GoogleRpc for debugging
[592/1409] Compiling armv8-mont-apple.S
[593/1409] Compiling aesv8-gcm-armv8-win.S
[594/1409] Compiling armv4-mont-linux.S
[595/1409] Compiling aesv8-gcm-armv8-apple.S
[596/1409] Compiling aesv8-armv7-linux.S
[597/1409] Compiling aesv8-gcm-armv8-linux.S
[598/1409] Compiling aesv8-armv8-win.S
[599/1409] Compiling aesni-x86_64-linux.S
[600/1409] Compiling aesni-x86_64-apple.S
[601/1409] Compiling aesv8-armv8-linux.S
[602/1409] Compiling aesv8-armv8-apple.S
[603/1409] Compiling aesni-gcm-x86_64-linux.S
[604/1409] Compiling aes-gcm-avx2-x86_64-linux.S
[605/1409] Compiling aesni-x86-apple.S
[606/1409] Compiling aesni-x86-linux.S
[607/1409] Compiling aesni-gcm-x86_64-apple.S
[608/1409] Compiling aes-gcm-avx2-x86_64-apple.S
[609/1409] Compiling aes-gcm-avx10-x86_64-linux.S
[610/1409] Compiling aes-gcm-avx10-x86_64-apple.S
[618/1409] Emitting module Configuration
[631/1410] Compiling x_val.cc
[632/1410] Compiling x_x509a.cc
[633/1410] Wrapping AST for Configuration for debugging
[634/1410] Compiling x_sig.cc
[635/1410] Compiling x_pubkey.cc
[636/1410] Compiling x_x509.cc
[637/1410] Compiling x_spki.cc
[638/1410] Compiling x_req.cc
[639/1410] Compiling x_name.cc
[640/1410] Compiling x_exten.cc
[641/1410] Compiling x_algor.cc
[642/1410] Compiling x_crl.cc
[643/1410] Compiling x_attrib.cc
[644/1410] Compiling x509spki.cc
[645/1410] Compiling x_all.cc
[646/1410] Compiling x509rset.cc
[647/1410] Compiling x509name.cc
[648/1410] Compiling x509_vpm.cc
[649/1410] Compiling x509cset.cc
[650/1410] Compiling x509_v3.cc
[651/1410] Compiling x509_vfy.cc
[652/1410] Compiling x509_set.cc
[653/1410] Compiling x509_txt.cc
[654/1410] Compiling x509_trs.cc
[655/1410] Compiling x509_req.cc
[656/1410] Compiling x509_lu.cc
[657/1410] Compiling x509_obj.cc
[658/1410] Compiling x509_cmp.cc
[659/1410] Compiling x509_def.cc
[660/1410] Compiling x509_d2.cc
[661/1410] Compiling x509_ext.cc
[662/1410] Compiling x509_att.cc
[663/1410] Compiling x509.cc
[664/1410] Compiling v3_pmaps.cc
[665/1410] Compiling v3_prn.cc
[666/1410] Compiling v3_utl.cc
[667/1410] Compiling v3_purp.cc
[668/1410] Compiling v3_pcons.cc
[669/1410] Compiling v3_skey.cc
[670/1410] Compiling v3_ocsp.cc
[671/1410] Compiling v3_ncons.cc
[672/1410] Compiling v3_int.cc
[673/1410] Compiling v3_ia5.cc
[674/1410] Compiling v3_info.cc
[675/1410] Compiling v3_lib.cc
[676/1410] Compiling v3_extku.cc
[677/1410] Compiling v3_genn.cc
[678/1410] Compiling v3_enum.cc
[679/1410] Compiling v3_crld.cc
[680/1410] Compiling v3_conf.cc
[681/1410] Compiling v3_cpols.cc
[682/1410] Compiling v3_bitst.cc
[683/1410] Compiling v3_akeya.cc
[684/1410] Compiling v3_bcons.cc
[685/1410] Compiling v3_alt.cc
[686/1410] Compiling t_x509a.cc
[687/1410] Compiling v3_akey.cc
[688/1410] Compiling t_req.cc
[689/1410] Compiling t_x509.cc
[690/1410] Compiling i2d_pr.cc
[691/1410] Compiling t_crl.cc
[692/1410] Compiling rsa_pss.cc
[693/1410] Compiling name_print.cc
[694/1410] Compiling policy.cc
[695/1410] Compiling by_file.cc
[696/1410] Compiling by_dir.cc
[697/1410] Compiling a_verify.cc
[698/1410] Compiling asn1_gen.cc
[699/1410] Compiling voprf.cc
[700/1410] Compiling algorithm.cc
[701/1410] Compiling a_digest.cc
[702/1410] Compiling a_sign.cc
[703/1410] Compiling trust_token.cc
[704/1410] Compiling thread_win.cc
[705/1410] Compiling thread_pthread.cc
[706/1410] Compiling thread.cc
[707/1410] Compiling thread_none.cc
[708/1410] Compiling stack.cc
[709/1410] Compiling pmbtoken.cc
[710/1410] Compiling sha256.cc
[711/1410] Compiling siphash.cc
[712/1410] Compiling sha512.cc
[713/1410] Compiling sha1.cc
[714/1410] Compiling spake2plus.cc
[715/1410] Compiling slhdsa.cc
[716/1410] Compiling rsa_print.cc
[717/1410] Compiling rsa_extra.cc
[718/1410] Compiling windows.cc
[719/1410] Compiling refcount.cc
[720/1410] Compiling rsa_crypt.cc
[721/1410] Compiling rc4.cc
[722/1410] Compiling urandom.cc
[723/1410] Compiling trusty.cc
[724/1410] Compiling rand.cc
[724/1410] Compiling rsa_asn1.cc
[726/1410] Compiling passive.cc
[727/1410] Compiling ios.cc
[728/1410] Compiling poly1305_arm_asm.S
[729/1410] Compiling getentropy.cc
[730/1410] Compiling forkunsafe.cc
[731/1410] Compiling fork_detect.cc
[732/1410] Compiling deterministic.cc
[733/1410] Compiling poly1305_vec.cc
[734/1410] Compiling pool.cc
[735/1410] Compiling poly1305.cc
[736/1410] Compiling poly1305_arm.cc
[737/1410] Compiling pkcs7_x509.cc
[738/1410] Compiling pkcs7.cc
[739/1410] Compiling p5_pbev2.cc
[740/1410] Compiling pkcs8.cc
[741/1410] Compiling pkcs8_x509.cc
[742/1410] Compiling pem_pkey.cc
[743/1410] Compiling pem_xaux.cc
[744/1410] Compiling pem_x509.cc
[745/1410] Compiling pem_pk8.cc
[746/1410] Compiling mlkem.cc
[747/1410] Compiling pem_oth.cc
[748/1410] Compiling obj_xref.cc
[749/1410] Compiling pem_info.cc
[750/1410] Compiling pem_all.cc
[751/1410] Compiling pem_lib.cc
[752/1410] Compiling obj.cc
[753/1410] Compiling mldsa.cc
[754/1410] Compiling poly_rq_mul.S
[755/1410] Compiling fips_shared_support.cc
[756/1410] Compiling mem.cc
[757/1410] Compiling md5.cc
[758/1410] Compiling md4.cc
[759/1410] Compiling lhash.cc
[760/1410] Compiling kyber.cc
[761/1410] Compiling scrypt.cc
[762/1410] Compiling ex_data.cc
[763/1410] Compiling sign.cc
[764/1410] Compiling hrss.cc
[765/1410] Compiling print.cc
[766/1410] Compiling hpke.cc
[767/1410] Compiling pbkdf.cc
[768/1410] Compiling p_x25519.cc
[769/1410] Compiling p_x25519_asn1.cc
[770/1410] Compiling p_rsa_asn1.cc
[771/1410] Compiling p_rsa.cc
[772/1410] Compiling p_ed25519_asn1.cc
[773/1410] Compiling p_ed25519.cc
[774/1410] Compiling p_hkdf.cc
[775/1410] Compiling p_ec_asn1.cc
[776/1410] Compiling p_dh_asn1.cc
[777/1410] Compiling p_ec.cc
[778/1410] Compiling p_dh.cc
[779/1410] Compiling p_dsa_asn1.cc
[780/1410] Compiling evp_ctx.cc
[781/1410] Compiling evp.cc
[782/1410] Compiling evp_asn1.cc
[783/1410] Compiling engine.cc
[784/1410] Compiling err.cc
[785/1410] Compiling ecdh.cc
[786/1410] Compiling hash_to_curve.cc
[787/1410] Compiling ecdsa_asn1.cc
[788/1410] Compiling ec_derive.cc
[789/1410] Compiling dsa_asn1.cc
[790/1410] Compiling dsa.cc
[791/1410] Compiling params.cc
[792/1410] Compiling ec_asn1.cc
[793/1410] Compiling x25519-asm-arm.S
[794/1410] Compiling bcm.cc
[795/1410] Compiling digest_extra.cc
[796/1410] Compiling des.cc
[797/1410] Compiling dh_asn1.cc
[798/1410] Compiling curve25519_64_adx.cc
[799/1410] Compiling cpu_intel.cc
[800/1410] Compiling crypto.cc
[801/1410] Compiling spake25519.cc
[802/1410] Compiling cpu_arm_linux.cc
[803/1410] Compiling cpu_arm_freebsd.cc
[804/1410] Compiling curve25519.cc
[805/1410] Compiling cpu_aarch64_win.cc
[806/1410] Compiling cpu_aarch64_sysreg.cc
[807/1410] Compiling cpu_aarch64_openbsd.cc
[808/1410] Compiling cpu_aarch64_linux.cc
[809/1410] Compiling cpu_aarch64_fuchsia.cc
[810/1410] Compiling cpu_aarch64_apple.cc
[811/1410] Compiling conf.cc
[812/1410] Compiling tls_cbc.cc
[813/1410] Compiling get_cipher.cc
[814/1410] Compiling e_tls.cc
[815/1410] Compiling e_rc4.cc
[816/1410] Compiling e_null.cc
[817/1410] Compiling e_rc2.cc
[818/1410] Compiling e_des.cc
[819/1410] Compiling e_aesgcmsiv.cc
[820/1410] Compiling e_chacha20poly1305.cc
[821/1410] Compiling e_aesctrhmac.cc
[822/1410] Compiling derive_key.cc
[823/1410] Compiling chacha.cc
[824/1410] Compiling unicode.cc
[825/1410] Compiling buf.cc
[826/1410] Compiling cbb.cc
[827/1410] Compiling ber.cc
[828/1410] Compiling cbs.cc
[829/1410] Compiling asn1_compat.cc
[830/1410] Compiling convert.cc
[831/1410] Compiling bn_asn1.cc
[832/1410] Compiling blake2.cc
[833/1410] Compiling socket.cc
[834/1410] Compiling socket_helper.cc
[835/1410] Compiling printf.cc
[836/1410] Compiling pair.cc
[837/1410] Compiling hexdump.cc
[838/1410] Compiling fd.cc
[839/1410] Compiling file.cc
[840/1410] Compiling errno.cc
[841/1410] Compiling connect.cc
[842/1410] Compiling bio_mem.cc
[843/1410] Compiling bio.cc
[844/1410] Compiling base64.cc
[845/1410] Compiling tasn_typ.cc
[846/1410] Compiling tasn_fre.cc
[847/1410] Compiling tasn_utl.cc
[848/1410] Compiling tasn_new.cc
[849/1410] Compiling tasn_enc.cc
[850/1410] Compiling posix_time.cc
[851/1410] Compiling f_string.cc
[852/1410] Compiling f_int.cc
[853/1410] Compiling tasn_dec.cc
[854/1410] Compiling asn_pack.cc
[855/1410] Compiling asn1_par.cc
[856/1410] Compiling asn1_lib.cc
[857/1410] Compiling a_utctm.cc
[858/1410] Compiling a_octet.cc
[859/1410] Compiling a_type.cc
[860/1410] Compiling a_strex.cc
[861/1410] Compiling a_time.cc
[862/1410] Compiling a_strnid.cc
[863/1410] Compiling a_object.cc
[864/1410] Compiling a_i2d_fp.cc
[865/1410] Compiling a_dup.cc
[866/1410] Compiling a_d2i_fp.cc
[867/1410] Compiling a_mbstr.cc
[868/1410] Compiling CGoogleGaxCRC32C CGoogleGaxCRC32C.c
[869/1410] Compiling a_int.cc
[870/1410] Compiling fiat_p256_adx_sqr.S
[871/1410] Compiling fiat_p256_adx_mul.S
[872/1410] Compiling fiat_curve25519_adx_square.S
[873/1410] Compiling fiat_curve25519_adx_mul.S
[874/1410] Compiling md5-x86_64-linux.S
[875/1410] Compiling a_bitstr.cc
[876/1410] Compiling a_gentm.cc
[877/1410] Compiling md5-x86_64-apple.S
[878/1410] Compiling CCryptoBoringSSLShims shims.c
[879/1410] Compiling md5-586-linux.S
[880/1410] Compiling md5-586-apple.S
[881/1410] Compiling chacha20_poly1305_armv8-win.S
[881/1410] Compiling chacha20_poly1305_x86_64-apple.S
[883/1410] Compiling chacha20_poly1305_x86_64-linux.S
[884/1410] Compiling chacha-x86_64-linux.S
[885/1410] Compiling chacha20_poly1305_armv8-apple.S
[886/1410] Compiling a_bool.cc
[887/1410] Compiling chacha-x86_64-apple.S
[888/1410] Compiling chacha20_poly1305_armv8-linux.S
[889/1410] Compiling chacha-x86-linux.S
[890/1410] Compiling chacha-x86-apple.S
[891/1410] Compiling chacha-armv8-win.S
[892/1410] Compiling chacha-armv8-linux.S
[893/1410] Compiling chacha-armv8-apple.S
[894/1410] Compiling chacha-armv4-linux.S
[895/1410] Compiling aes128gcmsiv-x86_64-apple.S
[896/1410] Compiling aes128gcmsiv-x86_64-linux.S
[897/1410] Compiling x86_64-mont5-linux.S
[898/1410] Compiling x86-mont-linux.S
[899/1410] Compiling x86_64-mont-apple.S
[900/1410] Compiling x86_64-mont5-apple.S
[901/1410] Compiling x86_64-mont-linux.S
[902/1410] Compiling x86-mont-apple.S
[903/1410] Compiling vpaes-x86_64-linux.S
[904/1410] Compiling vpaes-x86_64-apple.S
[905/1410] Compiling vpaes-x86-linux.S
[906/1410] Compiling vpaes-x86-apple.S
[906/1410] Compiling vpaes-armv8-win.S
[908/1410] Compiling vpaes-armv8-apple.S
[909/1410] Compiling vpaes-armv8-linux.S
[910/1410] Compiling sha512-x86_64-apple.S
[911/1410] Compiling vpaes-armv7-linux.S
[912/1410] Compiling sha512-x86_64-linux.S
[913/1410] Compiling sha512-armv8-win.S
[914/1410] Compiling sha512-armv8-linux.S
[915/1410] Compiling sha512-586-linux.S
[916/1410] Compiling sha512-armv8-apple.S
[917/1410] Compiling sha512-armv4-linux.S
[918/1410] Compiling err_data.cc
[919/1410] Compiling sha512-586-apple.S
[920/1410] Compiling sha256-x86_64-linux.S
[921/1410] Compiling sha256-armv8-win.S
[922/1410] Compiling sha256-x86_64-apple.S
[923/1410] Compiling sha256-armv8-apple.S
[924/1410] Compiling sha256-586-linux.S
[925/1410] Compiling sha256-armv4-linux.S
[926/1410] Compiling sha256-armv8-linux.S
[927/1410] Compiling sha256-586-apple.S
[928/1410] Compiling sha1-x86_64-linux.S
[929/1410] Compiling sha1-x86_64-apple.S
[930/1410] Compiling sha1-armv8-win.S
[931/1410] Compiling sha1-armv4-large-linux.S
[932/1410] Compiling sha1-armv8-apple.S
[933/1410] Compiling sha1-armv8-linux.S
[934/1410] Compiling sha1-586-apple.S
[935/1410] Compiling sha1-586-linux.S
[936/1410] Compiling rsaz-avx2-linux.S
[937/1410] Compiling rsaz-avx2-apple.S
[938/1410] Compiling rdrand-x86_64-linux.S
[939/1410] Compiling p256_beeu-x86_64-asm-linux.S
[940/1410] Compiling rdrand-x86_64-apple.S
[941/1410] Compiling p256_beeu-x86_64-asm-apple.S
[942/1410] Compiling p256_beeu-armv8-asm-win.S
[943/1410] Compiling p256_beeu-armv8-asm-linux.S
[944/1410] Compiling p256_beeu-armv8-asm-apple.S
[945/1410] Compiling p256-x86_64-asm-apple.S
[946/1410] Compiling p256-x86_64-asm-linux.S
[947/1410] Compiling p256-armv8-asm-win.S
[948/1410] Compiling ghashv8-armv8-win.S
[949/1410] Compiling p256-armv8-asm-apple.S
[950/1410] Compiling ghashv8-armv8-linux.S
[951/1410] Compiling p256-armv8-asm-linux.S
[952/1410] Compiling ghashv8-armv7-linux.S
[953/1410] Compiling ghashv8-armv8-apple.S
[954/1410] Compiling ghash-x86_64-linux.S
[955/1410] Compiling ghash-x86-linux.S
[955/1410] Compiling ghash-x86_64-apple.S
[957/1410] Compiling ghash-x86-apple.S
[958/1410] Compiling ghash-ssse3-x86_64-apple.S
[959/1410] Compiling ghash-ssse3-x86_64-linux.S
[960/1410] Compiling ghash-ssse3-x86-linux.S
[961/1410] Compiling ghash-neon-armv8-win.S
[962/1410] Compiling ghash-ssse3-x86-apple.S
[963/1410] Compiling ghash-armv4-linux.S
[964/1410] Compiling ghash-neon-armv8-linux.S
[965/1410] Compiling ghash-neon-armv8-apple.S
[966/1410] Compiling co-586-linux.S
[967/1410] Compiling co-586-apple.S
[968/1410] Compiling bn-armv8-win.S
[969/1410] Compiling bsaes-armv7-linux.S
[970/1410] Compiling bn-armv8-linux.S
[971/1410] Compiling bn-armv8-apple.S
[972/1410] Compiling bn-586-linux.S
[973/1410] Compiling bn-586-apple.S
[974/1410] Compiling armv8-mont-win.S
[975/1410] Compiling armv4-mont-linux.S
[976/1410] Compiling armv8-mont-apple.S
[977/1410] Compiling aesv8-gcm-armv8-win.S
[978/1410] Compiling armv8-mont-linux.S
[979/1410] Compiling aesv8-gcm-armv8-apple.S
[980/1410] Compiling aesv8-armv8-win.S
[981/1410] Compiling aesv8-armv8-linux.S
[982/1410] Compiling aesv8-armv8-apple.S
[983/1410] Compiling aesv8-gcm-armv8-linux.S
[984/1410] Compiling aesv8-armv7-linux.S
[985/1410] Compiling aesni-x86_64-linux.S
[986/1410] Compiling aesni-x86-linux.S
[987/1410] Compiling aesni-gcm-x86_64-apple.S
[988/1410] Compiling aesni-x86_64-apple.S
[989/1410] Compiling aesni-gcm-x86_64-linux.S
[990/1410] Compiling aesni-x86-apple.S
[991/1410] Compiling aes-gcm-avx512-x86_64-linux.S
[992/1410] Compiling aes-gcm-avx512-x86_64-apple.S
[993/1410] Compiling aes-gcm-avx2-x86_64-linux.S
[994/1410] Compiling aes-gcm-avx2-x86_64-apple.S
[995/1410] Compiling xwing.cc
[996/1410] Compiling x_x509a.cc
[996/1410] Compiling x_sig.cc
[998/1410] Compiling x_req.cc
[999/1410] Compiling x_spki.cc
[1000/1410] Compiling x_x509.cc
[1001/1410] Compiling c-nioatomics.c
[1002/1410] Compiling x_pubkey.cc
[1003/1410] Compiling x_exten.cc
[1004/1410] Compiling x_name.cc
[1005/1410] Compiling x_crl.cc
[1006/1410] Compiling x_attrib.cc
[1007/1410] Compiling x_all.cc
[1008/1410] Compiling c-atomics.c
[1009/1410] Compiling x_algor.cc
[1010/1417] Compiling x509spki.cc
[1011/1417] Compiling x509rset.cc
[1012/1417] Compiling x509name.cc
[1014/1417] Compiling NIOConcurrencyHelpers NIOLock.swift
[1015/1417] Compiling NIOConcurrencyHelpers NIOThreadPoolWorkAvailable.swift
[1015/1417] Compiling x509_vfy.cc
[1017/1417] Compiling NIOConcurrencyHelpers NIOAtomic.swift
[1017/1417] Compiling x509_v3.cc
[1018/1417] Compiling x509cset.cc
[1019/1417] Compiling x509_vpm.cc
[1021/1417] Compiling NIOConcurrencyHelpers NIOLockedValueBox.swift
[1022/1417] Compiling NIOConcurrencyHelpers atomics.swift
[1023/1417] Compiling NIOConcurrencyHelpers lock.swift
[1024/1417] Emitting module NIOConcurrencyHelpers
[1025/1418] Compiling x509_txt.cc
[1026/1418] Compiling x509_set.cc
[1027/1418] Wrapping AST for NIOConcurrencyHelpers for debugging
[1028/1418] Compiling x509_trs.cc
[1029/1418] Compiling x509_req.cc
[1030/1418] Compiling x509_obj.cc
[1031/1418] Compiling x509_ext.cc
[1032/1418] Compiling x509_lu.cc
[1033/1418] Compiling x509_def.cc
[1034/1418] Compiling x509_d2.cc
[1035/1418] Compiling x509_cmp.cc
[1036/1418] Compiling x509_att.cc
[1037/1418] Compiling x509.cc
[1038/1418] Compiling v3_utl.cc
[1039/1418] Compiling v3_skey.cc
[1040/1418] Compiling v3_purp.cc
[1041/1418] Compiling v3_prn.cc
[1042/1418] Compiling v3_pmaps.cc
[1043/1418] Compiling v3_pcons.cc
[1044/1418] Compiling v3_ocsp.cc
[1045/1418] Compiling v3_ncons.cc
[1046/1418] Compiling v3_int.cc
[1047/1418] Compiling v3_lib.cc
[1048/1418] Compiling v3_info.cc
[1049/1418] Compiling v3_ia5.cc
[1050/1418] Compiling v3_genn.cc
[1051/1418] Compiling v3_extku.cc
[1052/1418] Compiling v3_enum.cc
[1053/1418] Compiling v3_crld.cc
[1054/1418] Compiling v3_cpols.cc
[1055/1418] Compiling v3_bitst.cc
[1056/1418] Compiling v3_conf.cc
[1057/1418] Compiling v3_bcons.cc
[1058/1418] Compiling v3_akeya.cc
[1059/1418] Compiling v3_alt.cc
[1060/1418] Compiling v3_akey.cc
[1061/1418] Compiling t_x509a.cc
[1062/1418] Compiling t_x509.cc
[1062/1418] Compiling t_crl.cc
[1064/1418] Compiling i2d_pr.cc
[1065/1418] Compiling t_req.cc
[1066/1418] Compiling rsa_pss.cc
[1067/1418] Compiling name_print.cc
[1068/1418] Compiling policy.cc
[1069/1418] Compiling by_file.cc
[1070/1418] Compiling algorithm.cc
[1071/1418] Compiling a_verify.cc
[1072/1418] Compiling asn1_gen.cc
[1073/1418] Compiling by_dir.cc
[1074/1418] Compiling a_sign.cc
[1075/1418] Compiling a_digest.cc
[1076/1418] Compiling voprf.cc
[1077/1418] Compiling thread_win.cc
[1078/1418] Compiling thread_none.cc
[1078/1418] Compiling thread_pthread.cc
[1080/1418] Compiling thread.cc
[1080/1418] Compiling trust_token.cc
[1082/1418] Compiling stack.cc
[1083/1418] Compiling pmbtoken.cc
[1084/1418] Compiling sha512.cc
[1085/1418] Compiling siphash.cc
[1086/1418] Compiling sha1.cc
[1087/1418] Compiling sha256.cc
[1088/1418] Compiling spake2plus.cc
[1089/1418] Compiling slhdsa.cc
[1090/1418] Compiling rsa_print.cc
[1091/1418] Compiling rsa_extra.cc
[1092/1418] Compiling rc4.cc
[1093/1418] Compiling refcount.cc
[1094/1418] Compiling windows.cc
[1095/1418] Compiling rsa_crypt.cc
[1096/1418] Compiling urandom.cc
[1097/1418] Compiling trusty.cc
[1098/1418] Compiling rand.cc
[1099/1418] Compiling ios.cc
[1100/1418] Compiling passive.cc
[1100/1418] Compiling rsa_asn1.cc
[1102/1418] Compiling getentropy.cc
[1103/1418] Compiling poly1305_arm_asm.S
[1104/1418] Compiling forkunsafe.cc
[1105/1418] Compiling fork_detect.cc
[1106/1418] Compiling deterministic.cc
[1107/1418] Compiling poly1305_vec.cc
[1108/1418] Compiling poly1305_arm.cc
[1109/1418] Compiling poly1305.cc
[1110/1418] Compiling pool.cc
[1111/1418] Compiling pkcs8_x509.cc
[1112/1418] Compiling pkcs8.cc
[1113/1418] Compiling p5_pbev2.cc
[1114/1418] Compiling pkcs7_x509.cc
[1115/1418] Compiling pkcs7.cc
[1116/1418] Compiling pem_xaux.cc
[1117/1418] Compiling pem_x509.cc
[1118/1418] Compiling pem_pkey.cc
[1119/1418] Compiling mlkem.cc
[1120/1418] Compiling pem_oth.cc
[1120/1418] Compiling pem_pk8.cc
[1122/1418] Compiling pem_info.cc
[1123/1418] Compiling pem_lib.cc
[1124/1418] Compiling obj_xref.cc
[1125/1418] Compiling pem_all.cc
[1126/1418] Compiling obj.cc
[1127/1418] Compiling poly_rq_mul.S
[1128/1418] Compiling mldsa.cc
[1129/1418] Compiling mem.cc
[1130/1418] Compiling fips_shared_support.cc
[1131/1418] Compiling lhash.cc
[1132/1418] Compiling md5.cc
[1133/1418] Compiling md4.cc
[1134/1418] Compiling kyber.cc
[1135/1418] Compiling fuzzer_mode.cc
[1136/1418] Compiling hrss.cc
[1137/1418] Compiling ex_data.cc
[1138/1418] Compiling hpke.cc
[1139/1418] Compiling scrypt.cc
[1140/1418] Compiling pbkdf.cc
[1141/1418] Compiling sign.cc
[1142/1418] Compiling print.cc
[1143/1418] Compiling p_x25519.cc
[1143/1418] Compiling p_x25519_asn1.cc
[1145/1418] Compiling p_rsa_asn1.cc
[1146/1418] Compiling p_rsa.cc
[1147/1418] Compiling p_ed25519.cc
[1148/1418] Compiling p_hkdf.cc
[1149/1418] Compiling p_ed25519_asn1.cc
[1150/1418] Compiling p_ec.cc
[1151/1418] Compiling p_ec_asn1.cc
[1152/1418] Compiling p_dsa_asn1.cc
[1153/1418] Compiling p_dh.cc
[1154/1418] Compiling p_dh_asn1.cc
[1155/1418] Compiling evp_ctx.cc
[1156/1418] Compiling evp_asn1.cc
[1156/1418] Compiling err.cc
[1158/1418] Compiling engine.cc
[1159/1418] Compiling ecdsa_p1363.cc
[1160/1418] Compiling evp.cc
[1161/1418] Compiling ecdh.cc
[1162/1418] Compiling ec_derive.cc
[1163/1418] Compiling ecdsa_asn1.cc
[1164/1418] Compiling hash_to_curve.cc
[1165/1418] Compiling dsa.cc
[1166/1418] Compiling dsa_asn1.cc
[1167/1418] Compiling ec_asn1.cc
[1168/1418] Compiling digest_extra.cc
[1169/1418] Compiling x25519-asm-arm.S
[1170/1418] Compiling curve25519_64_adx.cc
[1171/1418] Compiling params.cc
[1172/1418] Compiling dh_asn1.cc
[1173/1418] Compiling des.cc
[1174/1418] Compiling spake25519.cc
[1175/1418] Compiling cpu_intel.cc
[1176/1418] Compiling crypto.cc
[1177/1418] Compiling curve25519.cc
[1178/1418] Compiling cpu_aarch64_win.cc
[1179/1418] Compiling cpu_arm_linux.cc
[1180/1418] Compiling cpu_arm_freebsd.cc
[1181/1418] Compiling cpu_aarch64_sysreg.cc
[1182/1418] Compiling cpu_aarch64_openbsd.cc
[1183/1418] Compiling cpu_aarch64_linux.cc
[1184/1418] Compiling cpu_aarch64_fuchsia.cc
[1185/1418] Compiling cpu_aarch64_apple.cc
[1186/1418] Compiling conf.cc
[1187/1418] Compiling get_cipher.cc
[1188/1418] Compiling tls_cbc.cc
[1189/1418] Compiling e_rc4.cc
[1190/1418] Compiling e_tls.cc
[1191/1418] Compiling cms.cc
[1192/1418] Compiling e_rc2.cc
[1193/1418] Compiling e_des.cc
[1194/1418] Compiling e_null.cc
[1195/1418] Compiling e_chacha20poly1305.cc
[1196/1418] Compiling e_aesctrhmac.cc
[1197/1418] Compiling e_aesgcmsiv.cc
[1198/1418] Compiling e_aeseax.cc
[1199/1418] Compiling derive_key.cc
[1200/1418] Compiling chacha.cc
[1201/1418] Compiling unicode.cc
[1202/1418] Compiling sqrt.cc
[1203/1418] Compiling buf.cc
[1204/1418] Compiling cbs.cc
[1205/1418] Compiling ber.cc
[1206/1418] Compiling cbb.cc
[1207/1418] Compiling asn1_compat.cc
[1208/1418] Compiling div.cc
[1209/1418] Compiling exponentiation.cc
[1210/1418] Compiling blake2.cc
[1211/1418] Compiling printf.cc
[1212/1418] Compiling convert.cc
[1213/1418] Compiling pair.cc
[1214/1418] Compiling bn_asn1.cc
[1215/1418] Compiling hexdump.cc
[1216/1418] Compiling file.cc
[1217/1418] Compiling fd.cc
[1218/1418] Compiling errno.cc
[1219/1418] Compiling base64.cc
[1219/1418] Compiling bio_mem.cc
[1221/1418] Compiling bio.cc
[1222/1418] Compiling tasn_typ.cc
[1223/1418] Compiling tasn_utl.cc
[1224/1418] Compiling tasn_fre.cc
[1225/1418] Compiling tasn_enc.cc
[1226/1418] Compiling posix_time.cc
[1227/1418] Compiling f_string.cc
[1228/1418] Compiling tasn_new.cc
[1229/1418] Compiling f_int.cc
[1230/1418] Compiling tasn_dec.cc
[1231/1418] Compiling asn_pack.cc
[1232/1418] Compiling asn1_par.cc
[1233/1418] Compiling asn1_lib.cc
[1234/1418] Compiling a_utctm.cc
[1235/1418] Compiling a_type.cc
[1236/1418] Compiling a_time.cc
[1237/1418] Compiling a_octet.cc
[1238/1418] Compiling a_strnid.cc
[1239/1418] Compiling bcm.cc
[1240/1418] Compiling a_strex.cc
[1241/1418] Compiling a_i2d_fp.cc
[1242/1418] Compiling a_dup.cc
[1243/1418] Compiling a_mbstr.cc
[1244/1418] Compiling a_d2i_fp.cc
[1245/1418] Write sources
[1246/1418] Compiling a_object.cc
[1246/1418] Write sources
[1249/1418] Compiling CAsyncHTTPClient CAsyncHTTPClient.c
[1250/1461] Compiling a_int.cc
[1251/1461] Compiling a_gentm.cc
[1252/1461] Compiling a_bool.cc
[1254/1461] Compiling Atomics AtomicStorage.swift
[1255/1461] Compiling Atomics AtomicValue.swift
[1256/1463] Compiling Atomics ManagedAtomic.swift
[1257/1463] Compiling Atomics ManagedAtomicLazyReference.swift
[1258/1463] Compiling Atomics UnsafeAtomic.swift
[1259/1463] Compiling Atomics UnsafeAtomicLazyReference.swift
[1260/1463] Compiling Atomics AtomicMemoryOrderings.swift
[1261/1463] Compiling Atomics DoubleWord.swift
[1261/1463] Compiling aes.cc
[1263/1463] Compiling Atomics IntegerOperations.swift
[1264/1463] Compiling Atomics Unmanaged extensions.swift
[1264/1463] Compiling a_bitstr.cc
[1266/1471] Compiling Atomics AtomicInteger.swift
[1267/1471] Compiling Atomics AtomicOptionalWrappable.swift
[1268/1471] Compiling Atomics AtomicReference.swift
[1275/1474] Compiling Algorithms RandomSample.swift
[1276/1474] Compiling Algorithms Reductions.swift
[1277/1474] Compiling Algorithms Rotate.swift
[1280/1474] Compiling Atomics OptionalRawRepresentable.swift
[1281/1474] Compiling Atomics RawRepresentable.swift
[1282/1474] Compiling Atomics IntegerConformances.swift
[1283/1474] Compiling Atomics PointerConformances.swift
[1284/1474] Compiling Atomics Primitives.native.swift
[1286/1474] Compiling Algorithms Trim.swift
[1287/1474] Compiling Algorithms Unique.swift
[1288/1474] Compiling Algorithms Windows.swift
[1290/1474] Compiling Algorithms Permutations.swift
[1291/1474] Compiling Algorithms Product.swift
[1292/1474] Compiling CryptoBoringWrapper CryptoKitErrors_boring.swift
[1293/1474] Compiling Atomics AtomicBool.swift
[1297/1474] Emitting module Atomics
[1298/1474] Emitting module CryptoBoringWrapper
[1299/1474] Compiling CryptoBoringWrapper FiniteFieldArithmeticContext.swift
[1300/1474] Compiling CryptoBoringWrapper RandomBytes.swift
[1301/1474] Compiling CryptoBoringWrapper BoringSSLAEAD.swift
[1302/1474] Compiling CryptoBoringWrapper EllipticCurve.swift
[1303/1474] Compiling CryptoBoringWrapper ArbitraryPrecisionInteger.swift
[1304/1474] Compiling CryptoBoringWrapper EllipticCurvePoint.swift
[1305/1475] Wrapping AST for CryptoBoringWrapper for debugging
[1307/1559] Compiling Crypto ASN1BitString.swift
[1308/1559] Compiling Crypto ASN1Boolean.swift
[1309/1559] Compiling Crypto ASN1Identifier.swift
[1310/1559] Compiling Crypto ChaChaPoly_boring.swift
[1311/1559] Compiling Crypto ChaChaPoly.swift
[1312/1559] Compiling Crypto Cipher.swift
[1313/1560] Wrapping AST for Atomics for debugging
[1315/1624] Emitting module Algorithms
[1316/1625] Wrapping AST for Algorithms for debugging
[1318/1625] Compiling NIOCore EventLoopFuture+AssumeIsolated.swift
[1319/1625] Compiling NIOCore IPProtocol.swift
[1320/1625] Compiling NIOCore NIOCoreSendableMetatype.swift
[1321/1625] Compiling NIOCore IntegerBitPacking.swift
[1322/1625] Compiling NIOCore IntegerTypes.swift
[1323/1625] Compiling NIOCore Interfaces.swift
[1324/1625] Compiling NIOCore Linux.swift
[1325/1625] Compiling NIOCore MarkedCircularBuffer.swift
[1326/1625] Compiling NIOCore MulticastChannel.swift
[1327/1625] Compiling NIOCore NIOAny.swift
[1328/1625] Compiling NIOCore NIOCloseOnErrorHandler.swift
[1329/1625] Compiling NIOCore EventLoopFuture+Deprecated.swift
[1330/1625] Compiling NIOCore EventLoopFuture+WithEventLoop.swift
[1331/1625] Compiling NIOCore NIODecodedAsyncSequence.swift
[1332/1625] Compiling NIOCore NIOLoopBound.swift
[1333/1625] Compiling NIOCore NIOPooledRecvBufferAllocator.swift
[1334/1625] Compiling NIOCore NIOScheduledCallback.swift
[1335/1625] Compiling NIOCore NIOSendable.swift
[1336/1625] Compiling NIOCore NIOSplitLinesMessageDecoder.swift
[1337/1625] Compiling NIOCore NIOTransportAccessibleChannelCore.swift
[1338/1625] Compiling NIOCore RecvByteBufferAllocator.swift
[1339/1644] Compiling NIOCore AddressedEnvelope.swift
[1340/1644] Compiling NIOCore AsyncAwaitSupport.swift
[1341/1644] Compiling NIOCore AsyncChannel.swift
[1342/1644] Compiling NIOCore AsyncChannelHandler.swift
[1343/1644] Compiling NIOCore AsyncChannelInboundStream.swift
[1344/1644] Compiling NIOCore AsyncChannelOutboundWriter.swift
[1345/1644] Compiling NIOCore NIOAsyncSequenceProducer.swift
[1346/1644] Compiling NIOCore NIOAsyncSequenceProducerStrategies.swift
[1347/1644] Compiling NIOCore NIOAsyncWriter.swift
[1348/1644] Compiling NIOCore NIOThrowingAsyncSequenceProducer.swift
[1349/1644] Compiling NIOCore BSDSocketAPI.swift
[1350/1644] Compiling NIOCore ByteBuffer-aux.swift
[1351/1644] Emitting module Crypto
[1363/1644] Compiling NIOCore EventLoopFuture.swift
[1364/1644] Compiling NIOCore FileDescriptor.swift
[1365/1644] Compiling NIOCore FileHandle.swift
[1366/1644] Compiling NIOCore FileRegion.swift
[1367/1644] Compiling NIOCore GlobalSingletons.swift
[1368/1644] Compiling NIOCore IO.swift
[1369/1644] Compiling NIOCore IOData.swift
[1379/1644] Compiling Crypto Signature.swift
[1380/1644] Compiling Crypto CryptoKitErrors_boring.swift
[1381/1644] Compiling Crypto Optional+withUnsafeBytes_boring.swift
[1382/1644] Compiling Crypto RNG_boring.swift
[1383/1644] Compiling Crypto SafeCompare_boring.swift
[1384/1644] Compiling Crypto Zeroization_boring.swift
[1385/1644] Compiling Crypto _CryptoModuleAnchor.swift
[1386/1644] Compiling Crypto PrettyBytes.swift
[1387/1644] Compiling Crypto SafeCompare.swift
[1388/1644] Compiling Crypto SecureBytes.swift
[1389/1644] Compiling Crypto Zeroization.swift
[1390/1644] Compiling Crypto HKDF.swift
[1391/1644] Compiling Crypto AESWrap.swift
[1392/1644] Compiling Crypto AESWrap_boring.swift
[1393/1644] Compiling Crypto Ed25519_boring.swift
[1394/1644] Compiling Crypto NISTCurvesKeys_boring.swift
[1395/1644] Compiling Crypto X25519Keys_boring.swift
[1396/1644] Compiling Crypto Curve25519.swift
[1397/1644] Compiling Crypto Ed25519Keys.swift
[1398/1644] Compiling Crypto NISTCurvesKeys.swift
[1399/1644] Compiling Crypto X25519Keys.swift
[1400/1644] Compiling Crypto SymmetricKeys.swift
[1401/1644] Compiling Crypto HMAC.swift
[1418/1644] Compiling NIOCore SingleStepByteToMessageDecoder.swift
[1419/1644] Compiling NIOCore SocketAddresses.swift
[1420/1644] Compiling NIOCore SocketOptionProvider.swift
[1421/1644] Compiling NIOCore SystemCallHelpers.swift
[1422/1644] Compiling NIOCore TimeAmount+Duration.swift
[1423/1644] Compiling NIOCore TypeAssistedChannelHandler.swift
[1424/1644] Compiling NIOCore UniversalBootstrapSupport.swift
[1425/1644] Compiling NIOCore Utilities.swift
[1426/1644] Compiling NIOCore CircularBuffer.swift
[1427/1644] Compiling NIOCore Codec.swift
[1428/1644] Compiling NIOCore ConvenienceOptionSupport.swift
[1429/1644] Compiling NIOCore DeadChannel.swift
[1430/1644] Compiling NIOCore DispatchQueue+WithFuture.swift
[1431/1644] Compiling NIOCore EventLoop+Deprecated.swift
[1432/1644] Compiling NIOCore EventLoop+SerialExecutor.swift
[1433/1644] Compiling NIOCore EventLoop.swift
[1435/1644] Compiling NIOCore ByteBuffer-binaryEncodedLengthPrefix.swift
[1436/1644] Compiling NIOCore ByteBuffer-conversions.swift
[1437/1644] Compiling NIOCore ByteBuffer-core.swift
[1438/1644] Compiling NIOCore ByteBuffer-hex.swift
[1439/1644] Compiling NIOCore ByteBuffer-int.swift
[1440/1644] Compiling NIOCore ByteBuffer-lengthPrefix.swift
[1441/1644] Compiling NIOCore ByteBuffer-multi-int.swift
[1442/1644] Compiling NIOCore ByteBuffer-quicBinaryEncodingStrategy.swift
[1443/1644] Compiling NIOCore ByteBuffer-views.swift
[1444/1644] Compiling NIOCore Channel.swift
[1445/1644] Compiling NIOCore ChannelHandler.swift
[1446/1644] Compiling NIOCore ChannelHandlers.swift
[1447/1644] Compiling NIOCore ChannelInvoker.swift
[1448/1644] Compiling NIOCore ChannelOption.swift
[1449/1644] Compiling NIOCore ChannelPipeline.swift
[1458/1645] Wrapping AST for Crypto for debugging
[1468/1707] Compiling CryptoExtras Data+Extensions.swift
[1469/1707] Compiling CryptoExtras DigestType.swift
[1470/1707] Compiling CryptoExtras Error.swift
[1471/1707] Compiling CryptoExtras I2OSP.swift
[1472/1707] Compiling CryptoExtras IntegerEncoding.swift
[1473/1707] Compiling CryptoExtras PEMDocument.swift
[1474/1707] Compiling CryptoExtras PrettyBytes.swift
[1475/1707] Compiling CryptoExtras SubjectPublicKeyInfo.swift
[1476/1707] Compiling CryptoExtras PKCS8DERRepresentation.swift
[1477/1707] Compiling CryptoExtras PKCS8PrivateKey.swift
[1478/1707] Compiling CryptoExtras RFC8410AlgorithmIdentifier.swift
[1479/1707] Compiling CryptoExtras ECToolbox_boring.swift
[1480/1707] Compiling CryptoExtras ECToolbox.swift
[1481/1707] Compiling CryptoExtras HashToField.swift
[1482/1707] Compiling CryptoExtras KDF.swift
[1483/1707] Compiling CryptoExtras PBKDF2_boring.swift
[1484/1707] Compiling CryptoExtras PBKDF2_commoncrypto.swift
[1485/1715] Compiling CryptoExtras ARCServer.swift
[1486/1715] Compiling CryptoExtras ChaCha20CTR_boring.swift
[1487/1715] Compiling CryptoExtras ChaCha20CTR.swift
[1488/1715] Compiling CryptoExtras BoringSSLSHA512256Context.swift
[1489/1715] Compiling CryptoExtras BoringSSLSHA512256HashFunction.swift
[1490/1715] Compiling CryptoExtras SHA512256.swift
[1491/1715] Compiling CryptoExtras SHA512256Digest.swift
[1492/1715] Compiling CryptoExtras Curve25519+PEM.swift
[1493/1715] Compiling CryptoExtras ObjectIdentifier.swift
[1494/1715] Compiling CryptoExtras PBKDF2.swift
[1495/1715] Compiling CryptoExtras Scrypt_boring.swift
[1496/1715] Compiling CryptoExtras Scrypt.swift
[1497/1715] Compiling CryptoExtras OPRF.swift
[1498/1715] Compiling CryptoExtras OPRFClient.swift
[1499/1715] Compiling CryptoExtras OPRFServer.swift
[1500/1715] Compiling CryptoExtras VOPRF+API.swift
[1501/1715] Compiling CryptoExtras VOPRFClient.swift
[1502/1715] Compiling CryptoExtras VOPRFServer.swift
[1503/1715] Compiling CryptoExtras AES_CBC.swift
[1504/1715] Compiling CryptoExtras AES_CFB.swift
[1505/1715] Compiling CryptoExtras AES_CTR.swift
[1506/1715] Compiling CryptoExtras AES_GCM_SIV.swift
[1507/1715] Compiling CryptoExtras Block Function.swift
[1508/1715] Compiling CryptoExtras AES_CBC_boring.swift
[1509/1715] Compiling CryptoExtras AES_CFB_boring.swift
[1510/1715] Compiling CryptoExtras AES_CTR_boring.swift
[1511/1715] Compiling CryptoExtras AES_GCM_SIV_boring.swift
[1512/1715] Compiling CryptoExtras ThreadOps.swift
[1513/1715] Compiling CryptoExtras ThreadPosix.swift
[1514/1715] Compiling CryptoExtras ThreadSpecific.swift
[1515/1715] Compiling CryptoExtras ThreadWindows.swift
[1516/1715] Compiling CryptoExtras DLEQ.swift
[1517/1715] Compiling CryptoExtras Prover.swift
[1518/1715] Compiling CryptoExtras Verifier.swift
[1519/1715] Compiling CryptoExtras ZKPToolbox.swift
[1520/1715] Compiling CryptoExtras BoringSSLPassphraseCallbackManager.swift
[1521/1715] Compiling CryptoExtras RSA+BlindSigning.swift
[1522/1715] Compiling CryptoExtras RSA.swift
[1523/1715] Compiling CryptoExtras RSA_boring.swift
[1524/1715] Compiling CryptoExtras Reexport.swift
[1525/1715] Compiling CryptoExtras Zeroization_boring.swift
[1526/1715] Compiling CryptoExtras BoringSSLHelpers.swift
[1527/1715] Compiling CryptoExtras CryptoKitErrors_boring.swift
[1528/1715] Compiling CryptoExtras CMAC.swift
[1529/1715] Compiling CryptoExtras ARC+API.swift
[1530/1715] Compiling CryptoExtras ARC.swift
[1531/1715] Compiling CryptoExtras ARCCredential.swift
[1532/1715] Compiling CryptoExtras ARCEncoding.swift
[1533/1715] Compiling CryptoExtras ARCPrecredential.swift
[1534/1715] Compiling CryptoExtras ARCPresentation.swift
[1535/1715] Compiling CryptoExtras ARCRequest.swift
[1536/1715] Compiling CryptoExtras ARCResponse.swift
[1537/1715] Emitting module CryptoExtras
[1538/1716] Wrapping AST for CryptoExtras for debugging
[1540/1718] Emitting module _CryptoExtras
[1541/1718] Compiling _CryptoExtras Exports.swift
[1542/1719] Wrapping AST for _CryptoExtras for debugging
[1544/1814] Compiling X509 CertificateSerialNumber.swift
[1545/1814] Compiling X509 CertificateVersion.swift
[1546/1814] Compiling X509 CMSAttribute.swift
[1547/1814] Compiling X509 CMSContentInfo.swift
[1548/1814] Compiling X509 CMSEncapsulatedContentInfo.swift
[1549/1814] Compiling X509 PKCS8PrivateKey.swift
[1550/1814] Compiling X509 PromiseAndFuture.swift
[1551/1814] Compiling X509 RDNAttribute.swift
[1552/1814] Compiling X509 RandomNumberGenerator+bytes.swift
[1553/1814] Compiling X509 RelativeDistinguishedName.swift
[1554/1814] Compiling X509 SEC1PrivateKey.swift
[1555/1814] Compiling X509 SecKeyWrapper.swift
[1556/1814] Compiling X509 Signature.swift
[1557/1814] Compiling X509 SignatureAlgorithm.swift
[1558/1814] Compiling X509 AllOfPolicies.swift
[1559/1814] Compiling X509 AnyPolicy.swift
[1560/1814] Compiling X509 CertificateStore.swift
[1561/1814] Compiling X509 CustomCertificateStore.swift
[1562/1814] Emitting module NIOCore
[1563/1818] Wrapping AST for NIOCore for debugging
[1565/1872] Compiling NIOFoundationEssentialsCompat Codable+ByteBuffer.swift
[1566/1872] Emitting module NIOFoundationEssentialsCompat
[1567/1872] Compiling NIOFoundationEssentialsCompat ByteBuffer-foundation.swift
[1568/1873] Wrapping AST for NIOFoundationEssentialsCompat for debugging
[1570/1873] Compiling NIOEmbedded AsyncTestingChannel.swift
[1571/1873] Compiling NIOEmbedded AsyncTestingEventLoop.swift
[1572/1873] Emitting module NIOEmbedded
[1573/1873] Compiling NIOEmbedded Embedded.swift
[1574/1874] Wrapping AST for NIOEmbedded for debugging
[1576/1874] Compiling NIOPosix BaseStreamSocketChannel.swift
[1577/1874] Compiling NIOPosix Bootstrap.swift
[1578/1874] Compiling NIOPosix ControlMessage.swift
[1579/1874] Compiling NIOPosix DatagramVectorReadManager.swift
[1580/1874] Compiling NIOPosix Errors+Any.swift
[1581/1874] Compiling NIOPosix FileDescriptor.swift
[1582/1874] Compiling NIOPosix GetaddrinfoResolver.swift
[1583/1874] Compiling NIOPosix BSDSocketAPICommon.swift
[1584/1874] Compiling NIOPosix BSDSocketAPIPosix.swift
[1585/1874] Compiling NIOPosix BSDSocketAPIWindows.swift
[1586/1874] Compiling NIOPosix BaseSocket.swift
[1587/1874] Compiling NIOPosix BaseSocketChannel+AccessibleTransport.swift
[1588/1874] Compiling NIOPosix BaseSocketChannel+SocketOptionProvider.swift
[1589/1874] Compiling NIOPosix BaseSocketChannel.swift
[1590/1887] Compiling NIOPosix LinuxUring.swift
[1591/1887] Compiling NIOPosix MultiThreadedEventLoopGroup.swift
[1592/1887] Compiling NIOPosix NIOPosixSendableMetatype.swift
[1593/1887] Compiling NIOPosix NIORandomizedDNSResolver.swift
[1594/1887] Compiling NIOPosix NIOThreadPool.swift
[1595/1887] Compiling NIOPosix NonBlockingFileIO.swift
[1596/1887] Compiling NIOPosix PendingDatagramWritesManager.swift
[1597/1887] Compiling NIOPosix PendingWritesManager.swift
[1598/1887] Compiling NIOPosix Selectable.swift
[1599/1887] Compiling NIOPosix SelectableChannel.swift
[1600/1887] Compiling NIOPosix SelectableEventLoop.swift
[1601/1887] Compiling NIOPosix SelectorEpoll.swift
[1602/1887] Compiling NIOPosix SelectorGeneric.swift
[1603/1887] Compiling NIOPosix SelectorKqueue.swift
[1604/1887] Compiling NIOPosix PipeChannel.swift
[1605/1887] Compiling NIOPosix PipePair.swift
[1606/1887] Compiling NIOPosix Pool.swift
[1607/1887] Compiling NIOPosix PosixSingletons+ConcurrencyTakeOver.swift
[1608/1887] Compiling NIOPosix PosixSingletons.swift
[1609/1887] Compiling NIOPosix RawSocketBootstrap.swift
[1610/1887] Compiling NIOPosix Resolver.swift
[1611/1887] Compiling NIOPosix HappyEyeballs.swift
[1612/1887] Compiling NIOPosix IO.swift
[1613/1887] Compiling NIOPosix IntegerBitPacking.swift
[1614/1887] Compiling NIOPosix IntegerTypes.swift
[1615/1887] Compiling NIOPosix Linux.swift
[1616/1887] Compiling NIOPosix LinuxCPUSet.swift
[1617/1887] Compiling NIOPosix SelectorUring.swift
[1618/1887] Compiling NIOPosix SelectorWSAPoll.swift
[1619/1887] Compiling NIOPosix ServerSocket.swift
[1620/1887] Compiling NIOPosix Socket.swift
[1621/1887] Compiling NIOPosix SocketChannel.swift
[1622/1887] Compiling NIOPosix SocketProtocols.swift
[1623/1887] Compiling NIOPosix StructuredConcurrencyHelpers.swift
[1624/1887] Compiling NIOPosix System.swift
[1625/1887] Compiling X509 AuthorityInformationAccess.swift
[1626/1887] Compiling X509 AuthorityKeyIdentifier.swift
[1627/1887] Compiling X509 BasicConstraints.swift
[1628/1887] Compiling X509 ExtendedKeyUsage.swift
[1629/1887] Compiling X509 ExtensionIdentifiers.swift
[1630/1887] Compiling X509 KeyUsage.swift
[1638/1894] Compiling X509 OCSPExtensionID.swift
[1639/1894] Compiling X509 OCSPNonce.swift
[1640/1894] Compiling X509 OCSPPolicy.swift
[1641/1894] Compiling X509 OCSPRequest.swift
[1642/1894] Compiling X509 OCSPResponse.swift
[1643/1894] Compiling X509 OCSPResponseBytes.swift
[1644/1894] Compiling X509 OCSPResponseData.swift
[1645/1894] Compiling X509 OCSPResponseStatus.swift
[1646/1894] Compiling X509 OCSPSignature.swift
[1647/1894] Compiling X509 OCSPSingleRequest.swift
[1648/1894] Compiling X509 OCSPSingleResponse.swift
[1649/1894] Compiling X509 OCSPTBSRequest.swift
[1650/1894] Compiling X509 OCSPVersion.swift
[1651/1894] Compiling NIOPosix Windows.swift
[1652/1894] Compiling X509 PolicyBuilder.swift
[1653/1894] Compiling X509 BasicConstraintsPolicy.swift
[1654/1894] Compiling X509 DNSNames.swift
[1655/1894] Compiling X509 ExpiryPolicy.swift
[1656/1894] Compiling X509 IPConstraints.swift
[1657/1894] Compiling X509 NameConstraintsPolicy.swift
[1658/1894] Compiling X509 RFC5280Policy.swift
[1659/1894] Compiling X509 URIConstraints.swift
[1660/1894] Compiling X509 VersionPolicy.swift
[1661/1894] Compiling X509 ServerIdentityPolicy.swift
[1662/1894] Compiling X509 TrustRootLoading.swift
[1663/1894] Compiling X509 UnverifiedChain.swift
[1664/1894] Compiling X509 NameConstraints.swift
[1665/1894] Compiling X509 SubjectAlternativeName.swift
[1666/1894] Compiling X509 SubjectKeyIdentifier.swift
[1667/1894] Compiling X509 Extension.swift
[1668/1894] Compiling X509 Extensions.swift
[1669/1894] Compiling X509 ExtensionsBuilder.swift
[1670/1894] Compiling X509 GeneralName.swift
[1671/1894] Compiling X509 Lock.swift
[1672/1894] Compiling X509 LockedValueBox.swift
[1673/1894] Compiling X509 BasicOCSPResponse.swift
[1674/1894] Compiling X509 DirectoryString.swift
[1675/1894] Compiling X509 OCSPCertID.swift
[1676/1894] Compiling X509 OCSPCertStatus.swift
[1677/1894] Emitting module NIOPosix
[1685/1894] Compiling NIOPosix Thread.swift
[1686/1894] Compiling NIOPosix ThreadPosix.swift
[1687/1894] Compiling NIOPosix ThreadWindows.swift
[1688/1894] Compiling NIOPosix Utilities.swift
[1689/1894] Compiling NIOPosix VsockAddress.swift
[1690/1894] Compiling NIOPosix VsockChannelEvents.swift
[1706/1894] Emitting module X509
[1728/1895] Wrapping AST for NIOPosix for debugging
[1730/1897] Compiling NIO Exports.swift
[1731/1897] Emitting module NIO
[1732/1898] Wrapping AST for NIO for debugging
[1734/1937] Compiling NIOSOCKS SelectedAuthenticationMethod.swift
[1735/1938] Compiling NIOFoundationCompat Exports.swift
[1736/1938] Compiling NIOFoundationCompat JSONSerialization+ByteBuffer.swift
[1737/1938] Compiling NIOFoundationCompat WaitSpinningRunLoop.swift
[1738/1938] Compiling NIOTLS TLSEvents.swift
[1739/1938] Compiling NIOSOCKS ServerStateMachine.swift
[1740/1938] Emitting module NIOFoundationCompat
[1741/1939] Compiling NIOSOCKS ClientStateMachine.swift
[1742/1939] Compiling NIOSOCKS SOCKSResponse.swift
[1744/1939] Compiling NIOTLS NIOTypedApplicationProtocolNegotiationHandler.swift
[1745/1939] Compiling NIOSOCKS Errors.swift
[1746/1939] Compiling NIOSOCKS Helpers.swift
[1746/1939] Wrapping AST for NIOFoundationCompat for debugging
[1748/1939] Compiling NIOSOCKS AuthenticationMethod.swift
[1749/1939] Compiling NIOSOCKS ClientGreeting.swift
[1750/1939] Compiling NIOTLS ApplicationProtocolNegotiationHandler.swift
[1751/1939] Emitting module NIOSOCKS
[1752/1939] Compiling NIOSOCKS SOCKSClientHandler.swift
[1753/1939] Compiling NIOSOCKS SOCKSServerHandshakeHandler.swift
[1754/1939] Compiling NIOSOCKS Messages.swift
[1755/1939] Compiling NIOSOCKS SOCKSRequest.swift
[1758/1942] Wrapping AST for NIOSOCKS for debugging
[1760/1942] Compiling NIOTLS SNIHandler.swift
[1761/1942] Compiling NIOTLS ProtocolNegotiationHandlerStateMachine.swift
[1762/1942] Emitting module NIOTLS
[1763/1943] Compiling X509 ValidatedCertificateChain.swift
[1764/1943] Compiling X509 VerificationDiagnostic.swift
[1765/1943] Compiling X509 Verifier.swift
[1766/1943] Compiling X509 VerifierPolicy.swift
[1767/1943] Compiling X509 AlgorithmIdentifier.swift
[1768/1943] Compiling X509 ECDSASignature.swift
[1769/1943] Compiling X509 RSAPKCS1PublicKey.swift
[1770/1943] Compiling X509 SubjectPublicKeyInfo.swift
[1771/1943] Compiling X509 TBSCertificate.swift
[1772/1943] Compiling X509 Time.swift
[1773/1943] Compiling X509 TimeCalculations.swift
[1774/1943] Compiling X509 Validity.swift
[1775/1943] Compiling X509 X509SendableMetatype.swift
[1776/1943] Compiling NIOHTTP1 NIOTypedHTTPClientUpgradeHandler.swift
[1777/1943] Compiling NIOHTTP1 NIOTypedHTTPClientUpgraderStateMachine.swift
[1780/1944] Compiling NIOHTTP1 NIOHTTPClientUpgradeHandler.swift
[1781/1944] Compiling NIOHTTP1 NIOHTTPObjectAggregator.swift
[1781/1944] Wrapping AST for NIOTLS for debugging
[1782/1974] Wrapping AST for X509 for debugging
[1784/2041] Emitting module NIOHTTP1
[1785/2041] Compiling JWTKit ECDSAKeyTypes.swift
[1786/2041] Compiling JWTKit ECDSASigner.swift
[1787/2041] Compiling JWTKit IssuerClaim.swift
[1788/2041] Compiling JWTKit JWTClaim.swift
[1789/2041] Compiling JWTKit AudienceClaim.swift
[1790/2041] Compiling JWTKit BoolClaim.swift
[1791/2041] Compiling JWTKit ExpirationClaim.swift
[1792/2041] Compiling JWTKit GoogleHostedDomainClaim.swift
[1793/2041] Compiling JWTKit IDClaim.swift
[1794/2041] Compiling JWTKit IssuedAtClaim.swift
[1797/2041] Compiling JWTKit JWTMultiValueClaim.swift
[1798/2041] Compiling JWTKit JWTUnixEpochClaim.swift
[1799/2050] Compiling JWTKit ECDSASigningAlgorithm.swift
[1800/2050] Compiling JWTKit JWTKeyCollection+ECDSA.swift
[1801/2050] Compiling JWTKit P256+CurveType.swift
[1802/2050] Compiling JWTKit P384+CurveType.swift
[1803/2050] Compiling JWTKit P521+CurveType.swift
[1804/2050] Compiling JWTKit EdDSA.swift
[1805/2050] Compiling JWTKit EdDSACurve.swift
[1806/2050] Compiling JWTKit EdDSAError.swift
[1807/2050] Compiling JWTKit EdDSASigner.swift
[1808/2050] Compiling JWTKit JWTKeyCollection+EdDSA.swift
[1809/2050] Compiling JWTKit JWTSerializer.swift
[1810/2050] Compiling JWTKit JWTSigner.swift
[1811/2050] Compiling JWTKit JWTKeyCollection+MLDSA.swift
[1812/2050] Compiling JWTKit MLDSA.swift
[1813/2050] Compiling JWTKit MLDSA65+MLDSAKey.swift
[1814/2050] Compiling JWTKit MLDSA87+MLDSAKey.swift
[1815/2050] Compiling JWTKit MLDSAError.swift
[1816/2050] Compiling JWTKit MLDSAKey.swift
[1817/2050] Compiling JWTKit MLDSASigner.swift
[1818/2050] Compiling JWTKit MLDSAType.swift
[1819/2050] Compiling JWTKit JWTKeyCollection+UnsecuredNone.swift
[1820/2050] Compiling JWTKit UnsecuredNoneSigner.swift
[1821/2050] Compiling JWTKit JWTKeyCollection+RSA.swift
[1822/2050] Compiling JWTKit RSA.swift
[1823/2050] Compiling JWTKit RSAError.swift
[1824/2050] Compiling JWTKit RSASigner.swift
[1825/2050] Compiling JWTKit Base64URL.swift
[1826/2050] Compiling JWTKit CryptoSigner.swift
[1827/2050] Compiling JWTKit LocaleClaim.swift
[1828/2050] Compiling JWTKit NotBeforeClaim.swift
[1829/2050] Compiling JWTKit SubjectClaim.swift
[1830/2050] Compiling JWTKit TenantIDClaim.swift
[1831/2050] Compiling JWTKit ECDSA.swift
[1832/2050] Compiling JWTKit ECDSACurve.swift
[1833/2050] Compiling JWTKit ECDSACurveType.swift
[1834/2050] Compiling JWTKit ECDSAError.swift
[1846/2051] Emitting module NIOSSL
[1846/2072] Wrapping AST for NIOHTTP1 for debugging
[1848/2072] Compiling NIOHPACK IntegerCoding.swift
[1849/2072] Compiling NIOHPACK IndexedHeaderTable.swift
[1850/2073] Compiling JWTKit JWTKeyCollection.swift
[1851/2073] Compiling JWTKit JWTParser+MandatoryVerificationFields.swift
[1852/2073] Compiling JWTKit JWTParser.swift
[1853/2073] Compiling JWTKit JWTPayload.swift
[1857/2073] Compiling JWTKit JWTAlgorithm.swift
[1858/2073] Compiling NIOHTTPCompression HTTPDecompressor.swift
[1859/2073] Compiling JWTKit JWTError.swift
[1860/2073] Compiling JWTKit JWTHeader+CommonFields.swift
[1861/2073] Compiling JWTKit JWTHeader.swift
[1862/2073] Compiling JWTKit JWTHeaderField.swift
[1863/2073] Compiling NIOHPACK DynamicHeaderTable.swift
[1864/2073] Compiling NIOHPACK HPACKDecoder.swift
[1865/2073] Compiling NIOHPACK HPACKEncoder.swift
[1866/2073] Compiling NIOHPACK HPACKErrors.swift
[1867/2073] Compiling NIOHPACK HPACKHeader.swift
[1868/2073] Compiling NIOHTTPCompression HTTPRequestCompressor.swift
[1869/2073] Compiling NIOHTTPCompression HTTPResponseCompressor.swift
[1870/2073] Compiling NIOHPACK HuffmanTables.swift
[1871/2073] Compiling NIOHTTPCompression HTTPCompression.swift
[1872/2073] Compiling NIOHTTPCompression HTTPDecompression.swift
[1873/2073] Emitting module NIOHTTPCompression
[1874/2074] Emitting module JWTKit
[1875/2074] Compiling JWTKit HMAC.swift
[1876/2074] Compiling JWTKit HMACError.swift
[1877/2074] Compiling JWTKit HMACSigner.swift
[1878/2074] Compiling JWTKit JWTKeyCollection+HMAC.swift
[1879/2074] Compiling JWTKit Insecure.swift
[1880/2074] Compiling JWTKit JWK.swift
[1881/2074] Compiling JWTKit JWKIdentifier.swift
[1882/2074] Compiling JWTKit JWKS.swift
[1883/2074] Compiling JWTKit JWKSigner.swift
[1893/2074] Compiling NIOHPACK StaticHeaderTable.swift
[1897/2074] Compiling NIOHPACK HuffmanCoding.swift
[1899/2074] Compiling NIOHPACK HeaderTables.swift
[1900/2074] Emitting module NIOHPACK
[1903/2075] Wrapping AST for NIOHTTPCompression for debugging
[1904/2075] Wrapping AST for NIOHPACK for debugging
[1918/2138] Compiling JWTKit CustomizedJSONCoders.swift
[1919/2138] Compiling JWTKit Utilities.swift
[1920/2138] Compiling JWTKit AppleIdentityToken.swift
[1921/2138] Compiling JWTKit FirebaseAuthIdentityToken.swift
[1922/2138] Compiling JWTKit GoogleIdentityToken.swift
[1923/2138] Compiling JWTKit MicrosoftIdentityToken.swift
[1924/2138] Compiling JWTKit EmptyPolicy.swift
[1925/2138] Compiling JWTKit ValidationTimePayload.swift
[1926/2138] Compiling JWTKit X5CVerifier.swift
[1927/2139] Wrapping AST for JWTKit for debugging
[1929/2139] Compiling NIOHTTP2 MaySendFrames.swift
[1930/2139] Compiling NIOHTTP2 SendingDataState.swift
[1931/2139] Compiling NIOHTTP2 SendingGoawayState.swift
[1932/2139] Compiling NIOHTTP2 SendingHeadersState.swift
[1933/2139] Compiling NIOHTTP2 SendingPushPromiseState.swift
[1934/2139] Compiling NIOHTTP2 SendingRstStreamState.swift
[1935/2139] Compiling NIOHTTP2 SendingWindowUpdateState.swift
[1936/2139] Compiling NIOHTTP2 HTTP2SettingsState.swift
[1937/2139] Compiling NIOHTTP2 HasExtendedConnectSettings.swift
[1938/2147] Compiling NIOHTTP2 HTTP2PipelineHelpers.swift
[1939/2147] Compiling NIOHTTP2 HTTP2Settings.swift
[1940/2147] Compiling NIOHTTP2 HTTP2Stream.swift
[1941/2147] Compiling NIOHTTP2 HTTP2StreamChannel+OutboundStreamMultiplexer.swift
[1942/2148] Wrapping AST for NIOSSL for debugging
[1944/2148] Emitting module NIOHTTP2
[1945/2148] Compiling NIOHTTP2 NIOHTTP2ServerConnectionManagementHandler.swift
[1946/2148] Compiling NIOHTTP2 StreamChannelFlowController.swift
[1947/2148] Compiling NIOHTTP2 StreamChannelList.swift
[1948/2148] Compiling NIOHTTP2 StreamMap.swift
[1949/2148] Compiling NIOHTTP2 StreamStateMachine.swift
[1950/2148] Compiling NIOHTTP2 Timer.swift
[1951/2148] Compiling NIOHTTP2 UnsafeTransfer.swift
[1952/2148] Compiling NIOHTTP2 WatermarkedFlowController.swift
[1953/2148] Compiling NIOHTTP2 HTTP2StreamMultiplexer.swift
[1954/2148] Compiling NIOHTTP2 HTTP2ToHTTP1Codec.swift
[1955/2148] Compiling NIOHTTP2 HTTP2UserEvents.swift
[1956/2148] Compiling NIOHTTP2 InboundEventBuffer.swift
[1957/2148] Compiling NIOHTTP2 InboundWindowManager.swift
[1958/2148] Compiling NIOHTTP2 MultiplexerAbstractChannel.swift
[1959/2148] Compiling NIOHTTP2 NIOHTTP2FrameDelegate.swift
[1960/2148] Compiling NIOHTTP2 NIOHTTP2ServerConnectionManagementHandler+StateMachine.swift
[1961/2148] Compiling NIOHTTP2 ConnectionStateMachine.swift
[1962/2148] Compiling NIOHTTP2 ConnectionStreamsState.swift
[1963/2148] Compiling NIOHTTP2 MayReceiveFrames.swift
[1964/2148] Compiling NIOHTTP2 ReceivingDataState.swift
[1965/2148] Compiling NIOHTTP2 ReceivingGoAwayState.swift
[1966/2148] Compiling NIOHTTP2 ReceivingHeadersState.swift
[1967/2148] Compiling NIOHTTP2 ReceivingPushPromiseState.swift
[1968/2148] Compiling NIOHTTP2 ReceivingRstStreamState.swift
[1969/2148] Compiling NIOHTTP2 ReceivingWindowUpdateState.swift
[1970/2148] Compiling NIOHTTP2 DOSHeuristics.swift
[1971/2148] Compiling NIOHTTP2 Error+Any.swift
[1972/2148] Compiling NIOHTTP2 ConcurrentStreamBuffer.swift
[1973/2148] Compiling NIOHTTP2 ControlFrameBuffer.swift
[1974/2148] Compiling NIOHTTP2 OutboundFlowControlBuffer.swift
[1975/2148] Compiling NIOHTTP2 OutboundFrameBuffer.swift
[1976/2148] Compiling NIOHTTP2 GlitchesMonitor.swift
[1977/2148] Compiling NIOHTTP2 HPACKHeaders+Validation.swift
[1978/2148] Compiling NIOHTTP2 HTTP2ChannelHandler+InboundStreamMultiplexer.swift
[1979/2148] Compiling NIOHTTP2 HTTP2FrameParser.swift
[1980/2148] Compiling NIOHTTP2 HTTP2PingData.swift
[1985/2148] Compiling NIOHTTP2 HTTP2StreamChannel.swift
[1986/2148] Compiling NIOHTTP2 HTTP2StreamDelegate.swift
[1987/2148] Compiling NIOHTTP2 HTTP2StreamID.swift
[1988/2148] Compiling NIOHTTP2 HasFlowControlWindows.swift
[1989/2148] Compiling NIOHTTP2 HasLocalSettings.swift
[1990/2148] Compiling NIOHTTP2 HasRemoteSettings.swift
[1991/2148] Compiling NIOHTTP2 LocallyQuiescingState.swift
[1992/2148] Compiling NIOHTTP2 QuiescingState.swift
[1993/2148] Compiling NIOHTTP2 RemotelyQuiescingState.swift
[1994/2148] Compiling NIOHTTP2 SendAndReceiveGoawayState.swift
[1995/2148] Compiling NIOHTTP2 StateMachineResult.swift
[1996/2148] Compiling NIOHTTP2 ContentLengthVerifier.swift
[1997/2148] Compiling NIOHTTP2 HTTP2ChannelHandler+InlineStreamMultiplexer.swift
[1998/2148] Compiling NIOHTTP2 HTTP2ChannelHandler.swift
[1999/2148] Compiling NIOHTTP2 HTTP2CommonInboundStreamMultiplexer.swift
[2000/2148] Compiling NIOHTTP2 HTTP2ConnectionStateChange.swift
[2001/2148] Compiling NIOHTTP2 HTTP2Error.swift
[2002/2148] Compiling NIOHTTP2 HTTP2ErrorCode.swift
[2003/2148] Compiling NIOHTTP2 HTTP2FlowControlWindow.swift
[2004/2148] Compiling NIOHTTP2 HTTP2Frame.swift
[2005/2148] Compiling NIOHTTP2 HTTP2FrameEncoder.swift
[2006/2149] Wrapping AST for NIOHTTP2 for debugging
[2008/2213] Compiling AsyncHTTPClient AnyAsyncSequence.swift
[2009/2213] Compiling AsyncHTTPClient AnyAsyncSequenceProucerDelete.swift
[2010/2213] Compiling AsyncHTTPClient AsyncLazySequence.swift
[2011/2213] Compiling AsyncHTTPClient HTTPClient+execute.swift
[2012/2213] Compiling AsyncHTTPClient HTTPClient+shutdown.swift
[2013/2213] Compiling AsyncHTTPClient HTTPClient+tracing.swift
[2014/2213] Compiling AsyncHTTPClient HTTPClientRequest+Prepared.swift
[2015/2213] Compiling AsyncHTTPClient HTTPClientRequest+auth.swift
[2016/2213] Compiling AsyncHTTPClient HTTPClientRequest.swift
[2017/2221] Emitting module AsyncHTTPClient
[2018/2221] Compiling AsyncHTTPClient HTTPClientResponse.swift
[2019/2221] Compiling AsyncHTTPClient SingleIteratorPrecondition.swift
[2020/2221] Compiling AsyncHTTPClient Transaction+StateMachine.swift
[2021/2221] Compiling AsyncHTTPClient Transaction.swift
[2022/2221] Compiling AsyncHTTPClient Base64.swift
[2023/2221] Compiling AsyncHTTPClient BasicAuth.swift
[2024/2221] Compiling AsyncHTTPClient BestEffortHashableTLSConfiguration.swift
[2025/2221] Compiling AsyncHTTPClient Configuration+BrowserLike.swift
[2026/2221] Compiling AsyncHTTPClient ConnectionPool.swift
[2027/2221] Compiling AsyncHTTPClient LRUCache.swift
[2028/2221] Compiling AsyncHTTPClient NIOLoopBound+Execute.swift
[2029/2221] Compiling AsyncHTTPClient NWErrorHandler.swift
[2030/2221] Compiling AsyncHTTPClient NWWaitingHandler.swift
[2031/2221] Compiling AsyncHTTPClient TLSConfiguration.swift
[2032/2221] Compiling AsyncHTTPClient RedirectState.swift
[2033/2221] Compiling AsyncHTTPClient RequestBag+StateMachine.swift
[2034/2221] Compiling AsyncHTTPClient RequestBag+Tracing.swift
[2035/2221] Compiling AsyncHTTPClient RequestBag.swift
[2036/2221] Compiling AsyncHTTPClient RequestValidation.swift
[2037/2221] Compiling AsyncHTTPClient SSLContextCache.swift
[2038/2221] Compiling AsyncHTTPClient Scheme.swift
[2039/2221] Compiling AsyncHTTPClient Singleton.swift
[2040/2221] Compiling AsyncHTTPClient StringConvertibleInstances.swift
[2041/2221] Compiling AsyncHTTPClient StructuredConcurrencyHelpers.swift
[2042/2221] Compiling AsyncHTTPClient TracingSupport.swift
[2043/2221] Compiling AsyncHTTPClient Utils.swift
[2044/2221] Compiling AsyncHTTPClient HTTP1ProxyConnectHandler.swift
[2045/2221] Compiling AsyncHTTPClient SOCKSEventsHandler.swift
[2046/2221] Compiling AsyncHTTPClient TLSEventsHandler.swift
[2047/2221] Compiling AsyncHTTPClient HTTP1ClientChannelHandler.swift
[2048/2221] Compiling AsyncHTTPClient HTTP1Connection.swift
[2049/2221] Compiling AsyncHTTPClient HTTP1ConnectionStateMachine.swift
[2050/2221] Compiling AsyncHTTPClient HTTP2ClientRequestHandler.swift
[2051/2221] Compiling AsyncHTTPClient HTTP2Connection.swift
[2052/2221] Compiling AsyncHTTPClient HTTP2IdleHandler.swift
[2053/2221] Compiling AsyncHTTPClient RequestOptions.swift
[2054/2221] Compiling AsyncHTTPClient HTTPConnectionPool+Backoff.swift
[2055/2221] Compiling AsyncHTTPClient HTTPConnectionPool+HTTP1Connections.swift
[2056/2221] Compiling AsyncHTTPClient HTTPConnectionPool+HTTP1StateMachine.swift
[2057/2221] Compiling AsyncHTTPClient HTTPConnectionPool+HTTP2Connections.swift
[2058/2221] Compiling AsyncHTTPClient HTTPConnectionPool+HTTP2StateMachine.swift
[2059/2221] Compiling AsyncHTTPClient HTTPConnectionPool+RequestQueue.swift
[2060/2221] Compiling AsyncHTTPClient HTTPConnectionPool+StateMachine.swift
[2061/2221] Compiling AsyncHTTPClient ConnectionTarget.swift
[2062/2221] Compiling AsyncHTTPClient HTTPConnectionEvent.swift
[2063/2221] Compiling AsyncHTTPClient HTTPConnectionPool+Factory.swift
[2064/2221] Compiling AsyncHTTPClient HTTPConnectionPool+Manager.swift
[2065/2221] Compiling AsyncHTTPClient HTTPConnectionPool.swift
[2066/2221] Compiling AsyncHTTPClient HTTPExecutableRequest.swift
[2067/2221] Compiling AsyncHTTPClient HTTPRequestStateMachine+Demand.swift
[2068/2221] Compiling AsyncHTTPClient HTTPRequestStateMachine.swift
[2069/2221] Compiling AsyncHTTPClient RequestBodyLength.swift
[2070/2221] Compiling AsyncHTTPClient RequestFramingMetadata.swift
[2071/2221] Compiling AsyncHTTPClient DeconstructedURL.swift
[2072/2221] Compiling AsyncHTTPClient FileDownloadDelegate.swift
[2073/2221] Compiling AsyncHTTPClient FoundationExtensions.swift
[2074/2221] Compiling AsyncHTTPClient HTTPClient+HTTPCookie.swift
[2075/2221] Compiling AsyncHTTPClient HTTPClient+Proxy.swift
[2076/2221] Compiling AsyncHTTPClient HTTPClient+StructuredConcurrency.swift
[2077/2221] Compiling AsyncHTTPClient HTTPClient.swift
[2078/2221] Compiling AsyncHTTPClient HTTPClientConfiguration+SwiftConfiguration.swift
[2079/2221] Compiling AsyncHTTPClient HTTPHandler.swift
[2080/2222] Wrapping AST for AsyncHTTPClient for debugging
[2082/2245] Emitting module GoogleAuth
[2083/2248] Compiling GoogleAuth ADC.swift
[2084/2248] Compiling GoogleAuth ADCPath.swift
[2085/2248] Compiling GoogleAuth ADCResolver.swift
[2086/2248] Compiling GoogleAuth AuthHeaders.swift
[2087/2248] Compiling GoogleAuth SubjectTokenProvider.swift
[2088/2248] Compiling GoogleAuth MDSAccessTokenProvider.swift
[2089/2248] Compiling GoogleAuth MDSCredentials.swift
[2090/2248] Compiling GoogleAuth ServiceAccountCredentials.swift
[2091/2248] Compiling GoogleAuth ServiceAccountData.swift
[2092/2248] Compiling GoogleAuth ServiceAccountTokenProvider.swift
[2093/2248] Compiling GoogleAuth UserAccountData.swift
[2094/2248] Compiling GoogleAuth UserAccountTokenProvider.swift
[2095/2248] Compiling GoogleAuth UserCredentials.swift
[2096/2248] Compiling GoogleAuth AnonymousCredentials.swift
[2097/2248] Compiling GoogleAuth ApiKeyCredentials.swift
[2098/2248] Compiling GoogleAuth ExternalAccountCredentials.swift
[2099/2248] Compiling GoogleAuth CredentialParserRegistry.swift
[2100/2248] Compiling GoogleAuth Credentials.swift
[2101/2248] Compiling GoogleAuth CredentialsError.swift
[2102/2248] Compiling GoogleAuth AuthHTTPClient.swift
[2103/2248] Compiling GoogleAuth AuthHTTPError.swift
[2104/2248] Compiling GoogleAuth RetryEngine.swift
[2105/2248] Compiling GoogleAuth STSHandler.swift
[2106/2248] Compiling GoogleAuth TokenCache.swift
[2107/2248] Compiling GoogleAuth PackageVersion.swift
[2108/2249] Wrapping AST for GoogleAuth for debugging
[2110/2307] Emitting module GoogleGax
[2111/2315] Compiling GoogleGax LimitedAttemptCount+PollingErrorPolicy.swift
[2112/2315] Compiling GoogleGax LimitedAttemptCount+RetryPolicy.swift
[2113/2315] Compiling GoogleGax LimitedAttemptCount.swift
[2114/2315] Compiling GoogleGax LimitedElapsedTime+PollingErrorPolicy.swift
[2115/2315] Compiling GoogleGax LimitedElapsedTime+RetryPolicy.swift
[2116/2315] Compiling GoogleGax LimitedElapsedTime.swift
[2117/2315] Compiling GoogleGax LongRunningOperations.swift
[2118/2315] Compiling GoogleGax NeverRetry.swift
[2119/2315] Compiling GoogleGax RequestOptions.swift
[2120/2315] Compiling GoogleGax RetryLoop.swift
[2121/2315] Compiling GoogleGax RetryPolicy.swift
[2122/2315] Compiling GoogleGax RetryResult.swift
[2123/2315] Compiling GoogleGax RetryState.swift
[2124/2315] Compiling GoogleGax RetryThrottler.swift
[2125/2315] Compiling GoogleGax RetryThrottlerError.swift
[2126/2315] Compiling GoogleGax RoutingMatcher.swift
[2127/2315] Compiling GoogleGax Pagination.swift
/host/spi-builder-workspace/.build/checkouts/swift-google-gax/Sources/GoogleGax/Pagination.swift:44:22: error: cannot convert '@Sendable (String) async throws -> (response: ResponseType, items: [Item], nextToken: String)' to 'nonisolated(nonsending) @Sendable (String) async throws -> (response: ResponseType, items: [Item], nextToken: String)' because crossing of an isolation boundary requires parameter and result types to conform to 'Sendable' protocol
 42 |   ) where ResponseType: _PaginatedResponse<Item> {
 43 |     self.initialPageToken = initialPageToken ?? ""
 44 |     self.fetchPage = { token in
    |                      |- error: cannot convert '@Sendable (String) async throws -> (response: ResponseType, items: [Item], nextToken: String)' to 'nonisolated(nonsending) @Sendable (String) async throws -> (response: ResponseType, items: [Item], nextToken: String)' because crossing of an isolation boundary requires parameter and result types to conform to 'Sendable' protocol
    |                      `- note: type 'Item' does not conform to 'Sendable' protocol
 45 |       let response = try await listRpc(token)
 46 |       return (response, response._getPaginatedItems(), response._nextPageToken())
[2128/2315] Compiling GoogleGax PollingBackoffPolicy.swift
/host/spi-builder-workspace/.build/checkouts/swift-google-gax/Sources/GoogleGax/Pagination.swift:44:22: error: cannot convert '@Sendable (String) async throws -> (response: ResponseType, items: [Item], nextToken: String)' to 'nonisolated(nonsending) @Sendable (String) async throws -> (response: ResponseType, items: [Item], nextToken: String)' because crossing of an isolation boundary requires parameter and result types to conform to 'Sendable' protocol
 42 |   ) where ResponseType: _PaginatedResponse<Item> {
 43 |     self.initialPageToken = initialPageToken ?? ""
 44 |     self.fetchPage = { token in
    |                      |- error: cannot convert '@Sendable (String) async throws -> (response: ResponseType, items: [Item], nextToken: String)' to 'nonisolated(nonsending) @Sendable (String) async throws -> (response: ResponseType, items: [Item], nextToken: String)' because crossing of an isolation boundary requires parameter and result types to conform to 'Sendable' protocol
    |                      `- note: type 'Item' does not conform to 'Sendable' protocol
 45 |       let response = try await listRpc(token)
 46 |       return (response, response._getPaginatedItems(), response._nextPageToken())
[2129/2315] Compiling GoogleGax PollingErrorPolicy.swift
/host/spi-builder-workspace/.build/checkouts/swift-google-gax/Sources/GoogleGax/Pagination.swift:44:22: error: cannot convert '@Sendable (String) async throws -> (response: ResponseType, items: [Item], nextToken: String)' to 'nonisolated(nonsending) @Sendable (String) async throws -> (response: ResponseType, items: [Item], nextToken: String)' because crossing of an isolation boundary requires parameter and result types to conform to 'Sendable' protocol
 42 |   ) where ResponseType: _PaginatedResponse<Item> {
 43 |     self.initialPageToken = initialPageToken ?? ""
 44 |     self.fetchPage = { token in
    |                      |- error: cannot convert '@Sendable (String) async throws -> (response: ResponseType, items: [Item], nextToken: String)' to 'nonisolated(nonsending) @Sendable (String) async throws -> (response: ResponseType, items: [Item], nextToken: String)' because crossing of an isolation boundary requires parameter and result types to conform to 'Sendable' protocol
    |                      `- note: type 'Item' does not conform to 'Sendable' protocol
 45 |       let response = try await listRpc(token)
 46 |       return (response, response._getPaginatedItems(), response._nextPageToken())
[2130/2315] Compiling GoogleGax PollingResult.swift
/host/spi-builder-workspace/.build/checkouts/swift-google-gax/Sources/GoogleGax/Pagination.swift:44:22: error: cannot convert '@Sendable (String) async throws -> (response: ResponseType, items: [Item], nextToken: String)' to 'nonisolated(nonsending) @Sendable (String) async throws -> (response: ResponseType, items: [Item], nextToken: String)' because crossing of an isolation boundary requires parameter and result types to conform to 'Sendable' protocol
 42 |   ) where ResponseType: _PaginatedResponse<Item> {
 43 |     self.initialPageToken = initialPageToken ?? ""
 44 |     self.fetchPage = { token in
    |                      |- error: cannot convert '@Sendable (String) async throws -> (response: ResponseType, items: [Item], nextToken: String)' to 'nonisolated(nonsending) @Sendable (String) async throws -> (response: ResponseType, items: [Item], nextToken: String)' because crossing of an isolation boundary requires parameter and result types to conform to 'Sendable' protocol
    |                      `- note: type 'Item' does not conform to 'Sendable' protocol
 45 |       let response = try await listRpc(token)
 46 |       return (response, response._getPaginatedItems(), response._nextPageToken())
[2131/2315] Compiling GoogleGax PollingState.swift
/host/spi-builder-workspace/.build/checkouts/swift-google-gax/Sources/GoogleGax/Pagination.swift:44:22: error: cannot convert '@Sendable (String) async throws -> (response: ResponseType, items: [Item], nextToken: String)' to 'nonisolated(nonsending) @Sendable (String) async throws -> (response: ResponseType, items: [Item], nextToken: String)' because crossing of an isolation boundary requires parameter and result types to conform to 'Sendable' protocol
 42 |   ) where ResponseType: _PaginatedResponse<Item> {
 43 |     self.initialPageToken = initialPageToken ?? ""
 44 |     self.fetchPage = { token in
    |                      |- error: cannot convert '@Sendable (String) async throws -> (response: ResponseType, items: [Item], nextToken: String)' to 'nonisolated(nonsending) @Sendable (String) async throws -> (response: ResponseType, items: [Item], nextToken: String)' because crossing of an isolation boundary requires parameter and result types to conform to 'Sendable' protocol
    |                      `- note: type 'Item' does not conform to 'Sendable' protocol
 45 |       let response = try await listRpc(token)
 46 |       return (response, response._getPaginatedItems(), response._nextPageToken())
[2132/2315] Compiling GoogleGax ProtobufConversionError.swift
/host/spi-builder-workspace/.build/checkouts/swift-google-gax/Sources/GoogleGax/Pagination.swift:44:22: error: cannot convert '@Sendable (String) async throws -> (response: ResponseType, items: [Item], nextToken: String)' to 'nonisolated(nonsending) @Sendable (String) async throws -> (response: ResponseType, items: [Item], nextToken: String)' because crossing of an isolation boundary requires parameter and result types to conform to 'Sendable' protocol
 42 |   ) where ResponseType: _PaginatedResponse<Item> {
 43 |     self.initialPageToken = initialPageToken ?? ""
 44 |     self.fetchPage = { token in
    |                      |- error: cannot convert '@Sendable (String) async throws -> (response: ResponseType, items: [Item], nextToken: String)' to 'nonisolated(nonsending) @Sendable (String) async throws -> (response: ResponseType, items: [Item], nextToken: String)' because crossing of an isolation boundary requires parameter and result types to conform to 'Sendable' protocol
    |                      `- note: type 'Item' does not conform to 'Sendable' protocol
 45 |       let response = try await listRpc(token)
 46 |       return (response, response._getPaginatedItems(), response._nextPageToken())
[2133/2315] Compiling GoogleGax QueryParameter.swift
/host/spi-builder-workspace/.build/checkouts/swift-google-gax/Sources/GoogleGax/Pagination.swift:44:22: error: cannot convert '@Sendable (String) async throws -> (response: ResponseType, items: [Item], nextToken: String)' to 'nonisolated(nonsending) @Sendable (String) async throws -> (response: ResponseType, items: [Item], nextToken: String)' because crossing of an isolation boundary requires parameter and result types to conform to 'Sendable' protocol
 42 |   ) where ResponseType: _PaginatedResponse<Item> {
 43 |     self.initialPageToken = initialPageToken ?? ""
 44 |     self.fetchPage = { token in
    |                      |- error: cannot convert '@Sendable (String) async throws -> (response: ResponseType, items: [Item], nextToken: String)' to 'nonisolated(nonsending) @Sendable (String) async throws -> (response: ResponseType, items: [Item], nextToken: String)' because crossing of an isolation boundary requires parameter and result types to conform to 'Sendable' protocol
    |                      `- note: type 'Item' does not conform to 'Sendable' protocol
 45 |       let response = try await listRpc(token)
 46 |       return (response, response._getPaginatedItems(), response._nextPageToken())
[2134/2315] Compiling GoogleGax RequestError.swift
/host/spi-builder-workspace/.build/checkouts/swift-google-gax/Sources/GoogleGax/Pagination.swift:44:22: error: cannot convert '@Sendable (String) async throws -> (response: ResponseType, items: [Item], nextToken: String)' to 'nonisolated(nonsending) @Sendable (String) async throws -> (response: ResponseType, items: [Item], nextToken: String)' because crossing of an isolation boundary requires parameter and result types to conform to 'Sendable' protocol
 42 |   ) where ResponseType: _PaginatedResponse<Item> {
 43 |     self.initialPageToken = initialPageToken ?? ""
 44 |     self.fetchPage = { token in
    |                      |- error: cannot convert '@Sendable (String) async throws -> (response: ResponseType, items: [Item], nextToken: String)' to 'nonisolated(nonsending) @Sendable (String) async throws -> (response: ResponseType, items: [Item], nextToken: String)' because crossing of an isolation boundary requires parameter and result types to conform to 'Sendable' protocol
    |                      `- note: type 'Item' does not conform to 'Sendable' protocol
 45 |       let response = try await listRpc(token)
 46 |       return (response, response._getPaginatedItems(), response._nextPageToken())
[2135/2315] Compiling GoogleGax BaseRetryPolicy.swift
[2136/2315] Compiling GoogleGax BindingError.swift
[2137/2315] Compiling GoogleGax CRC32C.swift
[2138/2315] Compiling GoogleGax CircuitBreaker.swift
[2139/2315] Compiling GoogleGax ClientError.swift
[2140/2315] Compiling GoogleGax ClientOptions.swift
[2141/2315] Compiling GoogleGax ContinueOnIO+PollingErrorPolicy.swift
[2142/2315] Compiling GoogleGax ContinueOnIO+RetryPolicy.swift
[2143/2315] Compiling GoogleGax ContinueOnIO.swift
[2144/2315] Compiling GoogleGax CredentialsProtocol.swift
[2145/2315] Compiling GoogleGax ErrorWrapper.swift
[2146/2315] Compiling GoogleGax ExponentialBackoff+BackoffPolicy.swift
[2147/2315] Compiling GoogleGax ExponentialBackoff+PollingBackoffPolicy.swift
[2148/2315] Compiling GoogleGax ExponentialBackoff.swift
[2149/2315] Compiling GoogleGax HTTPClient.swift
[2150/2315] Compiling GoogleGax HTTPClientHolder.swift
[2151/2315] Compiling GoogleGax HTTPClientProtocol.swift
[2152/2315] Compiling GoogleGax HTTPClientRequest.swift
[2153/2315] Compiling GoogleGax HTTPClientResponse.swift
[2154/2315] Compiling GoogleGax HTTPHeaders.swift
[2155/2315] Compiling GoogleGax HTTPResponseBody.swift
[2156/2315] Compiling GoogleGax HeaderNames.swift
[2157/2315] Compiling GoogleGax Host.swift
[2158/2315] Compiling GoogleGax InProgressResult.swift
[2159/2315] Compiling GoogleGax AIP194+PollingErrorPolicy.swift
[2160/2315] Compiling GoogleGax AIP194+RetryPolicy.swift
[2161/2315] Compiling GoogleGax AIP194.swift
[2162/2315] Compiling GoogleGax AdaptiveThrottler.swift
[2163/2315] Compiling GoogleGax AlwaysPoll.swift
[2164/2315] Compiling GoogleGax AlwaysRetry.swift
[2165/2315] Compiling GoogleGax ApiClientHeader.swift
[2166/2315] Compiling GoogleGax BackoffPolicy.swift
[2167/2315] Compiling GoogleGax BasePollingErrorPolicy.swift
[2168/2315] Compiling GoogleGax ServiceError.swift
[2169/2315] Compiling GoogleGax StatusDetail.swift
[2170/2315] Compiling GoogleGax StrictIdempotency.swift
[2171/2315] Compiling GoogleGax ThrottleResult.swift
[2172/2315] Compiling GoogleGax TooManyRequests+PollingErrorPolicy.swift
[2173/2315] Compiling GoogleGax TooManyRequests+RetryPolicy.swift
[2174/2315] Compiling GoogleGax TooManyRequests.swift
[2175/2315] Compiling GoogleGax PackageVersion.swift
BUILD FAILURE 6.2 android