Build Information
Failed to build SwaTex, reference main (2b38d0), with Swift 6.4 for tvOS using Xcode 27.0 on 26 Sep 2026 12:16:28 UTC.
Build Command
env DEVELOPER_DIR=/Applications/Xcode-27.0.0-Release.Candidate.app xcrun xcodebuild -IDEClonedSourcePackagesDirPathOverride=$PWD/.dependencies -skipMacroValidation -skipPackagePluginValidation -derivedDataPath $PWD/.derivedData build -scheme SwaTex-Package -destination generic/platform=tvOSBuild Log
"automatic"
]
}
},
{
"name" : "SwaTexDemo",
"targets" : [
"SwaTexDemo"
],
"type" : {
"executable" : null
}
},
{
"name" : "LayoutDump",
"targets" : [
"LayoutDump"
],
"type" : {
"executable" : null
}
}
],
"swift_languages_versions" : [
"6"
],
"targets" : [
{
"c99name" : "SwaTexTests",
"module_type" : "SwiftTarget",
"name" : "SwaTexTests",
"path" : "Tests/SwaTexTests",
"resources" : [
{
"path" : "/Users/admin/builder/spi-builder-workspace/Tests/SwaTexTests/Resources/golden",
"rule" : {
"copy" : {
}
}
}
],
"sources" : [
"Coverage/CoreLogicCoverageTests.swift",
"Coverage/CoverageGoldenTests.swift",
"Coverage/DirectUnitTests.swift",
"Coverage/EnvironmentCoverageTests.swift",
"Coverage/FunctionCoverageTests.swift",
"Coverage/InternalCoverageTests.swift",
"Coverage/LayoutCoverageTests.swift",
"Coverage/MacroExpanderCoverageTests.swift",
"Coverage/MhChemActionTests.swift",
"Coverage/MhChemCoverageTests.swift",
"Coverage/MhChemInternalTests.swift",
"Coverage/MhChemTexifyTests.swift",
"Coverage/ParseNodeCoverageTests.swift",
"Coverage/ParserCoverageTests.swift",
"Coverage/ReachableGapsTests.swift",
"Coverage/UnicodeSupSubCoverageTests.swift",
"Font/FontTests.swift",
"FormulaCacheTests.swift",
"HardeningTests.swift",
"Layout/CDProofCoverageTests.swift",
"Layout/EngineCDProofTests.swift",
"Layout/EngineMiscTests.swift",
"Layout/GoldenLayoutTests.swift",
"Layout/KaTeXSvgTests.swift",
"Layout/LayoutFixRegressionTests.swift",
"Layout/LayoutPrimitivesTests.swift",
"Layout/RuleColorTests.swift",
"Layout/SurdTests.swift",
"Lexer/LexerTests.swift",
"Lexer/TokenTests.swift",
"Parser/CeLine91BraceTests.swift",
"Parser/DeclareMathOperatorTests.swift",
"Parser/DefTests.swift",
"Parser/ExpandafterTests.swift",
"Parser/FirstByteSetTests.swift",
"Parser/MhChemHandMatcherDiffTests.swift",
"Parser/MhChemTests.swift",
"Parser/MhChemValueSemanticsTests.swift",
"Parser/NoexpandTests.swift",
"Parser/ParseNodeTests.swift",
"Parser/ParserSpecEnvironmentTests.swift",
"Parser/ParserSpecTests.swift",
"Parser/ParserTests.swift",
"Parser/SizeScannerDiffTests.swift",
"Parser/StackGuardTests.swift",
"PerformanceRegressionTests.swift",
"SVG/SVGGoldenTests.swift",
"SVG/SVGRendererTests.swift",
"SVG/SVGWellFormednessTests.swift",
"Support/StackThreadRunner.swift",
"Types/ColorTests.swift",
"Types/DisplayItemTests.swift",
"Types/MathStyleTests.swift",
"Types/UnicodeScriptTests.swift"
],
"target_dependencies" : [
"SwaTex"
],
"type" : "test"
},
{
"c99name" : "SwaTexRenderTests",
"module_type" : "SwiftTarget",
"name" : "SwaTexRenderTests",
"path" : "Tests/SwaTexRenderTests",
"sources" : [
"CoverageRenderTests.swift",
"EndToEndRenderTests.swift",
"FastPNGTests.swift",
"ProfileHarness.swift",
"RenderBenchmarks.swift",
"RenderTests.swift",
"SampleEmitTests.swift",
"ScreenshotGenerator.swift",
"ScrollRedrawTests.swift",
"ScrollStressBench.swift",
"SwaTexViewTests.swift",
"TranslucentColorParityTests.swift",
"ViewParityTests.swift"
],
"target_dependencies" : [
"SwaTexRender"
],
"type" : "test"
},
{
"c99name" : "SwaTexRender",
"module_type" : "SwiftTarget",
"name" : "SwaTexRender",
"path" : "Sources/SwaTexRender",
"product_memberships" : [
"SwaTexRender",
"SwaTexDemo"
],
"resources" : [
{
"path" : "/Users/admin/builder/spi-builder-workspace/Sources/SwaTexRender/Resources/Fonts",
"rule" : {
"copy" : {
}
}
}
],
"sources" : [
"DisplayListRenderer.swift",
"FastPNGEncoder.swift",
"ImageRenderer.swift",
"KaTeXFontProvider.swift",
"MathView.swift",
"SwaTexView.swift"
],
"target_dependencies" : [
"SwaTex"
],
"type" : "library"
},
{
"c99name" : "SwaTexDemo",
"module_type" : "SwiftTarget",
"name" : "SwaTexDemo",
"path" : "Sources/SwaTexDemo",
"product_memberships" : [
"SwaTexDemo"
],
"sources" : [
"SwaTexDemoApp.swift"
],
"target_dependencies" : [
"SwaTexRender"
],
"type" : "executable"
},
{
"c99name" : "SwaTex",
"module_type" : "SwiftTarget",
"name" : "SwaTex",
"path" : "Sources/SwaTex",
"product_memberships" : [
"SwaTex",
"SwaTexRender",
"SwaTexDemo",
"LayoutDump"
],
"sources" : [
"Font/FontId.swift",
"Font/FontMetrics.swift",
"Font/MathAlpha.swift",
"Font/MetricsData.swift",
"Font/Symbols.swift",
"Font/SymbolsData.swift",
"FormulaCache.swift",
"Layout/Engine.swift",
"Layout/EngineAccent.swift",
"Layout/EngineArrays.swift",
"Layout/EngineCDProof.swift",
"Layout/EngineDelims.swift",
"Layout/EngineMisc.swift",
"Layout/EngineOps.swift",
"Layout/EngineScripts.swift",
"Layout/EngineSymbols.swift",
"Layout/EngineTextStyles.swift",
"Layout/HBox.swift",
"Layout/KaTeXSvg.swift",
"Layout/KaTeXSvgData.swift",
"Layout/LayoutBox.swift",
"Layout/LayoutOptions.swift",
"Layout/Spacing.swift",
"Layout/StackedDelim.swift",
"Layout/Surd.swift",
"Layout/ToDisplay.swift",
"Layout/VBox.swift",
"Lexer/Lexer.swift",
"Lexer/Token.swift",
"Parser/BuiltinMacros.swift",
"Parser/Environments.swift",
"Parser/FirstByteSet.swift",
"Parser/FunctionRegistry.swift",
"Parser/Functions/Accent.swift",
"Parser/Functions/Arrow.swift",
"Parser/Functions/Bussproofs.swift",
"Parser/Functions/CharCmd.swift",
"Parser/Functions/ColorCmd.swift",
"Parser/Functions/Cr.swift",
"Parser/Functions/Def.swift",
"Parser/Functions/DelimSizing.swift",
"Parser/Functions/Enclose.swift",
"Parser/Functions/Environment.swift",
"Parser/Functions/Font.swift",
"Parser/Functions/Genfrac.swift",
"Parser/Functions/HBoxCmd.swift",
"Parser/Functions/HorizBrace.swift",
"Parser/Functions/Href.swift",
"Parser/Functions/HtmlMathML.swift",
"Parser/Functions/Kern.swift",
"Parser/Functions/Lap.swift",
"Parser/Functions/LeftRight.swift",
"Parser/Functions/Math.swift",
"Parser/Functions/MathChoice.swift",
"Parser/Functions/Mclass.swift",
"Parser/Functions/NoNumber.swift",
"Parser/Functions/Op.swift",
"Parser/Functions/OperatorName.swift",
"Parser/Functions/Overline.swift",
"Parser/Functions/Phantom.swift",
"Parser/Functions/Pmb.swift",
"Parser/Functions/RaiseBox.swift",
"Parser/Functions/Relax.swift",
"Parser/Functions/Rule.swift",
"Parser/Functions/Sizing.swift",
"Parser/Functions/SpacingCmd.swift",
"Parser/Functions/Sqrt.swift",
"Parser/Functions/Styling.swift",
"Parser/Functions/SymbolsCmd.swift",
"Parser/Functions/Tag.swift",
"Parser/Functions/Text.swift",
"Parser/Functions/VCenter.swift",
"Parser/Functions/Verb.swift",
"Parser/MacroExpander.swift",
"Parser/MhChem.swift",
"Parser/MhChem/MhChemActions.swift",
"Parser/MhChem/MhChemData.swift",
"Parser/MhChem/MhChemDataJSON.swift",
"Parser/MhChem/MhChemEngine.swift",
"Parser/MhChem/MhChemHandMatchers.swift",
"Parser/MhChem/MhChemPatterns.swift",
"Parser/MhChem/MhChemRegex.swift",
"Parser/MhChem/MhChemTexify.swift",
"Parser/ParseError.swift",
"Parser/ParseNode.swift",
"Parser/Parser.swift",
"Parser/StackGuard.swift",
"Parser/UnicodeSupSub.swift",
"SVG/SVGRenderer.swift",
"SVG/SVGStandalone.swift",
"SwaTexFacade.swift",
"Types/Color.swift",
"Types/DisplayItem.swift",
"Types/MathStyle.swift",
"Types/PathCommand.swift",
"Types/UnicodeScript.swift"
],
"type" : "library"
},
{
"c99name" : "LayoutDump",
"module_type" : "SwiftTarget",
"name" : "LayoutDump",
"path" : "Sources/LayoutDump",
"product_memberships" : [
"LayoutDump"
],
"sources" : [
"main.swift"
],
"target_dependencies" : [
"SwaTex"
],
"type" : "executable"
}
],
"tools_version" : "6.1"
}
{
"workspace" : {
"name" : "SwaTex",
"schemes" : [
"LayoutDump",
"SwaTex",
"SwaTex-Package",
"SwaTexDemo",
"SwaTexRender"
]
}
}
2026-09-26 08:16:08.774 xcodebuild[626:3834] [MT] IDERunDestination: Supported platforms for the buildables in the current scheme is empty.
Running build ...
env DEVELOPER_DIR=/Applications/Xcode-27.0.0-Release.Candidate.app xcrun xcodebuild -IDEClonedSourcePackagesDirPathOverride=$PWD/.dependencies -skipMacroValidation -skipPackagePluginValidation -derivedDataPath $PWD/.derivedData build -scheme SwaTex-Package -destination generic/platform=tvOS
Command line invocation:
/Applications/Xcode-27.0.0-Release.Candidate.app/Contents/Developer/usr/bin/xcodebuild -IDEClonedSourcePackagesDirPathOverride=/Users/admin/builder/spi-builder-workspace/.dependencies -skipMacroValidation -skipPackagePluginValidation -derivedDataPath /Users/admin/builder/spi-builder-workspace/.derivedData build -scheme SwaTex-Package -destination generic/platform=tvOS
Resolve Package Graph
Resolved source packages:
SwaTex: /Users/admin/builder/spi-builder-workspace
ComputePackagePrebuildTargetDependencyGraph
Prepare packages
CreateBuildRequest
SendProjectDescription
CreateBuildOperation
ComputeTargetDependencyGraph
note: Building targets in dependency order
note: Target dependency graph (7 targets)
Target 'LayoutDump-product' in project 'SwaTex'
➜ Explicit dependency on target 'SwaTex' in project 'SwaTex'
Target 'SwaTexDemo-product' in project 'SwaTex'
➜ Explicit dependency on target 'SwaTex' in project 'SwaTex'
➜ Explicit dependency on target 'SwaTexRender' in project 'SwaTex'
Target 'SwaTexRender-product' in project 'SwaTex'
➜ Explicit dependency on target 'SwaTexRender' in project 'SwaTex'
➜ Explicit dependency on target 'SwaTex_SwaTexRender' in project 'SwaTex'
➜ Explicit dependency on target 'SwaTex' in project 'SwaTex'
Target 'SwaTexRender' in project 'SwaTex'
➜ Explicit dependency on target 'SwaTex_SwaTexRender' in project 'SwaTex'
➜ Explicit dependency on target 'SwaTex' in project 'SwaTex'
Target 'SwaTex_SwaTexRender' in project 'SwaTex' (no dependencies)
Target 'SwaTex-product' in project 'SwaTex'
➜ Explicit dependency on target 'SwaTex' in project 'SwaTex'
Target 'SwaTex' in project 'SwaTex' (no dependencies)
GatherProvisioningInputs
CreateBuildDescription
ExecuteExternalTool /Applications/Xcode-27.0.0-Release.Candidate.app/Contents/Developer/Toolchains/XcodeDefault.xctoolchain/usr/bin/swiftc --version
ExecuteExternalTool /Applications/Xcode-27.0.0-Release.Candidate.app/Contents/Developer/Toolchains/XcodeDefault.xctoolchain/usr/bin/clang -v -E -dM -isysroot /Applications/Xcode-27.0.0-Release.Candidate.app/Contents/Developer/Platforms/AppleTVOS.platform/Developer/SDKs/AppleTVOS27.0.sdk -x c -c /dev/null
ExecuteExternalTool /Applications/Xcode-27.0.0-Release.Candidate.app/Contents/Developer/Toolchains/XcodeDefault.xctoolchain/usr/bin/ld -version_details
ReadFileContents /Applications/Xcode-27.0.0-Release.Candidate.app/Contents/Developer/Toolchains/XcodeDefault.xctoolchain/usr/share/docc/features.json
Build description signature: 4958888853dc9bb5407b87be992496c8
Build description path: /Users/admin/builder/spi-builder-workspace/.derivedData/Build/Intermediates.noindex/XCBuildData/4958888853dc9bb5407b87be992496c8.xcbuilddata
CreateBuildDirectory /Users/admin/builder/spi-builder-workspace/.derivedData/SDKExplicitPrecompiledModules
cd /Users/admin/builder/spi-builder-workspace/.swiftpm/xcode
builtin-create-build-directory /Users/admin/builder/spi-builder-workspace/.derivedData/SDKExplicitPrecompiledModules
CreateBuildDirectory /Users/admin/builder/spi-builder-workspace/.derivedData/ModuleCache.noindex
cd /Users/admin/builder/spi-builder-workspace/.swiftpm/xcode
builtin-create-build-directory /Users/admin/builder/spi-builder-workspace/.derivedData/ModuleCache.noindex
CreateBuildDirectory /Users/admin/builder/spi-builder-workspace/.derivedData/CompilationCache.noindex
cd /Users/admin/builder/spi-builder-workspace/.swiftpm/xcode
builtin-create-build-directory /Users/admin/builder/spi-builder-workspace/.derivedData/CompilationCache.noindex
ClangStatCache /Applications/Xcode-27.0.0-Release.Candidate.app/Contents/Developer/Toolchains/XcodeDefault.xctoolchain/usr/bin/clang-stat-cache /Applications/Xcode-27.0.0-Release.Candidate.app/Contents/Developer/Platforms/AppleTVOS.platform/Developer/SDKs/AppleTVOS27.0.sdk /Users/admin/builder/spi-builder-workspace/.derivedData/SDKStatCaches.noindex/appletvos27.0-24J360-e829b21a6f8c9b70876ba0858053c044b32bfd8d43560033f8d89884cdb90028.sdkstatcache
cd /Users/admin/builder/spi-builder-workspace/.swiftpm/xcode
/Applications/Xcode-27.0.0-Release.Candidate.app/Contents/Developer/Toolchains/XcodeDefault.xctoolchain/usr/bin/clang-stat-cache /Applications/Xcode-27.0.0-Release.Candidate.app/Contents/Developer/Platforms/AppleTVOS.platform/Developer/SDKs/AppleTVOS27.0.sdk -o /Users/admin/builder/spi-builder-workspace/.derivedData/SDKStatCaches.noindex/appletvos27.0-24J360-e829b21a6f8c9b70876ba0858053c044b32bfd8d43560033f8d89884cdb90028.sdkstatcache
CreateBuildDirectory /Users/admin/builder/spi-builder-workspace/.derivedData/Build/Products
cd /Users/admin/builder/spi-builder-workspace/.swiftpm/xcode
builtin-create-build-directory /Users/admin/builder/spi-builder-workspace/.derivedData/Build/Products
CreateBuildDirectory /Users/admin/builder/spi-builder-workspace/.derivedData/Build/Intermediates.noindex
cd /Users/admin/builder/spi-builder-workspace/.swiftpm/xcode
builtin-create-build-directory /Users/admin/builder/spi-builder-workspace/.derivedData/Build/Intermediates.noindex
CreateBuildDirectory /Users/admin/builder/spi-builder-workspace/.derivedData/Build/Products/Debug-appletvos
cd /Users/admin/builder/spi-builder-workspace/.swiftpm/xcode
builtin-create-build-directory /Users/admin/builder/spi-builder-workspace/.derivedData/Build/Products/Debug-appletvos
CreateBuildDirectory /Users/admin/builder/spi-builder-workspace/.derivedData/Build/Intermediates.noindex/PrecompiledHeaders
cd /Users/admin/builder/spi-builder-workspace/.swiftpm/xcode
builtin-create-build-directory /Users/admin/builder/spi-builder-workspace/.derivedData/Build/Intermediates.noindex/PrecompiledHeaders
CreateBuildDirectory /Users/admin/builder/spi-builder-workspace/.derivedData/Build/Intermediates.noindex/SwiftExplicitPrecompiledModules
cd /Users/admin/builder/spi-builder-workspace/.swiftpm/xcode
builtin-create-build-directory /Users/admin/builder/spi-builder-workspace/.derivedData/Build/Intermediates.noindex/SwiftExplicitPrecompiledModules
CreateBuildDirectory /Users/admin/builder/spi-builder-workspace/.derivedData/Build/Intermediates.noindex/ExplicitPrecompiledModules
cd /Users/admin/builder/spi-builder-workspace/.swiftpm/xcode
builtin-create-build-directory /Users/admin/builder/spi-builder-workspace/.derivedData/Build/Intermediates.noindex/ExplicitPrecompiledModules
CreateBuildDirectory /Users/admin/builder/spi-builder-workspace/.derivedData/Build/Intermediates.noindex/EagerLinkingTBDs/Debug-appletvos
cd /Users/admin/builder/spi-builder-workspace/.swiftpm/xcode
builtin-create-build-directory /Users/admin/builder/spi-builder-workspace/.derivedData/Build/Intermediates.noindex/EagerLinkingTBDs/Debug-appletvos
CreateBuildDirectory /Users/admin/builder/spi-builder-workspace/.derivedData/Build/Products/Debug-appletvos/PackageFrameworks
cd /Users/admin/builder/spi-builder-workspace/.swiftpm/xcode
builtin-create-build-directory /Users/admin/builder/spi-builder-workspace/.derivedData/Build/Products/Debug-appletvos/PackageFrameworks
WriteAuxiliaryFile /Users/admin/builder/spi-builder-workspace/.derivedData/Build/Intermediates.noindex/SwaTex.build/Debug-appletvos/SwaTex_SwaTexRender-b.build/SwaTex_SwaTexRender.DependencyMetadataFileList (in target 'SwaTex_SwaTexRender' from project 'SwaTex')
cd /Users/admin/builder/spi-builder-workspace
write-file /Users/admin/builder/spi-builder-workspace/.derivedData/Build/Intermediates.noindex/SwaTex.build/Debug-appletvos/SwaTex_SwaTexRender-b.build/SwaTex_SwaTexRender.DependencyMetadataFileList
WriteAuxiliaryFile /Users/admin/builder/spi-builder-workspace/.derivedData/Build/Intermediates.noindex/SwaTex.build/Debug-appletvos/SwaTex_SwaTexRender-b.build/SwaTex_SwaTexRender.DependencyStaticMetadataFileList (in target 'SwaTex_SwaTexRender' from project 'SwaTex')
cd /Users/admin/builder/spi-builder-workspace
write-file /Users/admin/builder/spi-builder-workspace/.derivedData/Build/Intermediates.noindex/SwaTex.build/Debug-appletvos/SwaTex_SwaTexRender-b.build/SwaTex_SwaTexRender.DependencyStaticMetadataFileList
WriteAuxiliaryFile /Users/admin/builder/spi-builder-workspace/.derivedData/Build/Intermediates.noindex/SwaTex.build/Debug-appletvos/SwaTexRender-t.build/SwaTexRender.DependencyMetadataFileList (in target 'SwaTexRender' from project 'SwaTex')
cd /Users/admin/builder/spi-builder-workspace
write-file /Users/admin/builder/spi-builder-workspace/.derivedData/Build/Intermediates.noindex/SwaTex.build/Debug-appletvos/SwaTexRender-t.build/SwaTexRender.DependencyMetadataFileList
WriteAuxiliaryFile /Users/admin/builder/spi-builder-workspace/.derivedData/Build/Intermediates.noindex/SwaTex.build/Debug-appletvos/SwaTex_SwaTexRender-b.build/empty-SwaTex_SwaTexRender.plist (in target 'SwaTex_SwaTexRender' from project 'SwaTex')
cd /Users/admin/builder/spi-builder-workspace
write-file /Users/admin/builder/spi-builder-workspace/.derivedData/Build/Intermediates.noindex/SwaTex.build/Debug-appletvos/SwaTex_SwaTexRender-b.build/empty-SwaTex_SwaTexRender.plist
WriteAuxiliaryFile /Users/admin/builder/spi-builder-workspace/.derivedData/Build/Intermediates.noindex/SwaTex.build/Debug-appletvos/SwaTexRender-t.build/SwaTexRender.modulemap (in target 'SwaTexRender' from project 'SwaTex')
cd /Users/admin/builder/spi-builder-workspace
write-file /Users/admin/builder/spi-builder-workspace/.derivedData/Build/Intermediates.noindex/SwaTex.build/Debug-appletvos/SwaTexRender-t.build/SwaTexRender.modulemap
WriteAuxiliaryFile /Users/admin/builder/spi-builder-workspace/.derivedData/Build/Intermediates.noindex/SwaTex.build/Debug-appletvos/SwaTexRender-t.build/SwaTexRender.DependencyStaticMetadataFileList (in target 'SwaTexRender' from project 'SwaTex')
cd /Users/admin/builder/spi-builder-workspace
write-file /Users/admin/builder/spi-builder-workspace/.derivedData/Build/Intermediates.noindex/SwaTex.build/Debug-appletvos/SwaTexRender-t.build/SwaTexRender.DependencyStaticMetadataFileList
WriteAuxiliaryFile /Users/admin/builder/spi-builder-workspace/.derivedData/Build/Intermediates.noindex/SwaTex.build/Debug-appletvos/SwaTexRender-t.build/Objects-normal/arm64/SwaTexRender.SwiftConstValuesFileList (in target 'SwaTexRender' from project 'SwaTex')
cd /Users/admin/builder/spi-builder-workspace
write-file /Users/admin/builder/spi-builder-workspace/.derivedData/Build/Intermediates.noindex/SwaTex.build/Debug-appletvos/SwaTexRender-t.build/Objects-normal/arm64/SwaTexRender.SwiftConstValuesFileList
WriteAuxiliaryFile /Users/admin/builder/spi-builder-workspace/.derivedData/Build/Intermediates.noindex/SwaTex.build/Debug-appletvos/SwaTexRender-t.build/Objects-normal/arm64/SwaTexRender_const_extract_protocols.json (in target 'SwaTexRender' from project 'SwaTex')
cd /Users/admin/builder/spi-builder-workspace
write-file /Users/admin/builder/spi-builder-workspace/.derivedData/Build/Intermediates.noindex/SwaTex.build/Debug-appletvos/SwaTexRender-t.build/Objects-normal/arm64/SwaTexRender_const_extract_protocols.json
WriteAuxiliaryFile /Users/admin/builder/spi-builder-workspace/.derivedData/Build/Intermediates.noindex/SwaTex.build/Debug-appletvos/SwaTexRender-t.build/Objects-normal/arm64/SwaTexRender.SwiftFileList (in target 'SwaTexRender' from project 'SwaTex')
cd /Users/admin/builder/spi-builder-workspace
write-file /Users/admin/builder/spi-builder-workspace/.derivedData/Build/Intermediates.noindex/SwaTex.build/Debug-appletvos/SwaTexRender-t.build/Objects-normal/arm64/SwaTexRender.SwiftFileList
WriteAuxiliaryFile /Users/admin/builder/spi-builder-workspace/.derivedData/Build/Intermediates.noindex/SwaTex.build/Debug-appletvos/SwaTexRender-t.build/Objects-normal/arm64/SwaTexRender.LinkFileList (in target 'SwaTexRender' from project 'SwaTex')
cd /Users/admin/builder/spi-builder-workspace
write-file /Users/admin/builder/spi-builder-workspace/.derivedData/Build/Intermediates.noindex/SwaTex.build/Debug-appletvos/SwaTexRender-t.build/Objects-normal/arm64/SwaTexRender.LinkFileList
WriteAuxiliaryFile /Users/admin/builder/spi-builder-workspace/.derivedData/Build/Intermediates.noindex/SwaTex.build/Debug-appletvos/SwaTexRender-t.build/Objects-normal/arm64/SwaTexRender-OutputFileMap.json (in target 'SwaTexRender' from project 'SwaTex')
cd /Users/admin/builder/spi-builder-workspace
write-file /Users/admin/builder/spi-builder-workspace/.derivedData/Build/Intermediates.noindex/SwaTex.build/Debug-appletvos/SwaTexRender-t.build/Objects-normal/arm64/SwaTexRender-OutputFileMap.json
WriteAuxiliaryFile /Users/admin/builder/spi-builder-workspace/.derivedData/Build/Intermediates.noindex/SwaTex.build/Debug-appletvos/SwaTexRender-t.build/DerivedSources/resource_bundle_accessor.swift (in target 'SwaTexRender' from project 'SwaTex')
cd /Users/admin/builder/spi-builder-workspace
write-file /Users/admin/builder/spi-builder-workspace/.derivedData/Build/Intermediates.noindex/SwaTex.build/Debug-appletvos/SwaTexRender-t.build/DerivedSources/resource_bundle_accessor.swift
WriteAuxiliaryFile /Users/admin/builder/spi-builder-workspace/.derivedData/Build/Intermediates.noindex/SwaTex.build/Debug-appletvos/SwaTexDemo-p.build/SwaTexDemo.DependencyStaticMetadataFileList (in target 'SwaTexDemo-product' from project 'SwaTex')
cd /Users/admin/builder/spi-builder-workspace
write-file /Users/admin/builder/spi-builder-workspace/.derivedData/Build/Intermediates.noindex/SwaTex.build/Debug-appletvos/SwaTexDemo-p.build/SwaTexDemo.DependencyStaticMetadataFileList
WriteAuxiliaryFile /Users/admin/builder/spi-builder-workspace/.derivedData/Build/Intermediates.noindex/SwaTex.build/Debug-appletvos/SwaTexDemo-p.build/SwaTexDemo.DependencyMetadataFileList (in target 'SwaTexDemo-product' from project 'SwaTex')
cd /Users/admin/builder/spi-builder-workspace
write-file /Users/admin/builder/spi-builder-workspace/.derivedData/Build/Intermediates.noindex/SwaTex.build/Debug-appletvos/SwaTexDemo-p.build/SwaTexDemo.DependencyMetadataFileList
Copy /Users/admin/builder/spi-builder-workspace/.derivedData/Build/Intermediates.noindex/GeneratedModuleMaps-appletvos/SwaTexRender.modulemap /Users/admin/builder/spi-builder-workspace/.derivedData/Build/Intermediates.noindex/SwaTex.build/Debug-appletvos/SwaTexRender-t.build/SwaTexRender.modulemap (in target 'SwaTexRender' from project 'SwaTex')
cd /Users/admin/builder/spi-builder-workspace
builtin-copy -exclude .DS_Store -exclude CVS -exclude .svn -exclude .git -exclude .hg -resolve-src-symlinks /Users/admin/builder/spi-builder-workspace/.derivedData/Build/Intermediates.noindex/SwaTex.build/Debug-appletvos/SwaTexRender-t.build/SwaTexRender.modulemap /Users/admin/builder/spi-builder-workspace/.derivedData/Build/Intermediates.noindex/GeneratedModuleMaps-appletvos
WriteAuxiliaryFile /Users/admin/builder/spi-builder-workspace/.derivedData/Build/Intermediates.noindex/SwaTex.build/Debug-appletvos/SwaTexDemo-p.build/Objects-normal/arm64/SwaTexDemo_const_extract_protocols.json (in target 'SwaTexDemo-product' from project 'SwaTex')
cd /Users/admin/builder/spi-builder-workspace
write-file /Users/admin/builder/spi-builder-workspace/.derivedData/Build/Intermediates.noindex/SwaTex.build/Debug-appletvos/SwaTexDemo-p.build/Objects-normal/arm64/SwaTexDemo_const_extract_protocols.json
WriteAuxiliaryFile /Users/admin/builder/spi-builder-workspace/.derivedData/Build/Intermediates.noindex/SwaTex.build/Debug-appletvos/SwaTexDemo-p.build/Objects-normal/arm64/SwaTexDemo.LinkFileList (in target 'SwaTexDemo-product' from project 'SwaTex')
cd /Users/admin/builder/spi-builder-workspace
write-file /Users/admin/builder/spi-builder-workspace/.derivedData/Build/Intermediates.noindex/SwaTex.build/Debug-appletvos/SwaTexDemo-p.build/Objects-normal/arm64/SwaTexDemo.LinkFileList
WriteAuxiliaryFile /Users/admin/builder/spi-builder-workspace/.derivedData/Build/Intermediates.noindex/SwaTex.build/Debug-appletvos/SwaTexDemo-p.build/Objects-normal/arm64/SwaTexDemo.SwiftFileList (in target 'SwaTexDemo-product' from project 'SwaTex')
cd /Users/admin/builder/spi-builder-workspace
write-file /Users/admin/builder/spi-builder-workspace/.derivedData/Build/Intermediates.noindex/SwaTex.build/Debug-appletvos/SwaTexDemo-p.build/Objects-normal/arm64/SwaTexDemo.SwiftFileList
WriteAuxiliaryFile /Users/admin/builder/spi-builder-workspace/.derivedData/Build/Intermediates.noindex/SwaTex.build/Debug-appletvos/SwaTexDemo-p.build/Objects-normal/arm64/SwaTexDemo-OutputFileMap.json (in target 'SwaTexDemo-product' from project 'SwaTex')
cd /Users/admin/builder/spi-builder-workspace
write-file /Users/admin/builder/spi-builder-workspace/.derivedData/Build/Intermediates.noindex/SwaTex.build/Debug-appletvos/SwaTexDemo-p.build/Objects-normal/arm64/SwaTexDemo-OutputFileMap.json
WriteAuxiliaryFile /Users/admin/builder/spi-builder-workspace/.derivedData/Build/Intermediates.noindex/SwaTex.build/Debug-appletvos/SwaTex-t.build/SwaTex.DependencyStaticMetadataFileList (in target 'SwaTex' from project 'SwaTex')
cd /Users/admin/builder/spi-builder-workspace
write-file /Users/admin/builder/spi-builder-workspace/.derivedData/Build/Intermediates.noindex/SwaTex.build/Debug-appletvos/SwaTex-t.build/SwaTex.DependencyStaticMetadataFileList
WriteAuxiliaryFile /Users/admin/builder/spi-builder-workspace/.derivedData/Build/Intermediates.noindex/SwaTex.build/Debug-appletvos/SwaTex-t.build/SwaTex.modulemap (in target 'SwaTex' from project 'SwaTex')
cd /Users/admin/builder/spi-builder-workspace
write-file /Users/admin/builder/spi-builder-workspace/.derivedData/Build/Intermediates.noindex/SwaTex.build/Debug-appletvos/SwaTex-t.build/SwaTex.modulemap
WriteAuxiliaryFile /Users/admin/builder/spi-builder-workspace/.derivedData/Build/Intermediates.noindex/SwaTex.build/Debug-appletvos/SwaTex-t.build/SwaTex.DependencyMetadataFileList (in target 'SwaTex' from project 'SwaTex')
cd /Users/admin/builder/spi-builder-workspace
write-file /Users/admin/builder/spi-builder-workspace/.derivedData/Build/Intermediates.noindex/SwaTex.build/Debug-appletvos/SwaTex-t.build/SwaTex.DependencyMetadataFileList
WriteAuxiliaryFile /Users/admin/builder/spi-builder-workspace/.derivedData/Build/Intermediates.noindex/SwaTex.build/Debug-appletvos/SwaTex-t.build/Objects-normal/arm64/SwaTex_const_extract_protocols.json (in target 'SwaTex' from project 'SwaTex')
cd /Users/admin/builder/spi-builder-workspace
write-file /Users/admin/builder/spi-builder-workspace/.derivedData/Build/Intermediates.noindex/SwaTex.build/Debug-appletvos/SwaTex-t.build/Objects-normal/arm64/SwaTex_const_extract_protocols.json
WriteAuxiliaryFile /Users/admin/builder/spi-builder-workspace/.derivedData/Build/Intermediates.noindex/SwaTex.build/Debug-appletvos/SwaTex-t.build/Objects-normal/arm64/SwaTex.SwiftFileList (in target 'SwaTex' from project 'SwaTex')
cd /Users/admin/builder/spi-builder-workspace
write-file /Users/admin/builder/spi-builder-workspace/.derivedData/Build/Intermediates.noindex/SwaTex.build/Debug-appletvos/SwaTex-t.build/Objects-normal/arm64/SwaTex.SwiftFileList
WriteAuxiliaryFile /Users/admin/builder/spi-builder-workspace/.derivedData/Build/Intermediates.noindex/SwaTex.build/Debug-appletvos/SwaTex-t.build/Objects-normal/arm64/SwaTex.LinkFileList (in target 'SwaTex' from project 'SwaTex')
cd /Users/admin/builder/spi-builder-workspace
write-file /Users/admin/builder/spi-builder-workspace/.derivedData/Build/Intermediates.noindex/SwaTex.build/Debug-appletvos/SwaTex-t.build/Objects-normal/arm64/SwaTex.LinkFileList
WriteAuxiliaryFile /Users/admin/builder/spi-builder-workspace/.derivedData/Build/Intermediates.noindex/SwaTex.build/Debug-appletvos/SwaTex-t.build/Objects-normal/arm64/SwaTex-OutputFileMap.json (in target 'SwaTex' from project 'SwaTex')
cd /Users/admin/builder/spi-builder-workspace
write-file /Users/admin/builder/spi-builder-workspace/.derivedData/Build/Intermediates.noindex/SwaTex.build/Debug-appletvos/SwaTex-t.build/Objects-normal/arm64/SwaTex-OutputFileMap.json
WriteAuxiliaryFile /Users/admin/builder/spi-builder-workspace/.derivedData/Build/Intermediates.noindex/SwaTex.build/Debug-appletvos/SwaTex-t.build/Objects-normal/arm64/SwaTex.SwiftConstValuesFileList (in target 'SwaTex' from project 'SwaTex')
cd /Users/admin/builder/spi-builder-workspace
write-file /Users/admin/builder/spi-builder-workspace/.derivedData/Build/Intermediates.noindex/SwaTex.build/Debug-appletvos/SwaTex-t.build/Objects-normal/arm64/SwaTex.SwiftConstValuesFileList
WriteAuxiliaryFile /Users/admin/builder/spi-builder-workspace/.derivedData/Build/Intermediates.noindex/SwaTex.build/Debug-appletvos/LayoutDump-p.build/Objects-normal/arm64/LayoutDump.SwiftFileList (in target 'LayoutDump-product' from project 'SwaTex')
cd /Users/admin/builder/spi-builder-workspace
write-file /Users/admin/builder/spi-builder-workspace/.derivedData/Build/Intermediates.noindex/SwaTex.build/Debug-appletvos/LayoutDump-p.build/Objects-normal/arm64/LayoutDump.SwiftFileList
WriteAuxiliaryFile /Users/admin/builder/spi-builder-workspace/.derivedData/Build/Intermediates.noindex/SwaTex.build/Debug-appletvos/LayoutDump-p.build/Objects-normal/arm64/LayoutDump.LinkFileList (in target 'LayoutDump-product' from project 'SwaTex')
cd /Users/admin/builder/spi-builder-workspace
write-file /Users/admin/builder/spi-builder-workspace/.derivedData/Build/Intermediates.noindex/SwaTex.build/Debug-appletvos/LayoutDump-p.build/Objects-normal/arm64/LayoutDump.LinkFileList
WriteAuxiliaryFile /Users/admin/builder/spi-builder-workspace/.derivedData/Build/Intermediates.noindex/SwaTex.build/Debug-appletvos/LayoutDump-p.build/Objects-normal/arm64/LayoutDump_const_extract_protocols.json (in target 'LayoutDump-product' from project 'SwaTex')
cd /Users/admin/builder/spi-builder-workspace
write-file /Users/admin/builder/spi-builder-workspace/.derivedData/Build/Intermediates.noindex/SwaTex.build/Debug-appletvos/LayoutDump-p.build/Objects-normal/arm64/LayoutDump_const_extract_protocols.json
Copy /Users/admin/builder/spi-builder-workspace/.derivedData/Build/Intermediates.noindex/GeneratedModuleMaps-appletvos/SwaTex.modulemap /Users/admin/builder/spi-builder-workspace/.derivedData/Build/Intermediates.noindex/SwaTex.build/Debug-appletvos/SwaTex-t.build/SwaTex.modulemap (in target 'SwaTex' from project 'SwaTex')
cd /Users/admin/builder/spi-builder-workspace
builtin-copy -exclude .DS_Store -exclude CVS -exclude .svn -exclude .git -exclude .hg -resolve-src-symlinks /Users/admin/builder/spi-builder-workspace/.derivedData/Build/Intermediates.noindex/SwaTex.build/Debug-appletvos/SwaTex-t.build/SwaTex.modulemap /Users/admin/builder/spi-builder-workspace/.derivedData/Build/Intermediates.noindex/GeneratedModuleMaps-appletvos
WriteAuxiliaryFile /Users/admin/builder/spi-builder-workspace/.derivedData/Build/Intermediates.noindex/SwaTex.build/Debug-appletvos/LayoutDump-p.build/Objects-normal/arm64/LayoutDump-OutputFileMap.json (in target 'LayoutDump-product' from project 'SwaTex')
cd /Users/admin/builder/spi-builder-workspace
write-file /Users/admin/builder/spi-builder-workspace/.derivedData/Build/Intermediates.noindex/SwaTex.build/Debug-appletvos/LayoutDump-p.build/Objects-normal/arm64/LayoutDump-OutputFileMap.json
WriteAuxiliaryFile /Users/admin/builder/spi-builder-workspace/.derivedData/Build/Intermediates.noindex/SwaTex.build/Debug-appletvos/LayoutDump-p.build/LayoutDump.DependencyStaticMetadataFileList (in target 'LayoutDump-product' from project 'SwaTex')
cd /Users/admin/builder/spi-builder-workspace
write-file /Users/admin/builder/spi-builder-workspace/.derivedData/Build/Intermediates.noindex/SwaTex.build/Debug-appletvos/LayoutDump-p.build/LayoutDump.DependencyStaticMetadataFileList
WriteAuxiliaryFile /Users/admin/builder/spi-builder-workspace/.derivedData/Build/Intermediates.noindex/SwaTex.build/Debug-appletvos/LayoutDump-p.build/LayoutDump.DependencyMetadataFileList (in target 'LayoutDump-product' from project 'SwaTex')
cd /Users/admin/builder/spi-builder-workspace
write-file /Users/admin/builder/spi-builder-workspace/.derivedData/Build/Intermediates.noindex/SwaTex.build/Debug-appletvos/LayoutDump-p.build/LayoutDump.DependencyMetadataFileList
MkDir /Users/admin/builder/spi-builder-workspace/.derivedData/Build/Products/Debug-appletvos/SwaTex_SwaTexRender.bundle (in target 'SwaTex_SwaTexRender' from project 'SwaTex')
cd /Users/admin/builder/spi-builder-workspace
/bin/mkdir -p /Users/admin/builder/spi-builder-workspace/.derivedData/Build/Products/Debug-appletvos/SwaTex_SwaTexRender.bundle
ProcessInfoPlistFile /Users/admin/builder/spi-builder-workspace/.derivedData/Build/Products/Debug-appletvos/SwaTex_SwaTexRender.bundle/Info.plist /Users/admin/builder/spi-builder-workspace/.derivedData/Build/Intermediates.noindex/SwaTex.build/Debug-appletvos/SwaTex_SwaTexRender-b.build/empty-SwaTex_SwaTexRender.plist (in target 'SwaTex_SwaTexRender' from project 'SwaTex')
cd /Users/admin/builder/spi-builder-workspace
builtin-infoPlistUtility /Users/admin/builder/spi-builder-workspace/.derivedData/Build/Intermediates.noindex/SwaTex.build/Debug-appletvos/SwaTex_SwaTexRender-b.build/empty-SwaTex_SwaTexRender.plist -producttype com.apple.product-type.bundle -expandbuildsettings -format binary -platform appletvos -o /Users/admin/builder/spi-builder-workspace/.derivedData/Build/Products/Debug-appletvos/SwaTex_SwaTexRender.bundle/Info.plist
CpResource /Users/admin/builder/spi-builder-workspace/.derivedData/Build/Products/Debug-appletvos/SwaTex_SwaTexRender.bundle/Fonts /Users/admin/builder/spi-builder-workspace/Sources/SwaTexRender/Resources/Fonts (in target 'SwaTex_SwaTexRender' from project 'SwaTex')
cd /Users/admin/builder/spi-builder-workspace
builtin-copy -exclude .DS_Store -exclude CVS -exclude .svn -exclude .git -exclude .hg -resolve-src-symlinks /Users/admin/builder/spi-builder-workspace/Sources/SwaTexRender/Resources/Fonts /Users/admin/builder/spi-builder-workspace/.derivedData/Build/Products/Debug-appletvos/SwaTex_SwaTexRender.bundle
RegisterExecutionPolicyException /Users/admin/builder/spi-builder-workspace/.derivedData/Build/Products/Debug-appletvos/SwaTex_SwaTexRender.bundle (in target 'SwaTex_SwaTexRender' from project 'SwaTex')
cd /Users/admin/builder/spi-builder-workspace
builtin-RegisterExecutionPolicyException /Users/admin/builder/spi-builder-workspace/.derivedData/Build/Products/Debug-appletvos/SwaTex_SwaTexRender.bundle
Touch /Users/admin/builder/spi-builder-workspace/.derivedData/Build/Products/Debug-appletvos/SwaTex_SwaTexRender.bundle (in target 'SwaTex_SwaTexRender' from project 'SwaTex')
cd /Users/admin/builder/spi-builder-workspace
/usr/bin/touch -c /Users/admin/builder/spi-builder-workspace/.derivedData/Build/Products/Debug-appletvos/SwaTex_SwaTexRender.bundle
SwiftDriver SwaTex normal arm64 com.apple.xcode.tools.swift.compiler (in target 'SwaTex' from project 'SwaTex')
cd /Users/admin/builder/spi-builder-workspace/.swiftpm/xcode
builtin-SwiftDriver -- /Applications/Xcode-27.0.0-Release.Candidate.app/Contents/Developer/Toolchains/XcodeDefault.xctoolchain/usr/bin/swiftc -parse-as-library -module-name SwaTex -Onone @/Users/admin/builder/spi-builder-workspace/.derivedData/Build/Intermediates.noindex/SwaTex.build/Debug-appletvos/SwaTex-t.build/Objects-normal/arm64/SwaTex.SwiftFileList -DSWIFT_PACKAGE -DDEBUG -DSWIFT_MODULE_RESOURCE_BUNDLE_UNAVAILABLE -DXcode -plugin-path /Applications/Xcode-27.0.0-Release.Candidate.app/Contents/Developer/Toolchains/XcodeDefault.xctoolchain/usr/lib/swift/host/plugins/testing -enable-experimental-feature DebugDescriptionMacro -sdk /Applications/Xcode-27.0.0-Release.Candidate.app/Contents/Developer/Platforms/AppleTVOS.platform/Developer/SDKs/AppleTVOS27.0.sdk -target arm64-apple-tvos18.0 -g -module-cache-path /Users/admin/builder/spi-builder-workspace/.derivedData/ModuleCache.noindex -Xfrontend -serialize-debugging-options -profile-coverage-mapping -profile-generate -enable-testing -index-store-path /Users/admin/builder/spi-builder-workspace/.derivedData/Index.noindex/DataStore -Xcc -D_LIBCPP_HARDENING_MODE\=_LIBCPP_HARDENING_MODE_DEBUG -swift-version 6 -I /Users/admin/builder/spi-builder-workspace/.derivedData/Build/Products/Debug-appletvos -Isystem /Applications/Xcode-27.0.0-Release.Candidate.app/Contents/Developer/Platforms/AppleTVOS.platform/Developer/usr/lib -F /Users/admin/builder/spi-builder-workspace/.derivedData/Build/Products/Debug-appletvos -F /Applications/Xcode-27.0.0-Release.Candidate.app/Contents/Developer/Platforms/AppleTVOS.platform/Developer/Library/Frameworks -F /Applications/Xcode-27.0.0-Release.Candidate.app/Contents/Developer/Platforms/AppleTVOS.platform/Developer/SDKs/AppleTVOS27.0.sdk/Developer/Library/Frameworks -c -j10 -enable-batch-mode -incremental -Xcc -ivfsstatcache -Xcc /Users/admin/builder/spi-builder-workspace/.derivedData/SDKStatCaches.noindex/appletvos27.0-24J360-e829b21a6f8c9b70876ba0858053c044b32bfd8d43560033f8d89884cdb90028.sdkstatcache -output-file-map /Users/admin/builder/spi-builder-workspace/.derivedData/Build/Intermediates.noindex/SwaTex.build/Debug-appletvos/SwaTex-t.build/Objects-normal/arm64/SwaTex-OutputFileMap.json -save-temps -no-color-diagnostics -explicit-module-build -module-cache-path /Users/admin/builder/spi-builder-workspace/.derivedData/Build/Intermediates.noindex/SwiftExplicitPrecompiledModules -clang-scanner-module-cache-path /Users/admin/builder/spi-builder-workspace/.derivedData/ModuleCache.noindex -sdk-module-cache-path /Users/admin/builder/spi-builder-workspace/.derivedData/SDKExplicitPrecompiledModules -emit-dependencies -emit-module -emit-module-path /Users/admin/builder/spi-builder-workspace/.derivedData/Build/Intermediates.noindex/SwaTex.build/Debug-appletvos/SwaTex-t.build/Objects-normal/arm64/SwaTex.swiftmodule -serialize-diagnostics -dependency-scan-serialize-diagnostics-path /Users/admin/builder/spi-builder-workspace/.derivedData/Build/Intermediates.noindex/SwaTex.build/Debug-appletvos/SwaTex-t.build/Objects-normal/arm64/SwaTex-dependency-scan.dia -validate-clang-modules-once -clang-build-session-file /Users/admin/builder/spi-builder-workspace/.derivedData/ModuleCache.noindex/Session.modulevalidation -Xcc -fmodules-prune-interval\=86400 -Xcc -fmodules-prune-after\=345600 -package-name spi_builder_workspace -emit-const-values -const-gather-protocols-list /Users/admin/builder/spi-builder-workspace/.derivedData/Build/Intermediates.noindex/SwaTex.build/Debug-appletvos/SwaTex-t.build/Objects-normal/arm64/SwaTex_const_extract_protocols.json -Xcc -I/Users/admin/builder/spi-builder-workspace/.derivedData/Build/Products/Debug-appletvos/include -Xcc -I/Users/admin/builder/spi-builder-workspace/.derivedData/Build/Intermediates.noindex/SwaTex.build/Debug-appletvos/SwaTex-t.build/DerivedSources-normal/arm64 -Xcc -I/Users/admin/builder/spi-builder-workspace/.derivedData/Build/Intermediates.noindex/SwaTex.build/Debug-appletvos/SwaTex-t.build/DerivedSources/arm64 -Xcc -I/Users/admin/builder/spi-builder-workspace/.derivedData/Build/Intermediates.noindex/SwaTex.build/Debug-appletvos/SwaTex-t.build/DerivedSources -Xcc -DSWIFT_PACKAGE -Xcc -DDEBUG\=1 -emit-objc-header -emit-objc-header-path /Users/admin/builder/spi-builder-workspace/.derivedData/Build/Intermediates.noindex/SwaTex.build/Debug-appletvos/SwaTex-t.build/Objects-normal/arm64/SwaTex-Swift.h -working-directory /Users/admin/builder/spi-builder-workspace/.swiftpm/xcode -experimental-emit-module-separately -disable-cmo
SwiftExplicitDependencyGeneratePcm arm64 /Users/admin/builder/spi-builder-workspace/.derivedData/SDKExplicitPrecompiledModules/_Builtin_stddef-1MAO6P3OSQFGZFQEPM31XXNSS.pcm
SwiftExplicitDependencyGeneratePcm arm64 /Users/admin/builder/spi-builder-workspace/.derivedData/SDKExplicitPrecompiledModules/_AvailabilityInternal-99L1JVU5TYE8S0FGGB7E09QQS.pcm
SwiftExplicitDependencyGeneratePcm arm64 /Users/admin/builder/spi-builder-workspace/.derivedData/SDKExplicitPrecompiledModules/_Builtin_stdarg-719DH4G2R3NRP3HRX5HE8WX08.pcm
SwiftExplicitDependencyGeneratePcm arm64 /Users/admin/builder/spi-builder-workspace/.derivedData/SDKExplicitPrecompiledModules/_Builtin_float-3RF4B70MBHPP952AX3GNZ8W3H.pcm
SwiftExplicitDependencyGeneratePcm arm64 /Users/admin/builder/spi-builder-workspace/.derivedData/SDKExplicitPrecompiledModules/ptrcheck-BA65H1NXYZJ0BLLWO9HZOAZ6Y.pcm
SwiftExplicitDependencyGeneratePcm arm64 /Users/admin/builder/spi-builder-workspace/.derivedData/SDKExplicitPrecompiledModules/_SwiftConcurrencyShims-3HZGHPZQL3GY71QUHDRB0P39S.pcm
SwiftExplicitDependencyGeneratePcm arm64 /Users/admin/builder/spi-builder-workspace/.derivedData/SDKExplicitPrecompiledModules/ptrauth-EMKXYE8GN9BK4M3ODSTVDUJU2.pcm
SwiftExplicitDependencyGeneratePcm arm64 /Users/admin/builder/spi-builder-workspace/.derivedData/SDKExplicitPrecompiledModules/SwiftShims-73G9EXEO9PVWB6PL1BR4TAJ0B.pcm
SwiftExplicitDependencyGeneratePcm arm64 /Users/admin/builder/spi-builder-workspace/.derivedData/SDKExplicitPrecompiledModules/_Builtin_stdbool-4UUPXTY52W6RPSB0N2WGGLTJT.pcm
SwiftExplicitDependencyGeneratePcm arm64 /Users/admin/builder/spi-builder-workspace/.derivedData/SDKExplicitPrecompiledModules/_DarwinFoundation1-90NUFDXQ765U5FR62173FT21A.pcm
SwiftExplicitDependencyGeneratePcm arm64 /Users/admin/builder/spi-builder-workspace/.derivedData/SDKExplicitPrecompiledModules/_DarwinFoundation2-EPKSYG5WMVE7WSPFQB4C0UC59.pcm
SwiftExplicitDependencyGeneratePcm arm64 /Users/admin/builder/spi-builder-workspace/.derivedData/SDKExplicitPrecompiledModules/_Builtin_limits-3JICJWOCEYXXXNXAMEJBF6UQN.pcm
SwiftExplicitDependencyGeneratePcm arm64 /Users/admin/builder/spi-builder-workspace/.derivedData/SDKExplicitPrecompiledModules/sys_types-CATSGLJDZ8UZUMKHO6M4I4PJT.pcm
SwiftExplicitDependencyGeneratePcm arm64 /Users/admin/builder/spi-builder-workspace/.derivedData/SDKExplicitPrecompiledModules/_Builtin_stdint-A8OKY0NXO26BZ4GWYKP79TKL9.pcm
SwiftExplicitDependencyGeneratePcm arm64 /Users/admin/builder/spi-builder-workspace/.derivedData/SDKExplicitPrecompiledModules/string_h-B6D36UOVIZC2Y0YE3KEZLZAP6.pcm
SwiftExplicitDependencyGeneratePcm arm64 /Users/admin/builder/spi-builder-workspace/.derivedData/SDKExplicitPrecompiledModules/_DarwinFoundation3-63L5I5VCGX6CLI6HI7OWUXJN6.pcm
SwiftExplicitDependencyGeneratePcm arm64 /Users/admin/builder/spi-builder-workspace/.derivedData/SDKExplicitPrecompiledModules/_Builtin_inttypes-80RS02PM2X81SP8N0Q7X05540.pcm
SwiftExplicitDependencyGeneratePcm arm64 /Users/admin/builder/spi-builder-workspace/.derivedData/SDKExplicitPrecompiledModules/Darwin-1VTILT8KA42CNDAUB0H1FM7MC.pcm
SwiftExplicitDependencyGeneratePcm arm64 /Users/admin/builder/spi-builder-workspace/.derivedData/SDKExplicitPrecompiledModules/ObjectiveC-CC0BYHG21IQMMT48PGDNSK7G6.pcm
SwiftExplicitDependencyGeneratePcm arm64 /Users/admin/builder/spi-builder-workspace/.derivedData/SDKExplicitPrecompiledModules/os_object-1TJLDNS7X3UT7Y5TM4QQ2RN6G.pcm
SwiftExplicitDependencyGeneratePcm arm64 /Users/admin/builder/spi-builder-workspace/.derivedData/SDKExplicitPrecompiledModules/os_workgroup-E61GF9E8FAHZGKXVOV9QHUD27.pcm
SwiftExplicitDependencyGeneratePcm arm64 /Users/admin/builder/spi-builder-workspace/.derivedData/SDKExplicitPrecompiledModules/Dispatch-F564M6B2H1RRD83XZ8EBWFSHE.pcm
SwiftExplicitDependencyGeneratePcm arm64 /Users/admin/builder/spi-builder-workspace/.derivedData/SDKExplicitPrecompiledModules/CoreFoundation-A4LOYEEJIFQKOPZRDOG9M3N2K.pcm
SwiftExplicitDependencyGeneratePcm arm64 /Users/admin/builder/spi-builder-workspace/.derivedData/SDKExplicitPrecompiledModules/XPC-2WVXL0UION0MYZOZAJZC6DUXD.pcm
SwiftExplicitDependencyGeneratePcm arm64 /Users/admin/builder/spi-builder-workspace/.derivedData/SDKExplicitPrecompiledModules/CFNetwork-8S7XZ5SI3TWM2JOZPDZPRY8W9.pcm
SwiftExplicitDependencyGeneratePcm arm64 /Users/admin/builder/spi-builder-workspace/.derivedData/SDKExplicitPrecompiledModules/Security-6KU6X9W8QDIJW83JUF0DRES83.pcm
SwiftExplicitDependencyGeneratePcm arm64 /Users/admin/builder/spi-builder-workspace/.derivedData/SDKExplicitPrecompiledModules/Foundation-1AS5K10MY6XENLLR2NDUCKYTM.pcm
SwiftEmitModule normal arm64 Emitting\ module\ for\ SwaTex (in target 'SwaTex' from project 'SwaTex')
SwiftCompile normal arm64 (in target 'SwaTex' from project 'SwaTex')
cd /Users/admin/builder/spi-builder-workspace/.swiftpm/xcode
SwiftCompile normal arm64 Compiling\ UnicodeSupSub.swift,\ SVGRenderer.swift,\ SVGStandalone.swift,\ SwaTexFacade.swift,\ Color.swift,\ DisplayItem.swift,\ MathStyle.swift,\ PathCommand.swift,\ UnicodeScript.swift /Users/admin/builder/spi-builder-workspace/Sources/SwaTex/Parser/UnicodeSupSub.swift /Users/admin/builder/spi-builder-workspace/Sources/SwaTex/SVG/SVGRenderer.swift /Users/admin/builder/spi-builder-workspace/Sources/SwaTex/SVG/SVGStandalone.swift /Users/admin/builder/spi-builder-workspace/Sources/SwaTex/SwaTexFacade.swift /Users/admin/builder/spi-builder-workspace/Sources/SwaTex/Types/Color.swift /Users/admin/builder/spi-builder-workspace/Sources/SwaTex/Types/DisplayItem.swift /Users/admin/builder/spi-builder-workspace/Sources/SwaTex/Types/MathStyle.swift /Users/admin/builder/spi-builder-workspace/Sources/SwaTex/Types/PathCommand.swift /Users/admin/builder/spi-builder-workspace/Sources/SwaTex/Types/UnicodeScript.swift (in target 'SwaTex' from project 'SwaTex')
SwiftCompile normal arm64 /Users/admin/builder/spi-builder-workspace/Sources/SwaTex/Parser/UnicodeSupSub.swift (in target 'SwaTex' from project 'SwaTex')
cd /Users/admin/builder/spi-builder-workspace/.swiftpm/xcode
builtin-SwiftPerFileCompile UnicodeSupSub.swift
SwiftCompile normal arm64 /Users/admin/builder/spi-builder-workspace/Sources/SwaTex/SVG/SVGRenderer.swift (in target 'SwaTex' from project 'SwaTex')
cd /Users/admin/builder/spi-builder-workspace/.swiftpm/xcode
builtin-SwiftPerFileCompile SVGRenderer.swift
SwiftCompile normal arm64 /Users/admin/builder/spi-builder-workspace/Sources/SwaTex/SVG/SVGStandalone.swift (in target 'SwaTex' from project 'SwaTex')
cd /Users/admin/builder/spi-builder-workspace/.swiftpm/xcode
builtin-SwiftPerFileCompile SVGStandalone.swift
SwiftCompile normal arm64 /Users/admin/builder/spi-builder-workspace/Sources/SwaTex/SwaTexFacade.swift (in target 'SwaTex' from project 'SwaTex')
cd /Users/admin/builder/spi-builder-workspace/.swiftpm/xcode
builtin-SwiftPerFileCompile SwaTexFacade.swift
SwiftCompile normal arm64 /Users/admin/builder/spi-builder-workspace/Sources/SwaTex/Types/Color.swift (in target 'SwaTex' from project 'SwaTex')
cd /Users/admin/builder/spi-builder-workspace/.swiftpm/xcode
builtin-SwiftPerFileCompile Color.swift
SwiftCompile normal arm64 /Users/admin/builder/spi-builder-workspace/Sources/SwaTex/Types/DisplayItem.swift (in target 'SwaTex' from project 'SwaTex')
cd /Users/admin/builder/spi-builder-workspace/.swiftpm/xcode
builtin-SwiftPerFileCompile DisplayItem.swift
SwiftCompile normal arm64 /Users/admin/builder/spi-builder-workspace/Sources/SwaTex/Types/MathStyle.swift (in target 'SwaTex' from project 'SwaTex')
cd /Users/admin/builder/spi-builder-workspace/.swiftpm/xcode
builtin-SwiftPerFileCompile MathStyle.swift
SwiftCompile normal arm64 /Users/admin/builder/spi-builder-workspace/Sources/SwaTex/Types/PathCommand.swift (in target 'SwaTex' from project 'SwaTex')
cd /Users/admin/builder/spi-builder-workspace/.swiftpm/xcode
builtin-SwiftPerFileCompile PathCommand.swift
SwiftCompile normal arm64 /Users/admin/builder/spi-builder-workspace/Sources/SwaTex/Types/UnicodeScript.swift (in target 'SwaTex' from project 'SwaTex')
cd /Users/admin/builder/spi-builder-workspace/.swiftpm/xcode
builtin-SwiftPerFileCompile UnicodeScript.swift
SwiftCompile normal arm64 Compiling\ MhChemEngine.swift,\ MhChemHandMatchers.swift,\ MhChemPatterns.swift,\ MhChemRegex.swift,\ MhChemTexify.swift,\ ParseError.swift,\ ParseNode.swift,\ Parser.swift,\ StackGuard.swift /Users/admin/builder/spi-builder-workspace/Sources/SwaTex/Parser/MhChem/MhChemEngine.swift /Users/admin/builder/spi-builder-workspace/Sources/SwaTex/Parser/MhChem/MhChemHandMatchers.swift /Users/admin/builder/spi-builder-workspace/Sources/SwaTex/Parser/MhChem/MhChemPatterns.swift /Users/admin/builder/spi-builder-workspace/Sources/SwaTex/Parser/MhChem/MhChemRegex.swift /Users/admin/builder/spi-builder-workspace/Sources/SwaTex/Parser/MhChem/MhChemTexify.swift /Users/admin/builder/spi-builder-workspace/Sources/SwaTex/Parser/ParseError.swift /Users/admin/builder/spi-builder-workspace/Sources/SwaTex/Parser/ParseNode.swift /Users/admin/builder/spi-builder-workspace/Sources/SwaTex/Parser/Parser.swift /Users/admin/builder/spi-builder-workspace/Sources/SwaTex/Parser/StackGuard.swift (in target 'SwaTex' from project 'SwaTex')
SwiftCompile normal arm64 /Users/admin/builder/spi-builder-workspace/Sources/SwaTex/Parser/MhChem/MhChemEngine.swift (in target 'SwaTex' from project 'SwaTex')
cd /Users/admin/builder/spi-builder-workspace/.swiftpm/xcode
builtin-SwiftPerFileCompile MhChemEngine.swift
SwiftCompile normal arm64 /Users/admin/builder/spi-builder-workspace/Sources/SwaTex/Parser/MhChem/MhChemHandMatchers.swift (in target 'SwaTex' from project 'SwaTex')
cd /Users/admin/builder/spi-builder-workspace/.swiftpm/xcode
builtin-SwiftPerFileCompile MhChemHandMatchers.swift
SwiftCompile normal arm64 /Users/admin/builder/spi-builder-workspace/Sources/SwaTex/Parser/MhChem/MhChemPatterns.swift (in target 'SwaTex' from project 'SwaTex')
cd /Users/admin/builder/spi-builder-workspace/.swiftpm/xcode
builtin-SwiftPerFileCompile MhChemPatterns.swift
SwiftCompile normal arm64 /Users/admin/builder/spi-builder-workspace/Sources/SwaTex/Parser/MhChem/MhChemRegex.swift (in target 'SwaTex' from project 'SwaTex')
cd /Users/admin/builder/spi-builder-workspace/.swiftpm/xcode
builtin-SwiftPerFileCompile MhChemRegex.swift
SwiftCompile normal arm64 /Users/admin/builder/spi-builder-workspace/Sources/SwaTex/Parser/MhChem/MhChemTexify.swift (in target 'SwaTex' from project 'SwaTex')
cd /Users/admin/builder/spi-builder-workspace/.swiftpm/xcode
builtin-SwiftPerFileCompile MhChemTexify.swift
SwiftCompile normal arm64 /Users/admin/builder/spi-builder-workspace/Sources/SwaTex/Parser/ParseError.swift (in target 'SwaTex' from project 'SwaTex')
cd /Users/admin/builder/spi-builder-workspace/.swiftpm/xcode
builtin-SwiftPerFileCompile ParseError.swift
SwiftCompile normal arm64 /Users/admin/builder/spi-builder-workspace/Sources/SwaTex/Parser/ParseNode.swift (in target 'SwaTex' from project 'SwaTex')
cd /Users/admin/builder/spi-builder-workspace/.swiftpm/xcode
builtin-SwiftPerFileCompile ParseNode.swift
SwiftCompile normal arm64 /Users/admin/builder/spi-builder-workspace/Sources/SwaTex/Parser/Parser.swift (in target 'SwaTex' from project 'SwaTex')
cd /Users/admin/builder/spi-builder-workspace/.swiftpm/xcode
builtin-SwiftPerFileCompile Parser.swift
SwiftCompile normal arm64 /Users/admin/builder/spi-builder-workspace/Sources/SwaTex/Parser/StackGuard.swift (in target 'SwaTex' from project 'SwaTex')
cd /Users/admin/builder/spi-builder-workspace/.swiftpm/xcode
builtin-SwiftPerFileCompile StackGuard.swift
SwiftCompile normal arm64 Compiling\ Pmb.swift,\ RaiseBox.swift,\ Relax.swift,\ Rule.swift,\ Sizing.swift,\ SpacingCmd.swift,\ Sqrt.swift,\ Styling.swift,\ SymbolsCmd.swift /Users/admin/builder/spi-builder-workspace/Sources/SwaTex/Parser/Functions/Pmb.swift /Users/admin/builder/spi-builder-workspace/Sources/SwaTex/Parser/Functions/RaiseBox.swift /Users/admin/builder/spi-builder-workspace/Sources/SwaTex/Parser/Functions/Relax.swift /Users/admin/builder/spi-builder-workspace/Sources/SwaTex/Parser/Functions/Rule.swift /Users/admin/builder/spi-builder-workspace/Sources/SwaTex/Parser/Functions/Sizing.swift /Users/admin/builder/spi-builder-workspace/Sources/SwaTex/Parser/Functions/SpacingCmd.swift /Users/admin/builder/spi-builder-workspace/Sources/SwaTex/Parser/Functions/Sqrt.swift /Users/admin/builder/spi-builder-workspace/Sources/SwaTex/Parser/Functions/Styling.swift /Users/admin/builder/spi-builder-workspace/Sources/SwaTex/Parser/Functions/SymbolsCmd.swift (in target 'SwaTex' from project 'SwaTex')
SwiftCompile normal arm64 /Users/admin/builder/spi-builder-workspace/Sources/SwaTex/Parser/Functions/Pmb.swift (in target 'SwaTex' from project 'SwaTex')
cd /Users/admin/builder/spi-builder-workspace/.swiftpm/xcode
builtin-SwiftPerFileCompile Pmb.swift
SwiftCompile normal arm64 /Users/admin/builder/spi-builder-workspace/Sources/SwaTex/Parser/Functions/RaiseBox.swift (in target 'SwaTex' from project 'SwaTex')
cd /Users/admin/builder/spi-builder-workspace/.swiftpm/xcode
builtin-SwiftPerFileCompile RaiseBox.swift
SwiftCompile normal arm64 /Users/admin/builder/spi-builder-workspace/Sources/SwaTex/Parser/Functions/Relax.swift (in target 'SwaTex' from project 'SwaTex')
cd /Users/admin/builder/spi-builder-workspace/.swiftpm/xcode
builtin-SwiftPerFileCompile Relax.swift
SwiftCompile normal arm64 /Users/admin/builder/spi-builder-workspace/Sources/SwaTex/Parser/Functions/Rule.swift (in target 'SwaTex' from project 'SwaTex')
cd /Users/admin/builder/spi-builder-workspace/.swiftpm/xcode
builtin-SwiftPerFileCompile Rule.swift
SwiftCompile normal arm64 /Users/admin/builder/spi-builder-workspace/Sources/SwaTex/Parser/Functions/Sizing.swift (in target 'SwaTex' from project 'SwaTex')
cd /Users/admin/builder/spi-builder-workspace/.swiftpm/xcode
builtin-SwiftPerFileCompile Sizing.swift
SwiftCompile normal arm64 /Users/admin/builder/spi-builder-workspace/Sources/SwaTex/Parser/Functions/SpacingCmd.swift (in target 'SwaTex' from project 'SwaTex')
cd /Users/admin/builder/spi-builder-workspace/.swiftpm/xcode
builtin-SwiftPerFileCompile SpacingCmd.swift
SwiftCompile normal arm64 /Users/admin/builder/spi-builder-workspace/Sources/SwaTex/Parser/Functions/Sqrt.swift (in target 'SwaTex' from project 'SwaTex')
cd /Users/admin/builder/spi-builder-workspace/.swiftpm/xcode
builtin-SwiftPerFileCompile Sqrt.swift
SwiftCompile normal arm64 /Users/admin/builder/spi-builder-workspace/Sources/SwaTex/Parser/Functions/Styling.swift (in target 'SwaTex' from project 'SwaTex')
cd /Users/admin/builder/spi-builder-workspace/.swiftpm/xcode
builtin-SwiftPerFileCompile Styling.swift
SwiftCompile normal arm64 /Users/admin/builder/spi-builder-workspace/Sources/SwaTex/Parser/Functions/SymbolsCmd.swift (in target 'SwaTex' from project 'SwaTex')
cd /Users/admin/builder/spi-builder-workspace/.swiftpm/xcode
builtin-SwiftPerFileCompile SymbolsCmd.swift
SwiftCompile normal arm64 Compiling\ Lap.swift,\ LeftRight.swift,\ Math.swift,\ MathChoice.swift,\ Mclass.swift,\ NoNumber.swift,\ Op.swift,\ OperatorName.swift,\ Overline.swift,\ Phantom.swift /Users/admin/builder/spi-builder-workspace/Sources/SwaTex/Parser/Functions/Lap.swift /Users/admin/builder/spi-builder-workspace/Sources/SwaTex/Parser/Functions/LeftRight.swift /Users/admin/builder/spi-builder-workspace/Sources/SwaTex/Parser/Functions/Math.swift /Users/admin/builder/spi-builder-workspace/Sources/SwaTex/Parser/Functions/MathChoice.swift /Users/admin/builder/spi-builder-workspace/Sources/SwaTex/Parser/Functions/Mclass.swift /Users/admin/builder/spi-builder-workspace/Sources/SwaTex/Parser/Functions/NoNumber.swift /Users/admin/builder/spi-builder-workspace/Sources/SwaTex/Parser/Functions/Op.swift /Users/admin/builder/spi-builder-workspace/Sources/SwaTex/Parser/Functions/OperatorName.swift /Users/admin/builder/spi-builder-workspace/Sources/SwaTex/Parser/Functions/Overline.swift /Users/admin/builder/spi-builder-workspace/Sources/SwaTex/Parser/Functions/Phantom.swift (in target 'SwaTex' from project 'SwaTex')
SwiftCompile normal arm64 /Users/admin/builder/spi-builder-workspace/Sources/SwaTex/Parser/Functions/Lap.swift (in target 'SwaTex' from project 'SwaTex')
cd /Users/admin/builder/spi-builder-workspace/.swiftpm/xcode
builtin-SwiftPerFileCompile Lap.swift
SwiftCompile normal arm64 /Users/admin/builder/spi-builder-workspace/Sources/SwaTex/Parser/Functions/LeftRight.swift (in target 'SwaTex' from project 'SwaTex')
cd /Users/admin/builder/spi-builder-workspace/.swiftpm/xcode
builtin-SwiftPerFileCompile LeftRight.swift
SwiftCompile normal arm64 /Users/admin/builder/spi-builder-workspace/Sources/SwaTex/Parser/Functions/Math.swift (in target 'SwaTex' from project 'SwaTex')
cd /Users/admin/builder/spi-builder-workspace/.swiftpm/xcode
builtin-SwiftPerFileCompile Math.swift
SwiftCompile normal arm64 /Users/admin/builder/spi-builder-workspace/Sources/SwaTex/Parser/Functions/MathChoice.swift (in target 'SwaTex' from project 'SwaTex')
cd /Users/admin/builder/spi-builder-workspace/.swiftpm/xcode
builtin-SwiftPerFileCompile MathChoice.swift
SwiftCompile normal arm64 /Users/admin/builder/spi-builder-workspace/Sources/SwaTex/Parser/Functions/Mclass.swift (in target 'SwaTex' from project 'SwaTex')
cd /Users/admin/builder/spi-builder-workspace/.swiftpm/xcode
builtin-SwiftPerFileCompile Mclass.swift
SwiftCompile normal arm64 /Users/admin/builder/spi-builder-workspace/Sources/SwaTex/Parser/Functions/NoNumber.swift (in target 'SwaTex' from project 'SwaTex')
cd /Users/admin/builder/spi-builder-workspace/.swiftpm/xcode
builtin-SwiftPerFileCompile NoNumber.swift
SwiftCompile normal arm64 /Users/admin/builder/spi-builder-workspace/Sources/SwaTex/Parser/Functions/Op.swift (in target 'SwaTex' from project 'SwaTex')
cd /Users/admin/builder/spi-builder-workspace/.swiftpm/xcode
builtin-SwiftPerFileCompile Op.swift
SwiftCompile normal arm64 /Users/admin/builder/spi-builder-workspace/Sources/SwaTex/Parser/Functions/OperatorName.swift (in target 'SwaTex' from project 'SwaTex')
cd /Users/admin/builder/spi-builder-workspace/.swiftpm/xcode
builtin-SwiftPerFileCompile OperatorName.swift
SwiftCompile normal arm64 /Users/admin/builder/spi-builder-workspace/Sources/SwaTex/Parser/Functions/Overline.swift (in target 'SwaTex' from project 'SwaTex')
cd /Users/admin/builder/spi-builder-workspace/.swiftpm/xcode
builtin-SwiftPerFileCompile Overline.swift
SwiftCompile normal arm64 /Users/admin/builder/spi-builder-workspace/Sources/SwaTex/Parser/Functions/Phantom.swift (in target 'SwaTex' from project 'SwaTex')
cd /Users/admin/builder/spi-builder-workspace/.swiftpm/xcode
builtin-SwiftPerFileCompile Phantom.swift
SwiftCompile normal arm64 Compiling\ Tag.swift,\ Text.swift,\ VCenter.swift,\ Verb.swift,\ MacroExpander.swift,\ MhChem.swift,\ MhChemActions.swift,\ MhChemData.swift,\ MhChemDataJSON.swift /Users/admin/builder/spi-builder-workspace/Sources/SwaTex/Parser/Functions/Tag.swift /Users/admin/builder/spi-builder-workspace/Sources/SwaTex/Parser/Functions/Text.swift /Users/admin/builder/spi-builder-workspace/Sources/SwaTex/Parser/Functions/VCenter.swift /Users/admin/builder/spi-builder-workspace/Sources/SwaTex/Parser/Functions/Verb.swift /Users/admin/builder/spi-builder-workspace/Sources/SwaTex/Parser/MacroExpander.swift /Users/admin/builder/spi-builder-workspace/Sources/SwaTex/Parser/MhChem.swift /Users/admin/builder/spi-builder-workspace/Sources/SwaTex/Parser/MhChem/MhChemActions.swift /Users/admin/builder/spi-builder-workspace/Sources/SwaTex/Parser/MhChem/MhChemData.swift /Users/admin/builder/spi-builder-workspace/Sources/SwaTex/Parser/MhChem/MhChemDataJSON.swift (in target 'SwaTex' from project 'SwaTex')
SwiftCompile normal arm64 /Users/admin/builder/spi-builder-workspace/Sources/SwaTex/Parser/Functions/Tag.swift (in target 'SwaTex' from project 'SwaTex')
cd /Users/admin/builder/spi-builder-workspace/.swiftpm/xcode
builtin-SwiftPerFileCompile Tag.swift
SwiftCompile normal arm64 /Users/admin/builder/spi-builder-workspace/Sources/SwaTex/Parser/Functions/Text.swift (in target 'SwaTex' from project 'SwaTex')
cd /Users/admin/builder/spi-builder-workspace/.swiftpm/xcode
builtin-SwiftPerFileCompile Text.swift
SwiftCompile normal arm64 /Users/admin/builder/spi-builder-workspace/Sources/SwaTex/Parser/Functions/VCenter.swift (in target 'SwaTex' from project 'SwaTex')
cd /Users/admin/builder/spi-builder-workspace/.swiftpm/xcode
builtin-SwiftPerFileCompile VCenter.swift
SwiftCompile normal arm64 /Users/admin/builder/spi-builder-workspace/Sources/SwaTex/Parser/Functions/Verb.swift (in target 'SwaTex' from project 'SwaTex')
cd /Users/admin/builder/spi-builder-workspace/.swiftpm/xcode
builtin-SwiftPerFileCompile Verb.swift
SwiftCompile normal arm64 /Users/admin/builder/spi-builder-workspace/Sources/SwaTex/Parser/MacroExpander.swift (in target 'SwaTex' from project 'SwaTex')
cd /Users/admin/builder/spi-builder-workspace/.swiftpm/xcode
builtin-SwiftPerFileCompile MacroExpander.swift
SwiftCompile normal arm64 /Users/admin/builder/spi-builder-workspace/Sources/SwaTex/Parser/MhChem.swift (in target 'SwaTex' from project 'SwaTex')
cd /Users/admin/builder/spi-builder-workspace/.swiftpm/xcode
builtin-SwiftPerFileCompile MhChem.swift
SwiftCompile normal arm64 /Users/admin/builder/spi-builder-workspace/Sources/SwaTex/Parser/MhChem/MhChemActions.swift (in target 'SwaTex' from project 'SwaTex')
cd /Users/admin/builder/spi-builder-workspace/.swiftpm/xcode
builtin-SwiftPerFileCompile MhChemActions.swift
SwiftCompile normal arm64 /Users/admin/builder/spi-builder-workspace/Sources/SwaTex/Parser/MhChem/MhChemData.swift (in target 'SwaTex' from project 'SwaTex')
cd /Users/admin/builder/spi-builder-workspace/.swiftpm/xcode
builtin-SwiftPerFileCompile MhChemData.swift
SwiftCompile normal arm64 /Users/admin/builder/spi-builder-workspace/Sources/SwaTex/Parser/MhChem/MhChemDataJSON.swift (in target 'SwaTex' from project 'SwaTex')
cd /Users/admin/builder/spi-builder-workspace/.swiftpm/xcode
builtin-SwiftPerFileCompile MhChemDataJSON.swift
SwiftCompile normal arm64 Compiling\ LayoutBox.swift,\ LayoutOptions.swift,\ Spacing.swift,\ StackedDelim.swift,\ Surd.swift,\ ToDisplay.swift,\ VBox.swift,\ Lexer.swift,\ Token.swift,\ BuiltinMacros.swift /Users/admin/builder/spi-builder-workspace/Sources/SwaTex/Layout/LayoutBox.swift /Users/admin/builder/spi-builder-workspace/Sources/SwaTex/Layout/LayoutOptions.swift /Users/admin/builder/spi-builder-workspace/Sources/SwaTex/Layout/Spacing.swift /Users/admin/builder/spi-builder-workspace/Sources/SwaTex/Layout/StackedDelim.swift /Users/admin/builder/spi-builder-workspace/Sources/SwaTex/Layout/Surd.swift /Users/admin/builder/spi-builder-workspace/Sources/SwaTex/Layout/ToDisplay.swift /Users/admin/builder/spi-builder-workspace/Sources/SwaTex/Layout/VBox.swift /Users/admin/builder/spi-builder-workspace/Sources/SwaTex/Lexer/Lexer.swift /Users/admin/builder/spi-builder-workspace/Sources/SwaTex/Lexer/Token.swift /Users/admin/builder/spi-builder-workspace/Sources/SwaTex/Parser/BuiltinMacros.swift (in target 'SwaTex' from project 'SwaTex')
SwiftCompile normal arm64 /Users/admin/builder/spi-builder-workspace/Sources/SwaTex/Layout/LayoutBox.swift (in target 'SwaTex' from project 'SwaTex')
cd /Users/admin/builder/spi-builder-workspace/.swiftpm/xcode
builtin-SwiftPerFileCompile LayoutBox.swift
SwiftCompile normal arm64 /Users/admin/builder/spi-builder-workspace/Sources/SwaTex/Layout/LayoutOptions.swift (in target 'SwaTex' from project 'SwaTex')
cd /Users/admin/builder/spi-builder-workspace/.swiftpm/xcode
builtin-SwiftPerFileCompile LayoutOptions.swift
SwiftCompile normal arm64 /Users/admin/builder/spi-builder-workspace/Sources/SwaTex/Layout/Spacing.swift (in target 'SwaTex' from project 'SwaTex')
cd /Users/admin/builder/spi-builder-workspace/.swiftpm/xcode
builtin-SwiftPerFileCompile Spacing.swift
SwiftCompile normal arm64 /Users/admin/builder/spi-builder-workspace/Sources/SwaTex/Layout/StackedDelim.swift (in target 'SwaTex' from project 'SwaTex')
cd /Users/admin/builder/spi-builder-workspace/.swiftpm/xcode
builtin-SwiftPerFileCompile StackedDelim.swift
SwiftCompile normal arm64 /Users/admin/builder/spi-builder-workspace/Sources/SwaTex/Layout/Surd.swift (in target 'SwaTex' from project 'SwaTex')
cd /Users/admin/builder/spi-builder-workspace/.swiftpm/xcode
builtin-SwiftPerFileCompile Surd.swift
SwiftCompile normal arm64 /Users/admin/builder/spi-builder-workspace/Sources/SwaTex/Layout/ToDisplay.swift (in target 'SwaTex' from project 'SwaTex')
cd /Users/admin/builder/spi-builder-workspace/.swiftpm/xcode
builtin-SwiftPerFileCompile ToDisplay.swift
SwiftCompile normal arm64 /Users/admin/builder/spi-builder-workspace/Sources/SwaTex/Layout/VBox.swift (in target 'SwaTex' from project 'SwaTex')
cd /Users/admin/builder/spi-builder-workspace/.swiftpm/xcode
builtin-SwiftPerFileCompile VBox.swift
SwiftCompile normal arm64 /Users/admin/builder/spi-builder-workspace/Sources/SwaTex/Lexer/Lexer.swift (in target 'SwaTex' from project 'SwaTex')
cd /Users/admin/builder/spi-builder-workspace/.swiftpm/xcode
builtin-SwiftPerFileCompile Lexer.swift
SwiftCompile normal arm64 /Users/admin/builder/spi-builder-workspace/Sources/SwaTex/Lexer/Token.swift (in target 'SwaTex' from project 'SwaTex')
cd /Users/admin/builder/spi-builder-workspace/.swiftpm/xcode
builtin-SwiftPerFileCompile Token.swift
SwiftCompile normal arm64 /Users/admin/builder/spi-builder-workspace/Sources/SwaTex/Parser/BuiltinMacros.swift (in target 'SwaTex' from project 'SwaTex')
cd /Users/admin/builder/spi-builder-workspace/.swiftpm/xcode
builtin-SwiftPerFileCompile BuiltinMacros.swift
SwiftCompile normal arm64 Compiling\ DelimSizing.swift,\ Enclose.swift,\ Environment.swift,\ Font.swift,\ Genfrac.swift,\ HBoxCmd.swift,\ HorizBrace.swift,\ Href.swift,\ HtmlMathML.swift,\ Kern.swift /Users/admin/builder/spi-builder-workspace/Sources/SwaTex/Parser/Functions/DelimSizing.swift /Users/admin/builder/spi-builder-workspace/Sources/SwaTex/Parser/Functions/Enclose.swift /Users/admin/builder/spi-builder-workspace/Sources/SwaTex/Parser/Functions/Environment.swift /Users/admin/builder/spi-builder-workspace/Sources/SwaTex/Parser/Functions/Font.swift /Users/admin/builder/spi-builder-workspace/Sources/SwaTex/Parser/Functions/Genfrac.swift /Users/admin/builder/spi-builder-workspace/Sources/SwaTex/Parser/Functions/HBoxCmd.swift /Users/admin/builder/spi-builder-workspace/Sources/SwaTex/Parser/Functions/HorizBrace.swift /Users/admin/builder/spi-builder-workspace/Sources/SwaTex/Parser/Functions/Href.swift /Users/admin/builder/spi-builder-workspace/Sources/SwaTex/Parser/Functions/HtmlMathML.swift /Users/admin/builder/spi-builder-workspace/Sources/SwaTex/Parser/Functions/Kern.swift (in target 'SwaTex' from project 'SwaTex')
SwiftCompile normal arm64 /Users/admin/builder/spi-builder-workspace/Sources/SwaTex/Parser/Functions/DelimSizing.swift (in target 'SwaTex' from project 'SwaTex')
cd /Users/admin/builder/spi-builder-workspace/.swiftpm/xcode
builtin-SwiftPerFileCompile DelimSizing.swift
SwiftCompile normal arm64 /Users/admin/builder/spi-builder-workspace/Sources/SwaTex/Parser/Functions/Enclose.swift (in target 'SwaTex' from project 'SwaTex')
cd /Users/admin/builder/spi-builder-workspace/.swiftpm/xcode
builtin-SwiftPerFileCompile Enclose.swift
SwiftCompile normal arm64 /Users/admin/builder/spi-builder-workspace/Sources/SwaTex/Parser/Functions/Environment.swift (in target 'SwaTex' from project 'SwaTex')
cd /Users/admin/builder/spi-builder-workspace/.swiftpm/xcode
builtin-SwiftPerFileCompile Environment.swift
SwiftCompile normal arm64 /Users/admin/builder/spi-builder-workspace/Sources/SwaTex/Parser/Functions/Font.swift (in target 'SwaTex' from project 'SwaTex')
cd /Users/admin/builder/spi-builder-workspace/.swiftpm/xcode
builtin-SwiftPerFileCompile Font.swift
SwiftCompile normal arm64 /Users/admin/builder/spi-builder-workspace/Sources/SwaTex/Parser/Functions/Genfrac.swift (in target 'SwaTex' from project 'SwaTex')
cd /Users/admin/builder/spi-builder-workspace/.swiftpm/xcode
builtin-SwiftPerFileCompile Genfrac.swift
SwiftCompile normal arm64 /Users/admin/builder/spi-builder-workspace/Sources/SwaTex/Parser/Functions/HBoxCmd.swift (in target 'SwaTex' from project 'SwaTex')
cd /Users/admin/builder/spi-builder-workspace/.swiftpm/xcode
builtin-SwiftPerFileCompile HBoxCmd.swift
SwiftCompile normal arm64 /Users/admin/builder/spi-builder-workspace/Sources/SwaTex/Parser/Functions/HorizBrace.swift (in target 'SwaTex' from project 'SwaTex')
cd /Users/admin/builder/spi-builder-workspace/.swiftpm/xcode
builtin-SwiftPerFileCompile HorizBrace.swift
SwiftCompile normal arm64 /Users/admin/builder/spi-builder-workspace/Sources/SwaTex/Parser/Functions/Href.swift (in target 'SwaTex' from project 'SwaTex')
cd /Users/admin/builder/spi-builder-workspace/.swiftpm/xcode
builtin-SwiftPerFileCompile Href.swift
SwiftCompile normal arm64 /Users/admin/builder/spi-builder-workspace/Sources/SwaTex/Parser/Functions/HtmlMathML.swift (in target 'SwaTex' from project 'SwaTex')
cd /Users/admin/builder/spi-builder-workspace/.swiftpm/xcode
builtin-SwiftPerFileCompile HtmlMathML.swift
SwiftCompile normal arm64 /Users/admin/builder/spi-builder-workspace/Sources/SwaTex/Parser/Functions/Kern.swift (in target 'SwaTex' from project 'SwaTex')
cd /Users/admin/builder/spi-builder-workspace/.swiftpm/xcode
builtin-SwiftPerFileCompile Kern.swift
SwiftCompile normal arm64 Compiling\ Environments.swift,\ FirstByteSet.swift,\ FunctionRegistry.swift,\ Accent.swift,\ Arrow.swift,\ Bussproofs.swift,\ CharCmd.swift,\ ColorCmd.swift,\ Cr.swift,\ Def.swift /Users/admin/builder/spi-builder-workspace/Sources/SwaTex/Parser/Environments.swift /Users/admin/builder/spi-builder-workspace/Sources/SwaTex/Parser/FirstByteSet.swift /Users/admin/builder/spi-builder-workspace/Sources/SwaTex/Parser/FunctionRegistry.swift /Users/admin/builder/spi-builder-workspace/Sources/SwaTex/Parser/Functions/Accent.swift /Users/admin/builder/spi-builder-workspace/Sources/SwaTex/Parser/Functions/Arrow.swift /Users/admin/builder/spi-builder-workspace/Sources/SwaTex/Parser/Functions/Bussproofs.swift /Users/admin/builder/spi-builder-workspace/Sources/SwaTex/Parser/Functions/CharCmd.swift /Users/admin/builder/spi-builder-workspace/Sources/SwaTex/Parser/Functions/ColorCmd.swift /Users/admin/builder/spi-builder-workspace/Sources/SwaTex/Parser/Functions/Cr.swift /Users/admin/builder/spi-builder-workspace/Sources/SwaTex/Parser/Functions/Def.swift (in target 'SwaTex' from project 'SwaTex')
SwiftCompile normal arm64 /Users/admin/builder/spi-builder-workspace/Sources/SwaTex/Parser/Environments.swift (in target 'SwaTex' from project 'SwaTex')
cd /Users/admin/builder/spi-builder-workspace/.swiftpm/xcode
builtin-SwiftPerFileCompile Environments.swift
SwiftCompile normal arm64 /Users/admin/builder/spi-builder-workspace/Sources/SwaTex/Parser/FirstByteSet.swift (in target 'SwaTex' from project 'SwaTex')
cd /Users/admin/builder/spi-builder-workspace/.swiftpm/xcode
builtin-SwiftPerFileCompile FirstByteSet.swift
SwiftCompile normal arm64 /Users/admin/builder/spi-builder-workspace/Sources/SwaTex/Parser/FunctionRegistry.swift (in target 'SwaTex' from project 'SwaTex')
cd /Users/admin/builder/spi-builder-workspace/.swiftpm/xcode
builtin-SwiftPerFileCompile FunctionRegistry.swift
SwiftCompile normal arm64 /Users/admin/builder/spi-builder-workspace/Sources/SwaTex/Parser/Functions/Accent.swift (in target 'SwaTex' from project 'SwaTex')
cd /Users/admin/builder/spi-builder-workspace/.swiftpm/xcode
builtin-SwiftPerFileCompile Accent.swift
SwiftCompile normal arm64 /Users/admin/builder/spi-builder-workspace/Sources/SwaTex/Parser/Functions/Arrow.swift (in target 'SwaTex' from project 'SwaTex')
cd /Users/admin/builder/spi-builder-workspace/.swiftpm/xcode
builtin-SwiftPerFileCompile Arrow.swift
SwiftCompile normal arm64 /Users/admin/builder/spi-builder-workspace/Sources/SwaTex/Parser/Functions/Bussproofs.swift (in target 'SwaTex' from project 'SwaTex')
cd /Users/admin/builder/spi-builder-workspace/.swiftpm/xcode
builtin-SwiftPerFileCompile Bussproofs.swift
SwiftCompile normal arm64 /Users/admin/builder/spi-builder-workspace/Sources/SwaTex/Parser/Functions/CharCmd.swift (in target 'SwaTex' from project 'SwaTex')
cd /Users/admin/builder/spi-builder-workspace/.swiftpm/xcode
builtin-SwiftPerFileCompile CharCmd.swift
SwiftCompile normal arm64 /Users/admin/builder/spi-builder-workspace/Sources/SwaTex/Parser/Functions/ColorCmd.swift (in target 'SwaTex' from project 'SwaTex')
cd /Users/admin/builder/spi-builder-workspace/.swiftpm/xcode
builtin-SwiftPerFileCompile ColorCmd.swift
SwiftCompile normal arm64 /Users/admin/builder/spi-builder-workspace/Sources/SwaTex/Parser/Functions/Cr.swift (in target 'SwaTex' from project 'SwaTex')
cd /Users/admin/builder/spi-builder-workspace/.swiftpm/xcode
builtin-SwiftPerFileCompile Cr.swift
SwiftCompile normal arm64 /Users/admin/builder/spi-builder-workspace/Sources/SwaTex/Parser/Functions/Def.swift (in target 'SwaTex' from project 'SwaTex')
cd /Users/admin/builder/spi-builder-workspace/.swiftpm/xcode
builtin-SwiftPerFileCompile Def.swift
SwiftCompile normal arm64 Compiling\ EngineCDProof.swift,\ EngineDelims.swift,\ EngineMisc.swift,\ EngineOps.swift,\ EngineScripts.swift,\ EngineSymbols.swift,\ EngineTextStyles.swift,\ HBox.swift,\ KaTeXSvg.swift,\ KaTeXSvgData.swift /Users/admin/builder/spi-builder-workspace/Sources/SwaTex/Layout/EngineCDProof.swift /Users/admin/builder/spi-builder-workspace/Sources/SwaTex/Layout/EngineDelims.swift /Users/admin/builder/spi-builder-workspace/Sources/SwaTex/Layout/EngineMisc.swift /Users/admin/builder/spi-builder-workspace/Sources/SwaTex/Layout/EngineOps.swift /Users/admin/builder/spi-builder-workspace/Sources/SwaTex/Layout/EngineScripts.swift /Users/admin/builder/spi-builder-workspace/Sources/SwaTex/Layout/EngineSymbols.swift /Users/admin/builder/spi-builder-workspace/Sources/SwaTex/Layout/EngineTextStyles.swift /Users/admin/builder/spi-builder-workspace/Sources/SwaTex/Layout/HBox.swift /Users/admin/builder/spi-builder-workspace/Sources/SwaTex/Layout/KaTeXSvg.swift /Users/admin/builder/spi-builder-workspace/Sources/SwaTex/Layout/KaTeXSvgData.swift (in target 'SwaTex' from project 'SwaTex')
SwiftCompile normal arm64 /Users/admin/builder/spi-builder-workspace/Sources/SwaTex/Layout/EngineCDProof.swift (in target 'SwaTex' from project 'SwaTex')
cd /Users/admin/builder/spi-builder-workspace/.swiftpm/xcode
builtin-SwiftPerFileCompile EngineCDProof.swift
SwiftCompile normal arm64 /Users/admin/builder/spi-builder-workspace/Sources/SwaTex/Layout/EngineDelims.swift (in target 'SwaTex' from project 'SwaTex')
cd /Users/admin/builder/spi-builder-workspace/.swiftpm/xcode
builtin-SwiftPerFileCompile EngineDelims.swift
SwiftCompile normal arm64 /Users/admin/builder/spi-builder-workspace/Sources/SwaTex/Layout/EngineMisc.swift (in target 'SwaTex' from project 'SwaTex')
cd /Users/admin/builder/spi-builder-workspace/.swiftpm/xcode
builtin-SwiftPerFileCompile EngineMisc.swift
SwiftCompile normal arm64 /Users/admin/builder/spi-builder-workspace/Sources/SwaTex/Layout/EngineOps.swift (in target 'SwaTex' from project 'SwaTex')
cd /Users/admin/builder/spi-builder-workspace/.swiftpm/xcode
builtin-SwiftPerFileCompile EngineOps.swift
SwiftCompile normal arm64 /Users/admin/builder/spi-builder-workspace/Sources/SwaTex/Layout/EngineScripts.swift (in target 'SwaTex' from project 'SwaTex')
cd /Users/admin/builder/spi-builder-workspace/.swiftpm/xcode
builtin-SwiftPerFileCompile EngineScripts.swift
SwiftCompile normal arm64 /Users/admin/builder/spi-builder-workspace/Sources/SwaTex/Layout/EngineSymbols.swift (in target 'SwaTex' from project 'SwaTex')
cd /Users/admin/builder/spi-builder-workspace/.swiftpm/xcode
builtin-SwiftPerFileCompile EngineSymbols.swift
SwiftCompile normal arm64 /Users/admin/builder/spi-builder-workspace/Sources/SwaTex/Layout/EngineTextStyles.swift (in target 'SwaTex' from project 'SwaTex')
cd /Users/admin/builder/spi-builder-workspace/.swiftpm/xcode
builtin-SwiftPerFileCompile EngineTextStyles.swift
SwiftCompile normal arm64 /Users/admin/builder/spi-builder-workspace/Sources/SwaTex/Layout/HBox.swift (in target 'SwaTex' from project 'SwaTex')
cd /Users/admin/builder/spi-builder-workspace/.swiftpm/xcode
builtin-SwiftPerFileCompile HBox.swift
SwiftCompile normal arm64 /Users/admin/builder/spi-builder-workspace/Sources/SwaTex/Layout/KaTeXSvg.swift (in target 'SwaTex' from project 'SwaTex')
cd /Users/admin/builder/spi-builder-workspace/.swiftpm/xcode
builtin-SwiftPerFileCompile KaTeXSvg.swift
SwiftCompile normal arm64 /Users/admin/builder/spi-builder-workspace/Sources/SwaTex/Layout/KaTeXSvgData.swift (in target 'SwaTex' from project 'SwaTex')
cd /Users/admin/builder/spi-builder-workspace/.swiftpm/xcode
builtin-SwiftPerFileCompile KaTeXSvgData.swift
SwiftCompile normal arm64 Compiling\ FontId.swift,\ FontMetrics.swift,\ MathAlpha.swift,\ MetricsData.swift,\ Symbols.swift,\ SymbolsData.swift,\ FormulaCache.swift,\ Engine.swift,\ EngineAccent.swift,\ EngineArrays.swift /Users/admin/builder/spi-builder-workspace/Sources/SwaTex/Font/FontId.swift /Users/admin/builder/spi-builder-workspace/Sources/SwaTex/Font/FontMetrics.swift /Users/admin/builder/spi-builder-workspace/Sources/SwaTex/Font/MathAlpha.swift /Users/admin/builder/spi-builder-workspace/Sources/SwaTex/Font/MetricsData.swift /Users/admin/builder/spi-builder-workspace/Sources/SwaTex/Font/Symbols.swift /Users/admin/builder/spi-builder-workspace/Sources/SwaTex/Font/SymbolsData.swift /Users/admin/builder/spi-builder-workspace/Sources/SwaTex/FormulaCache.swift /Users/admin/builder/spi-builder-workspace/Sources/SwaTex/Layout/Engine.swift /Users/admin/builder/spi-builder-workspace/Sources/SwaTex/Layout/EngineAccent.swift /Users/admin/builder/spi-builder-workspace/Sources/SwaTex/Layout/EngineArrays.swift (in target 'SwaTex' from project 'SwaTex')
SwiftCompile normal arm64 /Users/admin/builder/spi-builder-workspace/Sources/SwaTex/Font/FontId.swift (in target 'SwaTex' from project 'SwaTex')
cd /Users/admin/builder/spi-builder-workspace/.swiftpm/xcode
builtin-SwiftPerFileCompile FontId.swift
SwiftCompile normal arm64 /Users/admin/builder/spi-builder-workspace/Sources/SwaTex/Font/FontMetrics.swift (in target 'SwaTex' from project 'SwaTex')
cd /Users/admin/builder/spi-builder-workspace/.swiftpm/xcode
builtin-SwiftPerFileCompile FontMetrics.swift
SwiftCompile normal arm64 /Users/admin/builder/spi-builder-workspace/Sources/SwaTex/Font/MathAlpha.swift (in target 'SwaTex' from project 'SwaTex')
cd /Users/admin/builder/spi-builder-workspace/.swiftpm/xcode
builtin-SwiftPerFileCompile MathAlpha.swift
SwiftCompile normal arm64 /Users/admin/builder/spi-builder-workspace/Sources/SwaTex/Font/MetricsData.swift (in target 'SwaTex' from project 'SwaTex')
cd /Users/admin/builder/spi-builder-workspace/.swiftpm/xcode
builtin-SwiftPerFileCompile MetricsData.swift
SwiftCompile normal arm64 /Users/admin/builder/spi-builder-workspace/Sources/SwaTex/Font/Symbols.swift (in target 'SwaTex' from project 'SwaTex')
cd /Users/admin/builder/spi-builder-workspace/.swiftpm/xcode
builtin-SwiftPerFileCompile Symbols.swift
SwiftCompile normal arm64 /Users/admin/builder/spi-builder-workspace/Sources/SwaTex/Font/SymbolsData.swift (in target 'SwaTex' from project 'SwaTex')
cd /Users/admin/builder/spi-builder-workspace/.swiftpm/xcode
builtin-SwiftPerFileCompile SymbolsData.swift
SwiftCompile normal arm64 /Users/admin/builder/spi-builder-workspace/Sources/SwaTex/FormulaCache.swift (in target 'SwaTex' from project 'SwaTex')
cd /Users/admin/builder/spi-builder-workspace/.swiftpm/xcode
builtin-SwiftPerFileCompile FormulaCache.swift
SwiftCompile normal arm64 /Users/admin/builder/spi-builder-workspace/Sources/SwaTex/Layout/Engine.swift (in target 'SwaTex' from project 'SwaTex')
cd /Users/admin/builder/spi-builder-workspace/.swiftpm/xcode
builtin-SwiftPerFileCompile Engine.swift
SwiftCompile normal arm64 /Users/admin/builder/spi-builder-workspace/Sources/SwaTex/Layout/EngineAccent.swift (in target 'SwaTex' from project 'SwaTex')
cd /Users/admin/builder/spi-builder-workspace/.swiftpm/xcode
builtin-SwiftPerFileCompile EngineAccent.swift
SwiftCompile normal arm64 /Users/admin/builder/spi-builder-workspace/Sources/SwaTex/Layout/EngineArrays.swift (in target 'SwaTex' from project 'SwaTex')
cd /Users/admin/builder/spi-builder-workspace/.swiftpm/xcode
builtin-SwiftPerFileCompile EngineArrays.swift
SwiftDriverJobDiscovery normal arm64 Compiling Pmb.swift, RaiseBox.swift, Relax.swift, Rule.swift, Sizing.swift, SpacingCmd.swift, Sqrt.swift, Styling.swift, SymbolsCmd.swift (in target 'SwaTex' from project 'SwaTex')
SwiftDriverJobDiscovery normal arm64 Compiling Lap.swift, LeftRight.swift, Math.swift, MathChoice.swift, Mclass.swift, NoNumber.swift, Op.swift, OperatorName.swift, Overline.swift, Phantom.swift (in target 'SwaTex' from project 'SwaTex')
SwiftDriverJobDiscovery normal arm64 Compiling DelimSizing.swift, Enclose.swift, Environment.swift, Font.swift, Genfrac.swift, HBoxCmd.swift, HorizBrace.swift, Href.swift, HtmlMathML.swift, Kern.swift (in target 'SwaTex' from project 'SwaTex')
SwiftDriverJobDiscovery normal arm64 Compiling Environments.swift, FirstByteSet.swift, FunctionRegistry.swift, Accent.swift, Arrow.swift, Bussproofs.swift, CharCmd.swift, ColorCmd.swift, Cr.swift, Def.swift (in target 'SwaTex' from project 'SwaTex')
SwiftDriverJobDiscovery normal arm64 Compiling LayoutBox.swift, LayoutOptions.swift, Spacing.swift, StackedDelim.swift, Surd.swift, ToDisplay.swift, VBox.swift, Lexer.swift, Token.swift, BuiltinMacros.swift (in target 'SwaTex' from project 'SwaTex')
SwiftDriverJobDiscovery normal arm64 Compiling EngineCDProof.swift, EngineDelims.swift, EngineMisc.swift, EngineOps.swift, EngineScripts.swift, EngineSymbols.swift, EngineTextStyles.swift, HBox.swift, KaTeXSvg.swift, KaTeXSvgData.swift (in target 'SwaTex' from project 'SwaTex')
SwiftDriverJobDiscovery normal arm64 Compiling Tag.swift, Text.swift, VCenter.swift, Verb.swift, MacroExpander.swift, MhChem.swift, MhChemActions.swift, MhChemData.swift, MhChemDataJSON.swift (in target 'SwaTex' from project 'SwaTex')
SwiftDriverJobDiscovery normal arm64 Compiling UnicodeSupSub.swift, SVGRenderer.swift, SVGStandalone.swift, SwaTexFacade.swift, Color.swift, DisplayItem.swift, MathStyle.swift, PathCommand.swift, UnicodeScript.swift (in target 'SwaTex' from project 'SwaTex')
SwiftDriverJobDiscovery normal arm64 Compiling MhChemEngine.swift, MhChemHandMatchers.swift, MhChemPatterns.swift, MhChemRegex.swift, MhChemTexify.swift, ParseError.swift, ParseNode.swift, Parser.swift, StackGuard.swift (in target 'SwaTex' from project 'SwaTex')
SwiftDriverJobDiscovery normal arm64 Emitting module for SwaTex (in target 'SwaTex' from project 'SwaTex')
SwiftDriver\ Compilation\ Requirements SwaTex normal arm64 com.apple.xcode.tools.swift.compiler (in target 'SwaTex' from project 'SwaTex')
cd /Users/admin/builder/spi-builder-workspace/.swiftpm/xcode
builtin-Swift-Compilation-Requirements -- /Applications/Xcode-27.0.0-Release.Candidate.app/Contents/Developer/Toolchains/XcodeDefault.xctoolchain/usr/bin/swiftc -parse-as-library -module-name SwaTex -Onone @/Users/admin/builder/spi-builder-workspace/.derivedData/Build/Intermediates.noindex/SwaTex.build/Debug-appletvos/SwaTex-t.build/Objects-normal/arm64/SwaTex.SwiftFileList -DSWIFT_PACKAGE -DDEBUG -DSWIFT_MODULE_RESOURCE_BUNDLE_UNAVAILABLE -DXcode -plugin-path /Applications/Xcode-27.0.0-Release.Candidate.app/Contents/Developer/Toolchains/XcodeDefault.xctoolchain/usr/lib/swift/host/plugins/testing -enable-experimental-feature DebugDescriptionMacro -sdk /Applications/Xcode-27.0.0-Release.Candidate.app/Contents/Developer/Platforms/AppleTVOS.platform/Developer/SDKs/AppleTVOS27.0.sdk -target arm64-apple-tvos18.0 -g -module-cache-path /Users/admin/builder/spi-builder-workspace/.derivedData/ModuleCache.noindex -Xfrontend -serialize-debugging-options -profile-coverage-mapping -profile-generate -enable-testing -index-store-path /Users/admin/builder/spi-builder-workspace/.derivedData/Index.noindex/DataStore -Xcc -D_LIBCPP_HARDENING_MODE\=_LIBCPP_HARDENING_MODE_DEBUG -swift-version 6 -I /Users/admin/builder/spi-builder-workspace/.derivedData/Build/Products/Debug-appletvos -Isystem /Applications/Xcode-27.0.0-Release.Candidate.app/Contents/Developer/Platforms/AppleTVOS.platform/Developer/usr/lib -F /Users/admin/builder/spi-builder-workspace/.derivedData/Build/Products/Debug-appletvos -F /Applications/Xcode-27.0.0-Release.Candidate.app/Contents/Developer/Platforms/AppleTVOS.platform/Developer/Library/Frameworks -F /Applications/Xcode-27.0.0-Release.Candidate.app/Contents/Developer/Platforms/AppleTVOS.platform/Developer/SDKs/AppleTVOS27.0.sdk/Developer/Library/Frameworks -c -j10 -enable-batch-mode -incremental -Xcc -ivfsstatcache -Xcc /Users/admin/builder/spi-builder-workspace/.derivedData/SDKStatCaches.noindex/appletvos27.0-24J360-e829b21a6f8c9b70876ba0858053c044b32bfd8d43560033f8d89884cdb90028.sdkstatcache -output-file-map /Users/admin/builder/spi-builder-workspace/.derivedData/Build/Intermediates.noindex/SwaTex.build/Debug-appletvos/SwaTex-t.build/Objects-normal/arm64/SwaTex-OutputFileMap.json -save-temps -no-color-diagnostics -explicit-module-build -module-cache-path /Users/admin/builder/spi-builder-workspace/.derivedData/Build/Intermediates.noindex/SwiftExplicitPrecompiledModules -clang-scanner-module-cache-path /Users/admin/builder/spi-builder-workspace/.derivedData/ModuleCache.noindex -sdk-module-cache-path /Users/admin/builder/spi-builder-workspace/.derivedData/SDKExplicitPrecompiledModules -emit-dependencies -emit-module -emit-module-path /Users/admin/builder/spi-builder-workspace/.derivedData/Build/Intermediates.noindex/SwaTex.build/Debug-appletvos/SwaTex-t.build/Objects-normal/arm64/SwaTex.swiftmodule -serialize-diagnostics -dependency-scan-serialize-diagnostics-path /Users/admin/builder/spi-builder-workspace/.derivedData/Build/Intermediates.noindex/SwaTex.build/Debug-appletvos/SwaTex-t.build/Objects-normal/arm64/SwaTex-dependency-scan.dia -validate-clang-modules-once -clang-build-session-file /Users/admin/builder/spi-builder-workspace/.derivedData/ModuleCache.noindex/Session.modulevalidation -Xcc -fmodules-prune-interval\=86400 -Xcc -fmodules-prune-after\=345600 -package-name spi_builder_workspace -emit-const-values -const-gather-protocols-list /Users/admin/builder/spi-builder-workspace/.derivedData/Build/Intermediates.noindex/SwaTex.build/Debug-appletvos/SwaTex-t.build/Objects-normal/arm64/SwaTex_const_extract_protocols.json -Xcc -I/Users/admin/builder/spi-builder-workspace/.derivedData/Build/Products/Debug-appletvos/include -Xcc -I/Users/admin/builder/spi-builder-workspace/.derivedData/Build/Intermediates.noindex/SwaTex.build/Debug-appletvos/SwaTex-t.build/DerivedSources-normal/arm64 -Xcc -I/Users/admin/builder/spi-builder-workspace/.derivedData/Build/Intermediates.noindex/SwaTex.build/Debug-appletvos/SwaTex-t.build/DerivedSources/arm64 -Xcc -I/Users/admin/builder/spi-builder-workspace/.derivedData/Build/Intermediates.noindex/SwaTex.build/Debug-appletvos/SwaTex-t.build/DerivedSources -Xcc -DSWIFT_PACKAGE -Xcc -DDEBUG\=1 -emit-objc-header -emit-objc-header-path /Users/admin/builder/spi-builder-workspace/.derivedData/Build/Intermediates.noindex/SwaTex.build/Debug-appletvos/SwaTex-t.build/Objects-normal/arm64/SwaTex-Swift.h -working-directory /Users/admin/builder/spi-builder-workspace/.swiftpm/xcode -experimental-emit-module-separately -disable-cmo
SwiftMergeGeneratedHeaders /Users/admin/builder/spi-builder-workspace/.derivedData/Build/Intermediates.noindex/GeneratedModuleMaps-appletvos/SwaTex-Swift.h /Users/admin/builder/spi-builder-workspace/.derivedData/Build/Intermediates.noindex/SwaTex.build/Debug-appletvos/SwaTex-t.build/Objects-normal/arm64/SwaTex-Swift.h (in target 'SwaTex' from project 'SwaTex')
cd /Users/admin/builder/spi-builder-workspace
builtin-swiftHeaderTool -arch arm64 /Users/admin/builder/spi-builder-workspace/.derivedData/Build/Intermediates.noindex/SwaTex.build/Debug-appletvos/SwaTex-t.build/Objects-normal/arm64/SwaTex-Swift.h -o /Users/admin/builder/spi-builder-workspace/.derivedData/Build/Intermediates.noindex/GeneratedModuleMaps-appletvos/SwaTex-Swift.h
Copy /Users/admin/builder/spi-builder-workspace/.derivedData/Build/Products/Debug-appletvos/SwaTex.swiftmodule/arm64-apple-tvos.swiftdoc /Users/admin/builder/spi-builder-workspace/.derivedData/Build/Intermediates.noindex/SwaTex.build/Debug-appletvos/SwaTex-t.build/Objects-normal/arm64/SwaTex.swiftdoc (in target 'SwaTex' from project 'SwaTex')
cd /Users/admin/builder/spi-builder-workspace
builtin-copy -exclude .DS_Store -exclude CVS -exclude .svn -exclude .git -exclude .hg -resolve-src-symlinks -rename /Users/admin/builder/spi-builder-workspace/.derivedData/Build/Intermediates.noindex/SwaTex.build/Debug-appletvos/SwaTex-t.build/Objects-normal/arm64/SwaTex.swiftdoc /Users/admin/builder/spi-builder-workspace/.derivedData/Build/Products/Debug-appletvos/SwaTex.swiftmodule/arm64-apple-tvos.swiftdoc
Copy /Users/admin/builder/spi-builder-workspace/.derivedData/Build/Products/Debug-appletvos/SwaTex.swiftmodule/arm64-apple-tvos.abi.json /Users/admin/builder/spi-builder-workspace/.derivedData/Build/Intermediates.noindex/SwaTex.build/Debug-appletvos/SwaTex-t.build/Objects-normal/arm64/SwaTex.abi.json (in target 'SwaTex' from project 'SwaTex')
cd /Users/admin/builder/spi-builder-workspace
builtin-copy -exclude .DS_Store -exclude CVS -exclude .svn -exclude .git -exclude .hg -resolve-src-symlinks -rename /Users/admin/builder/spi-builder-workspace/.derivedData/Build/Intermediates.noindex/SwaTex.build/Debug-appletvos/SwaTex-t.build/Objects-normal/arm64/SwaTex.abi.json /Users/admin/builder/spi-builder-workspace/.derivedData/Build/Products/Debug-appletvos/SwaTex.swiftmodule/arm64-apple-tvos.abi.json
Copy /Users/admin/builder/spi-builder-workspace/.derivedData/Build/Products/Debug-appletvos/SwaTex.swiftmodule/arm64-apple-tvos.swiftmodule /Users/admin/builder/spi-builder-workspace/.derivedData/Build/Intermediates.noindex/SwaTex.build/Debug-appletvos/SwaTex-t.build/Objects-normal/arm64/SwaTex.swiftmodule (in target 'SwaTex' from project 'SwaTex')
cd /Users/admin/builder/spi-builder-workspace
builtin-copy -exclude .DS_Store -exclude CVS -exclude .svn -exclude .git -exclude .hg -resolve-src-symlinks -rename /Users/admin/builder/spi-builder-workspace/.derivedData/Build/Intermediates.noindex/SwaTex.build/Debug-appletvos/SwaTex-t.build/Objects-normal/arm64/SwaTex.swiftmodule /Users/admin/builder/spi-builder-workspace/.derivedData/Build/Products/Debug-appletvos/SwaTex.swiftmodule/arm64-apple-tvos.swiftmodule
Copy /Users/admin/builder/spi-builder-workspace/.derivedData/Build/Products/Debug-appletvos/SwaTex.swiftmodule/Project/arm64-apple-tvos.swiftsourceinfo /Users/admin/builder/spi-builder-workspace/.derivedData/Build/Intermediates.noindex/SwaTex.build/Debug-appletvos/SwaTex-t.build/Objects-normal/arm64/SwaTex.swiftsourceinfo (in target 'SwaTex' from project 'SwaTex')
cd /Users/admin/builder/spi-builder-workspace
builtin-copy -exclude .DS_Store -exclude CVS -exclude .svn -exclude .git -exclude .hg -resolve-src-symlinks -rename /Users/admin/builder/spi-builder-workspace/.derivedData/Build/Intermediates.noindex/SwaTex.build/Debug-appletvos/SwaTex-t.build/Objects-normal/arm64/SwaTex.swiftsourceinfo /Users/admin/builder/spi-builder-workspace/.derivedData/Build/Products/Debug-appletvos/SwaTex.swiftmodule/Project/arm64-apple-tvos.swiftsourceinfo
SwiftDriver SwaTexRender normal arm64 com.apple.xcode.tools.swift.compiler (in target 'SwaTexRender' from project 'SwaTex')
cd /Users/admin/builder/spi-builder-workspace/.swiftpm/xcode
builtin-SwiftDriver -- /Applications/Xcode-27.0.0-Release.Candidate.app/Contents/Developer/Toolchains/XcodeDefault.xctoolchain/usr/bin/swiftc -parse-as-library -module-name SwaTexRender -Onone @/Users/admin/builder/spi-builder-workspace/.derivedData/Build/Intermediates.noindex/SwaTex.build/Debug-appletvos/SwaTexRender-t.build/Objects-normal/arm64/SwaTexRender.SwiftFileList -DSWIFT_PACKAGE -DDEBUG -DSWIFT_MODULE_RESOURCE_BUNDLE_AVAILABLE -DXcode -plugin-path /Applications/Xcode-27.0.0-Release.Candidate.app/Contents/Developer/Toolchains/XcodeDefault.xctoolchain/usr/lib/swift/host/plugins/testing -enable-experimental-feature DebugDescriptionMacro -sdk /Applications/Xcode-27.0.0-Release.Candidate.app/Contents/Developer/Platforms/AppleTVOS.platform/Developer/SDKs/AppleTVOS27.0.sdk -target arm64-apple-tvos18.0 -g -module-cache-path /Users/admin/builder/spi-builder-workspace/.derivedData/ModuleCache.noindex -Xfrontend -serialize-debugging-options -profile-coverage-mapping -profile-generate -enable-testing -index-store-path /Users/admin/builder/spi-builder-workspace/.derivedData/Index.noindex/DataStore -Xcc -D_LIBCPP_HARDENING_MODE\=_LIBCPP_HARDENING_MODE_DEBUG -swift-version 6 -I /Users/admin/builder/spi-builder-workspace/.derivedData/Build/Products/Debug-appletvos -Isystem /Applications/Xcode-27.0.0-Release.Candidate.app/Contents/Developer/Platforms/AppleTVOS.platform/Developer/usr/lib -F /Users/admin/builder/spi-builder-workspace/.derivedData/Build/Products/Debug-appletvos/PackageFrameworks -F /Users/admin/builder/spi-builder-workspace/.derivedData/Build/Products/Debug-appletvos -F /Applications/Xcode-27.0.0-Release.Candidate.app/Contents/Developer/Platforms/AppleTVOS.platform/Developer/Library/Frameworks -F /Applications/Xcode-27.0.0-Release.Candidate.app/Contents/Developer/Platforms/AppleTVOS.platform/Developer/SDKs/AppleTVOS27.0.sdk/Developer/Library/Frameworks -c -j10 -enable-batch-mode -incremental -Xcc -ivfsstatcache -Xcc /Users/admin/builder/spi-builder-workspace/.derivedData/SDKStatCaches.noindex/appletvos27.0-24J360-e829b21a6f8c9b70876ba0858053c044b32bfd8d43560033f8d89884cdb90028.sdkstatcache -output-file-map /Users/admin/builder/spi-builder-workspace/.derivedData/Build/Intermediates.noindex/SwaTex.build/Debug-appletvos/SwaTexRender-t.build/Objects-normal/arm64/SwaTexRender-OutputFileMap.json -save-temps -no-color-diagnostics -explicit-module-build -module-cache-path /Users/admin/builder/spi-builder-workspace/.derivedData/Build/Intermediates.noindex/SwiftExplicitPrecompiledModules -clang-scanner-module-cache-path /Users/admin/builder/spi-builder-workspace/.derivedData/ModuleCache.noindex -sdk-module-cache-path /Users/admin/builder/spi-builder-workspace/.derivedData/SDKExplicitPrecompiledModules -emit-dependencies -emit-module -emit-module-path /Users/admin/builder/spi-builder-workspace/.derivedData/Build/Intermediates.noindex/SwaTex.build/Debug-appletvos/SwaTexRender-t.build/Objects-normal/arm64/SwaTexRender.swiftmodule -serialize-diagnostics -dependency-scan-serialize-diagnostics-path /Users/admin/builder/spi-builder-workspace/.derivedData/Build/Intermediates.noindex/SwaTex.build/Debug-appletvos/SwaTexRender-t.build/Objects-normal/arm64/SwaTexRender-dependency-scan.dia -validate-clang-modules-once -clang-build-session-file /Users/admin/builder/spi-builder-workspace/.derivedData/ModuleCache.noindex/Session.modulevalidation -Xcc -fmodules-prune-interval\=86400 -Xcc -fmodules-prune-after\=345600 -package-name spi_builder_workspace -emit-const-values -const-gather-protocols-list /Users/admin/builder/spi-builder-workspace/.derivedData/Build/Intermediates.noindex/SwaTex.build/Debug-appletvos/SwaTexRender-t.build/Objects-normal/arm64/SwaTexRender_const_extract_protocols.json -Xcc -I/Users/admin/builder/spi-builder-workspace/.derivedData/Build/Products/Debug-appletvos/include -Xcc -I/Users/admin/builder/spi-builder-workspace/.derivedData/Build/Intermediates.noindex/SwaTex.build/Debug-appletvos/SwaTexRender-t.build/DerivedSources-normal/arm64 -Xcc -I/Users/admin/builder/spi-builder-workspace/.derivedData/Build/Intermediates.noindex/SwaTex.build/Debug-appletvos/SwaTexRender-t.build/DerivedSources/arm64 -Xcc -I/Users/admin/builder/spi-builder-workspace/.derivedData/Build/Intermediates.noindex/SwaTex.build/Debug-appletvos/SwaTexRender-t.build/DerivedSources -Xcc -DSWIFT_PACKAGE -Xcc -DDEBUG\=1 -emit-objc-header -emit-objc-header-path /Users/admin/builder/spi-builder-workspace/.derivedData/Build/Intermediates.noindex/SwaTex.build/Debug-appletvos/SwaTexRender-t.build/Objects-normal/arm64/SwaTexRender-Swift.h -working-directory /Users/admin/builder/spi-builder-workspace/.swiftpm/xcode -experimental-emit-module-separately -disable-cmo
SwiftDriver LayoutDump normal arm64 com.apple.xcode.tools.swift.compiler (in target 'LayoutDump-product' from project 'SwaTex')
cd /Users/admin/builder/spi-builder-workspace/.swiftpm/xcode
builtin-SwiftDriver -- /Applications/Xcode-27.0.0-Release.Candidate.app/Contents/Developer/Toolchains/XcodeDefault.xctoolchain/usr/bin/swiftc -module-name LayoutDump -Onone @/Users/admin/builder/spi-builder-workspace/.derivedData/Build/Intermediates.noindex/SwaTex.build/Debug-appletvos/LayoutDump-p.build/Objects-normal/arm64/LayoutDump.SwiftFileList -DSWIFT_PACKAGE -DDEBUG -DXcode -plugin-path /Applications/Xcode-27.0.0-Release.Candidate.app/Contents/Developer/Toolchains/XcodeDefault.xctoolchain/usr/lib/swift/host/plugins/testing -enable-experimental-feature DebugDescriptionMacro -sdk /Applications/Xcode-27.0.0-Release.Candidate.app/Contents/Developer/Platforms/AppleTVOS.platform/Developer/SDKs/AppleTVOS27.0.sdk -target arm64-apple-tvos18.0 -g -module-cache-path /Users/admin/builder/spi-builder-workspace/.derivedData/ModuleCache.noindex -Xfrontend -serialize-debugging-options -profile-coverage-mapping -profile-generate -enable-testing -index-store-path /Users/admin/builder/spi-builder-workspace/.derivedData/Index.noindex/DataStore -Xcc -D_LIBCPP_HARDENING_MODE\=_LIBCPP_HARDENING_MODE_DEBUG -swift-version 6 -I /Users/admin/builder/spi-builder-workspace/.derivedData/Build/Products/Debug-appletvos -Isystem /Applications/Xcode-27.0.0-Release.Candidate.app/Contents/Developer/Platforms/AppleTVOS.platform/Developer/usr/lib -F /Users/admin/builder/spi-builder-workspace/.derivedData/Build/Products/Debug-appletvos/PackageFrameworks -F /Users/admin/builder/spi-builder-workspace/.derivedData/Build/Products/Debug-appletvos -F /Applications/Xcode-27.0.0-Release.Candidate.app/Contents/Developer/Platforms/AppleTVOS.platform/Developer/Library/Frameworks -F /Applications/Xcode-27.0.0-Release.Candidate.app/Contents/Developer/Platforms/AppleTVOS.platform/Developer/SDKs/AppleTVOS27.0.sdk/Developer/Library/Frameworks -c -j10 -enable-batch-mode -incremental -Xcc -ivfsstatcache -Xcc /Users/admin/builder/spi-builder-workspace/.derivedData/SDKStatCaches.noindex/appletvos27.0-24J360-e829b21a6f8c9b70876ba0858053c044b32bfd8d43560033f8d89884cdb90028.sdkstatcache -output-file-map /Users/admin/builder/spi-builder-workspace/.derivedData/Build/Intermediates.noindex/SwaTex.build/Debug-appletvos/LayoutDump-p.build/Objects-normal/arm64/LayoutDump-OutputFileMap.json -save-temps -no-color-diagnostics -explicit-module-build -module-cache-path /Users/admin/builder/spi-builder-workspace/.derivedData/Build/Intermediates.noindex/SwiftExplicitPrecompiledModules -clang-scanner-module-cache-path /Users/admin/builder/spi-builder-workspace/.derivedData/ModuleCache.noindex -sdk-module-cache-path /Users/admin/builder/spi-builder-workspace/.derivedData/SDKExplicitPrecompiledModules -emit-dependencies -emit-module -emit-module-path /Users/admin/builder/spi-builder-workspace/.derivedData/Build/Intermediates.noindex/SwaTex.build/Debug-appletvos/LayoutDump-p.build/Objects-normal/arm64/LayoutDump.swiftmodule -serialize-diagnostics -dependency-scan-serialize-diagnostics-path /Users/admin/builder/spi-builder-workspace/.derivedData/Build/Intermediates.noindex/SwaTex.build/Debug-appletvos/LayoutDump-p.build/Objects-normal/arm64/LayoutDump-dependency-scan.dia -validate-clang-modules-once -clang-build-session-file /Users/admin/builder/spi-builder-workspace/.derivedData/ModuleCache.noindex/Session.modulevalidation -Xcc -fmodules-prune-interval\=86400 -Xcc -fmodules-prune-after\=345600 -package-name spi_builder_workspace -emit-const-values -const-gather-protocols-list /Users/admin/builder/spi-builder-workspace/.derivedData/Build/Intermediates.noindex/SwaTex.build/Debug-appletvos/LayoutDump-p.build/Objects-normal/arm64/LayoutDump_const_extract_protocols.json -Xcc -I/Users/admin/builder/spi-builder-workspace/.derivedData/Build/Products/Debug-appletvos/include -Xcc -I/Users/admin/builder/spi-builder-workspace/.derivedData/Build/Intermediates.noindex/SwaTex.build/Debug-appletvos/LayoutDump-p.build/DerivedSources-normal/arm64 -Xcc -I/Users/admin/builder/spi-builder-workspace/.derivedData/Build/Intermediates.noindex/SwaTex.build/Debug-appletvos/LayoutDump-p.build/DerivedSources/arm64 -Xcc -I/Users/admin/builder/spi-builder-workspace/.derivedData/Build/Intermediates.noindex/SwaTex.build/Debug-appletvos/LayoutDump-p.build/DerivedSources -Xcc -DSWIFT_PACKAGE -Xcc -DDEBUG\=1 -working-directory /Users/admin/builder/spi-builder-workspace/.swiftpm/xcode -experimental-emit-module-separately -disable-cmo
SwiftEmitModule normal arm64 Emitting\ module\ for\ LayoutDump (in target 'LayoutDump-product' from project 'SwaTex')
SwiftCompile normal arm64 (in target 'LayoutDump-product' from project 'SwaTex')
cd /Users/admin/builder/spi-builder-workspace/.swiftpm/xcode
SwiftCompile normal arm64 Compiling\ main.swift /Users/admin/builder/spi-builder-workspace/Sources/LayoutDump/main.swift (in target 'LayoutDump-product' from project 'SwaTex')
SwiftCompile normal arm64 /Users/admin/builder/spi-builder-workspace/Sources/LayoutDump/main.swift (in target 'LayoutDump-product' from project 'SwaTex')
cd /Users/admin/builder/spi-builder-workspace/.swiftpm/xcode
builtin-SwiftPerFileCompile main.swift
SwiftDriverJobDiscovery normal arm64 Emitting module for LayoutDump (in target 'LayoutDump-product' from project 'SwaTex')
SwiftDriver\ Compilation\ Requirements LayoutDump normal arm64 com.apple.xcode.tools.swift.compiler (in target 'LayoutDump-product' from project 'SwaTex')
cd /Users/admin/builder/spi-builder-workspace/.swiftpm/xcode
builtin-Swift-Compilation-Requirements -- /Applications/Xcode-27.0.0-Release.Candidate.app/Contents/Developer/Toolchains/XcodeDefault.xctoolchain/usr/bin/swiftc -module-name LayoutDump -Onone @/Users/admin/builder/spi-builder-workspace/.derivedData/Build/Intermediates.noindex/SwaTex.build/Debug-appletvos/LayoutDump-p.build/Objects-normal/arm64/LayoutDump.SwiftFileList -DSWIFT_PACKAGE -DDEBUG -DXcode -plugin-path /Applications/Xcode-27.0.0-Release.Candidate.app/Contents/Developer/Toolchains/XcodeDefault.xctoolchain/usr/lib/swift/host/plugins/testing -enable-experimental-feature DebugDescriptionMacro -sdk /Applications/Xcode-27.0.0-Release.Candidate.app/Contents/Developer/Platforms/AppleTVOS.platform/Developer/SDKs/AppleTVOS27.0.sdk -target arm64-apple-tvos18.0 -g -module-cache-path /Users/admin/builder/spi-builder-workspace/.derivedData/ModuleCache.noindex -Xfrontend -serialize-debugging-options -profile-coverage-mapping -profile-generate -enable-testing -index-store-path /Users/admin/builder/spi-builder-workspace/.derivedData/Index.noindex/DataStore -Xcc -D_LIBCPP_HARDENING_MODE\=_LIBCPP_HARDENING_MODE_DEBUG -swift-version 6 -I /Users/admin/builder/spi-builder-workspace/.derivedData/Build/Products/Debug-appletvos -Isystem /Applications/Xcode-27.0.0-Release.Candidate.app/Contents/Developer/Platforms/AppleTVOS.platform/Developer/usr/lib -F /Users/admin/builder/spi-builder-workspace/.derivedData/Build/Products/Debug-appletvos/PackageFrameworks -F /Users/admin/builder/spi-builder-workspace/.derivedData/Build/Products/Debug-appletvos -F /Applications/Xcode-27.0.0-Release.Candidate.app/Contents/Developer/Platforms/AppleTVOS.platform/Developer/Library/Frameworks -F /Applications/Xcode-27.0.0-Release.Candidate.app/Contents/Developer/Platforms/AppleTVOS.platform/Developer/SDKs/AppleTVOS27.0.sdk/Developer/Library/Frameworks -c -j10 -enable-batch-mode -incremental -Xcc -ivfsstatcache -Xcc /Users/admin/builder/spi-builder-workspace/.derivedData/SDKStatCaches.noindex/appletvos27.0-24J360-e829b21a6f8c9b70876ba0858053c044b32bfd8d43560033f8d89884cdb90028.sdkstatcache -output-file-map /Users/admin/builder/spi-builder-workspace/.derivedData/Build/Intermediates.noindex/SwaTex.build/Debug-appletvos/LayoutDump-p.build/Objects-normal/arm64/LayoutDump-OutputFileMap.json -save-temps -no-color-diagnostics -explicit-module-build -module-cache-path /Users/admin/builder/spi-builder-workspace/.derivedData/Build/Intermediates.noindex/SwiftExplicitPrecompiledModules -clang-scanner-module-cache-path /Users/admin/builder/spi-builder-workspace/.derivedData/ModuleCache.noindex -sdk-module-cache-path /Users/admin/builder/spi-builder-workspace/.derivedData/SDKExplicitPrecompiledModules -emit-dependencies -emit-module -emit-module-path /Users/admin/builder/spi-builder-workspace/.derivedData/Build/Intermediates.noindex/SwaTex.build/Debug-appletvos/LayoutDump-p.build/Objects-normal/arm64/LayoutDump.swiftmodule -serialize-diagnostics -dependency-scan-serialize-diagnostics-path /Users/admin/builder/spi-builder-workspace/.derivedData/Build/Intermediates.noindex/SwaTex.build/Debug-appletvos/LayoutDump-p.build/Objects-normal/arm64/LayoutDump-dependency-scan.dia -validate-clang-modules-once -clang-build-session-file /Users/admin/builder/spi-builder-workspace/.derivedData/ModuleCache.noindex/Session.modulevalidation -Xcc -fmodules-prune-interval\=86400 -Xcc -fmodules-prune-after\=345600 -package-name spi_builder_workspace -emit-const-values -const-gather-protocols-list /Users/admin/builder/spi-builder-workspace/.derivedData/Build/Intermediates.noindex/SwaTex.build/Debug-appletvos/LayoutDump-p.build/Objects-normal/arm64/LayoutDump_const_extract_protocols.json -Xcc -I/Users/admin/builder/spi-builder-workspace/.derivedData/Build/Products/Debug-appletvos/include -Xcc -I/Users/admin/builder/spi-builder-workspace/.derivedData/Build/Intermediates.noindex/SwaTex.build/Debug-appletvos/LayoutDump-p.build/DerivedSources-normal/arm64 -Xcc -I/Users/admin/builder/spi-builder-workspace/.derivedData/Build/Intermediates.noindex/SwaTex.build/Debug-appletvos/LayoutDump-p.build/DerivedSources/arm64 -Xcc -I/Users/admin/builder/spi-builder-workspace/.derivedData/Build/Intermediates.noindex/SwaTex.build/Debug-appletvos/LayoutDump-p.build/DerivedSources -Xcc -DSWIFT_PACKAGE -Xcc -DDEBUG\=1 -working-directory /Users/admin/builder/spi-builder-workspace/.swiftpm/xcode -experimental-emit-module-separately -disable-cmo
SwiftDriverJobDiscovery normal arm64 Compiling main.swift (in target 'LayoutDump-product' from project 'SwaTex')
SwiftDriver\ Compilation LayoutDump normal arm64 com.apple.xcode.tools.swift.compiler (in target 'LayoutDump-product' from project 'SwaTex')
cd /Users/admin/builder/spi-builder-workspace/.swiftpm/xcode
builtin-Swift-Compilation -- /Applications/Xcode-27.0.0-Release.Candidate.app/Contents/Developer/Toolchains/XcodeDefault.xctoolchain/usr/bin/swiftc -module-name LayoutDump -Onone @/Users/admin/builder/spi-builder-workspace/.derivedData/Build/Intermediates.noindex/SwaTex.build/Debug-appletvos/LayoutDump-p.build/Objects-normal/arm64/LayoutDump.SwiftFileList -DSWIFT_PACKAGE -DDEBUG -DXcode -plugin-path /Applications/Xcode-27.0.0-Release.Candidate.app/Contents/Developer/Toolchains/XcodeDefault.xctoolchain/usr/lib/swift/host/plugins/testing -enable-experimental-feature DebugDescriptionMacro -sdk /Applications/Xcode-27.0.0-Release.Candidate.app/Contents/Developer/Platforms/AppleTVOS.platform/Developer/SDKs/AppleTVOS27.0.sdk -target arm64-apple-tvos18.0 -g -module-cache-path /Users/admin/builder/spi-builder-workspace/.derivedData/ModuleCache.noindex -Xfrontend -serialize-debugging-options -profile-coverage-mapping -profile-generate -enable-testing -index-store-path /Users/admin/builder/spi-builder-workspace/.derivedData/Index.noindex/DataStore -Xcc -D_LIBCPP_HARDENING_MODE\=_LIBCPP_HARDENING_MODE_DEBUG -swift-version 6 -I /Users/admin/builder/spi-builder-workspace/.derivedData/Build/Products/Debug-appletvos -Isystem /Applications/Xcode-27.0.0-Release.Candidate.app/Contents/Developer/Platforms/AppleTVOS.platform/Developer/usr/lib -F /Users/admin/builder/spi-builder-workspace/.derivedData/Build/Products/Debug-appletvos/PackageFrameworks -F /Users/admin/builder/spi-builder-workspace/.derivedData/Build/Products/Debug-appletvos -F /Applications/Xcode-27.0.0-Release.Candidate.app/Contents/Developer/Platforms/AppleTVOS.platform/Developer/Library/Frameworks -F /Applications/Xcode-27.0.0-Release.Candidate.app/Contents/Developer/Platforms/AppleTVOS.platform/Developer/SDKs/AppleTVOS27.0.sdk/Developer/Library/Frameworks -c -j10 -enable-batch-mode -incremental -Xcc -ivfsstatcache -Xcc /Users/admin/builder/spi-builder-workspace/.derivedData/SDKStatCaches.noindex/appletvos27.0-24J360-e829b21a6f8c9b70876ba0858053c044b32bfd8d43560033f8d89884cdb90028.sdkstatcache -output-file-map /Users/admin/builder/spi-builder-workspace/.derivedData/Build/Intermediates.noindex/SwaTex.build/Debug-appletvos/LayoutDump-p.build/Objects-normal/arm64/LayoutDump-OutputFileMap.json -save-temps -no-color-diagnostics -explicit-module-build -module-cache-path /Users/admin/builder/spi-builder-workspace/.derivedData/Build/Intermediates.noindex/SwiftExplicitPrecompiledModules -clang-scanner-module-cache-path /Users/admin/builder/spi-builder-workspace/.derivedData/ModuleCache.noindex -sdk-module-cache-path /Users/admin/builder/spi-builder-workspace/.derivedData/SDKExplicitPrecompiledModules -emit-dependencies -emit-module -emit-module-path /Users/admin/builder/spi-builder-workspace/.derivedData/Build/Intermediates.noindex/SwaTex.build/Debug-appletvos/LayoutDump-p.build/Objects-normal/arm64/LayoutDump.swiftmodule -serialize-diagnostics -dependency-scan-serialize-diagnostics-path /Users/admin/builder/spi-builder-workspace/.derivedData/Build/Intermediates.noindex/SwaTex.build/Debug-appletvos/LayoutDump-p.build/Objects-normal/arm64/LayoutDump-dependency-scan.dia -validate-clang-modules-once -clang-build-session-file /Users/admin/builder/spi-builder-workspace/.derivedData/ModuleCache.noindex/Session.modulevalidation -Xcc -fmodules-prune-interval\=86400 -Xcc -fmodules-prune-after\=345600 -package-name spi_builder_workspace -emit-const-values -const-gather-protocols-list /Users/admin/builder/spi-builder-workspace/.derivedData/Build/Intermediates.noindex/SwaTex.build/Debug-appletvos/LayoutDump-p.build/Objects-normal/arm64/LayoutDump_const_extract_protocols.json -Xcc -I/Users/admin/builder/spi-builder-workspace/.derivedData/Build/Products/Debug-appletvos/include -Xcc -I/Users/admin/builder/spi-builder-workspace/.derivedData/Build/Intermediates.noindex/SwaTex.build/Debug-appletvos/LayoutDump-p.build/DerivedSources-normal/arm64 -Xcc -I/Users/admin/builder/spi-builder-workspace/.derivedData/Build/Intermediates.noindex/SwaTex.build/Debug-appletvos/LayoutDump-p.build/DerivedSources/arm64 -Xcc -I/Users/admin/builder/spi-builder-workspace/.derivedData/Build/Intermediates.noindex/SwaTex.build/Debug-appletvos/LayoutDump-p.build/DerivedSources -Xcc -DSWIFT_PACKAGE -Xcc -DDEBUG\=1 -working-directory /Users/admin/builder/spi-builder-workspace/.swiftpm/xcode -experimental-emit-module-separately -disable-cmo
SwiftExplicitDependencyGeneratePcm arm64 /Users/admin/builder/spi-builder-workspace/.derivedData/SDKExplicitPrecompiledModules/CoreAudioTypes-3D575H9KXE9GWSK6ZWEWBV9TM.pcm
SwiftExplicitDependencyGeneratePcm arm64 /Users/admin/builder/spi-builder-workspace/.derivedData/SDKExplicitPrecompiledModules/UserNotifications-AKH3GC0FQWUK55FNTW4WEMFQE.pcm
SwiftExplicitDependencyGeneratePcm arm64 /Users/admin/builder/spi-builder-workspace/.derivedData/SDKExplicitPrecompiledModules/MachO-A5KLTMTLJD1DPHEYPZHUSRJ4O.pcm
SwiftExplicitDependencyGeneratePcm arm64 /Users/admin/builder/spi-builder-workspace/.derivedData/SDKExplicitPrecompiledModules/UIUtilities-9NQVCWATNLLVY125LB74695HY.pcm
SwiftExplicitDependencyGeneratePcm arm64 /Users/admin/builder/spi-builder-workspace/.derivedData/SDKExplicitPrecompiledModules/_Builtin_stdatomic-71DQV8BR56LNANL900GGEC9KO.pcm
SwiftExplicitDependencyGeneratePcm arm64 /Users/admin/builder/spi-builder-workspace/.derivedData/SDKExplicitPrecompiledModules/DeveloperToolsSupport-CJV8SY9BXJUTONPFWMLQEGTXA.pcm
SwiftExplicitDependencyGeneratePcm arm64 /Users/admin/builder/spi-builder-workspace/.derivedData/SDKExplicitPrecompiledModules/CoreTransferable-84B3V3M9DHRIQERK179SSQO5U.pcm
SwiftExplicitDependencyGeneratePcm arm64 /Users/admin/builder/spi-builder-workspace/.derivedData/SDKExplicitPrecompiledModules/Symbols-9TNA7JIKOEYVTYC7A16HCS4Z8.pcm
SwiftExplicitDependencyGeneratePcm arm64 /Users/admin/builder/spi-builder-workspace/.derivedData/SDKExplicitPrecompiledModules/_Builtin_intrinsics-AQDFY8KQQX9Z38C6EI15S53EQ.pcm
SwiftExplicitDependencyGeneratePcm arm64 /Users/admin/builder/spi-builder-workspace/.derivedData/SDKExplicitPrecompiledModules/IOSurface-DEQULTJ8SC21O986FDCNTM8FX.pcm
SwiftExplicitDependencyGeneratePcm arm64 /Users/admin/builder/spi-builder-workspace/.derivedData/SDKExplicitPrecompiledModules/CoreGraphics-D8Y0X4J52BHG7HHUQLTX6SXE1.pcm
SwiftExplicitDependencyGeneratePcm arm64 /Users/admin/builder/spi-builder-workspace/.derivedData/SDKExplicitPrecompiledModules/CoreData-3R0N6HKKQMVS32U7KOKR14383.pcm
SwiftExplicitDependencyGeneratePcm arm64 /Users/admin/builder/spi-builder-workspace/.derivedData/SDKExplicitPrecompiledModules/DataDetection-9IX0C1MAX33MS6TCZDSNKXEO8.pcm
SwiftExplicitDependencyGeneratePcm arm64 /Users/admin/builder/spi-builder-workspace/.derivedData/SDKExplicitPrecompiledModules/_Builtin_tgmath-320K271Z6IM134IWIB7S3LTD.pcm
SwiftExplicitDependencyGeneratePcm arm64 /Users/admin/builder/spi-builder-workspace/.derivedData/SDKExplicitPrecompiledModules/CoreAudio-46JNU59TK6U76A9ILN06CT9NS.pcm
SwiftExplicitDependencyGeneratePcm arm64 /Users/admin/builder/spi-builder-workspace/.derivedData/SDKExplicitPrecompiledModules/UniformTypeIdentifiers-DQ77M7R0D7VCBK0YUO3VHCRB1.pcm
SwiftExplicitDependencyGeneratePcm arm64 /Users/admin/builder/spi-builder-workspace/.derivedData/SDKExplicitPrecompiledModules/_LocationEssentials-2OY9351FRBO717MIULOKMYA9E.pcm
SwiftExplicitDependencyGeneratePcm arm64 /Users/admin/builder/spi-builder-workspace/.derivedData/SDKExplicitPrecompiledModules/os-4NLIUP5HHN7FW5ML70YLEU8QE.pcm
SwiftExplicitDependencyGeneratePcm arm64 /Users/admin/builder/spi-builder-workspace/.derivedData/SDKExplicitPrecompiledModules/OpenGLES-6Y33D4DDPO1R82EJXT1SIGNPS.pcm
SwiftExplicitDependencyGeneratePcm arm64 /Users/admin/builder/spi-builder-workspace/.derivedData/SDKExplicitPrecompiledModules/Metal-52GB3RCZ6A2WEZ7RWCXV2WL0N.pcm
SwiftExplicitDependencyGeneratePcm arm64 /Users/admin/builder/spi-builder-workspace/.derivedData/SDKExplicitPrecompiledModules/CoreLocation-6939X9DMB2SA43P0TYB7Z14Z5.pcm
SwiftExplicitDependencyGeneratePcm arm64 /Users/admin/builder/spi-builder-workspace/.derivedData/SDKExplicitPrecompiledModules/CoreText-E0GG8D3D527TJX7D2QEHFQLM2.pcm
SwiftExplicitDependencyGeneratePcm arm64 /Users/admin/builder/spi-builder-workspace/.derivedData/SDKExplicitPrecompiledModules/Accessibility-EAPB6A95K5V0S27QNKR6ATG7F.pcm
SwiftExplicitDependencyGeneratePcm arm64 /Users/admin/builder/spi-builder-workspace/.derivedData/SDKExplicitPrecompiledModules/ImageIO-48DA7ET77Q34HPZP9CPHI9VS4.pcm
SwiftExplicitDependencyGeneratePcm arm64 /Users/admin/builder/spi-builder-workspace/.derivedData/SDKExplicitPrecompiledModules/OSLog-1UX1YGRJSIOEO9YC3MNFFD818.pcm
SwiftExplicitDependencyGeneratePcm arm64 /Users/admin/builder/spi-builder-workspace/.derivedData/SDKExplicitPrecompiledModules/simd-D50CDGAQRFNF5E2BA2UWCCHLJ.pcm
SwiftExplicitDependencyGeneratePcm arm64 /Users/admin/builder/spi-builder-workspace/.derivedData/SDKExplicitPrecompiledModules/CoreVideo-5G4VAY32QMJB00PUALI6188LK.pcm
SwiftExplicitDependencyGeneratePcm arm64 /Users/admin/builder/spi-builder-workspace/.derivedData/SDKExplicitPrecompiledModules/Accelerate-4OM38ARAUSAKBIDE0QD1Z5KTS.pcm
SwiftExplicitDependencyGeneratePcm arm64 /Users/admin/builder/spi-builder-workspace/.derivedData/SDKExplicitPrecompiledModules/CoreMedia-43BPYBY7ZACBDCUTAJXJFLTBP.pcm
SwiftExplicitDependencyGeneratePcm arm64 /Users/admin/builder/spi-builder-workspace/.derivedData/SDKExplicitPrecompiledModules/QuartzCore-DSNZZA81DYNK4OK1ANRR6HM7G.pcm
SwiftExplicitDependencyGeneratePcm arm64 /Users/admin/builder/spi-builder-workspace/.derivedData/SDKExplicitPrecompiledModules/CoreImage-ATUQ374FIDJPA1DF5BLR644CG.pcm
SwiftExplicitDependencyGeneratePcm arm64 /Users/admin/builder/spi-builder-workspace/.derivedData/SDKExplicitPrecompiledModules/SwiftUICore-7SJQ9GB90ACGZV5NB09LFJIRX.pcm
SwiftExplicitDependencyGeneratePcm arm64 /Users/admin/builder/spi-builder-workspace/.derivedData/SDKExplicitPrecompiledModules/UIKit-42T2ZGON9LDZUXRIAUKELQ554.pcm
SwiftExplicitDependencyGeneratePcm arm64 /Users/admin/builder/spi-builder-workspace/.derivedData/SDKExplicitPrecompiledModules/Spatial-2KZFBWN278VTZL619Y96SAJC9.pcm
SwiftExplicitDependencyGeneratePcm arm64 /Users/admin/builder/spi-builder-workspace/.derivedData/SDKExplicitPrecompiledModules/SwiftUI-B634212FU5XQXG1OEBY2WYYH3.pcm
SwiftEmitModule normal arm64 Emitting\ module\ for\ SwaTexRender (in target 'SwaTexRender' from project 'SwaTex')
SwiftCompile normal arm64 (in target 'SwaTexRender' from project 'SwaTex')
cd /Users/admin/builder/spi-builder-workspace/.swiftpm/xcode
SwiftCompile normal arm64 Compiling\ KaTeXFontProvider.swift /Users/admin/builder/spi-builder-workspace/Sources/SwaTexRender/KaTeXFontProvider.swift (in target 'SwaTexRender' from project 'SwaTex')
SwiftCompile normal arm64 /Users/admin/builder/spi-builder-workspace/Sources/SwaTexRender/KaTeXFontProvider.swift (in target 'SwaTexRender' from project 'SwaTex')
cd /Users/admin/builder/spi-builder-workspace/.swiftpm/xcode
builtin-SwiftPerFileCompile KaTeXFontProvider.swift
SwiftCompile normal arm64 Compiling\ FastPNGEncoder.swift /Users/admin/builder/spi-builder-workspace/Sources/SwaTexRender/FastPNGEncoder.swift (in target 'SwaTexRender' from project 'SwaTex')
SwiftCompile normal arm64 /Users/admin/builder/spi-builder-workspace/Sources/SwaTexRender/FastPNGEncoder.swift (in target 'SwaTexRender' from project 'SwaTex')
cd /Users/admin/builder/spi-builder-workspace/.swiftpm/xcode
builtin-SwiftPerFileCompile FastPNGEncoder.swift
SwiftCompile normal arm64 Compiling\ resource_bundle_accessor.swift /Users/admin/builder/spi-builder-workspace/.derivedData/Build/Intermediates.noindex/SwaTex.build/Debug-appletvos/SwaTexRender-t.build/DerivedSources/resource_bundle_accessor.swift (in target 'SwaTexRender' from project 'SwaTex')
SwiftCompile normal arm64 /Users/admin/builder/spi-builder-workspace/.derivedData/Build/Intermediates.noindex/SwaTex.build/Debug-appletvos/SwaTexRender-t.build/DerivedSources/resource_bundle_accessor.swift (in target 'SwaTexRender' from project 'SwaTex')
cd /Users/admin/builder/spi-builder-workspace/.swiftpm/xcode
builtin-SwiftPerFileCompile resource_bundle_accessor.swift
SwiftCompile normal arm64 Compiling\ ImageRenderer.swift /Users/admin/builder/spi-builder-workspace/Sources/SwaTexRender/ImageRenderer.swift (in target 'SwaTexRender' from project 'SwaTex')
SwiftCompile normal arm64 /Users/admin/builder/spi-builder-workspace/Sources/SwaTexRender/ImageRenderer.swift (in target 'SwaTexRender' from project 'SwaTex')
cd /Users/admin/builder/spi-builder-workspace/.swiftpm/xcode
builtin-SwiftPerFileCompile ImageRenderer.swift
SwiftCompile normal arm64 Compiling\ SwaTexView.swift /Users/admin/builder/spi-builder-workspace/Sources/SwaTexRender/SwaTexView.swift (in target 'SwaTexRender' from project 'SwaTex')
SwiftCompile normal arm64 /Users/admin/builder/spi-builder-workspace/Sources/SwaTexRender/SwaTexView.swift (in target 'SwaTexRender' from project 'SwaTex')
cd /Users/admin/builder/spi-builder-workspace/.swiftpm/xcode
builtin-SwiftPerFileCompile SwaTexView.swift
SwiftCompile normal arm64 Compiling\ MathView.swift /Users/admin/builder/spi-builder-workspace/Sources/SwaTexRender/MathView.swift (in target 'SwaTexRender' from project 'SwaTex')
SwiftCompile normal arm64 /Users/admin/builder/spi-builder-workspace/Sources/SwaTexRender/MathView.swift (in target 'SwaTexRender' from project 'SwaTex')
cd /Users/admin/builder/spi-builder-workspace/.swiftpm/xcode
builtin-SwiftPerFileCompile MathView.swift
SwiftCompile normal arm64 Compiling\ DisplayListRenderer.swift /Users/admin/builder/spi-builder-workspace/Sources/SwaTexRender/DisplayListRenderer.swift (in target 'SwaTexRender' from project 'SwaTex')
SwiftCompile normal arm64 /Users/admin/builder/spi-builder-workspace/Sources/SwaTexRender/DisplayListRenderer.swift (in target 'SwaTexRender' from project 'SwaTex')
cd /Users/admin/builder/spi-builder-workspace/.swiftpm/xcode
builtin-SwiftPerFileCompile DisplayListRenderer.swift
SwiftDriverJobDiscovery normal arm64 Compiling resource_bundle_accessor.swift (in target 'SwaTexRender' from project 'SwaTex')
SwiftDriverJobDiscovery normal arm64 Emitting module for SwaTexRender (in target 'SwaTexRender' from project 'SwaTex')
SwiftDriver\ Compilation\ Requirements SwaTexRender normal arm64 com.apple.xcode.tools.swift.compiler (in target 'SwaTexRender' from project 'SwaTex')
cd /Users/admin/builder/spi-builder-workspace/.swiftpm/xcode
builtin-Swift-Compilation-Requirements -- /Applications/Xcode-27.0.0-Release.Candidate.app/Contents/Developer/Toolchains/XcodeDefault.xctoolchain/usr/bin/swiftc -parse-as-library -module-name SwaTexRender -Onone @/Users/admin/builder/spi-builder-workspace/.derivedData/Build/Intermediates.noindex/SwaTex.build/Debug-appletvos/SwaTexRender-t.build/Objects-normal/arm64/SwaTexRender.SwiftFileList -DSWIFT_PACKAGE -DDEBUG -DSWIFT_MODULE_RESOURCE_BUNDLE_AVAILABLE -DXcode -plugin-path /Applications/Xcode-27.0.0-Release.Candidate.app/Contents/Developer/Toolchains/XcodeDefault.xctoolchain/usr/lib/swift/host/plugins/testing -enable-experimental-feature DebugDescriptionMacro -sdk /Applications/Xcode-27.0.0-Release.Candidate.app/Contents/Developer/Platforms/AppleTVOS.platform/Developer/SDKs/AppleTVOS27.0.sdk -target arm64-apple-tvos18.0 -g -module-cache-path /Users/admin/builder/spi-builder-workspace/.derivedData/ModuleCache.noindex -Xfrontend -serialize-debugging-options -profile-coverage-mapping -profile-generate -enable-testing -index-store-path /Users/admin/builder/spi-builder-workspace/.derivedData/Index.noindex/DataStore -Xcc -D_LIBCPP_HARDENING_MODE\=_LIBCPP_HARDENING_MODE_DEBUG -swift-version 6 -I /Users/admin/builder/spi-builder-workspace/.derivedData/Build/Products/Debug-appletvos -Isystem /Applications/Xcode-27.0.0-Release.Candidate.app/Contents/Developer/Platforms/AppleTVOS.platform/Developer/usr/lib -F /Users/admin/builder/spi-builder-workspace/.derivedData/Build/Products/Debug-appletvos/PackageFrameworks -F /Users/admin/builder/spi-builder-workspace/.derivedData/Build/Products/Debug-appletvos -F /Applications/Xcode-27.0.0-Release.Candidate.app/Contents/Developer/Platforms/AppleTVOS.platform/Developer/Library/Frameworks -F /Applications/Xcode-27.0.0-Release.Candidate.app/Contents/Developer/Platforms/AppleTVOS.platform/Developer/SDKs/AppleTVOS27.0.sdk/Developer/Library/Frameworks -c -j10 -enable-batch-mode -incremental -Xcc -ivfsstatcache -Xcc /Users/admin/builder/spi-builder-workspace/.derivedData/SDKStatCaches.noindex/appletvos27.0-24J360-e829b21a6f8c9b70876ba0858053c044b32bfd8d43560033f8d89884cdb90028.sdkstatcache -output-file-map /Users/admin/builder/spi-builder-workspace/.derivedData/Build/Intermediates.noindex/SwaTex.build/Debug-appletvos/SwaTexRender-t.build/Objects-normal/arm64/SwaTexRender-OutputFileMap.json -save-temps -no-color-diagnostics -explicit-module-build -module-cache-path /Users/admin/builder/spi-builder-workspace/.derivedData/Build/Intermediates.noindex/SwiftExplicitPrecompiledModules -clang-scanner-module-cache-path /Users/admin/builder/spi-builder-workspace/.derivedData/ModuleCache.noindex -sdk-module-cache-path /Users/admin/builder/spi-builder-workspace/.derivedData/SDKExplicitPrecompiledModules -emit-dependencies -emit-module -emit-module-path /Users/admin/builder/spi-builder-workspace/.derivedData/Build/Intermediates.noindex/SwaTex.build/Debug-appletvos/SwaTexRender-t.build/Objects-normal/arm64/SwaTexRender.swiftmodule -serialize-diagnostics -dependency-scan-serialize-diagnostics-path /Users/admin/builder/spi-builder-workspace/.derivedData/Build/Intermediates.noindex/SwaTex.build/Debug-appletvos/SwaTexRender-t.build/Objects-normal/arm64/SwaTexRender-dependency-scan.dia -validate-clang-modules-once -clang-build-session-file /Users/admin/builder/spi-builder-workspace/.derivedData/ModuleCache.noindex/Session.modulevalidation -Xcc -fmodules-prune-interval\=86400 -Xcc -fmodules-prune-after\=345600 -package-name spi_builder_workspace -emit-const-values -const-gather-protocols-list /Users/admin/builder/spi-builder-workspace/.derivedData/Build/Intermediates.noindex/SwaTex.build/Debug-appletvos/SwaTexRender-t.build/Objects-normal/arm64/SwaTexRender_const_extract_protocols.json -Xcc -I/Users/admin/builder/spi-builder-workspace/.derivedData/Build/Products/Debug-appletvos/include -Xcc -I/Users/admin/builder/spi-builder-workspace/.derivedData/Build/Intermediates.noindex/SwaTex.build/Debug-appletvos/SwaTexRender-t.build/DerivedSources-normal/arm64 -Xcc -I/Users/admin/builder/spi-builder-workspace/.derivedData/Build/Intermediates.noindex/SwaTex.build/Debug-appletvos/SwaTexRender-t.build/DerivedSources/arm64 -Xcc -I/Users/admin/builder/spi-builder-workspace/.derivedData/Build/Intermediates.noindex/SwaTex.build/Debug-appletvos/SwaTexRender-t.build/DerivedSources -Xcc -DSWIFT_PACKAGE -Xcc -DDEBUG\=1 -emit-objc-header -emit-objc-header-path /Users/admin/builder/spi-builder-workspace/.derivedData/Build/Intermediates.noindex/SwaTex.build/Debug-appletvos/SwaTexRender-t.build/Objects-normal/arm64/SwaTexRender-Swift.h -working-directory /Users/admin/builder/spi-builder-workspace/.swiftpm/xcode -experimental-emit-module-separately -disable-cmo
SwiftMergeGeneratedHeaders /Users/admin/builder/spi-builder-workspace/.derivedData/Build/Intermediates.noindex/GeneratedModuleMaps-appletvos/SwaTexRender-Swift.h /Users/admin/builder/spi-builder-workspace/.derivedData/Build/Intermediates.noindex/SwaTex.build/Debug-appletvos/SwaTexRender-t.build/Objects-normal/arm64/SwaTexRender-Swift.h (in target 'SwaTexRender' from project 'SwaTex')
cd /Users/admin/builder/spi-builder-workspace
builtin-swiftHeaderTool -arch arm64 /Users/admin/builder/spi-builder-workspace/.derivedData/Build/Intermediates.noindex/SwaTex.build/Debug-appletvos/SwaTexRender-t.build/Objects-normal/arm64/SwaTexRender-Swift.h -o /Users/admin/builder/spi-builder-workspace/.derivedData/Build/Intermediates.noindex/GeneratedModuleMaps-appletvos/SwaTexRender-Swift.h
Copy /Users/admin/builder/spi-builder-workspace/.derivedData/Build/Products/Debug-appletvos/SwaTexRender.swiftmodule/arm64-apple-tvos.swiftmodule /Users/admin/builder/spi-builder-workspace/.derivedData/Build/Intermediates.noindex/SwaTex.build/Debug-appletvos/SwaTexRender-t.build/Objects-normal/arm64/SwaTexRender.swiftmodule (in target 'SwaTexRender' from project 'SwaTex')
cd /Users/admin/builder/spi-builder-workspace
builtin-copy -exclude .DS_Store -exclude CVS -exclude .svn -exclude .git -exclude .hg -resolve-src-symlinks -rename /Users/admin/builder/spi-builder-workspace/.derivedData/Build/Intermediates.noindex/SwaTex.build/Debug-appletvos/SwaTexRender-t.build/Objects-normal/arm64/SwaTexRender.swiftmodule /Users/admin/builder/spi-builder-workspace/.derivedData/Build/Products/Debug-appletvos/SwaTexRender.swiftmodule/arm64-apple-tvos.swiftmodule
Copy /Users/admin/builder/spi-builder-workspace/.derivedData/Build/Products/Debug-appletvos/SwaTexRender.swiftmodule/arm64-apple-tvos.swiftdoc /Users/admin/builder/spi-builder-workspace/.derivedData/Build/Intermediates.noindex/SwaTex.build/Debug-appletvos/SwaTexRender-t.build/Objects-normal/arm64/SwaTexRender.swiftdoc (in target 'SwaTexRender' from project 'SwaTex')
cd /Users/admin/builder/spi-builder-workspace
builtin-copy -exclude .DS_Store -exclude CVS -exclude .svn -exclude .git -exclude .hg -resolve-src-symlinks -rename /Users/admin/builder/spi-builder-workspace/.derivedData/Build/Intermediates.noindex/SwaTex.build/Debug-appletvos/SwaTexRender-t.build/Objects-normal/arm64/SwaTexRender.swiftdoc /Users/admin/builder/spi-builder-workspace/.derivedData/Build/Products/Debug-appletvos/SwaTexRender.swiftmodule/arm64-apple-tvos.swiftdoc
Copy /Users/admin/builder/spi-builder-workspace/.derivedData/Build/Products/Debug-appletvos/SwaTexRender.swiftmodule/arm64-apple-tvos.abi.json /Users/admin/builder/spi-builder-workspace/.derivedData/Build/Intermediates.noindex/SwaTex.build/Debug-appletvos/SwaTexRender-t.build/Objects-normal/arm64/SwaTexRender.abi.json (in target 'SwaTexRender' from project 'SwaTex')
cd /Users/admin/builder/spi-builder-workspace
builtin-copy -exclude .DS_Store -exclude CVS -exclude .svn -exclude .git -exclude .hg -resolve-src-symlinks -rename /Users/admin/builder/spi-builder-workspace/.derivedData/Build/Intermediates.noindex/SwaTex.build/Debug-appletvos/SwaTexRender-t.build/Objects-normal/arm64/SwaTexRender.abi.json /Users/admin/builder/spi-builder-workspace/.derivedData/Build/Products/Debug-appletvos/SwaTexRender.swiftmodule/arm64-apple-tvos.abi.json
Copy /Users/admin/builder/spi-builder-workspace/.derivedData/Build/Products/Debug-appletvos/SwaTexRender.swiftmodule/Project/arm64-apple-tvos.swiftsourceinfo /Users/admin/builder/spi-builder-workspace/.derivedData/Build/Intermediates.noindex/SwaTex.build/Debug-appletvos/SwaTexRender-t.build/Objects-normal/arm64/SwaTexRender.swiftsourceinfo (in target 'SwaTexRender' from project 'SwaTex')
cd /Users/admin/builder/spi-builder-workspace
builtin-copy -exclude .DS_Store -exclude CVS -exclude .svn -exclude .git -exclude .hg -resolve-src-symlinks -rename /Users/admin/builder/spi-builder-workspace/.derivedData/Build/Intermediates.noindex/SwaTex.build/Debug-appletvos/SwaTexRender-t.build/Objects-normal/arm64/SwaTexRender.swiftsourceinfo /Users/admin/builder/spi-builder-workspace/.derivedData/Build/Products/Debug-appletvos/SwaTexRender.swiftmodule/Project/arm64-apple-tvos.swiftsourceinfo
SwiftDriver SwaTexDemo normal arm64 com.apple.xcode.tools.swift.compiler (in target 'SwaTexDemo-product' from project 'SwaTex')
cd /Users/admin/builder/spi-builder-workspace/.swiftpm/xcode
builtin-SwiftDriver -- /Applications/Xcode-27.0.0-Release.Candidate.app/Contents/Developer/Toolchains/XcodeDefault.xctoolchain/usr/bin/swiftc -parse-as-library -module-name SwaTexDemo -Onone @/Users/admin/builder/spi-builder-workspace/.derivedData/Build/Intermediates.noindex/SwaTex.build/Debug-appletvos/SwaTexDemo-p.build/Objects-normal/arm64/SwaTexDemo.SwiftFileList -DSWIFT_PACKAGE -DDEBUG -DXcode -plugin-path /Applications/Xcode-27.0.0-Release.Candidate.app/Contents/Developer/Toolchains/XcodeDefault.xctoolchain/usr/lib/swift/host/plugins/testing -enable-experimental-feature DebugDescriptionMacro -sdk /Applications/Xcode-27.0.0-Release.Candidate.app/Contents/Developer/Platforms/AppleTVOS.platform/Developer/SDKs/AppleTVOS27.0.sdk -target arm64-apple-tvos18.0 -g -module-cache-path /Users/admin/builder/spi-builder-workspace/.derivedData/ModuleCache.noindex -Xfrontend -serialize-debugging-options -profile-coverage-mapping -profile-generate -enable-testing -index-store-path /Users/admin/builder/spi-builder-workspace/.derivedData/Index.noindex/DataStore -Xcc -D_LIBCPP_HARDENING_MODE\=_LIBCPP_HARDENING_MODE_DEBUG -swift-version 6 -I /Users/admin/builder/spi-builder-workspace/.derivedData/Build/Products/Debug-appletvos -Isystem /Applications/Xcode-27.0.0-Release.Candidate.app/Contents/Developer/Platforms/AppleTVOS.platform/Developer/usr/lib -F /Users/admin/builder/spi-builder-workspace/.derivedData/Build/Products/Debug-appletvos/PackageFrameworks -F /Users/admin/builder/spi-builder-workspace/.derivedData/Build/Products/Debug-appletvos -F /Applications/Xcode-27.0.0-Release.Candidate.app/Contents/Developer/Platforms/AppleTVOS.platform/Developer/Library/Frameworks -F /Applications/Xcode-27.0.0-Release.Candidate.app/Contents/Developer/Platforms/AppleTVOS.platform/Developer/SDKs/AppleTVOS27.0.sdk/Developer/Library/Frameworks -c -j10 -enable-batch-mode -incremental -Xcc -ivfsstatcache -Xcc /Users/admin/builder/spi-builder-workspace/.derivedData/SDKStatCaches.noindex/appletvos27.0-24J360-e829b21a6f8c9b70876ba0858053c044b32bfd8d43560033f8d89884cdb90028.sdkstatcache -output-file-map /Users/admin/builder/spi-builder-workspace/.derivedData/Build/Intermediates.noindex/SwaTex.build/Debug-appletvos/SwaTexDemo-p.build/Objects-normal/arm64/SwaTexDemo-OutputFileMap.json -save-temps -no-color-diagnostics -explicit-module-build -module-cache-path /Users/admin/builder/spi-builder-workspace/.derivedData/Build/Intermediates.noindex/SwiftExplicitPrecompiledModules -clang-scanner-module-cache-path /Users/admin/builder/spi-builder-workspace/.derivedData/ModuleCache.noindex -sdk-module-cache-path /Users/admin/builder/spi-builder-workspace/.derivedData/SDKExplicitPrecompiledModules -emit-dependencies -emit-module -emit-module-path /Users/admin/builder/spi-builder-workspace/.derivedData/Build/Intermediates.noindex/SwaTex.build/Debug-appletvos/SwaTexDemo-p.build/Objects-normal/arm64/SwaTexDemo.swiftmodule -serialize-diagnostics -dependency-scan-serialize-diagnostics-path /Users/admin/builder/spi-builder-workspace/.derivedData/Build/Intermediates.noindex/SwaTex.build/Debug-appletvos/SwaTexDemo-p.build/Objects-normal/arm64/SwaTexDemo-dependency-scan.dia -validate-clang-modules-once -clang-build-session-file /Users/admin/builder/spi-builder-workspace/.derivedData/ModuleCache.noindex/Session.modulevalidation -Xcc -fmodules-prune-interval\=86400 -Xcc -fmodules-prune-after\=345600 -package-name spi_builder_workspace -emit-const-values -const-gather-protocols-list /Users/admin/builder/spi-builder-workspace/.derivedData/Build/Intermediates.noindex/SwaTex.build/Debug-appletvos/SwaTexDemo-p.build/Objects-normal/arm64/SwaTexDemo_const_extract_protocols.json -Xcc -I/Users/admin/builder/spi-builder-workspace/.derivedData/Build/Products/Debug-appletvos/include -Xcc -I/Users/admin/builder/spi-builder-workspace/.derivedData/Build/Intermediates.noindex/SwaTex.build/Debug-appletvos/SwaTexDemo-p.build/DerivedSources-normal/arm64 -Xcc -I/Users/admin/builder/spi-builder-workspace/.derivedData/Build/Intermediates.noindex/SwaTex.build/Debug-appletvos/SwaTexDemo-p.build/DerivedSources/arm64 -Xcc -I/Users/admin/builder/spi-builder-workspace/.derivedData/Build/Intermediates.noindex/SwaTex.build/Debug-appletvos/SwaTexDemo-p.build/DerivedSources -Xcc -DSWIFT_PACKAGE -Xcc -DDEBUG\=1 -working-directory /Users/admin/builder/spi-builder-workspace/.swiftpm/xcode -experimental-emit-module-separately -disable-cmo
SwiftDriverJobDiscovery normal arm64 Compiling KaTeXFontProvider.swift (in target 'SwaTexRender' from project 'SwaTex')
SwiftDriverJobDiscovery normal arm64 Compiling DisplayListRenderer.swift (in target 'SwaTexRender' from project 'SwaTex')
SwiftDriverJobDiscovery normal arm64 Compiling ImageRenderer.swift (in target 'SwaTexRender' from project 'SwaTex')
SwiftEmitModule normal arm64 Emitting\ module\ for\ SwaTexDemo (in target 'SwaTexDemo-product' from project 'SwaTex')
SwiftCompile normal arm64 (in target 'SwaTexDemo-product' from project 'SwaTex')
cd /Users/admin/builder/spi-builder-workspace/.swiftpm/xcode
SwiftCompile normal arm64 Compiling\ SwaTexDemoApp.swift /Users/admin/builder/spi-builder-workspace/Sources/SwaTexDemo/SwaTexDemoApp.swift (in target 'SwaTexDemo-product' from project 'SwaTex')
/Users/admin/builder/spi-builder-workspace/Sources/SwaTexDemo/SwaTexDemoApp.swift:69:13: error: 'Slider' is unavailable in tvOS
67 | HStack(spacing: 16) {
68 | Text("Size")
69 | Slider(value: $fontSize, in: 12...64) {
| `- error: 'Slider' is unavailable in tvOS
70 | Text("Font size")
71 | }
SwiftUI.Slider:3:27: note: 'Slider' has been explicitly marked unavailable here
1 | @available(iOS 13.0, macOS 10.15, watchOS 6.0, *)
2 | @available(tvOS, unavailable)
3 | nonisolated public struct Slider<Label, ValueLabel> : View, ~Sendable where Label : View, ValueLabel : View {
| `- note: 'Slider' has been explicitly marked unavailable here
4 | nonisolated public var body: some View { get }
5 | @available(macOS 10.15, iOS 13.0, watchOS 6.0, *)
/Users/admin/builder/spi-builder-workspace/Sources/SwaTexDemo/SwaTexDemoApp.swift:69:13: error: 'init(value:in:label:onEditingChanged:)' is unavailable in tvOS
67 | HStack(spacing: 16) {
68 | Text("Size")
69 | Slider(value: $fontSize, in: 12...64) {
| `- error: 'init(value:in:label:onEditingChanged:)' is unavailable in tvOS
70 | Text("Font size")
71 | }
SwiftUI.Slider.init:2:44: note: 'init(value:in:label:onEditingChanged:)' has been explicitly marked unavailable here
1 | generic struct Slider {
2 | @export(implementation) nonisolated public init<V>(value: Binding<V>, in bounds: ClosedRange<V> = 0...1, @ContentBuilder label: () -> Label, onEditingChanged: @escaping (Bool) -> Void = { _ in }) where V : BinaryFloatingPoint, V.Stride : BinaryFloatingPoint}
| `- note: 'init(value:in:label:onEditingChanged:)' has been explicitly marked unavailable here
3 |
/Users/admin/builder/spi-builder-workspace/Sources/SwaTexDemo/SwaTexDemoApp.swift:93:38: error: 'roundedBorder' is unavailable in tvOS
91 | #else
92 | TextField("LaTeX", text: $playground, axis: .vertical)
93 | .textFieldStyle(.roundedBorder)
| `- error: 'roundedBorder' is unavailable in tvOS
94 | .font(.body.monospaced())
95 | #endif
SwiftUI.TextFieldStyle.roundedBorder:2:43: note: 'roundedBorder' has been explicitly marked unavailable here
1 | protocol TextFieldStyle {
2 | @export(implementation) public static var roundedBorder: RoundedBorderTextFieldStyle { get }}
| `- note: 'roundedBorder' has been explicitly marked unavailable here
3 |
Failed frontend command:
/Applications/Xcode-27.0.0-Release.Candidate.app/Contents/Developer/Toolchains/XcodeDefault.xctoolchain/usr/bin/swift-frontend -frontend -c -primary-file /Users/admin/builder/spi-builder-workspace/Sources/SwaTexDemo/SwaTexDemoApp.swift -emit-dependencies-path /Users/admin/builder/spi-builder-workspace/.derivedData/Build/Intermediates.noindex/SwaTex.build/Debug-appletvos/SwaTexDemo-p.build/Objects-normal/arm64/SwaTexDemoApp.d -emit-const-values-path /Users/admin/builder/spi-builder-workspace/.derivedData/Build/Intermediates.noindex/SwaTex.build/Debug-appletvos/SwaTexDemo-p.build/Objects-normal/arm64/SwaTexDemoApp.swiftconstvalues -emit-reference-dependencies-path /Users/admin/builder/spi-builder-workspace/.derivedData/Build/Intermediates.noindex/SwaTex.build/Debug-appletvos/SwaTexDemo-p.build/Objects-normal/arm64/SwaTexDemoApp.swiftdeps -serialize-diagnostics-path /Users/admin/builder/spi-builder-workspace/.derivedData/Build/Intermediates.noindex/SwaTex.build/Debug-appletvos/SwaTexDemo-p.build/Objects-normal/arm64/SwaTexDemoApp.dia -target arm64-apple-tvos18.0 -disable-cross-import-overlay-search -load-resolved-plugin /Applications/Xcode-27.0.0-Release.Candidate.app/Contents/Developer/Platforms/AppleTVOS.platform/Developer/usr/lib/swift/host/plugins/libFoundationMacros.dylib\#/Applications/Xcode-27.0.0-Release.Candidate.app/Contents/Developer/Platforms/AppleTVOS.platform/Developer/usr/bin/swift-plugin-server\#FoundationMacros -load-resolved-plugin /Applications/Xcode-27.0.0-Release.Candidate.app/Contents/Developer/Platforms/AppleTVOS.platform/Developer/usr/lib/swift/host/plugins/libObservationMacros.dylib\#/Applications/Xcode-27.0.0-Release.Candidate.app/Contents/Developer/Platforms/AppleTVOS.platform/Developer/usr/bin/swift-plugin-server\#ObservationMacros -load-resolved-plugin /Applications/Xcode-27.0.0-Release.Candidate.app/Contents/Developer/Platforms/AppleTVOS.platform/Developer/usr/lib/swift/host/plugins/libPreviewsMacros.dylib\#/Applications/Xcode-27.0.0-Release.Candidate.app/Contents/Developer/Platforms/AppleTVOS.platform/Developer/usr/bin/swift-plugin-server\#PreviewsMacros -load-resolved-plugin /Applications/Xcode-27.0.0-Release.Candidate.app/Contents/Developer/Platforms/AppleTVOS.platform/Developer/usr/lib/swift/host/plugins/libSwiftMacros.dylib\#/Applications/Xcode-27.0.0-Release.Candidate.app/Contents/Developer/Platforms/AppleTVOS.platform/Developer/usr/bin/swift-plugin-server\#SwiftMacros -load-resolved-plugin /Applications/Xcode-27.0.0-Release.Candidate.app/Contents/Developer/Platforms/AppleTVOS.platform/Developer/usr/lib/swift/host/plugins/libSwiftUIMacros.dylib\#/Applications/Xcode-27.0.0-Release.Candidate.app/Contents/Developer/Platforms/AppleTVOS.platform/Developer/usr/bin/swift-plugin-server\#SwiftUIMacros -disable-implicit-swift-modules -Xcc -fno-implicit-modules -Xcc -fno-implicit-module-maps -explicit-swift-module-map-file /Users/admin/builder/spi-builder-workspace/.derivedData/Build/Intermediates.noindex/SwaTex.build/Debug-appletvos/SwaTexDemo-p.build/Objects-normal/arm64/SwaTexDemo-dependencies-1.json -Xllvm -aarch64-use-tbi -enable-objc-interop -stack-check -sdk /Applications/Xcode-27.0.0-Release.Candidate.app/Contents/Developer/Platforms/AppleTVOS.platform/Developer/SDKs/AppleTVOS27.0.sdk -I /Users/admin/builder/spi-builder-workspace/.derivedData/Build/Products/Debug-appletvos -Isystem /Applications/Xcode-27.0.0-Release.Candidate.app/Contents/Developer/Platforms/AppleTVOS.platform/Developer/usr/lib -F /Users/admin/builder/spi-builder-workspace/.derivedData/Build/Products/Debug-appletvos/PackageFrameworks -F /Users/admin/builder/spi-builder-workspace/.derivedData/Build/Products/Debug-appletvos -F /Applications/Xcode-27.0.0-Release.Candidate.app/Contents/Developer/Platforms/AppleTVOS.platform/Developer/Library/Frameworks -F /Applications/Xcode-27.0.0-Release.Candidate.app/Contents/Developer/Platforms/AppleTVOS.platform/Developer/SDKs/AppleTVOS27.0.sdk/Developer/Library/Frameworks -module-cache-path /Users/admin/builder/spi-builder-workspace/.derivedData/Build/Intermediates.noindex/SwiftExplicitPrecompiledModules -no-color-diagnostics -Xcc -fno-color-diagnostics -enable-testing -g -debug-info-format\=dwarf -dwarf-version\=5 -profile-generate -profile-coverage-mapping -swift-version 6 -Onone -D SWIFT_PACKAGE -D DEBUG -D Xcode -serialize-debugging-options -enable-experimental-feature DebugDescriptionMacro -empty-abi-descriptor -validate-clang-modules-once -clang-build-session-file /Users/admin/builder/spi-builder-workspace/.derivedData/ModuleCache.noindex/Session.modulevalidation -Xcc -working-directory -Xcc /Users/admin/builder/spi-builder-workspace/.swiftpm/xcode -enable-anonymous-context-mangled-names -file-compilation-dir /Users/admin/builder/spi-builder-workspace/.swiftpm/xcode -Xcc -D_LIBCPP_HARDENING_MODE\=_LIBCPP_HARDENING_MODE_DEBUG -Xcc -ivfsstatcache -Xcc /Users/admin/builder/spi-builder-workspace/.derivedData/SDKStatCaches.noindex/appletvos27.0-24J360-e829b21a6f8c9b70876ba0858053c044b32bfd8d43560033f8d89884cdb90028.sdkstatcache -Xcc -fmodules-prune-interval\=86400 -Xcc -fmodules-prune-after\=345600 -Xcc -I/Users/admin/builder/spi-builder-workspace/.derivedData/Build/Products/Debug-appletvos/include -Xcc -I/Users/admin/builder/spi-builder-workspace/.derivedData/Build/Intermediates.noindex/SwaTex.build/Debug-appletvos/SwaTexDemo-p.build/DerivedSources-normal/arm64 -Xcc -I/Users/admin/builder/spi-builder-workspace/.derivedData/Build/Intermediates.noindex/SwaTex.build/Debug-appletvos/SwaTexDemo-p.build/DerivedSources/arm64 -Xcc -I/Users/admin/builder/spi-builder-workspace/.derivedData/Build/Intermediates.noindex/SwaTex.build/Debug-appletvos/SwaTexDemo-p.build/DerivedSources -Xcc -DSWIFT_PACKAGE -Xcc -DDEBUG\=1 -no-auto-bridging-header-chaining -module-name SwaTexDemo -package-name spi_builder_workspace -const-gather-protocols-file /Users/admin/builder/spi-builder-workspace/.derivedData/Build/Intermediates.noindex/SwaTex.build/Debug-appletvos/SwaTexDemo-p.build/Objects-normal/arm64/SwaTexDemo_const_extract_protocols.json -disable-clang-spi -clang-target arm64-apple-tvos27.0 -target-sdk-version 27.0 -target-sdk-name appletvos27.0 -in-process-plugin-server-path /Applications/Xcode-27.0.0-Release.Candidate.app/Contents/Developer/Toolchains/XcodeDefault.xctoolchain/usr/lib/swift/host/libSwiftInProcPluginServer.dylib -parse-as-library -o /Users/admin/builder/spi-builder-workspace/.derivedData/Build/Intermediates.noindex/SwaTex.build/Debug-appletvos/SwaTexDemo-p.build/Objects-normal/arm64/SwaTexDemoApp.o -debug-module-path /Users/admin/builder/spi-builder-workspace/.derivedData/Build/Intermediates.noindex/SwaTex.build/Debug-appletvos/SwaTexDemo-p.build/Objects-normal/arm64/SwaTexDemo.swiftmodule -index-unit-output-path /SwaTex.build/Debug-appletvos/SwaTexDemo-p.build/Objects-normal/arm64/SwaTexDemoApp.o -index-store-path /Users/admin/builder/spi-builder-workspace/.derivedData/Index.noindex/DataStore -index-system-modules
SwiftCompile normal arm64 /Users/admin/builder/spi-builder-workspace/Sources/SwaTexDemo/SwaTexDemoApp.swift (in target 'SwaTexDemo-product' from project 'SwaTex')
cd /Users/admin/builder/spi-builder-workspace/.swiftpm/xcode
builtin-SwiftPerFileCompile SwaTexDemoApp.swift
SwiftDriverJobDiscovery normal arm64 Compiling FastPNGEncoder.swift (in target 'SwaTexRender' from project 'SwaTex')
SwiftDriverJobDiscovery normal arm64 Emitting module for SwaTexDemo (in target 'SwaTexDemo-product' from project 'SwaTex')
SwiftDriver\ Compilation\ Requirements SwaTexDemo normal arm64 com.apple.xcode.tools.swift.compiler (in target 'SwaTexDemo-product' from project 'SwaTex')
cd /Users/admin/builder/spi-builder-workspace/.swiftpm/xcode
builtin-Swift-Compilation-Requirements -- /Applications/Xcode-27.0.0-Release.Candidate.app/Contents/Developer/Toolchains/XcodeDefault.xctoolchain/usr/bin/swiftc -parse-as-library -module-name SwaTexDemo -Onone @/Users/admin/builder/spi-builder-workspace/.derivedData/Build/Intermediates.noindex/SwaTex.build/Debug-appletvos/SwaTexDemo-p.build/Objects-normal/arm64/SwaTexDemo.SwiftFileList -DSWIFT_PACKAGE -DDEBUG -DXcode -plugin-path /Applications/Xcode-27.0.0-Release.Candidate.app/Contents/Developer/Toolchains/XcodeDefault.xctoolchain/usr/lib/swift/host/plugins/testing -enable-experimental-feature DebugDescriptionMacro -sdk /Applications/Xcode-27.0.0-Release.Candidate.app/Contents/Developer/Platforms/AppleTVOS.platform/Developer/SDKs/AppleTVOS27.0.sdk -target arm64-apple-tvos18.0 -g -module-cache-path /Users/admin/builder/spi-builder-workspace/.derivedData/ModuleCache.noindex -Xfrontend -serialize-debugging-options -profile-coverage-mapping -profile-generate -enable-testing -index-store-path /Users/admin/builder/spi-builder-workspace/.derivedData/Index.noindex/DataStore -Xcc -D_LIBCPP_HARDENING_MODE\=_LIBCPP_HARDENING_MODE_DEBUG -swift-version 6 -I /Users/admin/builder/spi-builder-workspace/.derivedData/Build/Products/Debug-appletvos -Isystem /Applications/Xcode-27.0.0-Release.Candidate.app/Contents/Developer/Platforms/AppleTVOS.platform/Developer/usr/lib -F /Users/admin/builder/spi-builder-workspace/.derivedData/Build/Products/Debug-appletvos/PackageFrameworks -F /Users/admin/builder/spi-builder-workspace/.derivedData/Build/Products/Debug-appletvos -F /Applications/Xcode-27.0.0-Release.Candidate.app/Contents/Developer/Platforms/AppleTVOS.platform/Developer/Library/Frameworks -F /Applications/Xcode-27.0.0-Release.Candidate.app/Contents/Developer/Platforms/AppleTVOS.platform/Developer/SDKs/AppleTVOS27.0.sdk/Developer/Library/Frameworks -c -j10 -enable-batch-mode -incremental -Xcc -ivfsstatcache -Xcc /Users/admin/builder/spi-builder-workspace/.derivedData/SDKStatCaches.noindex/appletvos27.0-24J360-e829b21a6f8c9b70876ba0858053c044b32bfd8d43560033f8d89884cdb90028.sdkstatcache -output-file-map /Users/admin/builder/spi-builder-workspace/.derivedData/Build/Intermediates.noindex/SwaTex.build/Debug-appletvos/SwaTexDemo-p.build/Objects-normal/arm64/SwaTexDemo-OutputFileMap.json -save-temps -no-color-diagnostics -explicit-module-build -module-cache-path /Users/admin/builder/spi-builder-workspace/.derivedData/Build/Intermediates.noindex/SwiftExplicitPrecompiledModules -clang-scanner-module-cache-path /Users/admin/builder/spi-builder-workspace/.derivedData/ModuleCache.noindex -sdk-module-cache-path /Users/admin/builder/spi-builder-workspace/.derivedData/SDKExplicitPrecompiledModules -emit-dependencies -emit-module -emit-module-path /Users/admin/builder/spi-builder-workspace/.derivedData/Build/Intermediates.noindex/SwaTex.build/Debug-appletvos/SwaTexDemo-p.build/Objects-normal/arm64/SwaTexDemo.swiftmodule -serialize-diagnostics -dependency-scan-serialize-diagnostics-path /Users/admin/builder/spi-builder-workspace/.derivedData/Build/Intermediates.noindex/SwaTex.build/Debug-appletvos/SwaTexDemo-p.build/Objects-normal/arm64/SwaTexDemo-dependency-scan.dia -validate-clang-modules-once -clang-build-session-file /Users/admin/builder/spi-builder-workspace/.derivedData/ModuleCache.noindex/Session.modulevalidation -Xcc -fmodules-prune-interval\=86400 -Xcc -fmodules-prune-after\=345600 -package-name spi_builder_workspace -emit-const-values -const-gather-protocols-list /Users/admin/builder/spi-builder-workspace/.derivedData/Build/Intermediates.noindex/SwaTex.build/Debug-appletvos/SwaTexDemo-p.build/Objects-normal/arm64/SwaTexDemo_const_extract_protocols.json -Xcc -I/Users/admin/builder/spi-builder-workspace/.derivedData/Build/Products/Debug-appletvos/include -Xcc -I/Users/admin/builder/spi-builder-workspace/.derivedData/Build/Intermediates.noindex/SwaTex.build/Debug-appletvos/SwaTexDemo-p.build/DerivedSources-normal/arm64 -Xcc -I/Users/admin/builder/spi-builder-workspace/.derivedData/Build/Intermediates.noindex/SwaTex.build/Debug-appletvos/SwaTexDemo-p.build/DerivedSources/arm64 -Xcc -I/Users/admin/builder/spi-builder-workspace/.derivedData/Build/Intermediates.noindex/SwaTex.build/Debug-appletvos/SwaTexDemo-p.build/DerivedSources -Xcc -DSWIFT_PACKAGE -Xcc -DDEBUG\=1 -working-directory /Users/admin/builder/spi-builder-workspace/.swiftpm/xcode -experimental-emit-module-separately -disable-cmo
PruneExplicitPrecompiledModules /Users/admin/builder/spi-builder-workspace/.derivedData/Build/Intermediates.noindex/ExplicitPrecompiledModules
PruneExplicitPrecompiledModules /Users/admin/builder/spi-builder-workspace/.derivedData/Build/Intermediates.noindex/SwiftExplicitPrecompiledModules
PruneExplicitPrecompiledModules /Users/admin/builder/spi-builder-workspace/.derivedData/SDKExplicitPrecompiledModules
2026-09-26 08:16:10.318 xcodebuild[627:3874] [MT] IDERunDestination: Supported platforms for the buildables in the current scheme is empty.
** BUILD FAILED **
The following build commands failed:
SwiftCompile normal arm64 Compiling\ SwaTexDemoApp.swift /Users/admin/builder/spi-builder-workspace/Sources/SwaTexDemo/SwaTexDemoApp.swift (in target 'SwaTexDemo-product' from project 'SwaTex')
SwiftCompile normal arm64 /Users/admin/builder/spi-builder-workspace/Sources/SwaTexDemo/SwaTexDemoApp.swift (in target 'SwaTexDemo-product' from project 'SwaTex')
Building workspace SwaTex with scheme SwaTex-Package
(3 failures)
Command line invocation:
/Applications/Xcode-27.0.0-Release.Candidate.app/Contents/Developer/usr/bin/xcodebuild -IDEClonedSourcePackagesDirPathOverride=/Users/admin/builder/spi-builder-workspace/.dependencies -resolvePackageDependencies
Resolve Package Graph
Resolved source packages:
SwaTex: /Users/admin/builder/spi-builder-workspace
resolved source packages: SwaTex
2026-09-26 08:16:24.612 xcodebuild[776:4858] [MT] IDERunDestination: Supported platforms for the buildables in the current scheme is empty.
{
"dependencies" : [
],
"manifest_display_name" : "SwaTex",
"name" : "SwaTex",
"path" : "/Users/admin/builder/spi-builder-workspace",
"platforms" : [
{
"name" : "ios",
"version" : "18.0"
},
{
"name" : "macos",
"version" : "15.0"
},
{
"name" : "tvos",
"version" : "18.0"
},
{
"name" : "watchos",
"version" : "11.0"
},
{
"name" : "visionos",
"version" : "2.0"
}
],
"products" : [
{
"name" : "SwaTex",
"targets" : [
"SwaTex"
],
"type" : {
"library" : [
"automatic"
]
}
},
{
"name" : "SwaTexRender",
"targets" : [
"SwaTexRender"
],
"type" : {
"library" : [
"automatic"
]
}
},
{
"name" : "SwaTexDemo",
"targets" : [
"SwaTexDemo"
],
"type" : {
"executable" : null
}
},
{
"name" : "LayoutDump",
"targets" : [
"LayoutDump"
],
"type" : {
"executable" : null
}
}
],
"swift_languages_versions" : [
"6"
],
"targets" : [
{
"c99name" : "SwaTexTests",
"module_type" : "SwiftTarget",
"name" : "SwaTexTests",
"path" : "Tests/SwaTexTests",
"resources" : [
{
"path" : "/Users/admin/builder/spi-builder-workspace/Tests/SwaTexTests/Resources/golden",
"rule" : {
"copy" : {
}
}
}
],
"sources" : [
"Coverage/CoreLogicCoverageTests.swift",
"Coverage/CoverageGoldenTests.swift",
"Coverage/DirectUnitTests.swift",
"Coverage/EnvironmentCoverageTests.swift",
"Coverage/FunctionCoverageTests.swift",
"Coverage/InternalCoverageTests.swift",
"Coverage/LayoutCoverageTests.swift",
"Coverage/MacroExpanderCoverageTests.swift",
"Coverage/MhChemActionTests.swift",
"Coverage/MhChemCoverageTests.swift",
"Coverage/MhChemInternalTests.swift",
"Coverage/MhChemTexifyTests.swift",
"Coverage/ParseNodeCoverageTests.swift",
"Coverage/ParserCoverageTests.swift",
"Coverage/ReachableGapsTests.swift",
"Coverage/UnicodeSupSubCoverageTests.swift",
"Font/FontTests.swift",
"FormulaCacheTests.swift",
"HardeningTests.swift",
"Layout/CDProofCoverageTests.swift",
"Layout/EngineCDProofTests.swift",
"Layout/EngineMiscTests.swift",
"Layout/GoldenLayoutTests.swift",
"Layout/KaTeXSvgTests.swift",
"Layout/LayoutFixRegressionTests.swift",
"Layout/LayoutPrimitivesTests.swift",
"Layout/RuleColorTests.swift",
"Layout/SurdTests.swift",
"Lexer/LexerTests.swift",
"Lexer/TokenTests.swift",
"Parser/CeLine91BraceTests.swift",
"Parser/DeclareMathOperatorTests.swift",
"Parser/DefTests.swift",
"Parser/ExpandafterTests.swift",
"Parser/FirstByteSetTests.swift",
"Parser/MhChemHandMatcherDiffTests.swift",
"Parser/MhChemTests.swift",
"Parser/MhChemValueSemanticsTests.swift",
"Parser/NoexpandTests.swift",
"Parser/ParseNodeTests.swift",
"Parser/ParserSpecEnvironmentTests.swift",
"Parser/ParserSpecTests.swift",
"Parser/ParserTests.swift",
"Parser/SizeScannerDiffTests.swift",
"Parser/StackGuardTests.swift",
"PerformanceRegressionTests.swift",
"SVG/SVGGoldenTests.swift",
"SVG/SVGRendererTests.swift",
"SVG/SVGWellFormednessTests.swift",
"Support/StackThreadRunner.swift",
"Types/ColorTests.swift",
"Types/DisplayItemTests.swift",
"Types/MathStyleTests.swift",
"Types/UnicodeScriptTests.swift"
],
"target_dependencies" : [
"SwaTex"
],
"type" : "test"
},
{
"c99name" : "SwaTexRenderTests",
"module_type" : "SwiftTarget",
"name" : "SwaTexRenderTests",
"path" : "Tests/SwaTexRenderTests",
"sources" : [
"CoverageRenderTests.swift",
"EndToEndRenderTests.swift",
"FastPNGTests.swift",
"ProfileHarness.swift",
"RenderBenchmarks.swift",
"RenderTests.swift",
"SampleEmitTests.swift",
"ScreenshotGenerator.swift",
"ScrollRedrawTests.swift",
"ScrollStressBench.swift",
"SwaTexViewTests.swift",
"TranslucentColorParityTests.swift",
"ViewParityTests.swift"
],
"target_dependencies" : [
"SwaTexRender"
],
"type" : "test"
},
{
"c99name" : "SwaTexRender",
"module_type" : "SwiftTarget",
"name" : "SwaTexRender",
"path" : "Sources/SwaTexRender",
"product_memberships" : [
"SwaTexRender",
"SwaTexDemo"
],
"resources" : [
{
"path" : "/Users/admin/builder/spi-builder-workspace/Sources/SwaTexRender/Resources/Fonts",
"rule" : {
"copy" : {
}
}
}
],
"sources" : [
"DisplayListRenderer.swift",
"FastPNGEncoder.swift",
"ImageRenderer.swift",
"KaTeXFontProvider.swift",
"MathView.swift",
"SwaTexView.swift"
],
"target_dependencies" : [
"SwaTex"
],
"type" : "library"
},
{
"c99name" : "SwaTexDemo",
"module_type" : "SwiftTarget",
"name" : "SwaTexDemo",
"path" : "Sources/SwaTexDemo",
"product_memberships" : [
"SwaTexDemo"
],
"sources" : [
"SwaTexDemoApp.swift"
],
"target_dependencies" : [
"SwaTexRender"
],
"type" : "executable"
},
{
"c99name" : "SwaTex",
"module_type" : "SwiftTarget",
"name" : "SwaTex",
"path" : "Sources/SwaTex",
"product_memberships" : [
"SwaTex",
"SwaTexRender",
"SwaTexDemo",
"LayoutDump"
],
"sources" : [
"Font/FontId.swift",
"Font/FontMetrics.swift",
"Font/MathAlpha.swift",
"Font/MetricsData.swift",
"Font/Symbols.swift",
"Font/SymbolsData.swift",
"FormulaCache.swift",
"Layout/Engine.swift",
"Layout/EngineAccent.swift",
"Layout/EngineArrays.swift",
"Layout/EngineCDProof.swift",
"Layout/EngineDelims.swift",
"Layout/EngineMisc.swift",
"Layout/EngineOps.swift",
"Layout/EngineScripts.swift",
"Layout/EngineSymbols.swift",
"Layout/EngineTextStyles.swift",
"Layout/HBox.swift",
"Layout/KaTeXSvg.swift",
"Layout/KaTeXSvgData.swift",
"Layout/LayoutBox.swift",
"Layout/LayoutOptions.swift",
"Layout/Spacing.swift",
"Layout/StackedDelim.swift",
"Layout/Surd.swift",
"Layout/ToDisplay.swift",
"Layout/VBox.swift",
"Lexer/Lexer.swift",
"Lexer/Token.swift",
"Parser/BuiltinMacros.swift",
"Parser/Environments.swift",
"Parser/FirstByteSet.swift",
"Parser/FunctionRegistry.swift",
"Parser/Functions/Accent.swift",
"Parser/Functions/Arrow.swift",
"Parser/Functions/Bussproofs.swift",
"Parser/Functions/CharCmd.swift",
"Parser/Functions/ColorCmd.swift",
"Parser/Functions/Cr.swift",
"Parser/Functions/Def.swift",
"Parser/Functions/DelimSizing.swift",
"Parser/Functions/Enclose.swift",
"Parser/Functions/Environment.swift",
"Parser/Functions/Font.swift",
"Parser/Functions/Genfrac.swift",
"Parser/Functions/HBoxCmd.swift",
"Parser/Functions/HorizBrace.swift",
"Parser/Functions/Href.swift",
"Parser/Functions/HtmlMathML.swift",
"Parser/Functions/Kern.swift",
"Parser/Functions/Lap.swift",
"Parser/Functions/LeftRight.swift",
"Parser/Functions/Math.swift",
"Parser/Functions/MathChoice.swift",
"Parser/Functions/Mclass.swift",
"Parser/Functions/NoNumber.swift",
"Parser/Functions/Op.swift",
"Parser/Functions/OperatorName.swift",
"Parser/Functions/Overline.swift",
"Parser/Functions/Phantom.swift",
"Parser/Functions/Pmb.swift",
"Parser/Functions/RaiseBox.swift",
"Parser/Functions/Relax.swift",
"Parser/Functions/Rule.swift",
"Parser/Functions/Sizing.swift",
"Parser/Functions/SpacingCmd.swift",
"Parser/Functions/Sqrt.swift",
"Parser/Functions/Styling.swift",
"Parser/Functions/SymbolsCmd.swift",
"Parser/Functions/Tag.swift",
"Parser/Functions/Text.swift",
"Parser/Functions/VCenter.swift",
"Parser/Functions/Verb.swift",
"Parser/MacroExpander.swift",
"Parser/MhChem.swift",
"Parser/MhChem/MhChemActions.swift",
"Parser/MhChem/MhChemData.swift",
"Parser/MhChem/MhChemDataJSON.swift",
"Parser/MhChem/MhChemEngine.swift",
"Parser/MhChem/MhChemHandMatchers.swift",
"Parser/MhChem/MhChemPatterns.swift",
"Parser/MhChem/MhChemRegex.swift",
"Parser/MhChem/MhChemTexify.swift",
"Parser/ParseError.swift",
"Parser/ParseNode.swift",
"Parser/Parser.swift",
"Parser/StackGuard.swift",
"Parser/UnicodeSupSub.swift",
"SVG/SVGRenderer.swift",
"SVG/SVGStandalone.swift",
"SwaTexFacade.swift",
"Types/Color.swift",
"Types/DisplayItem.swift",
"Types/MathStyle.swift",
"Types/PathCommand.swift",
"Types/UnicodeScript.swift"
],
"type" : "library"
},
{
"c99name" : "LayoutDump",
"module_type" : "SwiftTarget",
"name" : "LayoutDump",
"path" : "Sources/LayoutDump",
"product_memberships" : [
"LayoutDump"
],
"sources" : [
"main.swift"
],
"target_dependencies" : [
"SwaTex"
],
"type" : "executable"
}
],
"tools_version" : "6.1"
}
{
"workspace" : {
"name" : "SwaTex",
"schemes" : [
"LayoutDump",
"SwaTex",
"SwaTex-Package",
"SwaTexDemo",
"SwaTexRender"
]
}
}
2026-09-26 08:16:25.851 xcodebuild[784:4925] [MT] IDERunDestination: Supported platforms for the buildables in the current scheme is empty.
Running build ...
env DEVELOPER_DIR=/Applications/Xcode-27.0.0-Release.Candidate.app xcrun xcodebuild -IDEClonedSourcePackagesDirPathOverride=$PWD/.dependencies -skipMacroValidation -skipPackagePluginValidation -derivedDataPath $PWD/.derivedData build -scheme SwaTex-Package -destination generic/platform=tvOS
Command line invocation:
/Applications/Xcode-27.0.0-Release.Candidate.app/Contents/Developer/usr/bin/xcodebuild -IDEClonedSourcePackagesDirPathOverride=/Users/admin/builder/spi-builder-workspace/.dependencies -skipMacroValidation -skipPackagePluginValidation -derivedDataPath /Users/admin/builder/spi-builder-workspace/.derivedData build -scheme SwaTex-Package -destination generic/platform=tvOS
Resolve Package Graph
Resolved source packages:
SwaTex: /Users/admin/builder/spi-builder-workspace
ComputePackagePrebuildTargetDependencyGraph
Prepare packages
CreateBuildRequest
SendProjectDescription
CreateBuildOperation
ComputeTargetDependencyGraph
note: Building targets in dependency order
note: Target dependency graph (7 targets)
Target 'LayoutDump-product' in project 'SwaTex'
➜ Explicit dependency on target 'SwaTex' in project 'SwaTex'
Target 'SwaTexDemo-product' in project 'SwaTex'
➜ Explicit dependency on target 'SwaTex' in project 'SwaTex'
➜ Explicit dependency on target 'SwaTexRender' in project 'SwaTex'
Target 'SwaTexRender-product' in project 'SwaTex'
➜ Explicit dependency on target 'SwaTexRender' in project 'SwaTex'
➜ Explicit dependency on target 'SwaTex_SwaTexRender' in project 'SwaTex'
➜ Explicit dependency on target 'SwaTex' in project 'SwaTex'
Target 'SwaTexRender' in project 'SwaTex'
➜ Explicit dependency on target 'SwaTex_SwaTexRender' in project 'SwaTex'
➜ Explicit dependency on target 'SwaTex' in project 'SwaTex'
Target 'SwaTex_SwaTexRender' in project 'SwaTex' (no dependencies)
Target 'SwaTex-product' in project 'SwaTex'
➜ Explicit dependency on target 'SwaTex' in project 'SwaTex'
Target 'SwaTex' in project 'SwaTex' (no dependencies)
GatherProvisioningInputs
CreateBuildDescription
ClangStatCache /Applications/Xcode-27.0.0-Release.Candidate.app/Contents/Developer/Toolchains/XcodeDefault.xctoolchain/usr/bin/clang-stat-cache /Applications/Xcode-27.0.0-Release.Candidate.app/Contents/Developer/Platforms/AppleTVOS.platform/Developer/SDKs/AppleTVOS27.0.sdk /Users/admin/builder/spi-builder-workspace/.derivedData/SDKStatCaches.noindex/appletvos27.0-24J360-e829b21a6f8c9b70876ba0858053c044b32bfd8d43560033f8d89884cdb90028.sdkstatcache
cd /Users/admin/builder/spi-builder-workspace/.swiftpm/xcode
/Applications/Xcode-27.0.0-Release.Candidate.app/Contents/Developer/Toolchains/XcodeDefault.xctoolchain/usr/bin/clang-stat-cache /Applications/Xcode-27.0.0-Release.Candidate.app/Contents/Developer/Platforms/AppleTVOS.platform/Developer/SDKs/AppleTVOS27.0.sdk -o /Users/admin/builder/spi-builder-workspace/.derivedData/SDKStatCaches.noindex/appletvos27.0-24J360-e829b21a6f8c9b70876ba0858053c044b32bfd8d43560033f8d89884cdb90028.sdkstatcache
SwiftDriver SwaTexRender normal arm64 com.apple.xcode.tools.swift.compiler (in target 'SwaTexRender' from project 'SwaTex')
cd /Users/admin/builder/spi-builder-workspace/.swiftpm/xcode
builtin-SwiftDriver -- /Applications/Xcode-27.0.0-Release.Candidate.app/Contents/Developer/Toolchains/XcodeDefault.xctoolchain/usr/bin/swiftc -parse-as-library -module-name SwaTexRender -Onone @/Users/admin/builder/spi-builder-workspace/.derivedData/Build/Intermediates.noindex/SwaTex.build/Debug-appletvos/SwaTexRender-t.build/Objects-normal/arm64/SwaTexRender.SwiftFileList -DSWIFT_PACKAGE -DDEBUG -DSWIFT_MODULE_RESOURCE_BUNDLE_AVAILABLE -DXcode -plugin-path /Applications/Xcode-27.0.0-Release.Candidate.app/Contents/Developer/Toolchains/XcodeDefault.xctoolchain/usr/lib/swift/host/plugins/testing -enable-experimental-feature DebugDescriptionMacro -sdk /Applications/Xcode-27.0.0-Release.Candidate.app/Contents/Developer/Platforms/AppleTVOS.platform/Developer/SDKs/AppleTVOS27.0.sdk -target arm64-apple-tvos18.0 -g -module-cache-path /Users/admin/builder/spi-builder-workspace/.derivedData/ModuleCache.noindex -Xfrontend -serialize-debugging-options -profile-coverage-mapping -profile-generate -enable-testing -index-store-path /Users/admin/builder/spi-builder-workspace/.derivedData/Index.noindex/DataStore -Xcc -D_LIBCPP_HARDENING_MODE\=_LIBCPP_HARDENING_MODE_DEBUG -swift-version 6 -I /Users/admin/builder/spi-builder-workspace/.derivedData/Build/Products/Debug-appletvos -Isystem /Applications/Xcode-27.0.0-Release.Candidate.app/Contents/Developer/Platforms/AppleTVOS.platform/Developer/usr/lib -F /Users/admin/builder/spi-builder-workspace/.derivedData/Build/Products/Debug-appletvos/PackageFrameworks -F /Users/admin/builder/spi-builder-workspace/.derivedData/Build/Products/Debug-appletvos -F /Applications/Xcode-27.0.0-Release.Candidate.app/Contents/Developer/Platforms/AppleTVOS.platform/Developer/Library/Frameworks -F /Applications/Xcode-27.0.0-Release.Candidate.app/Contents/Developer/Platforms/AppleTVOS.platform/Developer/SDKs/AppleTVOS27.0.sdk/Developer/Library/Frameworks -c -j10 -enable-batch-mode -incremental -Xcc -ivfsstatcache -Xcc /Users/admin/builder/spi-builder-workspace/.derivedData/SDKStatCaches.noindex/appletvos27.0-24J360-e829b21a6f8c9b70876ba0858053c044b32bfd8d43560033f8d89884cdb90028.sdkstatcache -output-file-map /Users/admin/builder/spi-builder-workspace/.derivedData/Build/Intermediates.noindex/SwaTex.build/Debug-appletvos/SwaTexRender-t.build/Objects-normal/arm64/SwaTexRender-OutputFileMap.json -save-temps -no-color-diagnostics -explicit-module-build -module-cache-path /Users/admin/builder/spi-builder-workspace/.derivedData/Build/Intermediates.noindex/SwiftExplicitPrecompiledModules -clang-scanner-module-cache-path /Users/admin/builder/spi-builder-workspace/.derivedData/ModuleCache.noindex -sdk-module-cache-path /Users/admin/builder/spi-builder-workspace/.derivedData/SDKExplicitPrecompiledModules -emit-dependencies -emit-module -emit-module-path /Users/admin/builder/spi-builder-workspace/.derivedData/Build/Intermediates.noindex/SwaTex.build/Debug-appletvos/SwaTexRender-t.build/Objects-normal/arm64/SwaTexRender.swiftmodule -serialize-diagnostics -dependency-scan-serialize-diagnostics-path /Users/admin/builder/spi-builder-workspace/.derivedData/Build/Intermediates.noindex/SwaTex.build/Debug-appletvos/SwaTexRender-t.build/Objects-normal/arm64/SwaTexRender-dependency-scan.dia -validate-clang-modules-once -clang-build-session-file /Users/admin/builder/spi-builder-workspace/.derivedData/ModuleCache.noindex/Session.modulevalidation -Xcc -fmodules-prune-interval\=86400 -Xcc -fmodules-prune-after\=345600 -package-name spi_builder_workspace -emit-const-values -const-gather-protocols-list /Users/admin/builder/spi-builder-workspace/.derivedData/Build/Intermediates.noindex/SwaTex.build/Debug-appletvos/SwaTexRender-t.build/Objects-normal/arm64/SwaTexRender_const_extract_protocols.json -Xcc -I/Users/admin/builder/spi-builder-workspace/.derivedData/Build/Products/Debug-appletvos/include -Xcc -I/Users/admin/builder/spi-builder-workspace/.derivedData/Build/Intermediates.noindex/SwaTex.build/Debug-appletvos/SwaTexRender-t.build/DerivedSources-normal/arm64 -Xcc -I/Users/admin/builder/spi-builder-workspace/.derivedData/Build/Intermediates.noindex/SwaTex.build/Debug-appletvos/SwaTexRender-t.build/DerivedSources/arm64 -Xcc -I/Users/admin/builder/spi-builder-workspace/.derivedData/Build/Intermediates.noindex/SwaTex.build/Debug-appletvos/SwaTexRender-t.build/DerivedSources -Xcc -DSWIFT_PACKAGE -Xcc -DDEBUG\=1 -emit-objc-header -emit-objc-header-path /Users/admin/builder/spi-builder-workspace/.derivedData/Build/Intermediates.noindex/SwaTex.build/Debug-appletvos/SwaTexRender-t.build/Objects-normal/arm64/SwaTexRender-Swift.h -working-directory /Users/admin/builder/spi-builder-workspace/.swiftpm/xcode -experimental-emit-module-separately -disable-cmo
SwiftDriver SwaTexDemo normal arm64 com.apple.xcode.tools.swift.compiler (in target 'SwaTexDemo-product' from project 'SwaTex')
cd /Users/admin/builder/spi-builder-workspace/.swiftpm/xcode
builtin-SwiftDriver -- /Applications/Xcode-27.0.0-Release.Candidate.app/Contents/Developer/Toolchains/XcodeDefault.xctoolchain/usr/bin/swiftc -parse-as-library -module-name SwaTexDemo -Onone @/Users/admin/builder/spi-builder-workspace/.derivedData/Build/Intermediates.noindex/SwaTex.build/Debug-appletvos/SwaTexDemo-p.build/Objects-normal/arm64/SwaTexDemo.SwiftFileList -DSWIFT_PACKAGE -DDEBUG -DXcode -plugin-path /Applications/Xcode-27.0.0-Release.Candidate.app/Contents/Developer/Toolchains/XcodeDefault.xctoolchain/usr/lib/swift/host/plugins/testing -enable-experimental-feature DebugDescriptionMacro -sdk /Applications/Xcode-27.0.0-Release.Candidate.app/Contents/Developer/Platforms/AppleTVOS.platform/Developer/SDKs/AppleTVOS27.0.sdk -target arm64-apple-tvos18.0 -g -module-cache-path /Users/admin/builder/spi-builder-workspace/.derivedData/ModuleCache.noindex -Xfrontend -serialize-debugging-options -profile-coverage-mapping -profile-generate -enable-testing -index-store-path /Users/admin/builder/spi-builder-workspace/.derivedData/Index.noindex/DataStore -Xcc -D_LIBCPP_HARDENING_MODE\=_LIBCPP_HARDENING_MODE_DEBUG -swift-version 6 -I /Users/admin/builder/spi-builder-workspace/.derivedData/Build/Products/Debug-appletvos -Isystem /Applications/Xcode-27.0.0-Release.Candidate.app/Contents/Developer/Platforms/AppleTVOS.platform/Developer/usr/lib -F /Users/admin/builder/spi-builder-workspace/.derivedData/Build/Products/Debug-appletvos/PackageFrameworks -F /Users/admin/builder/spi-builder-workspace/.derivedData/Build/Products/Debug-appletvos -F /Applications/Xcode-27.0.0-Release.Candidate.app/Contents/Developer/Platforms/AppleTVOS.platform/Developer/Library/Frameworks -F /Applications/Xcode-27.0.0-Release.Candidate.app/Contents/Developer/Platforms/AppleTVOS.platform/Developer/SDKs/AppleTVOS27.0.sdk/Developer/Library/Frameworks -c -j10 -enable-batch-mode -incremental -Xcc -ivfsstatcache -Xcc /Users/admin/builder/spi-builder-workspace/.derivedData/SDKStatCaches.noindex/appletvos27.0-24J360-e829b21a6f8c9b70876ba0858053c044b32bfd8d43560033f8d89884cdb90028.sdkstatcache -output-file-map /Users/admin/builder/spi-builder-workspace/.derivedData/Build/Intermediates.noindex/SwaTex.build/Debug-appletvos/SwaTexDemo-p.build/Objects-normal/arm64/SwaTexDemo-OutputFileMap.json -save-temps -no-color-diagnostics -explicit-module-build -module-cache-path /Users/admin/builder/spi-builder-workspace/.derivedData/Build/Intermediates.noindex/SwiftExplicitPrecompiledModules -clang-scanner-module-cache-path /Users/admin/builder/spi-builder-workspace/.derivedData/ModuleCache.noindex -sdk-module-cache-path /Users/admin/builder/spi-builder-workspace/.derivedData/SDKExplicitPrecompiledModules -emit-dependencies -emit-module -emit-module-path /Users/admin/builder/spi-builder-workspace/.derivedData/Build/Intermediates.noindex/SwaTex.build/Debug-appletvos/SwaTexDemo-p.build/Objects-normal/arm64/SwaTexDemo.swiftmodule -serialize-diagnostics -dependency-scan-serialize-diagnostics-path /Users/admin/builder/spi-builder-workspace/.derivedData/Build/Intermediates.noindex/SwaTex.build/Debug-appletvos/SwaTexDemo-p.build/Objects-normal/arm64/SwaTexDemo-dependency-scan.dia -validate-clang-modules-once -clang-build-session-file /Users/admin/builder/spi-builder-workspace/.derivedData/ModuleCache.noindex/Session.modulevalidation -Xcc -fmodules-prune-interval\=86400 -Xcc -fmodules-prune-after\=345600 -package-name spi_builder_workspace -emit-const-values -const-gather-protocols-list /Users/admin/builder/spi-builder-workspace/.derivedData/Build/Intermediates.noindex/SwaTex.build/Debug-appletvos/SwaTexDemo-p.build/Objects-normal/arm64/SwaTexDemo_const_extract_protocols.json -Xcc -I/Users/admin/builder/spi-builder-workspace/.derivedData/Build/Products/Debug-appletvos/include -Xcc -I/Users/admin/builder/spi-builder-workspace/.derivedData/Build/Intermediates.noindex/SwaTex.build/Debug-appletvos/SwaTexDemo-p.build/DerivedSources-normal/arm64 -Xcc -I/Users/admin/builder/spi-builder-workspace/.derivedData/Build/Intermediates.noindex/SwaTex.build/Debug-appletvos/SwaTexDemo-p.build/DerivedSources/arm64 -Xcc -I/Users/admin/builder/spi-builder-workspace/.derivedData/Build/Intermediates.noindex/SwaTex.build/Debug-appletvos/SwaTexDemo-p.build/DerivedSources -Xcc -DSWIFT_PACKAGE -Xcc -DDEBUG\=1 -working-directory /Users/admin/builder/spi-builder-workspace/.swiftpm/xcode -experimental-emit-module-separately -disable-cmo
SwiftDriver SwaTex normal arm64 com.apple.xcode.tools.swift.compiler (in target 'SwaTex' from project 'SwaTex')
cd /Users/admin/builder/spi-builder-workspace/.swiftpm/xcode
builtin-SwiftDriver -- /Applications/Xcode-27.0.0-Release.Candidate.app/Contents/Developer/Toolchains/XcodeDefault.xctoolchain/usr/bin/swiftc -parse-as-library -module-name SwaTex -Onone @/Users/admin/builder/spi-builder-workspace/.derivedData/Build/Intermediates.noindex/SwaTex.build/Debug-appletvos/SwaTex-t.build/Objects-normal/arm64/SwaTex.SwiftFileList -DSWIFT_PACKAGE -DDEBUG -DSWIFT_MODULE_RESOURCE_BUNDLE_UNAVAILABLE -DXcode -plugin-path /Applications/Xcode-27.0.0-Release.Candidate.app/Contents/Developer/Toolchains/XcodeDefault.xctoolchain/usr/lib/swift/host/plugins/testing -enable-experimental-feature DebugDescriptionMacro -sdk /Applications/Xcode-27.0.0-Release.Candidate.app/Contents/Developer/Platforms/AppleTVOS.platform/Developer/SDKs/AppleTVOS27.0.sdk -target arm64-apple-tvos18.0 -g -module-cache-path /Users/admin/builder/spi-builder-workspace/.derivedData/ModuleCache.noindex -Xfrontend -serialize-debugging-options -profile-coverage-mapping -profile-generate -enable-testing -index-store-path /Users/admin/builder/spi-builder-workspace/.derivedData/Index.noindex/DataStore -Xcc -D_LIBCPP_HARDENING_MODE\=_LIBCPP_HARDENING_MODE_DEBUG -swift-version 6 -I /Users/admin/builder/spi-builder-workspace/.derivedData/Build/Products/Debug-appletvos -Isystem /Applications/Xcode-27.0.0-Release.Candidate.app/Contents/Developer/Platforms/AppleTVOS.platform/Developer/usr/lib -F /Users/admin/builder/spi-builder-workspace/.derivedData/Build/Products/Debug-appletvos -F /Applications/Xcode-27.0.0-Release.Candidate.app/Contents/Developer/Platforms/AppleTVOS.platform/Developer/Library/Frameworks -F /Applications/Xcode-27.0.0-Release.Candidate.app/Contents/Developer/Platforms/AppleTVOS.platform/Developer/SDKs/AppleTVOS27.0.sdk/Developer/Library/Frameworks -c -j10 -enable-batch-mode -incremental -Xcc -ivfsstatcache -Xcc /Users/admin/builder/spi-builder-workspace/.derivedData/SDKStatCaches.noindex/appletvos27.0-24J360-e829b21a6f8c9b70876ba0858053c044b32bfd8d43560033f8d89884cdb90028.sdkstatcache -output-file-map /Users/admin/builder/spi-builder-workspace/.derivedData/Build/Intermediates.noindex/SwaTex.build/Debug-appletvos/SwaTex-t.build/Objects-normal/arm64/SwaTex-OutputFileMap.json -save-temps -no-color-diagnostics -explicit-module-build -module-cache-path /Users/admin/builder/spi-builder-workspace/.derivedData/Build/Intermediates.noindex/SwiftExplicitPrecompiledModules -clang-scanner-module-cache-path /Users/admin/builder/spi-builder-workspace/.derivedData/ModuleCache.noindex -sdk-module-cache-path /Users/admin/builder/spi-builder-workspace/.derivedData/SDKExplicitPrecompiledModules -emit-dependencies -emit-module -emit-module-path /Users/admin/builder/spi-builder-workspace/.derivedData/Build/Intermediates.noindex/SwaTex.build/Debug-appletvos/SwaTex-t.build/Objects-normal/arm64/SwaTex.swiftmodule -serialize-diagnostics -dependency-scan-serialize-diagnostics-path /Users/admin/builder/spi-builder-workspace/.derivedData/Build/Intermediates.noindex/SwaTex.build/Debug-appletvos/SwaTex-t.build/Objects-normal/arm64/SwaTex-dependency-scan.dia -validate-clang-modules-once -clang-build-session-file /Users/admin/builder/spi-builder-workspace/.derivedData/ModuleCache.noindex/Session.modulevalidation -Xcc -fmodules-prune-interval\=86400 -Xcc -fmodules-prune-after\=345600 -package-name spi_builder_workspace -emit-const-values -const-gather-protocols-list /Users/admin/builder/spi-builder-workspace/.derivedData/Build/Intermediates.noindex/SwaTex.build/Debug-appletvos/SwaTex-t.build/Objects-normal/arm64/SwaTex_const_extract_protocols.json -Xcc -I/Users/admin/builder/spi-builder-workspace/.derivedData/Build/Products/Debug-appletvos/include -Xcc -I/Users/admin/builder/spi-builder-workspace/.derivedData/Build/Intermediates.noindex/SwaTex.build/Debug-appletvos/SwaTex-t.build/DerivedSources-normal/arm64 -Xcc -I/Users/admin/builder/spi-builder-workspace/.derivedData/Build/Intermediates.noindex/SwaTex.build/Debug-appletvos/SwaTex-t.build/DerivedSources/arm64 -Xcc -I/Users/admin/builder/spi-builder-workspace/.derivedData/Build/Intermediates.noindex/SwaTex.build/Debug-appletvos/SwaTex-t.build/DerivedSources -Xcc -DSWIFT_PACKAGE -Xcc -DDEBUG\=1 -emit-objc-header -emit-objc-header-path /Users/admin/builder/spi-builder-workspace/.derivedData/Build/Intermediates.noindex/SwaTex.build/Debug-appletvos/SwaTex-t.build/Objects-normal/arm64/SwaTex-Swift.h -working-directory /Users/admin/builder/spi-builder-workspace/.swiftpm/xcode -experimental-emit-module-separately -disable-cmo
SwiftCompile normal arm64 Compiling\ SwaTexDemoApp.swift /Users/admin/builder/spi-builder-workspace/Sources/SwaTexDemo/SwaTexDemoApp.swift (in target 'SwaTexDemo-product' from project 'SwaTex')
SwiftCompile normal arm64 /Users/admin/builder/spi-builder-workspace/Sources/SwaTexDemo/SwaTexDemoApp.swift (in target 'SwaTexDemo-product' from project 'SwaTex')
cd /Users/admin/builder/spi-builder-workspace/.swiftpm/xcode
builtin-SwiftPerFileCompile SwaTexDemoApp.swift
/Users/admin/builder/spi-builder-workspace/Sources/SwaTexDemo/SwaTexDemoApp.swift:69:13: error: 'Slider' is unavailable in tvOS
67 | HStack(spacing: 16) {
68 | Text("Size")
69 | Slider(value: $fontSize, in: 12...64) {
| `- error: 'Slider' is unavailable in tvOS
70 | Text("Font size")
71 | }
SwiftUI.Slider:3:27: note: 'Slider' has been explicitly marked unavailable here
1 | @available(iOS 13.0, macOS 10.15, watchOS 6.0, *)
2 | @available(tvOS, unavailable)
3 | nonisolated public struct Slider<Label, ValueLabel> : View, ~Sendable where Label : View, ValueLabel : View {
| `- note: 'Slider' has been explicitly marked unavailable here
4 | nonisolated public var body: some View { get }
5 | @available(macOS 10.15, iOS 13.0, watchOS 6.0, *)
/Users/admin/builder/spi-builder-workspace/Sources/SwaTexDemo/SwaTexDemoApp.swift:69:13: error: 'init(value:in:label:onEditingChanged:)' is unavailable in tvOS
67 | HStack(spacing: 16) {
68 | Text("Size")
69 | Slider(value: $fontSize, in: 12...64) {
| `- error: 'init(value:in:label:onEditingChanged:)' is unavailable in tvOS
70 | Text("Font size")
71 | }
SwiftUI.Slider.init:2:44: note: 'init(value:in:label:onEditingChanged:)' has been explicitly marked unavailable here
1 | generic struct Slider {
2 | @export(implementation) nonisolated public init<V>(value: Binding<V>, in bounds: ClosedRange<V> = 0...1, @ContentBuilder label: () -> Label, onEditingChanged: @escaping (Bool) -> Void = { _ in }) where V : BinaryFloatingPoint, V.Stride : BinaryFloatingPoint}
| `- note: 'init(value:in:label:onEditingChanged:)' has been explicitly marked unavailable here
3 |
/Users/admin/builder/spi-builder-workspace/Sources/SwaTexDemo/SwaTexDemoApp.swift:93:38: error: 'roundedBorder' is unavailable in tvOS
91 | #else
92 | TextField("LaTeX", text: $playground, axis: .vertical)
93 | .textFieldStyle(.roundedBorder)
| `- error: 'roundedBorder' is unavailable in tvOS
94 | .font(.body.monospaced())
95 | #endif
SwiftUI.TextFieldStyle.roundedBorder:2:43: note: 'roundedBorder' has been explicitly marked unavailable here
1 | protocol TextFieldStyle {
2 | @export(implementation) public static var roundedBorder: RoundedBorderTextFieldStyle { get }}
| `- note: 'roundedBorder' has been explicitly marked unavailable here
3 |
Failed frontend command:
/Applications/Xcode-27.0.0-Release.Candidate.app/Contents/Developer/Toolchains/XcodeDefault.xctoolchain/usr/bin/swift-frontend -frontend -c -primary-file /Users/admin/builder/spi-builder-workspace/Sources/SwaTexDemo/SwaTexDemoApp.swift -emit-dependencies-path /Users/admin/builder/spi-builder-workspace/.derivedData/Build/Intermediates.noindex/SwaTex.build/Debug-appletvos/SwaTexDemo-p.build/Objects-normal/arm64/SwaTexDemoApp.d -emit-const-values-path /Users/admin/builder/spi-builder-workspace/.derivedData/Build/Intermediates.noindex/SwaTex.build/Debug-appletvos/SwaTexDemo-p.build/Objects-normal/arm64/SwaTexDemoApp.swiftconstvalues -emit-reference-dependencies-path /Users/admin/builder/spi-builder-workspace/.derivedData/Build/Intermediates.noindex/SwaTex.build/Debug-appletvos/SwaTexDemo-p.build/Objects-normal/arm64/SwaTexDemoApp.swiftdeps -serialize-diagnostics-path /Users/admin/builder/spi-builder-workspace/.derivedData/Build/Intermediates.noindex/SwaTex.build/Debug-appletvos/SwaTexDemo-p.build/Objects-normal/arm64/SwaTexDemoApp.dia -target arm64-apple-tvos18.0 -disable-cross-import-overlay-search -load-resolved-plugin /Applications/Xcode-27.0.0-Release.Candidate.app/Contents/Developer/Platforms/AppleTVOS.platform/Developer/usr/lib/swift/host/plugins/libFoundationMacros.dylib\#/Applications/Xcode-27.0.0-Release.Candidate.app/Contents/Developer/Platforms/AppleTVOS.platform/Developer/usr/bin/swift-plugin-server\#FoundationMacros -load-resolved-plugin /Applications/Xcode-27.0.0-Release.Candidate.app/Contents/Developer/Platforms/AppleTVOS.platform/Developer/usr/lib/swift/host/plugins/libObservationMacros.dylib\#/Applications/Xcode-27.0.0-Release.Candidate.app/Contents/Developer/Platforms/AppleTVOS.platform/Developer/usr/bin/swift-plugin-server\#ObservationMacros -load-resolved-plugin /Applications/Xcode-27.0.0-Release.Candidate.app/Contents/Developer/Platforms/AppleTVOS.platform/Developer/usr/lib/swift/host/plugins/libPreviewsMacros.dylib\#/Applications/Xcode-27.0.0-Release.Candidate.app/Contents/Developer/Platforms/AppleTVOS.platform/Developer/usr/bin/swift-plugin-server\#PreviewsMacros -load-resolved-plugin /Applications/Xcode-27.0.0-Release.Candidate.app/Contents/Developer/Platforms/AppleTVOS.platform/Developer/usr/lib/swift/host/plugins/libSwiftMacros.dylib\#/Applications/Xcode-27.0.0-Release.Candidate.app/Contents/Developer/Platforms/AppleTVOS.platform/Developer/usr/bin/swift-plugin-server\#SwiftMacros -load-resolved-plugin /Applications/Xcode-27.0.0-Release.Candidate.app/Contents/Developer/Platforms/AppleTVOS.platform/Developer/usr/lib/swift/host/plugins/libSwiftUIMacros.dylib\#/Applications/Xcode-27.0.0-Release.Candidate.app/Contents/Developer/Platforms/AppleTVOS.platform/Developer/usr/bin/swift-plugin-server\#SwiftUIMacros -disable-implicit-swift-modules -Xcc -fno-implicit-modules -Xcc -fno-implicit-module-maps -explicit-swift-module-map-file /Users/admin/builder/spi-builder-workspace/.derivedData/Build/Intermediates.noindex/SwaTex.build/Debug-appletvos/SwaTexDemo-p.build/Objects-normal/arm64/SwaTexDemo-dependencies-1.json -Xllvm -aarch64-use-tbi -enable-objc-interop -stack-check -sdk /Applications/Xcode-27.0.0-Release.Candidate.app/Contents/Developer/Platforms/AppleTVOS.platform/Developer/SDKs/AppleTVOS27.0.sdk -I /Users/admin/builder/spi-builder-workspace/.derivedData/Build/Products/Debug-appletvos -Isystem /Applications/Xcode-27.0.0-Release.Candidate.app/Contents/Developer/Platforms/AppleTVOS.platform/Developer/usr/lib -F /Users/admin/builder/spi-builder-workspace/.derivedData/Build/Products/Debug-appletvos/PackageFrameworks -F /Users/admin/builder/spi-builder-workspace/.derivedData/Build/Products/Debug-appletvos -F /Applications/Xcode-27.0.0-Release.Candidate.app/Contents/Developer/Platforms/AppleTVOS.platform/Developer/Library/Frameworks -F /Applications/Xcode-27.0.0-Release.Candidate.app/Contents/Developer/Platforms/AppleTVOS.platform/Developer/SDKs/AppleTVOS27.0.sdk/Developer/Library/Frameworks -module-cache-path /Users/admin/builder/spi-builder-workspace/.derivedData/Build/Intermediates.noindex/SwiftExplicitPrecompiledModules -no-color-diagnostics -Xcc -fno-color-diagnostics -enable-testing -g -debug-info-format\=dwarf -dwarf-version\=5 -profile-generate -profile-coverage-mapping -swift-version 6 -Onone -D SWIFT_PACKAGE -D DEBUG -D Xcode -serialize-debugging-options -enable-experimental-feature DebugDescriptionMacro -empty-abi-descriptor -validate-clang-modules-once -clang-build-session-file /Users/admin/builder/spi-builder-workspace/.derivedData/ModuleCache.noindex/Session.modulevalidation -Xcc -working-directory -Xcc /Users/admin/builder/spi-builder-workspace/.swiftpm/xcode -enable-anonymous-context-mangled-names -file-compilation-dir /Users/admin/builder/spi-builder-workspace/.swiftpm/xcode -Xcc -D_LIBCPP_HARDENING_MODE\=_LIBCPP_HARDENING_MODE_DEBUG -Xcc -ivfsstatcache -Xcc /Users/admin/builder/spi-builder-workspace/.derivedData/SDKStatCaches.noindex/appletvos27.0-24J360-e829b21a6f8c9b70876ba0858053c044b32bfd8d43560033f8d89884cdb90028.sdkstatcache -Xcc -fmodules-prune-interval\=86400 -Xcc -fmodules-prune-after\=345600 -Xcc -I/Users/admin/builder/spi-builder-workspace/.derivedData/Build/Products/Debug-appletvos/include -Xcc -I/Users/admin/builder/spi-builder-workspace/.derivedData/Build/Intermediates.noindex/SwaTex.build/Debug-appletvos/SwaTexDemo-p.build/DerivedSources-normal/arm64 -Xcc -I/Users/admin/builder/spi-builder-workspace/.derivedData/Build/Intermediates.noindex/SwaTex.build/Debug-appletvos/SwaTexDemo-p.build/DerivedSources/arm64 -Xcc -I/Users/admin/builder/spi-builder-workspace/.derivedData/Build/Intermediates.noindex/SwaTex.build/Debug-appletvos/SwaTexDemo-p.build/DerivedSources -Xcc -DSWIFT_PACKAGE -Xcc -DDEBUG\=1 -no-auto-bridging-header-chaining -module-name SwaTexDemo -package-name spi_builder_workspace -const-gather-protocols-file /Users/admin/builder/spi-builder-workspace/.derivedData/Build/Intermediates.noindex/SwaTex.build/Debug-appletvos/SwaTexDemo-p.build/Objects-normal/arm64/SwaTexDemo_const_extract_protocols.json -disable-clang-spi -clang-target arm64-apple-tvos27.0 -target-sdk-version 27.0 -target-sdk-name appletvos27.0 -in-process-plugin-server-path /Applications/Xcode-27.0.0-Release.Candidate.app/Contents/Developer/Toolchains/XcodeDefault.xctoolchain/usr/lib/swift/host/libSwiftInProcPluginServer.dylib -parse-as-library -o /Users/admin/builder/spi-builder-workspace/.derivedData/Build/Intermediates.noindex/SwaTex.build/Debug-appletvos/SwaTexDemo-p.build/Objects-normal/arm64/SwaTexDemoApp.o -debug-module-path /Users/admin/builder/spi-builder-workspace/.derivedData/Build/Intermediates.noindex/SwaTex.build/Debug-appletvos/SwaTexDemo-p.build/Objects-normal/arm64/SwaTexDemo.swiftmodule -index-unit-output-path /SwaTex.build/Debug-appletvos/SwaTexDemo-p.build/Objects-normal/arm64/SwaTexDemoApp.o -index-store-path /Users/admin/builder/spi-builder-workspace/.derivedData/Index.noindex/DataStore -index-system-modules
SwiftEmitModule normal arm64 Emitting\ module\ for\ SwaTexDemo (in target 'SwaTexDemo-product' from project 'SwaTex')
SwiftCompile normal arm64 (in target 'SwaTexDemo-product' from project 'SwaTex')
cd /Users/admin/builder/spi-builder-workspace/.swiftpm/xcode
SwiftCompile normal arm64 Compiling\ MathView.swift /Users/admin/builder/spi-builder-workspace/Sources/SwaTexRender/MathView.swift (in target 'SwaTexRender' from project 'SwaTex')
SwiftCompile normal arm64 /Users/admin/builder/spi-builder-workspace/Sources/SwaTexRender/MathView.swift (in target 'SwaTexRender' from project 'SwaTex')
cd /Users/admin/builder/spi-builder-workspace/.swiftpm/xcode
builtin-SwiftPerFileCompile MathView.swift
SwiftEmitModule normal arm64 Emitting\ module\ for\ SwaTexRender (in target 'SwaTexRender' from project 'SwaTex')
SwiftCompile normal arm64 (in target 'SwaTexRender' from project 'SwaTex')
cd /Users/admin/builder/spi-builder-workspace/.swiftpm/xcode
SwiftCompile normal arm64 Compiling\ SwaTexView.swift /Users/admin/builder/spi-builder-workspace/Sources/SwaTexRender/SwaTexView.swift (in target 'SwaTexRender' from project 'SwaTex')
SwiftCompile normal arm64 /Users/admin/builder/spi-builder-workspace/Sources/SwaTexRender/SwaTexView.swift (in target 'SwaTexRender' from project 'SwaTex')
cd /Users/admin/builder/spi-builder-workspace/.swiftpm/xcode
builtin-SwiftPerFileCompile SwaTexView.swift
SwiftCompile normal arm64 Compiling\ FontMetrics.swift /Users/admin/builder/spi-builder-workspace/Sources/SwaTex/Font/FontMetrics.swift (in target 'SwaTex' from project 'SwaTex')
SwiftCompile normal arm64 /Users/admin/builder/spi-builder-workspace/Sources/SwaTex/Font/FontMetrics.swift (in target 'SwaTex' from project 'SwaTex')
cd /Users/admin/builder/spi-builder-workspace/.swiftpm/xcode
builtin-SwiftPerFileCompile FontMetrics.swift
SwiftCompile normal arm64 Compiling\ SymbolsData.swift /Users/admin/builder/spi-builder-workspace/Sources/SwaTex/Font/SymbolsData.swift (in target 'SwaTex' from project 'SwaTex')
SwiftCompile normal arm64 /Users/admin/builder/spi-builder-workspace/Sources/SwaTex/Font/SymbolsData.swift (in target 'SwaTex' from project 'SwaTex')
cd /Users/admin/builder/spi-builder-workspace/.swiftpm/xcode
builtin-SwiftPerFileCompile SymbolsData.swift
SwiftEmitModule normal arm64 Emitting\ module\ for\ SwaTex (in target 'SwaTex' from project 'SwaTex')
SwiftCompile normal arm64 (in target 'SwaTex' from project 'SwaTex')
cd /Users/admin/builder/spi-builder-workspace/.swiftpm/xcode
SwiftCompile normal arm64 Compiling\ MathAlpha.swift /Users/admin/builder/spi-builder-workspace/Sources/SwaTex/Font/MathAlpha.swift (in target 'SwaTex' from project 'SwaTex')
SwiftCompile normal arm64 /Users/admin/builder/spi-builder-workspace/Sources/SwaTex/Font/MathAlpha.swift (in target 'SwaTex' from project 'SwaTex')
cd /Users/admin/builder/spi-builder-workspace/.swiftpm/xcode
builtin-SwiftPerFileCompile MathAlpha.swift
SwiftCompile normal arm64 Compiling\ Engine.swift /Users/admin/builder/spi-builder-workspace/Sources/SwaTex/Layout/Engine.swift (in target 'SwaTex' from project 'SwaTex')
SwiftCompile normal arm64 /Users/admin/builder/spi-builder-workspace/Sources/SwaTex/Layout/Engine.swift (in target 'SwaTex' from project 'SwaTex')
cd /Users/admin/builder/spi-builder-workspace/.swiftpm/xcode
builtin-SwiftPerFileCompile Engine.swift
SwiftCompile normal arm64 Compiling\ Symbols.swift /Users/admin/builder/spi-builder-workspace/Sources/SwaTex/Font/Symbols.swift (in target 'SwaTex' from project 'SwaTex')
SwiftCompile normal arm64 /Users/admin/builder/spi-builder-workspace/Sources/SwaTex/Font/Symbols.swift (in target 'SwaTex' from project 'SwaTex')
cd /Users/admin/builder/spi-builder-workspace/.swiftpm/xcode
builtin-SwiftPerFileCompile Symbols.swift
SwiftDriverJobDiscovery normal arm64 Compiling MathAlpha.swift (in target 'SwaTex' from project 'SwaTex')
SwiftCompile normal arm64 Compiling\ MetricsData.swift /Users/admin/builder/spi-builder-workspace/Sources/SwaTex/Font/MetricsData.swift (in target 'SwaTex' from project 'SwaTex')
SwiftCompile normal arm64 /Users/admin/builder/spi-builder-workspace/Sources/SwaTex/Font/MetricsData.swift (in target 'SwaTex' from project 'SwaTex')
cd /Users/admin/builder/spi-builder-workspace/.swiftpm/xcode
builtin-SwiftPerFileCompile MetricsData.swift
SwiftCompile normal arm64 Compiling\ LayoutBox.swift /Users/admin/builder/spi-builder-workspace/Sources/SwaTex/Layout/LayoutBox.swift (in target 'SwaTex' from project 'SwaTex')
SwiftCompile normal arm64 /Users/admin/builder/spi-builder-workspace/Sources/SwaTex/Layout/LayoutBox.swift (in target 'SwaTex' from project 'SwaTex')
cd /Users/admin/builder/spi-builder-workspace/.swiftpm/xcode
builtin-SwiftPerFileCompile LayoutBox.swift
SwiftDriverJobDiscovery normal arm64 Compiling MathView.swift (in target 'SwaTexRender' from project 'SwaTex')
SwiftCompile normal arm64 Compiling\ EngineScripts.swift /Users/admin/builder/spi-builder-workspace/Sources/SwaTex/Layout/EngineScripts.swift (in target 'SwaTex' from project 'SwaTex')
SwiftCompile normal arm64 /Users/admin/builder/spi-builder-workspace/Sources/SwaTex/Layout/EngineScripts.swift (in target 'SwaTex' from project 'SwaTex')
cd /Users/admin/builder/spi-builder-workspace/.swiftpm/xcode
builtin-SwiftPerFileCompile EngineScripts.swift
SwiftCompile normal arm64 Compiling\ ToDisplay.swift /Users/admin/builder/spi-builder-workspace/Sources/SwaTex/Layout/ToDisplay.swift (in target 'SwaTex' from project 'SwaTex')
SwiftCompile normal arm64 /Users/admin/builder/spi-builder-workspace/Sources/SwaTex/Layout/ToDisplay.swift (in target 'SwaTex' from project 'SwaTex')
cd /Users/admin/builder/spi-builder-workspace/.swiftpm/xcode
builtin-SwiftPerFileCompile ToDisplay.swift
SwiftDriverJobDiscovery normal arm64 Compiling FontMetrics.swift (in target 'SwaTex' from project 'SwaTex')
SwiftCompile normal arm64 Compiling\ Surd.swift /Users/admin/builder/spi-builder-workspace/Sources/SwaTex/Layout/Surd.swift (in target 'SwaTex' from project 'SwaTex')
SwiftCompile normal arm64 /Users/admin/builder/spi-builder-workspace/Sources/SwaTex/Layout/Surd.swift (in target 'SwaTex' from project 'SwaTex')
cd /Users/admin/builder/spi-builder-workspace/.swiftpm/xcode
builtin-SwiftPerFileCompile Surd.swift
PruneExplicitPrecompiledModules /Users/admin/builder/spi-builder-workspace/.derivedData/Build/Intermediates.noindex/ExplicitPrecompiledModules
PruneExplicitPrecompiledModules /Users/admin/builder/spi-builder-workspace/.derivedData/SDKExplicitPrecompiledModules
PruneExplicitPrecompiledModules /Users/admin/builder/spi-builder-workspace/.derivedData/Build/Intermediates.noindex/SwiftExplicitPrecompiledModules
2026-09-26 08:16:26.834 xcodebuild[785:4953] [MT] IDERunDestination: Supported platforms for the buildables in the current scheme is empty.
** BUILD FAILED **
The following build commands failed:
SwiftCompile normal arm64 /Users/admin/builder/spi-builder-workspace/Sources/SwaTexDemo/SwaTexDemoApp.swift (in target 'SwaTexDemo-product' from project 'SwaTex')
SwiftCompile normal arm64 Compiling\ SwaTexDemoApp.swift /Users/admin/builder/spi-builder-workspace/Sources/SwaTexDemo/SwaTexDemoApp.swift (in target 'SwaTexDemo-product' from project 'SwaTex')
Building workspace SwaTex with scheme SwaTex-Package
(3 failures)
BUILD FAILURE 6.4 tvOS