The Swift Package Index logo.Swift Package Index

Build Information

Failed to build LubaUI, reference 0.3.0 (40ddc3), with Swift 6.1 for watchOS using Xcode 16.3 on 17 Oct 2026 16:44:38 UTC.

Build Command

env DEVELOPER_DIR=/Applications/Xcode-16.3.0.app xcrun xcodebuild -IDEClonedSourcePackagesDirPathOverride=$PWD/.dependencies -skipMacroValidation -skipPackagePluginValidation -derivedDataPath $PWD/.derivedData build -scheme LubaUI-Package -destination generic/platform=watchOS

Build Log

========================================
RunAll
========================================
Builder version: 5.1.3
Interrupt handler set up.
========================================
Checkout
========================================
Clone URL: https://github.com/ermanakar/LubaUI.git
Reference: 0.3.0
Initialized empty Git repository in /Users/admin/builder/spi-builder-workspace/.git/
From https://github.com/ermanakar/LubaUI
 * tag               0.3.0      -> FETCH_HEAD
HEAD is now at 40ddc32 Clarify screenshot provenance for the 0.3.0 release
Cloned https://github.com/ermanakar/LubaUI.git
Revision (git rev-parse @):
40ddc32da3dd6ba3b9616b82649d3766ca9e4308
SUCCESS checkout https://github.com/ermanakar/LubaUI.git at 0.3.0
========================================
Build
========================================
Selected platform:         watchOS
Swift version:             6.1
Building package at path:  $PWD
https://github.com/ermanakar/LubaUI.git
https://github.com/ermanakar/LubaUI.git
{
  "default_localization" : "en",
  "dependencies" : [
    {
      "identity" : "swift-docc-plugin",
      "requirement" : {
        "range" : [
          {
            "lower_bound" : "1.4.3",
            "upper_bound" : "2.0.0"
          }
        ]
      },
      "type" : "sourceControl",
      "url" : "https://github.com/swiftlang/swift-docc-plugin"
    }
  ],
  "manifest_display_name" : "LubaUI",
  "name" : "LubaUI",
  "path" : "/Users/admin/builder/spi-builder-workspace",
  "platforms" : [
    {
      "name" : "ios",
      "version" : "16.0"
    },
    {
      "name" : "macos",
      "version" : "13.0"
    },
    {
      "name" : "watchos",
      "version" : "9.0"
    },
    {
      "name" : "tvos",
      "version" : "16.0"
    },
    {
      "name" : "visionos",
      "version" : "1.0"
    }
  ],
  "products" : [
    {
      "name" : "LubaCore",
      "targets" : [
        "LubaCore"
      ],
      "type" : {
        "library" : [
          "automatic"
        ]
      }
    },
    {
      "name" : "LubaComponents",
      "targets" : [
        "LubaComponents"
      ],
      "type" : {
        "library" : [
          "automatic"
        ]
      }
    },
    {
      "name" : "LubaUI",
      "targets" : [
        "LubaUI"
      ],
      "type" : {
        "library" : [
          "automatic"
        ]
      }
    }
  ],
  "swift_languages_versions" : [
    "5"
  ],
  "targets" : [
    {
      "c99name" : "LubaUITests",
      "module_type" : "SwiftTarget",
      "name" : "LubaUITests",
      "path" : "Tests/LubaUITests",
      "sources" : [
        "ComponentTests.swift",
        "ComponentTokenTests.swift",
        "InteractionRegressionTests.swift",
        "LocalizationTests.swift",
        "MotionPolicyTests.swift",
        "ThemeConfigTests.swift",
        "ThemeSystemTests.swift",
        "TokenTests.swift",
        "TypographyTests.swift"
      ],
      "target_dependencies" : [
        "LubaUI",
        "LubaCore",
        "LubaComponents"
      ],
      "type" : "test"
    },
    {
      "c99name" : "LubaUI",
      "module_type" : "SwiftTarget",
      "name" : "LubaUI",
      "path" : "Sources/LubaUI",
      "product_memberships" : [
        "LubaUI"
      ],
      "sources" : [
        "LubaUI.swift"
      ],
      "target_dependencies" : [
        "LubaCore",
        "LubaComponents"
      ],
      "type" : "library"
    },
    {
      "c99name" : "LubaCore",
      "module_type" : "SwiftTarget",
      "name" : "LubaCore",
      "path" : "Sources/LubaCore",
      "product_memberships" : [
        "LubaCore",
        "LubaComponents",
        "LubaUI"
      ],
      "resources" : [
        {
          "path" : "/Users/admin/builder/spi-builder-workspace/Sources/LubaCore/Resources/de.lproj/Localizable.strings",
          "rule" : {
            "process" : {
              "localization" : "de"
            }
          }
        },
        {
          "path" : "/Users/admin/builder/spi-builder-workspace/Sources/LubaCore/Resources/en.lproj/Localizable.strings",
          "rule" : {
            "process" : {
              "localization" : "en"
            }
          }
        }
      ],
      "sources" : [
        "Config/LubaButtonStyle.swift",
        "Config/LubaCardElevation.swift",
        "Config/LubaConfig.swift",
        "Primitives/LubaButtonStyling.swift",
        "Primitives/LubaExpandable.swift",
        "Primitives/LubaGlass.swift",
        "Primitives/LubaLongPressable.swift",
        "Primitives/LubaPressable.swift",
        "Primitives/LubaShimmerable.swift",
        "Primitives/LubaSwipeable.swift",
        "Theme/LubaTheme.swift",
        "Theme/LubaThemeContext.swift",
        "Tokens/LubaColors.swift",
        "Tokens/LubaMotion.swift",
        "Tokens/LubaPrimitives.swift",
        "Tokens/LubaRadius.swift",
        "Tokens/LubaSpacing.swift",
        "Tokens/LubaTypography.swift",
        "Utilities/LubaAccessibility.swift",
        "Utilities/LubaAnimations.swift",
        "Utilities/LubaHapticPolicy.swift",
        "Utilities/LubaHaptics.swift",
        "Utilities/LubaMotionPolicy.swift",
        "Utilities/LubaStrings.swift"
      ],
      "type" : "library"
    },
    {
      "c99name" : "LubaComponents",
      "module_type" : "SwiftTarget",
      "name" : "LubaComponents",
      "path" : "Sources/LubaComponents",
      "product_memberships" : [
        "LubaComponents",
        "LubaUI"
      ],
      "sources" : [
        "Components/LubaAlert.swift",
        "Components/LubaAvatar.swift",
        "Components/LubaBadge.swift",
        "Components/LubaButton.swift",
        "Components/LubaCard.swift",
        "Components/LubaCheckbox.swift",
        "Components/LubaChip.swift",
        "Components/LubaDivider.swift",
        "Components/LubaExpandableCard.swift",
        "Components/LubaIcon.swift",
        "Components/LubaLink.swift",
        "Components/LubaMenu.swift",
        "Components/LubaProgress.swift",
        "Components/LubaRadio.swift",
        "Components/LubaRating.swift",
        "Components/LubaSearchBar.swift",
        "Components/LubaSheet.swift",
        "Components/LubaSkeleton.swift",
        "Components/LubaSlider.swift",
        "Components/LubaStepper.swift",
        "Components/LubaTabs.swift",
        "Components/LubaTextArea.swift",
        "Components/LubaTextField.swift",
        "Components/LubaToast.swift",
        "Components/LubaToggle.swift",
        "Components/LubaTooltip.swift",
        "Exports.swift",
        "Tokens/LubaControlTokens.swift",
        "Tokens/LubaFeedbackTokens.swift"
      ],
      "target_dependencies" : [
        "LubaCore"
      ],
      "type" : "library"
    }
  ],
  "tools_version" : "5.9"
}
Command line invocation:
    /Applications/Xcode-16.3.0.app/Contents/Developer/usr/bin/xcodebuild -IDEClonedSourcePackagesDirPathOverride=/Users/admin/builder/spi-builder-workspace/.dependencies -resolvePackageDependencies
Resolve Package Graph
Fetching from https://github.com/swiftlang/swift-docc-plugin (cached)
Fetching from https://github.com/swiftlang/swift-docc-symbolkit (cached)
Creating working copy of package ‘swift-docc-symbolkit’
Checking out 1.0.0 of package ‘swift-docc-symbolkit’
Creating working copy of package ‘swift-docc-plugin’
Checking out 1.5.0 of package ‘swift-docc-plugin’
Resolve Package Graph
Resolved source packages:
  SymbolKit: https://github.com/swiftlang/swift-docc-symbolkit @ 1.0.0
  SwiftDocCPlugin: https://github.com/swiftlang/swift-docc-plugin @ 1.5.0
  LubaUI: /Users/admin/builder/spi-builder-workspace
resolved source packages: SymbolKit, SwiftDocCPlugin, LubaUI
{
  "default_localization" : "en",
  "dependencies" : [
    {
      "identity" : "swift-docc-plugin",
      "requirement" : {
        "range" : [
          {
            "lower_bound" : "1.4.3",
            "upper_bound" : "2.0.0"
          }
        ]
      },
      "type" : "sourceControl",
      "url" : "https://github.com/swiftlang/swift-docc-plugin"
    }
  ],
  "manifest_display_name" : "LubaUI",
  "name" : "LubaUI",
  "path" : "/Users/admin/builder/spi-builder-workspace",
  "platforms" : [
    {
      "name" : "ios",
      "version" : "16.0"
    },
    {
      "name" : "macos",
      "version" : "13.0"
    },
    {
      "name" : "watchos",
      "version" : "9.0"
    },
    {
      "name" : "tvos",
      "version" : "16.0"
    },
    {
      "name" : "visionos",
      "version" : "1.0"
    }
  ],
  "products" : [
    {
      "name" : "LubaCore",
      "targets" : [
        "LubaCore"
      ],
      "type" : {
        "library" : [
          "automatic"
        ]
      }
    },
    {
      "name" : "LubaComponents",
      "targets" : [
        "LubaComponents"
      ],
      "type" : {
        "library" : [
          "automatic"
        ]
      }
    },
    {
      "name" : "LubaUI",
      "targets" : [
        "LubaUI"
      ],
      "type" : {
        "library" : [
          "automatic"
        ]
      }
    }
  ],
  "swift_languages_versions" : [
    "5"
  ],
  "targets" : [
    {
      "c99name" : "LubaUITests",
      "module_type" : "SwiftTarget",
      "name" : "LubaUITests",
      "path" : "Tests/LubaUITests",
      "sources" : [
        "ComponentTests.swift",
        "ComponentTokenTests.swift",
        "InteractionRegressionTests.swift",
        "LocalizationTests.swift",
        "MotionPolicyTests.swift",
        "ThemeConfigTests.swift",
        "ThemeSystemTests.swift",
        "TokenTests.swift",
        "TypographyTests.swift"
      ],
      "target_dependencies" : [
        "LubaUI",
        "LubaCore",
        "LubaComponents"
      ],
      "type" : "test"
    },
    {
      "c99name" : "LubaUI",
      "module_type" : "SwiftTarget",
      "name" : "LubaUI",
      "path" : "Sources/LubaUI",
      "product_memberships" : [
        "LubaUI"
      ],
      "sources" : [
        "LubaUI.swift"
      ],
      "target_dependencies" : [
        "LubaCore",
        "LubaComponents"
      ],
      "type" : "library"
    },
    {
      "c99name" : "LubaCore",
      "module_type" : "SwiftTarget",
      "name" : "LubaCore",
      "path" : "Sources/LubaCore",
      "product_memberships" : [
        "LubaCore",
        "LubaComponents",
        "LubaUI"
      ],
      "resources" : [
        {
          "path" : "/Users/admin/builder/spi-builder-workspace/Sources/LubaCore/Resources/de.lproj/Localizable.strings",
          "rule" : {
            "process" : {
              "localization" : "de"
            }
          }
        },
        {
          "path" : "/Users/admin/builder/spi-builder-workspace/Sources/LubaCore/Resources/en.lproj/Localizable.strings",
          "rule" : {
            "process" : {
              "localization" : "en"
            }
          }
        }
      ],
      "sources" : [
        "Config/LubaButtonStyle.swift",
        "Config/LubaCardElevation.swift",
        "Config/LubaConfig.swift",
        "Primitives/LubaButtonStyling.swift",
        "Primitives/LubaExpandable.swift",
        "Primitives/LubaGlass.swift",
        "Primitives/LubaLongPressable.swift",
        "Primitives/LubaPressable.swift",
        "Primitives/LubaShimmerable.swift",
        "Primitives/LubaSwipeable.swift",
        "Theme/LubaTheme.swift",
        "Theme/LubaThemeContext.swift",
        "Tokens/LubaColors.swift",
        "Tokens/LubaMotion.swift",
        "Tokens/LubaPrimitives.swift",
        "Tokens/LubaRadius.swift",
        "Tokens/LubaSpacing.swift",
        "Tokens/LubaTypography.swift",
        "Utilities/LubaAccessibility.swift",
        "Utilities/LubaAnimations.swift",
        "Utilities/LubaHapticPolicy.swift",
        "Utilities/LubaHaptics.swift",
        "Utilities/LubaMotionPolicy.swift",
        "Utilities/LubaStrings.swift"
      ],
      "type" : "library"
    },
    {
      "c99name" : "LubaComponents",
      "module_type" : "SwiftTarget",
      "name" : "LubaComponents",
      "path" : "Sources/LubaComponents",
      "product_memberships" : [
        "LubaComponents",
        "LubaUI"
      ],
      "sources" : [
        "Components/LubaAlert.swift",
        "Components/LubaAvatar.swift",
        "Components/LubaBadge.swift",
        "Components/LubaButton.swift",
        "Components/LubaCard.swift",
        "Components/LubaCheckbox.swift",
        "Components/LubaChip.swift",
        "Components/LubaDivider.swift",
        "Components/LubaExpandableCard.swift",
        "Components/LubaIcon.swift",
        "Components/LubaLink.swift",
        "Components/LubaMenu.swift",
        "Components/LubaProgress.swift",
        "Components/LubaRadio.swift",
        "Components/LubaRating.swift",
        "Components/LubaSearchBar.swift",
        "Components/LubaSheet.swift",
        "Components/LubaSkeleton.swift",
        "Components/LubaSlider.swift",
        "Components/LubaStepper.swift",
        "Components/LubaTabs.swift",
        "Components/LubaTextArea.swift",
        "Components/LubaTextField.swift",
        "Components/LubaToast.swift",
        "Components/LubaToggle.swift",
        "Components/LubaTooltip.swift",
        "Exports.swift",
        "Tokens/LubaControlTokens.swift",
        "Tokens/LubaFeedbackTokens.swift"
      ],
      "target_dependencies" : [
        "LubaCore"
      ],
      "type" : "library"
    }
  ],
  "tools_version" : "5.9"
}
{
  "workspace" : {
    "name" : "spi-builder-workspace",
    "schemes" : [
      "LubaComponents",
      "LubaCore",
      "LubaUI",
      "LubaUI-Package"
    ]
  }
}
Running build ...
env DEVELOPER_DIR=/Applications/Xcode-16.3.0.app xcrun xcodebuild -IDEClonedSourcePackagesDirPathOverride=$PWD/.dependencies -skipMacroValidation -skipPackagePluginValidation -derivedDataPath $PWD/.derivedData build -scheme LubaUI-Package -destination generic/platform=watchOS OTHER_SWIFT_FLAGS=-stats-output-dir .stats -strict-concurrency=complete -enable-upcoming-feature StrictConcurrency -enable-upcoming-feature DisableOutwardActorInference -enable-upcoming-feature GlobalActorIsolatedTypesUsability -enable-upcoming-feature InferSendableFromCaptures
Command line invocation:
    /Applications/Xcode-16.3.0.app/Contents/Developer/usr/bin/xcodebuild -IDEClonedSourcePackagesDirPathOverride=/Users/admin/builder/spi-builder-workspace/.dependencies -skipMacroValidation -skipPackagePluginValidation -derivedDataPath /Users/admin/builder/spi-builder-workspace/.derivedData build -scheme LubaUI-Package -destination generic/platform=watchOS "OTHER_SWIFT_FLAGS=-stats-output-dir .stats -strict-concurrency=complete -enable-upcoming-feature StrictConcurrency -enable-upcoming-feature DisableOutwardActorInference -enable-upcoming-feature GlobalActorIsolatedTypesUsability -enable-upcoming-feature InferSendableFromCaptures"
Build settings from command line:
    OTHER_SWIFT_FLAGS = -stats-output-dir .stats -strict-concurrency=complete -enable-upcoming-feature StrictConcurrency -enable-upcoming-feature DisableOutwardActorInference -enable-upcoming-feature GlobalActorIsolatedTypesUsability -enable-upcoming-feature InferSendableFromCaptures
Resolve Package Graph
Resolve Package Graph
Resolved source packages:
  LubaUI: /Users/admin/builder/spi-builder-workspace
  SwiftDocCPlugin: https://github.com/swiftlang/swift-docc-plugin @ 1.5.0
  SymbolKit: https://github.com/swiftlang/swift-docc-symbolkit @ 1.0.0
ComputePackagePrebuildTargetDependencyGraph
Prepare packages
CreateBuildRequest
SendProjectDescription
CreateBuildOperation
ComputeTargetDependencyGraph
note: Building targets in dependency order
note: Target dependency graph (7 targets)
    Target 'LubaUI' in project 'LubaUI'
        ➜ Explicit dependency on target 'LubaUI' in project 'LubaUI'
        ➜ Explicit dependency on target 'LubaCore' in project 'LubaUI'
        ➜ Explicit dependency on target 'LubaComponents' in project 'LubaUI'
    Target 'LubaUI' in project 'LubaUI'
        ➜ Explicit dependency on target 'LubaCore' in project 'LubaUI'
        ➜ Explicit dependency on target 'LubaComponents' in project 'LubaUI'
    Target 'LubaCore' in project 'LubaUI'
        ➜ Explicit dependency on target 'LubaCore' in project 'LubaUI'
        ➜ Explicit dependency on target 'LubaUI_LubaCore' in project 'LubaUI'
    Target 'LubaComponents' in project 'LubaUI'
        ➜ Explicit dependency on target 'LubaComponents' in project 'LubaUI'
        ➜ Explicit dependency on target 'LubaCore' in project 'LubaUI'
    Target 'LubaComponents' in project 'LubaUI'
        ➜ Explicit dependency on target 'LubaCore' in project 'LubaUI'
    Target 'LubaCore' in project 'LubaUI'
        ➜ Explicit dependency on target 'LubaUI_LubaCore' in project 'LubaUI'
    Target 'LubaUI_LubaCore' in project 'LubaUI' (no dependencies)
GatherProvisioningInputs
CreateBuildDescription
ExecuteExternalTool /Applications/Xcode-16.3.0.app/Contents/Developer/Toolchains/XcodeDefault.xctoolchain/usr/bin/clang -v -E -dM -isysroot /Applications/Xcode-16.3.0.app/Contents/Developer/Platforms/WatchOS.platform/Developer/SDKs/WatchOS11.4.sdk -x c -c /dev/null
ExecuteExternalTool /Applications/Xcode-16.3.0.app/Contents/Developer/Toolchains/XcodeDefault.xctoolchain/usr/bin/swiftc --version
ExecuteExternalTool /Applications/Xcode-16.3.0.app/Contents/Developer/Toolchains/XcodeDefault.xctoolchain/usr/bin/ld -version_details
ReadFileContents /Applications/Xcode-16.3.0.app/Contents/Developer/Toolchains/XcodeDefault.xctoolchain/usr/share/docc/features.json
Build description signature: 0b4d44e9daac11b7154e468ec9412d02
Build description path: /Users/admin/builder/spi-builder-workspace/.derivedData/Build/Intermediates.noindex/XCBuildData/0b4d44e9daac11b7154e468ec9412d02.xcbuilddata
CreateBuildDirectory /Users/admin/builder/spi-builder-workspace/.derivedData/Build/Intermediates.noindex
    cd /Users/admin/builder/spi-builder-workspace/.swiftpm/xcode
    builtin-create-build-directory /Users/admin/builder/spi-builder-workspace/.derivedData/Build/Intermediates.noindex
CreateBuildDirectory /Users/admin/builder/spi-builder-workspace/.derivedData/Build/Products
    cd /Users/admin/builder/spi-builder-workspace/.swiftpm/xcode
    builtin-create-build-directory /Users/admin/builder/spi-builder-workspace/.derivedData/Build/Products
ClangStatCache /Applications/Xcode-16.3.0.app/Contents/Developer/Toolchains/XcodeDefault.xctoolchain/usr/bin/clang-stat-cache /Applications/Xcode-16.3.0.app/Contents/Developer/Platforms/WatchOS.platform/Developer/SDKs/WatchOS11.4.sdk /Users/admin/builder/spi-builder-workspace/.derivedData/SDKStatCaches.noindex/watchos11.4-22T246-43efb940ff07ba2497b70ec94253f576.sdkstatcache
    cd /Users/admin/builder/spi-builder-workspace/.swiftpm/xcode
    /Applications/Xcode-16.3.0.app/Contents/Developer/Toolchains/XcodeDefault.xctoolchain/usr/bin/clang-stat-cache /Applications/Xcode-16.3.0.app/Contents/Developer/Platforms/WatchOS.platform/Developer/SDKs/WatchOS11.4.sdk -o /Users/admin/builder/spi-builder-workspace/.derivedData/SDKStatCaches.noindex/watchos11.4-22T246-43efb940ff07ba2497b70ec94253f576.sdkstatcache
CreateBuildDirectory /Users/admin/builder/spi-builder-workspace/.derivedData/Build/Products/Debug-watchos
    cd /Users/admin/builder/spi-builder-workspace/.swiftpm/xcode
    builtin-create-build-directory /Users/admin/builder/spi-builder-workspace/.derivedData/Build/Products/Debug-watchos
CreateBuildDirectory /Users/admin/builder/spi-builder-workspace/.derivedData/Build/Intermediates.noindex/EagerLinkingTBDs/Debug-watchos
    cd /Users/admin/builder/spi-builder-workspace/.swiftpm/xcode
    builtin-create-build-directory /Users/admin/builder/spi-builder-workspace/.derivedData/Build/Intermediates.noindex/EagerLinkingTBDs/Debug-watchos
CreateBuildDirectory /Users/admin/builder/spi-builder-workspace/.derivedData/Build/Products/Debug-watchos/PackageFrameworks
    cd /Users/admin/builder/spi-builder-workspace/.swiftpm/xcode
    builtin-create-build-directory /Users/admin/builder/spi-builder-workspace/.derivedData/Build/Products/Debug-watchos/PackageFrameworks
WriteAuxiliaryFile /Users/admin/builder/spi-builder-workspace/.derivedData/Build/Intermediates.noindex/LubaUI.build/Debug-watchos/LubaCore.build/LubaCore.modulemap (in target 'LubaCore' from project 'LubaUI')
    cd /Users/admin/builder/spi-builder-workspace
    write-file /Users/admin/builder/spi-builder-workspace/.derivedData/Build/Intermediates.noindex/LubaUI.build/Debug-watchos/LubaCore.build/LubaCore.modulemap
WriteAuxiliaryFile /Users/admin/builder/spi-builder-workspace/.derivedData/Build/Intermediates.noindex/LubaUI.build/Debug-watchos/LubaUI_LubaCore.build/empty-LubaUI_LubaCore.plist (in target 'LubaUI_LubaCore' from project 'LubaUI')
    cd /Users/admin/builder/spi-builder-workspace
    write-file /Users/admin/builder/spi-builder-workspace/.derivedData/Build/Intermediates.noindex/LubaUI.build/Debug-watchos/LubaUI_LubaCore.build/empty-LubaUI_LubaCore.plist
WriteAuxiliaryFile /Users/admin/builder/spi-builder-workspace/.derivedData/Build/Intermediates.noindex/LubaUI.build/Debug-watchos/LubaCore.build/Objects-normal/arm64_32/LubaCore.LinkFileList (in target 'LubaCore' from project 'LubaUI')
    cd /Users/admin/builder/spi-builder-workspace
    write-file /Users/admin/builder/spi-builder-workspace/.derivedData/Build/Intermediates.noindex/LubaUI.build/Debug-watchos/LubaCore.build/Objects-normal/arm64_32/LubaCore.LinkFileList
WriteAuxiliaryFile /Users/admin/builder/spi-builder-workspace/.derivedData/Build/Intermediates.noindex/LubaUI.build/Debug-watchos/LubaCore.build/Objects-normal/arm64_32/LubaCore_const_extract_protocols.json (in target 'LubaCore' from project 'LubaUI')
    cd /Users/admin/builder/spi-builder-workspace
    write-file /Users/admin/builder/spi-builder-workspace/.derivedData/Build/Intermediates.noindex/LubaUI.build/Debug-watchos/LubaCore.build/Objects-normal/arm64_32/LubaCore_const_extract_protocols.json
WriteAuxiliaryFile /Users/admin/builder/spi-builder-workspace/.derivedData/Build/Intermediates.noindex/LubaUI.build/Debug-watchos/LubaCore.build/Objects-normal/arm64/LubaCore_const_extract_protocols.json (in target 'LubaCore' from project 'LubaUI')
    cd /Users/admin/builder/spi-builder-workspace
    write-file /Users/admin/builder/spi-builder-workspace/.derivedData/Build/Intermediates.noindex/LubaUI.build/Debug-watchos/LubaCore.build/Objects-normal/arm64/LubaCore_const_extract_protocols.json
WriteAuxiliaryFile /Users/admin/builder/spi-builder-workspace/.derivedData/Build/Intermediates.noindex/LubaUI.build/Debug-watchos/LubaCore.build/Objects-normal/arm64_32/LubaCore-OutputFileMap.json (in target 'LubaCore' from project 'LubaUI')
    cd /Users/admin/builder/spi-builder-workspace
    write-file /Users/admin/builder/spi-builder-workspace/.derivedData/Build/Intermediates.noindex/LubaUI.build/Debug-watchos/LubaCore.build/Objects-normal/arm64_32/LubaCore-OutputFileMap.json
WriteAuxiliaryFile /Users/admin/builder/spi-builder-workspace/.derivedData/Build/Intermediates.noindex/LubaUI.build/Debug-watchos/LubaCore.build/Objects-normal/arm64/LubaCore.LinkFileList (in target 'LubaCore' from project 'LubaUI')
    cd /Users/admin/builder/spi-builder-workspace
    write-file /Users/admin/builder/spi-builder-workspace/.derivedData/Build/Intermediates.noindex/LubaUI.build/Debug-watchos/LubaCore.build/Objects-normal/arm64/LubaCore.LinkFileList
WriteAuxiliaryFile /Users/admin/builder/spi-builder-workspace/.derivedData/Build/Intermediates.noindex/LubaUI.build/Debug-watchos/LubaCore.build/Objects-normal/arm64/LubaCore-OutputFileMap.json (in target 'LubaCore' from project 'LubaUI')
    cd /Users/admin/builder/spi-builder-workspace
    write-file /Users/admin/builder/spi-builder-workspace/.derivedData/Build/Intermediates.noindex/LubaUI.build/Debug-watchos/LubaCore.build/Objects-normal/arm64/LubaCore-OutputFileMap.json
WriteAuxiliaryFile /Users/admin/builder/spi-builder-workspace/.derivedData/Build/Intermediates.noindex/LubaUI.build/Debug-watchos/LubaCore.build/DerivedSources/resource_bundle_accessor.swift (in target 'LubaCore' from project 'LubaUI')
    cd /Users/admin/builder/spi-builder-workspace
    write-file /Users/admin/builder/spi-builder-workspace/.derivedData/Build/Intermediates.noindex/LubaUI.build/Debug-watchos/LubaCore.build/DerivedSources/resource_bundle_accessor.swift
WriteAuxiliaryFile /Users/admin/builder/spi-builder-workspace/.derivedData/Build/Intermediates.noindex/LubaUI.build/Debug-watchos/LubaUI_LubaCore.build/LubaUI_LubaCore.DependencyStaticMetadataFileList (in target 'LubaUI_LubaCore' from project 'LubaUI')
    cd /Users/admin/builder/spi-builder-workspace
    write-file /Users/admin/builder/spi-builder-workspace/.derivedData/Build/Intermediates.noindex/LubaUI.build/Debug-watchos/LubaUI_LubaCore.build/LubaUI_LubaCore.DependencyStaticMetadataFileList
WriteAuxiliaryFile /Users/admin/builder/spi-builder-workspace/.derivedData/Build/Intermediates.noindex/LubaUI.build/Debug-watchos/LubaUI_LubaCore.build/LubaUI_LubaCore.DependencyMetadataFileList (in target 'LubaUI_LubaCore' from project 'LubaUI')
    cd /Users/admin/builder/spi-builder-workspace
    write-file /Users/admin/builder/spi-builder-workspace/.derivedData/Build/Intermediates.noindex/LubaUI.build/Debug-watchos/LubaUI_LubaCore.build/LubaUI_LubaCore.DependencyMetadataFileList
WriteAuxiliaryFile /Users/admin/builder/spi-builder-workspace/.derivedData/Build/Intermediates.noindex/LubaUI.build/Debug-watchos/LubaUI.build/Objects-normal/arm64_32/LubaUI.SwiftFileList (in target 'LubaUI' from project 'LubaUI')
    cd /Users/admin/builder/spi-builder-workspace
    write-file /Users/admin/builder/spi-builder-workspace/.derivedData/Build/Intermediates.noindex/LubaUI.build/Debug-watchos/LubaUI.build/Objects-normal/arm64_32/LubaUI.SwiftFileList
WriteAuxiliaryFile /Users/admin/builder/spi-builder-workspace/.derivedData/Build/Intermediates.noindex/LubaUI.build/Debug-watchos/LubaUI.build/Objects-normal/arm64_32/LubaUI_const_extract_protocols.json (in target 'LubaUI' from project 'LubaUI')
    cd /Users/admin/builder/spi-builder-workspace
    write-file /Users/admin/builder/spi-builder-workspace/.derivedData/Build/Intermediates.noindex/LubaUI.build/Debug-watchos/LubaUI.build/Objects-normal/arm64_32/LubaUI_const_extract_protocols.json
WriteAuxiliaryFile /Users/admin/builder/spi-builder-workspace/.derivedData/Build/Intermediates.noindex/LubaUI.build/Debug-watchos/LubaUI.build/Objects-normal/arm64_32/LubaUI.SwiftConstValuesFileList (in target 'LubaUI' from project 'LubaUI')
    cd /Users/admin/builder/spi-builder-workspace
    write-file /Users/admin/builder/spi-builder-workspace/.derivedData/Build/Intermediates.noindex/LubaUI.build/Debug-watchos/LubaUI.build/Objects-normal/arm64_32/LubaUI.SwiftConstValuesFileList
WriteAuxiliaryFile /Users/admin/builder/spi-builder-workspace/.derivedData/Build/Intermediates.noindex/LubaUI.build/Debug-watchos/LubaUI.build/Objects-normal/arm64_32/LubaUI.LinkFileList (in target 'LubaUI' from project 'LubaUI')
    cd /Users/admin/builder/spi-builder-workspace
    write-file /Users/admin/builder/spi-builder-workspace/.derivedData/Build/Intermediates.noindex/LubaUI.build/Debug-watchos/LubaUI.build/Objects-normal/arm64_32/LubaUI.LinkFileList
WriteAuxiliaryFile /Users/admin/builder/spi-builder-workspace/.derivedData/Build/Intermediates.noindex/LubaUI.build/Debug-watchos/LubaUI.build/Objects-normal/arm64_32/LubaUI-OutputFileMap.json (in target 'LubaUI' from project 'LubaUI')
    cd /Users/admin/builder/spi-builder-workspace
    write-file /Users/admin/builder/spi-builder-workspace/.derivedData/Build/Intermediates.noindex/LubaUI.build/Debug-watchos/LubaUI.build/Objects-normal/arm64_32/LubaUI-OutputFileMap.json
WriteAuxiliaryFile /Users/admin/builder/spi-builder-workspace/.derivedData/Build/Intermediates.noindex/LubaUI.build/Debug-watchos/LubaUI.build/Objects-normal/arm64/LubaUI.SwiftConstValuesFileList (in target 'LubaUI' from project 'LubaUI')
    cd /Users/admin/builder/spi-builder-workspace
    write-file /Users/admin/builder/spi-builder-workspace/.derivedData/Build/Intermediates.noindex/LubaUI.build/Debug-watchos/LubaUI.build/Objects-normal/arm64/LubaUI.SwiftConstValuesFileList
WriteAuxiliaryFile /Users/admin/builder/spi-builder-workspace/.derivedData/Build/Intermediates.noindex/LubaUI.build/Debug-watchos/LubaUI.build/Objects-normal/arm64/LubaUI_const_extract_protocols.json (in target 'LubaUI' from project 'LubaUI')
    cd /Users/admin/builder/spi-builder-workspace
    write-file /Users/admin/builder/spi-builder-workspace/.derivedData/Build/Intermediates.noindex/LubaUI.build/Debug-watchos/LubaUI.build/Objects-normal/arm64/LubaUI_const_extract_protocols.json
WriteAuxiliaryFile /Users/admin/builder/spi-builder-workspace/.derivedData/Build/Intermediates.noindex/LubaUI.build/Debug-watchos/LubaUI.build/Objects-normal/arm64/LubaUI.SwiftFileList (in target 'LubaUI' from project 'LubaUI')
    cd /Users/admin/builder/spi-builder-workspace
    write-file /Users/admin/builder/spi-builder-workspace/.derivedData/Build/Intermediates.noindex/LubaUI.build/Debug-watchos/LubaUI.build/Objects-normal/arm64/LubaUI.SwiftFileList
WriteAuxiliaryFile /Users/admin/builder/spi-builder-workspace/.derivedData/Build/Intermediates.noindex/LubaUI.build/Debug-watchos/LubaUI.build/Objects-normal/arm64/LubaUI.LinkFileList (in target 'LubaUI' from project 'LubaUI')
    cd /Users/admin/builder/spi-builder-workspace
    write-file /Users/admin/builder/spi-builder-workspace/.derivedData/Build/Intermediates.noindex/LubaUI.build/Debug-watchos/LubaUI.build/Objects-normal/arm64/LubaUI.LinkFileList
WriteAuxiliaryFile /Users/admin/builder/spi-builder-workspace/.derivedData/Build/Intermediates.noindex/LubaUI.build/Debug-watchos/LubaUI.build/Objects-normal/arm64/LubaUI-OutputFileMap.json (in target 'LubaUI' from project 'LubaUI')
    cd /Users/admin/builder/spi-builder-workspace
    write-file /Users/admin/builder/spi-builder-workspace/.derivedData/Build/Intermediates.noindex/LubaUI.build/Debug-watchos/LubaUI.build/Objects-normal/arm64/LubaUI-OutputFileMap.json
WriteAuxiliaryFile /Users/admin/builder/spi-builder-workspace/.derivedData/Build/Intermediates.noindex/LubaUI.build/Debug-watchos/LubaUI.build/LubaUI.modulemap (in target 'LubaUI' from project 'LubaUI')
    cd /Users/admin/builder/spi-builder-workspace
    write-file /Users/admin/builder/spi-builder-workspace/.derivedData/Build/Intermediates.noindex/LubaUI.build/Debug-watchos/LubaUI.build/LubaUI.modulemap
WriteAuxiliaryFile /Users/admin/builder/spi-builder-workspace/.derivedData/Build/Intermediates.noindex/LubaUI.build/Debug-watchos/LubaUI.build/LubaUI.DependencyStaticMetadataFileList (in target 'LubaUI' from project 'LubaUI')
    cd /Users/admin/builder/spi-builder-workspace
    write-file /Users/admin/builder/spi-builder-workspace/.derivedData/Build/Intermediates.noindex/LubaUI.build/Debug-watchos/LubaUI.build/LubaUI.DependencyStaticMetadataFileList
WriteAuxiliaryFile /Users/admin/builder/spi-builder-workspace/.derivedData/Build/Intermediates.noindex/LubaUI.build/Debug-watchos/LubaUI.build/LubaUI.DependencyMetadataFileList (in target 'LubaUI' from project 'LubaUI')
    cd /Users/admin/builder/spi-builder-workspace
    write-file /Users/admin/builder/spi-builder-workspace/.derivedData/Build/Intermediates.noindex/LubaUI.build/Debug-watchos/LubaUI.build/LubaUI.DependencyMetadataFileList
WriteAuxiliaryFile /Users/admin/builder/spi-builder-workspace/.derivedData/Build/Intermediates.noindex/LubaUI.build/Debug-watchos/LubaCore.build/Objects-normal/arm64_32/LubaCore.SwiftFileList (in target 'LubaCore' from project 'LubaUI')
    cd /Users/admin/builder/spi-builder-workspace
    write-file /Users/admin/builder/spi-builder-workspace/.derivedData/Build/Intermediates.noindex/LubaUI.build/Debug-watchos/LubaCore.build/Objects-normal/arm64_32/LubaCore.SwiftFileList
WriteAuxiliaryFile /Users/admin/builder/spi-builder-workspace/.derivedData/Build/Intermediates.noindex/LubaUI.build/Debug-watchos/LubaCore.build/Objects-normal/arm64_32/LubaCore.SwiftConstValuesFileList (in target 'LubaCore' from project 'LubaUI')
    cd /Users/admin/builder/spi-builder-workspace
    write-file /Users/admin/builder/spi-builder-workspace/.derivedData/Build/Intermediates.noindex/LubaUI.build/Debug-watchos/LubaCore.build/Objects-normal/arm64_32/LubaCore.SwiftConstValuesFileList
WriteAuxiliaryFile /Users/admin/builder/spi-builder-workspace/.derivedData/Build/Intermediates.noindex/LubaUI.build/Debug-watchos/LubaCore.build/Objects-normal/arm64/LubaCore.SwiftFileList (in target 'LubaCore' from project 'LubaUI')
    cd /Users/admin/builder/spi-builder-workspace
    write-file /Users/admin/builder/spi-builder-workspace/.derivedData/Build/Intermediates.noindex/LubaUI.build/Debug-watchos/LubaCore.build/Objects-normal/arm64/LubaCore.SwiftFileList
WriteAuxiliaryFile /Users/admin/builder/spi-builder-workspace/.derivedData/Build/Intermediates.noindex/LubaUI.build/Debug-watchos/LubaCore.build/Objects-normal/arm64/LubaCore.SwiftConstValuesFileList (in target 'LubaCore' from project 'LubaUI')
    cd /Users/admin/builder/spi-builder-workspace
    write-file /Users/admin/builder/spi-builder-workspace/.derivedData/Build/Intermediates.noindex/LubaUI.build/Debug-watchos/LubaCore.build/Objects-normal/arm64/LubaCore.SwiftConstValuesFileList
WriteAuxiliaryFile /Users/admin/builder/spi-builder-workspace/.derivedData/Build/Intermediates.noindex/LubaUI.build/Debug-watchos/LubaCore.build/LubaCore.DependencyStaticMetadataFileList (in target 'LubaCore' from project 'LubaUI')
    cd /Users/admin/builder/spi-builder-workspace
    write-file /Users/admin/builder/spi-builder-workspace/.derivedData/Build/Intermediates.noindex/LubaUI.build/Debug-watchos/LubaCore.build/LubaCore.DependencyStaticMetadataFileList
WriteAuxiliaryFile /Users/admin/builder/spi-builder-workspace/.derivedData/Build/Intermediates.noindex/LubaUI.build/Debug-watchos/LubaCore.build/LubaCore.DependencyMetadataFileList (in target 'LubaCore' from project 'LubaUI')
    cd /Users/admin/builder/spi-builder-workspace
    write-file /Users/admin/builder/spi-builder-workspace/.derivedData/Build/Intermediates.noindex/LubaUI.build/Debug-watchos/LubaCore.build/LubaCore.DependencyMetadataFileList
Copy /Users/admin/builder/spi-builder-workspace/.derivedData/Build/Intermediates.noindex/GeneratedModuleMaps-watchos/LubaCore.modulemap /Users/admin/builder/spi-builder-workspace/.derivedData/Build/Intermediates.noindex/LubaUI.build/Debug-watchos/LubaCore.build/LubaCore.modulemap (in target 'LubaCore' from project 'LubaUI')
    cd /Users/admin/builder/spi-builder-workspace
    builtin-copy -exclude .DS_Store -exclude CVS -exclude .svn -exclude .git -exclude .hg -resolve-src-symlinks /Users/admin/builder/spi-builder-workspace/.derivedData/Build/Intermediates.noindex/LubaUI.build/Debug-watchos/LubaCore.build/LubaCore.modulemap /Users/admin/builder/spi-builder-workspace/.derivedData/Build/Intermediates.noindex/GeneratedModuleMaps-watchos
Copy /Users/admin/builder/spi-builder-workspace/.derivedData/Build/Intermediates.noindex/GeneratedModuleMaps-watchos/LubaUI.modulemap /Users/admin/builder/spi-builder-workspace/.derivedData/Build/Intermediates.noindex/LubaUI.build/Debug-watchos/LubaUI.build/LubaUI.modulemap (in target 'LubaUI' from project 'LubaUI')
    cd /Users/admin/builder/spi-builder-workspace
    builtin-copy -exclude .DS_Store -exclude CVS -exclude .svn -exclude .git -exclude .hg -resolve-src-symlinks /Users/admin/builder/spi-builder-workspace/.derivedData/Build/Intermediates.noindex/LubaUI.build/Debug-watchos/LubaUI.build/LubaUI.modulemap /Users/admin/builder/spi-builder-workspace/.derivedData/Build/Intermediates.noindex/GeneratedModuleMaps-watchos
WriteAuxiliaryFile /Users/admin/builder/spi-builder-workspace/.derivedData/Build/Intermediates.noindex/LubaUI.build/Debug-watchos/LubaComponents.build/Objects-normal/arm64_32/LubaComponents_const_extract_protocols.json (in target 'LubaComponents' from project 'LubaUI')
    cd /Users/admin/builder/spi-builder-workspace
    write-file /Users/admin/builder/spi-builder-workspace/.derivedData/Build/Intermediates.noindex/LubaUI.build/Debug-watchos/LubaComponents.build/Objects-normal/arm64_32/LubaComponents_const_extract_protocols.json
WriteAuxiliaryFile /Users/admin/builder/spi-builder-workspace/.derivedData/Build/Intermediates.noindex/LubaUI.build/Debug-watchos/LubaComponents.build/Objects-normal/arm64_32/LubaComponents.SwiftFileList (in target 'LubaComponents' from project 'LubaUI')
    cd /Users/admin/builder/spi-builder-workspace
    write-file /Users/admin/builder/spi-builder-workspace/.derivedData/Build/Intermediates.noindex/LubaUI.build/Debug-watchos/LubaComponents.build/Objects-normal/arm64_32/LubaComponents.SwiftFileList
WriteAuxiliaryFile /Users/admin/builder/spi-builder-workspace/.derivedData/Build/Intermediates.noindex/LubaUI.build/Debug-watchos/LubaComponents.build/Objects-normal/arm64_32/LubaComponents.SwiftConstValuesFileList (in target 'LubaComponents' from project 'LubaUI')
    cd /Users/admin/builder/spi-builder-workspace
    write-file /Users/admin/builder/spi-builder-workspace/.derivedData/Build/Intermediates.noindex/LubaUI.build/Debug-watchos/LubaComponents.build/Objects-normal/arm64_32/LubaComponents.SwiftConstValuesFileList
WriteAuxiliaryFile /Users/admin/builder/spi-builder-workspace/.derivedData/Build/Intermediates.noindex/LubaUI.build/Debug-watchos/LubaComponents.build/Objects-normal/arm64_32/LubaComponents.LinkFileList (in target 'LubaComponents' from project 'LubaUI')
    cd /Users/admin/builder/spi-builder-workspace
    write-file /Users/admin/builder/spi-builder-workspace/.derivedData/Build/Intermediates.noindex/LubaUI.build/Debug-watchos/LubaComponents.build/Objects-normal/arm64_32/LubaComponents.LinkFileList
WriteAuxiliaryFile /Users/admin/builder/spi-builder-workspace/.derivedData/Build/Intermediates.noindex/LubaUI.build/Debug-watchos/LubaComponents.build/Objects-normal/arm64_32/LubaComponents-OutputFileMap.json (in target 'LubaComponents' from project 'LubaUI')
    cd /Users/admin/builder/spi-builder-workspace
    write-file /Users/admin/builder/spi-builder-workspace/.derivedData/Build/Intermediates.noindex/LubaUI.build/Debug-watchos/LubaComponents.build/Objects-normal/arm64_32/LubaComponents-OutputFileMap.json
WriteAuxiliaryFile /Users/admin/builder/spi-builder-workspace/.derivedData/Build/Intermediates.noindex/LubaUI.build/Debug-watchos/LubaComponents.build/Objects-normal/arm64/LubaComponents_const_extract_protocols.json (in target 'LubaComponents' from project 'LubaUI')
    cd /Users/admin/builder/spi-builder-workspace
    write-file /Users/admin/builder/spi-builder-workspace/.derivedData/Build/Intermediates.noindex/LubaUI.build/Debug-watchos/LubaComponents.build/Objects-normal/arm64/LubaComponents_const_extract_protocols.json
WriteAuxiliaryFile /Users/admin/builder/spi-builder-workspace/.derivedData/Build/Intermediates.noindex/LubaUI.build/Debug-watchos/LubaComponents.build/Objects-normal/arm64/LubaComponents.SwiftFileList (in target 'LubaComponents' from project 'LubaUI')
    cd /Users/admin/builder/spi-builder-workspace
    write-file /Users/admin/builder/spi-builder-workspace/.derivedData/Build/Intermediates.noindex/LubaUI.build/Debug-watchos/LubaComponents.build/Objects-normal/arm64/LubaComponents.SwiftFileList
WriteAuxiliaryFile /Users/admin/builder/spi-builder-workspace/.derivedData/Build/Intermediates.noindex/LubaUI.build/Debug-watchos/LubaComponents.build/Objects-normal/arm64/LubaComponents.SwiftConstValuesFileList (in target 'LubaComponents' from project 'LubaUI')
    cd /Users/admin/builder/spi-builder-workspace
    write-file /Users/admin/builder/spi-builder-workspace/.derivedData/Build/Intermediates.noindex/LubaUI.build/Debug-watchos/LubaComponents.build/Objects-normal/arm64/LubaComponents.SwiftConstValuesFileList
WriteAuxiliaryFile /Users/admin/builder/spi-builder-workspace/.derivedData/Build/Intermediates.noindex/LubaUI.build/Debug-watchos/LubaComponents.build/Objects-normal/arm64/LubaComponents.LinkFileList (in target 'LubaComponents' from project 'LubaUI')
    cd /Users/admin/builder/spi-builder-workspace
    write-file /Users/admin/builder/spi-builder-workspace/.derivedData/Build/Intermediates.noindex/LubaUI.build/Debug-watchos/LubaComponents.build/Objects-normal/arm64/LubaComponents.LinkFileList
WriteAuxiliaryFile /Users/admin/builder/spi-builder-workspace/.derivedData/Build/Intermediates.noindex/LubaUI.build/Debug-watchos/LubaComponents.build/Objects-normal/arm64/LubaComponents-OutputFileMap.json (in target 'LubaComponents' from project 'LubaUI')
    cd /Users/admin/builder/spi-builder-workspace
    write-file /Users/admin/builder/spi-builder-workspace/.derivedData/Build/Intermediates.noindex/LubaUI.build/Debug-watchos/LubaComponents.build/Objects-normal/arm64/LubaComponents-OutputFileMap.json
WriteAuxiliaryFile /Users/admin/builder/spi-builder-workspace/.derivedData/Build/Intermediates.noindex/LubaUI.build/Debug-watchos/LubaComponents.build/LubaComponents.modulemap (in target 'LubaComponents' from project 'LubaUI')
    cd /Users/admin/builder/spi-builder-workspace
    write-file /Users/admin/builder/spi-builder-workspace/.derivedData/Build/Intermediates.noindex/LubaUI.build/Debug-watchos/LubaComponents.build/LubaComponents.modulemap
WriteAuxiliaryFile /Users/admin/builder/spi-builder-workspace/.derivedData/Build/Intermediates.noindex/LubaUI.build/Debug-watchos/LubaComponents.build/LubaComponents.DependencyStaticMetadataFileList (in target 'LubaComponents' from project 'LubaUI')
    cd /Users/admin/builder/spi-builder-workspace
    write-file /Users/admin/builder/spi-builder-workspace/.derivedData/Build/Intermediates.noindex/LubaUI.build/Debug-watchos/LubaComponents.build/LubaComponents.DependencyStaticMetadataFileList
WriteAuxiliaryFile /Users/admin/builder/spi-builder-workspace/.derivedData/Build/Intermediates.noindex/LubaUI.build/Debug-watchos/LubaComponents.build/LubaComponents.DependencyMetadataFileList (in target 'LubaComponents' from project 'LubaUI')
    cd /Users/admin/builder/spi-builder-workspace
    write-file /Users/admin/builder/spi-builder-workspace/.derivedData/Build/Intermediates.noindex/LubaUI.build/Debug-watchos/LubaComponents.build/LubaComponents.DependencyMetadataFileList
MkDir /Users/admin/builder/spi-builder-workspace/.derivedData/Build/Products/Debug-watchos/LubaUI_LubaCore.bundle (in target 'LubaUI_LubaCore' from project 'LubaUI')
    cd /Users/admin/builder/spi-builder-workspace
    /bin/mkdir -p /Users/admin/builder/spi-builder-workspace/.derivedData/Build/Products/Debug-watchos/LubaUI_LubaCore.bundle
ProcessInfoPlistFile /Users/admin/builder/spi-builder-workspace/.derivedData/Build/Products/Debug-watchos/LubaUI_LubaCore.bundle/Info.plist /Users/admin/builder/spi-builder-workspace/.derivedData/Build/Intermediates.noindex/LubaUI.build/Debug-watchos/LubaUI_LubaCore.build/empty-LubaUI_LubaCore.plist (in target 'LubaUI_LubaCore' from project 'LubaUI')
    cd /Users/admin/builder/spi-builder-workspace
    builtin-infoPlistUtility /Users/admin/builder/spi-builder-workspace/.derivedData/Build/Intermediates.noindex/LubaUI.build/Debug-watchos/LubaUI_LubaCore.build/empty-LubaUI_LubaCore.plist -producttype com.apple.product-type.bundle -expandbuildsettings -format binary -platform watchos -o /Users/admin/builder/spi-builder-workspace/.derivedData/Build/Products/Debug-watchos/LubaUI_LubaCore.bundle/Info.plist
CpResource /Users/admin/builder/spi-builder-workspace/.derivedData/Build/Products/Debug-watchos/LubaUI_LubaCore.bundle/en.lproj/Localizable.strings /Users/admin/builder/spi-builder-workspace/Sources/LubaCore/Resources/en.lproj/Localizable.strings (in target 'LubaUI_LubaCore' from project 'LubaUI')
    cd /Users/admin/builder/spi-builder-workspace
    builtin-copy -exclude .DS_Store -exclude CVS -exclude .svn -exclude .git -exclude .hg -resolve-src-symlinks /Users/admin/builder/spi-builder-workspace/Sources/LubaCore/Resources/en.lproj/Localizable.strings /Users/admin/builder/spi-builder-workspace/.derivedData/Build/Products/Debug-watchos/LubaUI_LubaCore.bundle/en.lproj
CpResource /Users/admin/builder/spi-builder-workspace/.derivedData/Build/Products/Debug-watchos/LubaUI_LubaCore.bundle/de.lproj/Localizable.strings /Users/admin/builder/spi-builder-workspace/Sources/LubaCore/Resources/de.lproj/Localizable.strings (in target 'LubaUI_LubaCore' from project 'LubaUI')
    cd /Users/admin/builder/spi-builder-workspace
    builtin-copy -exclude .DS_Store -exclude CVS -exclude .svn -exclude .git -exclude .hg -resolve-src-symlinks /Users/admin/builder/spi-builder-workspace/Sources/LubaCore/Resources/de.lproj/Localizable.strings /Users/admin/builder/spi-builder-workspace/.derivedData/Build/Products/Debug-watchos/LubaUI_LubaCore.bundle/de.lproj
Copy /Users/admin/builder/spi-builder-workspace/.derivedData/Build/Intermediates.noindex/GeneratedModuleMaps-watchos/LubaComponents.modulemap /Users/admin/builder/spi-builder-workspace/.derivedData/Build/Intermediates.noindex/LubaUI.build/Debug-watchos/LubaComponents.build/LubaComponents.modulemap (in target 'LubaComponents' from project 'LubaUI')
    cd /Users/admin/builder/spi-builder-workspace
    builtin-copy -exclude .DS_Store -exclude CVS -exclude .svn -exclude .git -exclude .hg -resolve-src-symlinks /Users/admin/builder/spi-builder-workspace/.derivedData/Build/Intermediates.noindex/LubaUI.build/Debug-watchos/LubaComponents.build/LubaComponents.modulemap /Users/admin/builder/spi-builder-workspace/.derivedData/Build/Intermediates.noindex/GeneratedModuleMaps-watchos
RegisterExecutionPolicyException /Users/admin/builder/spi-builder-workspace/.derivedData/Build/Products/Debug-watchos/LubaUI_LubaCore.bundle (in target 'LubaUI_LubaCore' from project 'LubaUI')
    cd /Users/admin/builder/spi-builder-workspace
    builtin-RegisterExecutionPolicyException /Users/admin/builder/spi-builder-workspace/.derivedData/Build/Products/Debug-watchos/LubaUI_LubaCore.bundle
Touch /Users/admin/builder/spi-builder-workspace/.derivedData/Build/Products/Debug-watchos/LubaUI_LubaCore.bundle (in target 'LubaUI_LubaCore' from project 'LubaUI')
    cd /Users/admin/builder/spi-builder-workspace
    /usr/bin/touch -c /Users/admin/builder/spi-builder-workspace/.derivedData/Build/Products/Debug-watchos/LubaUI_LubaCore.bundle
SwiftDriver LubaCore normal arm64 com.apple.xcode.tools.swift.compiler (in target 'LubaCore' from project 'LubaUI')
    cd /Users/admin/builder/spi-builder-workspace/.swiftpm/xcode
    builtin-SwiftDriver -- /Applications/Xcode-16.3.0.app/Contents/Developer/Toolchains/XcodeDefault.xctoolchain/usr/bin/swiftc -module-name LubaCore -Onone -enforce-exclusivity\=checked @/Users/admin/builder/spi-builder-workspace/.derivedData/Build/Intermediates.noindex/LubaUI.build/Debug-watchos/LubaCore.build/Objects-normal/arm64/LubaCore.SwiftFileList -DSWIFT_PACKAGE -DDEBUG -stats-output-dir .stats -strict-concurrency\=complete -enable-upcoming-feature StrictConcurrency -enable-upcoming-feature DisableOutwardActorInference -enable-upcoming-feature GlobalActorIsolatedTypesUsability -enable-upcoming-feature InferSendableFromCaptures -plugin-path /Applications/Xcode-16.3.0.app/Contents/Developer/Toolchains/XcodeDefault.xctoolchain/usr/lib/swift/host/plugins/testing -enable-experimental-feature DebugDescriptionMacro -sdk /Applications/Xcode-16.3.0.app/Contents/Developer/Platforms/WatchOS.platform/Developer/SDKs/WatchOS11.4.sdk -target arm64-apple-watchos9.0 -g -module-cache-path /Users/admin/builder/spi-builder-workspace/.derivedData/ModuleCache.noindex -Xfrontend -serialize-debugging-options -profile-coverage-mapping -profile-generate -enable-testing -index-store-path /Users/admin/builder/spi-builder-workspace/.derivedData/Index.noindex/DataStore -swift-version 5 -I /Users/admin/builder/spi-builder-workspace/.derivedData/Build/Products/Debug-watchos -I /Applications/Xcode-16.3.0.app/Contents/Developer/Platforms/WatchOS.platform/Developer/usr/lib -F /Users/admin/builder/spi-builder-workspace/.derivedData/Build/Products/Debug-watchos -F /Applications/Xcode-16.3.0.app/Contents/Developer/Platforms/WatchOS.platform/Developer/Library/Frameworks -F /Applications/Xcode-16.3.0.app/Contents/Developer/Platforms/WatchOS.platform/Developer/SDKs/WatchOS11.4.sdk/Developer/Library/Frameworks -emit-localized-strings -emit-localized-strings-path /Users/admin/builder/spi-builder-workspace/.derivedData/Build/Intermediates.noindex/LubaUI.build/Debug-watchos/LubaCore.build/Objects-normal/arm64 -c -j10 -enable-batch-mode -incremental -Xcc -ivfsstatcache -Xcc /Users/admin/builder/spi-builder-workspace/.derivedData/SDKStatCaches.noindex/watchos11.4-22T246-43efb940ff07ba2497b70ec94253f576.sdkstatcache -output-file-map /Users/admin/builder/spi-builder-workspace/.derivedData/Build/Intermediates.noindex/LubaUI.build/Debug-watchos/LubaCore.build/Objects-normal/arm64/LubaCore-OutputFileMap.json -use-frontend-parseable-output -save-temps -no-color-diagnostics -serialize-diagnostics -emit-dependencies -emit-module -emit-module-path /Users/admin/builder/spi-builder-workspace/.derivedData/Build/Intermediates.noindex/LubaUI.build/Debug-watchos/LubaCore.build/Objects-normal/arm64/LubaCore.swiftmodule -validate-clang-modules-once -clang-build-session-file /Users/admin/builder/spi-builder-workspace/.derivedData/ModuleCache.noindex/Session.modulevalidation -package-name spi_builder_workspace -Xcc -I/Users/admin/builder/spi-builder-workspace/.derivedData/Build/Intermediates.noindex/LubaUI.build/Debug-watchos/LubaCore.build/swift-overrides.hmap -emit-const-values -Xfrontend -const-gather-protocols-file -Xfrontend /Users/admin/builder/spi-builder-workspace/.derivedData/Build/Intermediates.noindex/LubaUI.build/Debug-watchos/LubaCore.build/Objects-normal/arm64/LubaCore_const_extract_protocols.json -Xcc -I/Users/admin/builder/spi-builder-workspace/.derivedData/Build/Products/Debug-watchos/include -Xcc -I/Users/admin/builder/spi-builder-workspace/.derivedData/Build/Intermediates.noindex/LubaUI.build/Debug-watchos/LubaCore.build/DerivedSources-normal/arm64 -Xcc -I/Users/admin/builder/spi-builder-workspace/.derivedData/Build/Intermediates.noindex/LubaUI.build/Debug-watchos/LubaCore.build/DerivedSources/arm64 -Xcc -I/Users/admin/builder/spi-builder-workspace/.derivedData/Build/Intermediates.noindex/LubaUI.build/Debug-watchos/LubaCore.build/DerivedSources -Xcc -DSWIFT_PACKAGE -Xcc -DDEBUG\=1 -emit-objc-header -emit-objc-header-path /Users/admin/builder/spi-builder-workspace/.derivedData/Build/Intermediates.noindex/LubaUI.build/Debug-watchos/LubaCore.build/Objects-normal/arm64/LubaCore-Swift.h -working-directory /Users/admin/builder/spi-builder-workspace/.swiftpm/xcode -experimental-emit-module-separately -disable-cmo
SwiftDriver LubaCore normal arm64_32 com.apple.xcode.tools.swift.compiler (in target 'LubaCore' from project 'LubaUI')
    cd /Users/admin/builder/spi-builder-workspace/.swiftpm/xcode
    builtin-SwiftDriver -- /Applications/Xcode-16.3.0.app/Contents/Developer/Toolchains/XcodeDefault.xctoolchain/usr/bin/swiftc -module-name LubaCore -Onone -enforce-exclusivity\=checked @/Users/admin/builder/spi-builder-workspace/.derivedData/Build/Intermediates.noindex/LubaUI.build/Debug-watchos/LubaCore.build/Objects-normal/arm64_32/LubaCore.SwiftFileList -DSWIFT_PACKAGE -DDEBUG -stats-output-dir .stats -strict-concurrency\=complete -enable-upcoming-feature StrictConcurrency -enable-upcoming-feature DisableOutwardActorInference -enable-upcoming-feature GlobalActorIsolatedTypesUsability -enable-upcoming-feature InferSendableFromCaptures -plugin-path /Applications/Xcode-16.3.0.app/Contents/Developer/Toolchains/XcodeDefault.xctoolchain/usr/lib/swift/host/plugins/testing -enable-experimental-feature DebugDescriptionMacro -sdk /Applications/Xcode-16.3.0.app/Contents/Developer/Platforms/WatchOS.platform/Developer/SDKs/WatchOS11.4.sdk -target arm64_32-apple-watchos9.0 -g -module-cache-path /Users/admin/builder/spi-builder-workspace/.derivedData/ModuleCache.noindex -Xfrontend -serialize-debugging-options -profile-coverage-mapping -profile-generate -enable-testing -index-store-path /Users/admin/builder/spi-builder-workspace/.derivedData/Index.noindex/DataStore -swift-version 5 -I /Users/admin/builder/spi-builder-workspace/.derivedData/Build/Products/Debug-watchos -I /Applications/Xcode-16.3.0.app/Contents/Developer/Platforms/WatchOS.platform/Developer/usr/lib -F /Users/admin/builder/spi-builder-workspace/.derivedData/Build/Products/Debug-watchos -F /Applications/Xcode-16.3.0.app/Contents/Developer/Platforms/WatchOS.platform/Developer/Library/Frameworks -F /Applications/Xcode-16.3.0.app/Contents/Developer/Platforms/WatchOS.platform/Developer/SDKs/WatchOS11.4.sdk/Developer/Library/Frameworks -emit-localized-strings -emit-localized-strings-path /Users/admin/builder/spi-builder-workspace/.derivedData/Build/Intermediates.noindex/LubaUI.build/Debug-watchos/LubaCore.build/Objects-normal/arm64_32 -c -j10 -enable-batch-mode -incremental -Xcc -ivfsstatcache -Xcc /Users/admin/builder/spi-builder-workspace/.derivedData/SDKStatCaches.noindex/watchos11.4-22T246-43efb940ff07ba2497b70ec94253f576.sdkstatcache -output-file-map /Users/admin/builder/spi-builder-workspace/.derivedData/Build/Intermediates.noindex/LubaUI.build/Debug-watchos/LubaCore.build/Objects-normal/arm64_32/LubaCore-OutputFileMap.json -use-frontend-parseable-output -save-temps -no-color-diagnostics -serialize-diagnostics -emit-dependencies -emit-module -emit-module-path /Users/admin/builder/spi-builder-workspace/.derivedData/Build/Intermediates.noindex/LubaUI.build/Debug-watchos/LubaCore.build/Objects-normal/arm64_32/LubaCore.swiftmodule -validate-clang-modules-once -clang-build-session-file /Users/admin/builder/spi-builder-workspace/.derivedData/ModuleCache.noindex/Session.modulevalidation -package-name spi_builder_workspace -Xcc -I/Users/admin/builder/spi-builder-workspace/.derivedData/Build/Intermediates.noindex/LubaUI.build/Debug-watchos/LubaCore.build/swift-overrides.hmap -emit-const-values -Xfrontend -const-gather-protocols-file -Xfrontend /Users/admin/builder/spi-builder-workspace/.derivedData/Build/Intermediates.noindex/LubaUI.build/Debug-watchos/LubaCore.build/Objects-normal/arm64_32/LubaCore_const_extract_protocols.json -Xcc -I/Users/admin/builder/spi-builder-workspace/.derivedData/Build/Products/Debug-watchos/include -Xcc -I/Users/admin/builder/spi-builder-workspace/.derivedData/Build/Intermediates.noindex/LubaUI.build/Debug-watchos/LubaCore.build/DerivedSources-normal/arm64_32 -Xcc -I/Users/admin/builder/spi-builder-workspace/.derivedData/Build/Intermediates.noindex/LubaUI.build/Debug-watchos/LubaCore.build/DerivedSources/arm64_32 -Xcc -I/Users/admin/builder/spi-builder-workspace/.derivedData/Build/Intermediates.noindex/LubaUI.build/Debug-watchos/LubaCore.build/DerivedSources -Xcc -DSWIFT_PACKAGE -Xcc -DDEBUG\=1 -emit-objc-header -emit-objc-header-path /Users/admin/builder/spi-builder-workspace/.derivedData/Build/Intermediates.noindex/LubaUI.build/Debug-watchos/LubaCore.build/Objects-normal/arm64_32/LubaCore-Swift.h -working-directory /Users/admin/builder/spi-builder-workspace/.swiftpm/xcode -experimental-emit-module-separately -disable-cmo
SwiftEmitModule normal arm64_32 Emitting\ module\ for\ LubaCore (in target 'LubaCore' from project 'LubaUI')
EmitSwiftModule normal arm64_32 (in target 'LubaCore' from project 'LubaUI')
    cd /Users/admin/builder/spi-builder-workspace/.swiftpm/xcode

/Users/admin/builder/spi-builder-workspace/Sources/LubaCore/Config/LubaConfig.swift:20:23: warning: static property 'shared' is not concurrency-safe because it is nonisolated global shared mutable state; this is an error in the Swift 6 language mode
    public static var shared = LubaConfig()
                      ^
/Users/admin/builder/spi-builder-workspace/Sources/LubaCore/Config/LubaConfig.swift:20:23: note: convert 'shared' to a 'let' constant to make 'Sendable' shared state immutable
    public static var shared = LubaConfig()
                  ~~~ ^
                  let
/Users/admin/builder/spi-builder-workspace/Sources/LubaCore/Config/LubaConfig.swift:20:23: note: add '@MainActor' to make static property 'shared' part of global actor 'MainActor'
    public static var shared = LubaConfig()
                      ^
    @MainActor
/Users/admin/builder/spi-builder-workspace/Sources/LubaCore/Config/LubaConfig.swift:20:23: note: disable concurrency-safety checks if accesses are protected by an external synchronization mechanism
    public static var shared = LubaConfig()
                      ^
    nonisolated(unsafe)
/Users/admin/builder/spi-builder-workspace/Sources/LubaCore/Primitives/LubaPressable.swift:206:16: warning: static property 'defaultValue' is not concurrency-safe because it is nonisolated global shared mutable state; this is an error in the Swift 6 language mode
    static var defaultValue: Bool = false
               ^
/Users/admin/builder/spi-builder-workspace/Sources/LubaCore/Primitives/LubaPressable.swift:206:16: note: convert 'defaultValue' to a 'let' constant to make 'Sendable' shared state immutable
    static var defaultValue: Bool = false
           ~~~ ^
           let
/Users/admin/builder/spi-builder-workspace/Sources/LubaCore/Primitives/LubaPressable.swift:206:16: note: add '@MainActor' to make static property 'defaultValue' part of global actor 'MainActor'
    static var defaultValue: Bool = false
               ^
    @MainActor
/Users/admin/builder/spi-builder-workspace/Sources/LubaCore/Primitives/LubaPressable.swift:206:16: note: disable concurrency-safety checks if accesses are protected by an external synchronization mechanism
    static var defaultValue: Bool = false
               ^
    nonisolated(unsafe)
/Users/admin/builder/spi-builder-workspace/Sources/LubaCore/Theme/LubaTheme.swift:51:23: warning: static property 'default' is not concurrency-safe because non-'Sendable' type 'LubaThemeConfiguration' may have shared mutable state; this is an error in the Swift 6 language mode
    public static let `default` = LubaThemeConfiguration()
                      ^
/Users/admin/builder/spi-builder-workspace/Sources/LubaCore/Theme/LubaTheme.swift:33:15: note: consider making struct 'LubaThemeConfiguration' conform to the 'Sendable' protocol
public struct LubaThemeConfiguration {
              ^
                                     : Sendable
/Users/admin/builder/spi-builder-workspace/Sources/LubaCore/Theme/LubaTheme.swift:51:23: note: add '@MainActor' to make static property 'default' part of global actor 'MainActor'
    public static let `default` = LubaThemeConfiguration()
                      ^
    @MainActor
/Users/admin/builder/spi-builder-workspace/Sources/LubaCore/Theme/LubaTheme.swift:51:23: note: disable concurrency-safety checks if accesses are protected by an external synchronization mechanism
    public static let `default` = LubaThemeConfiguration()
                      ^
    nonisolated(unsafe)
/Users/admin/builder/spi-builder-workspace/Sources/LubaCore/Theme/LubaTheme.swift:234:23: warning: static property 'default' is not concurrency-safe because non-'Sendable' type 'LubaThemeColors' may have shared mutable state; this is an error in the Swift 6 language mode
    public static let `default` = LubaThemeColors()
                      ^
/Users/admin/builder/spi-builder-workspace/Sources/LubaCore/Theme/LubaTheme.swift:74:15: note: consider making struct 'LubaThemeColors' conform to the 'Sendable' protocol
public struct LubaThemeColors {
              ^
                              : Sendable
/Users/admin/builder/spi-builder-workspace/Sources/LubaCore/Theme/LubaTheme.swift:234:23: note: add '@MainActor' to make static property 'default' part of global actor 'MainActor'
    public static let `default` = LubaThemeColors()
                      ^
    @MainActor
/Users/admin/builder/spi-builder-workspace/Sources/LubaCore/Theme/LubaTheme.swift:234:23: note: disable concurrency-safety checks if accesses are protected by an external synchronization mechanism
    public static let `default` = LubaThemeColors()
                      ^
    nonisolated(unsafe)
/Users/admin/builder/spi-builder-workspace/Sources/LubaCore/Theme/LubaTheme.swift:352:23: warning: static property 'default' is not concurrency-safe because non-'Sendable' type 'LubaThemeTypography' may have shared mutable state; this is an error in the Swift 6 language mode
    public static let `default` = LubaThemeTypography()
                      ^
/Users/admin/builder/spi-builder-workspace/Sources/LubaCore/Theme/LubaTheme.swift:312:15: note: consider making struct 'LubaThemeTypography' conform to the 'Sendable' protocol
public struct LubaThemeTypography {
              ^
                                  : Sendable
/Users/admin/builder/spi-builder-workspace/Sources/LubaCore/Theme/LubaTheme.swift:352:23: note: add '@MainActor' to make static property 'default' part of global actor 'MainActor'
    public static let `default` = LubaThemeTypography()
                      ^
    @MainActor
/Users/admin/builder/spi-builder-workspace/Sources/LubaCore/Theme/LubaTheme.swift:352:23: note: disable concurrency-safety checks if accesses are protected by an external synchronization mechanism
    public static let `default` = LubaThemeTypography()
                      ^
    nonisolated(unsafe)
/Users/admin/builder/spi-builder-workspace/Sources/LubaCore/Theme/LubaTheme.swift:429:23: warning: static property 'default' is not concurrency-safe because non-'Sendable' type 'LubaThemeSpacing' may have shared mutable state; this is an error in the Swift 6 language mode
    public static let `default` = LubaThemeSpacing()
                      ^
/Users/admin/builder/spi-builder-workspace/Sources/LubaCore/Theme/LubaTheme.swift:392:15: note: consider making struct 'LubaThemeSpacing' conform to the 'Sendable' protocol
public struct LubaThemeSpacing {
              ^
                               : Sendable
/Users/admin/builder/spi-builder-workspace/Sources/LubaCore/Theme/LubaTheme.swift:429:23: note: add '@MainActor' to make static property 'default' part of global actor 'MainActor'
    public static let `default` = LubaThemeSpacing()
                      ^
    @MainActor
/Users/admin/builder/spi-builder-workspace/Sources/LubaCore/Theme/LubaTheme.swift:429:23: note: disable concurrency-safety checks if accesses are protected by an external synchronization mechanism
    public static let `default` = LubaThemeSpacing()
                      ^
    nonisolated(unsafe)
/Users/admin/builder/spi-builder-workspace/Sources/LubaCore/Theme/LubaTheme.swift:464:23: warning: static property 'default' is not concurrency-safe because non-'Sendable' type 'LubaThemeRadius' may have shared mutable state; this is an error in the Swift 6 language mode
    public static let `default` = LubaThemeRadius()
                      ^
/Users/admin/builder/spi-builder-workspace/Sources/LubaCore/Theme/LubaTheme.swift:437:15: note: consider making struct 'LubaThemeRadius' conform to the 'Sendable' protocol
public struct LubaThemeRadius {
              ^
                              : Sendable
/Users/admin/builder/spi-builder-workspace/Sources/LubaCore/Theme/LubaTheme.swift:464:23: note: add '@MainActor' to make static property 'default' part of global actor 'MainActor'
    public static let `default` = LubaThemeRadius()
                      ^
    @MainActor
/Users/admin/builder/spi-builder-workspace/Sources/LubaCore/Theme/LubaTheme.swift:464:23: note: disable concurrency-safety checks if accesses are protected by an external synchronization mechanism
    public static let `default` = LubaThemeRadius()
                      ^
    nonisolated(unsafe)
/Users/admin/builder/spi-builder-workspace/Sources/LubaCore/Theme/LubaTheme.swift:470:16: warning: static property 'defaultValue' is not concurrency-safe because non-'Sendable' type 'LubaThemeConfiguration' may have shared mutable state; this is an error in the Swift 6 language mode
    static let defaultValue = LubaThemeConfiguration.default
               ^
/Users/admin/builder/spi-builder-workspace/Sources/LubaCore/Theme/LubaTheme.swift:33:15: note: consider making struct 'LubaThemeConfiguration' conform to the 'Sendable' protocol
public struct LubaThemeConfiguration {
              ^
                                     : Sendable
/Users/admin/builder/spi-builder-workspace/Sources/LubaCore/Theme/LubaTheme.swift:470:16: note: add '@MainActor' to make static property 'defaultValue' part of global actor 'MainActor'
    static let defaultValue = LubaThemeConfiguration.default
               ^
    @MainActor
/Users/admin/builder/spi-builder-workspace/Sources/LubaCore/Theme/LubaTheme.swift:470:16: note: disable concurrency-safety checks if accesses are protected by an external synchronization mechanism
    static let defaultValue = LubaThemeConfiguration.default
               ^
    nonisolated(unsafe)
/Users/admin/builder/spi-builder-workspace/Sources/LubaCore/Utilities/LubaMotionPolicy.swift:71:23: warning: static property 'full' is not concurrency-safe because non-'Sendable' type 'LubaMotionPolicy' may have shared mutable state; this is an error in the Swift 6 language mode
    public static let full = LubaMotionPolicy()
                      ^
/Users/admin/builder/spi-builder-workspace/Sources/LubaCore/Utilities/LubaMotionPolicy.swift:35:15: note: consider making struct 'LubaMotionPolicy' conform to the 'Sendable' protocol
public struct LubaMotionPolicy: Equatable {
              ^
                                         , Sendable
/Users/admin/builder/spi-builder-workspace/Sources/LubaCore/Utilities/LubaMotionPolicy.swift:71:23: note: add '@MainActor' to make static property 'full' part of global actor 'MainActor'
    public static let full = LubaMotionPolicy()
                      ^
    @MainActor
/Users/admin/builder/spi-builder-workspace/Sources/LubaCore/Utilities/LubaMotionPolicy.swift:71:23: note: disable concurrency-safety checks if accesses are protected by an external synchronization mechanism
    public static let full = LubaMotionPolicy()
                      ^
    nonisolated(unsafe)
/Users/admin/builder/spi-builder-workspace/Sources/LubaCore/Utilities/LubaMotionPolicy.swift:74:23: warning: static property 'disabled' is not concurrency-safe because non-'Sendable' type 'LubaMotionPolicy' may have shared mutable state; this is an error in the Swift 6 language mode
    public static let disabled = LubaMotionPolicy(animationsEnabled: false)
                      ^
/Users/admin/builder/spi-builder-workspace/Sources/LubaCore/Utilities/LubaMotionPolicy.swift:35:15: note: consider making struct 'LubaMotionPolicy' conform to the 'Sendable' protocol
public struct LubaMotionPolicy: Equatable {
              ^
                                         , Sendable
/Users/admin/builder/spi-builder-workspace/Sources/LubaCore/Utilities/LubaMotionPolicy.swift:74:23: note: add '@MainActor' to make static property 'disabled' part of global actor 'MainActor'
    public static let disabled = LubaMotionPolicy(animationsEnabled: false)
                      ^
    @MainActor
/Users/admin/builder/spi-builder-workspace/Sources/LubaCore/Utilities/LubaMotionPolicy.swift:74:23: note: disable concurrency-safety checks if accesses are protected by an external synchronization mechanism
    public static let disabled = LubaMotionPolicy(animationsEnabled: false)
                      ^
    nonisolated(unsafe)
/Users/admin/builder/spi-builder-workspace/Sources/LubaCore/Utilities/LubaMotionPolicy.swift:77:23: warning: static property 'reduced' is not concurrency-safe because non-'Sendable' type 'LubaMotionPolicy' may have shared mutable state; this is an error in the Swift 6 language mode
    public static let reduced = LubaMotionPolicy(prefersReducedMotion: true)
                      ^
/Users/admin/builder/spi-builder-workspace/Sources/LubaCore/Utilities/LubaMotionPolicy.swift:35:15: note: consider making struct 'LubaMotionPolicy' conform to the 'Sendable' protocol
public struct LubaMotionPolicy: Equatable {
              ^
                                         , Sendable
/Users/admin/builder/spi-builder-workspace/Sources/LubaCore/Utilities/LubaMotionPolicy.swift:77:23: note: add '@MainActor' to make static property 'reduced' part of global actor 'MainActor'
    public static let reduced = LubaMotionPolicy(prefersReducedMotion: true)
                      ^
    @MainActor
/Users/admin/builder/spi-builder-workspace/Sources/LubaCore/Utilities/LubaMotionPolicy.swift:77:23: note: disable concurrency-safety checks if accesses are protected by an external synchronization mechanism
    public static let reduced = LubaMotionPolicy(prefersReducedMotion: true)
                      ^
    nonisolated(unsafe)
SwiftCompile normal arm64_32 Compiling\ LubaConfig.swift,\ LubaButtonStyling.swift,\ LubaExpandable.swift /Users/admin/builder/spi-builder-workspace/Sources/LubaCore/Config/LubaConfig.swift /Users/admin/builder/spi-builder-workspace/Sources/LubaCore/Primitives/LubaButtonStyling.swift /Users/admin/builder/spi-builder-workspace/Sources/LubaCore/Primitives/LubaExpandable.swift (in target 'LubaCore' from project 'LubaUI')
SwiftCompile normal arm64_32 /Users/admin/builder/spi-builder-workspace/Sources/LubaCore/Config/LubaConfig.swift (in target 'LubaCore' from project 'LubaUI')
    cd /Users/admin/builder/spi-builder-workspace/.swiftpm/xcode

/Users/admin/builder/spi-builder-workspace/Sources/LubaCore/Config/LubaConfig.swift:20:23: warning: static property 'shared' is not concurrency-safe because it is nonisolated global shared mutable state; this is an error in the Swift 6 language mode
    public static var shared = LubaConfig()
                      ^
/Users/admin/builder/spi-builder-workspace/Sources/LubaCore/Config/LubaConfig.swift:20:23: note: convert 'shared' to a 'let' constant to make 'Sendable' shared state immutable
    public static var shared = LubaConfig()
                  ~~~ ^
                  let
/Users/admin/builder/spi-builder-workspace/Sources/LubaCore/Config/LubaConfig.swift:20:23: note: add '@MainActor' to make static property 'shared' part of global actor 'MainActor'
    public static var shared = LubaConfig()
                      ^
    @MainActor
/Users/admin/builder/spi-builder-workspace/Sources/LubaCore/Config/LubaConfig.swift:20:23: note: disable concurrency-safety checks if accesses are protected by an external synchronization mechanism
    public static var shared = LubaConfig()
                      ^
    nonisolated(unsafe)
SwiftCompile normal arm64_32 /Users/admin/builder/spi-builder-workspace/Sources/LubaCore/Primitives/LubaButtonStyling.swift (in target 'LubaCore' from project 'LubaUI')
    cd /Users/admin/builder/spi-builder-workspace/.swiftpm/xcode

SwiftCompile normal arm64_32 /Users/admin/builder/spi-builder-workspace/Sources/LubaCore/Primitives/LubaExpandable.swift (in target 'LubaCore' from project 'LubaUI')
    cd /Users/admin/builder/spi-builder-workspace/.swiftpm/xcode

SwiftCompile normal arm64_32 Compiling\ LubaGlass.swift,\ LubaLongPressable.swift,\ LubaPressable.swift /Users/admin/builder/spi-builder-workspace/Sources/LubaCore/Primitives/LubaGlass.swift /Users/admin/builder/spi-builder-workspace/Sources/LubaCore/Primitives/LubaLongPressable.swift /Users/admin/builder/spi-builder-workspace/Sources/LubaCore/Primitives/LubaPressable.swift (in target 'LubaCore' from project 'LubaUI')
Failed frontend command:
/Applications/Xcode-16.3.0.app/Contents/Developer/Toolchains/XcodeDefault.xctoolchain/usr/bin/swift-frontend -frontend -c /Users/admin/builder/spi-builder-workspace/.derivedData/Build/Intermediates.noindex/LubaUI.build/Debug-watchos/LubaCore.build/DerivedSources/resource_bundle_accessor.swift /Users/admin/builder/spi-builder-workspace/Sources/LubaCore/Config/LubaButtonStyle.swift /Users/admin/builder/spi-builder-workspace/Sources/LubaCore/Config/LubaCardElevation.swift /Users/admin/builder/spi-builder-workspace/Sources/LubaCore/Config/LubaConfig.swift /Users/admin/builder/spi-builder-workspace/Sources/LubaCore/Primitives/LubaButtonStyling.swift /Users/admin/builder/spi-builder-workspace/Sources/LubaCore/Primitives/LubaExpandable.swift -primary-file /Users/admin/builder/spi-builder-workspace/Sources/LubaCore/Primitives/LubaGlass.swift -primary-file /Users/admin/builder/spi-builder-workspace/Sources/LubaCore/Primitives/LubaLongPressable.swift -primary-file /Users/admin/builder/spi-builder-workspace/Sources/LubaCore/Primitives/LubaPressable.swift /Users/admin/builder/spi-builder-workspace/Sources/LubaCore/Primitives/LubaShimmerable.swift /Users/admin/builder/spi-builder-workspace/Sources/LubaCore/Primitives/LubaSwipeable.swift /Users/admin/builder/spi-builder-workspace/Sources/LubaCore/Theme/LubaTheme.swift /Users/admin/builder/spi-builder-workspace/Sources/LubaCore/Theme/LubaThemeContext.swift /Users/admin/builder/spi-builder-workspace/Sources/LubaCore/Tokens/LubaColors.swift /Users/admin/builder/spi-builder-workspace/Sources/LubaCore/Tokens/LubaMotion.swift /Users/admin/builder/spi-builder-workspace/Sources/LubaCore/Tokens/LubaPrimitives.swift /Users/admin/builder/spi-builder-workspace/Sources/LubaCore/Tokens/LubaRadius.swift /Users/admin/builder/spi-builder-workspace/Sources/LubaCore/Tokens/LubaSpacing.swift /Users/admin/builder/spi-builder-workspace/Sources/LubaCore/Tokens/LubaTypography.swift /Users/admin/builder/spi-builder-workspace/Sources/LubaCore/Utilities/LubaAccessibility.swift /Users/admin/builder/spi-builder-workspace/Sources/LubaCore/Utilities/LubaAnimations.swift /Users/admin/builder/spi-builder-workspace/Sources/LubaCore/Utilities/LubaHapticPolicy.swift /Users/admin/builder/spi-builder-workspace/Sources/LubaCore/Utilities/LubaHaptics.swift /Users/admin/builder/spi-builder-workspace/Sources/LubaCore/Utilities/LubaMotionPolicy.swift /Users/admin/builder/spi-builder-workspace/Sources/LubaCore/Utilities/LubaStrings.swift -supplementary-output-file-map /Users/admin/builder/spi-builder-workspace/.derivedData/Build/Intermediates.noindex/LubaUI.build/Debug-watchos/LubaCore.build/Objects-normal/arm64_32/supplementaryOutputs-6 -emit-localized-strings -emit-localized-strings-path /Users/admin/builder/spi-builder-workspace/.derivedData/Build/Intermediates.noindex/LubaUI.build/Debug-watchos/LubaCore.build/Objects-normal/arm64_32 -target arm64_32-apple-watchos9.0 -enable-objc-interop -sdk /Applications/Xcode-16.3.0.app/Contents/Developer/Platforms/WatchOS.platform/Developer/SDKs/WatchOS11.4.sdk -I /Users/admin/builder/spi-builder-workspace/.derivedData/Build/Products/Debug-watchos -I /Applications/Xcode-16.3.0.app/Contents/Developer/Platforms/WatchOS.platform/Developer/usr/lib -F /Users/admin/builder/spi-builder-workspace/.derivedData/Build/Products/Debug-watchos -F /Applications/Xcode-16.3.0.app/Contents/Developer/Platforms/WatchOS.platform/Developer/Library/Frameworks -F /Applications/Xcode-16.3.0.app/Contents/Developer/Platforms/WatchOS.platform/Developer/SDKs/WatchOS11.4.sdk/Developer/Library/Frameworks -no-color-diagnostics -enable-testing -g -debug-info-format\=dwarf -dwarf-version\=4 -module-cache-path /Users/admin/builder/spi-builder-workspace/.derivedData/ModuleCache.noindex -profile-generate -profile-coverage-mapping -swift-version 5 -enforce-exclusivity\=checked -stats-output-dir /Users/admin/builder/spi-builder-workspace/.swiftpm/xcode/.stats -Onone -D SWIFT_PACKAGE -D DEBUG -serialize-debugging-options -const-gather-protocols-file /Users/admin/builder/spi-builder-workspace/.derivedData/Build/Intermediates.noindex/LubaUI.build/Debug-watchos/LubaCore.build/Objects-normal/arm64_32/LubaCore_const_extract_protocols.json -enable-upcoming-feature StrictConcurrency -enable-upcoming-feature DisableOutwardActorInference -enable-upcoming-feature GlobalActorIsolatedTypesUsability -enable-upcoming-feature InferSendableFromCaptures -enable-experimental-feature DebugDescriptionMacro -strict-concurrency\=complete -empty-abi-descriptor -plugin-path /Applications/Xcode-16.3.0.app/Contents/Developer/Toolchains/XcodeDefault.xctoolchain/usr/lib/swift/host/plugins/testing -validate-clang-modules-once -clang-build-session-file /Users/admin/builder/spi-builder-workspace/.derivedData/ModuleCache.noindex/Session.modulevalidation -Xcc -working-directory -Xcc /Users/admin/builder/spi-builder-workspace/.swiftpm/xcode -resource-dir /Applications/Xcode-16.3.0.app/Contents/Developer/Toolchains/XcodeDefault.xctoolchain/usr/lib/swift -enable-anonymous-context-mangled-names -file-compilation-dir /Users/admin/builder/spi-builder-workspace/.swiftpm/xcode -Xcc -ivfsstatcache -Xcc /Users/admin/builder/spi-builder-workspace/.derivedData/SDKStatCaches.noindex/watchos11.4-22T246-43efb940ff07ba2497b70ec94253f576.sdkstatcache -Xcc -I/Users/admin/builder/spi-builder-workspace/.derivedData/Build/Intermediates.noindex/LubaUI.build/Debug-watchos/LubaCore.build/swift-overrides.hmap -Xcc -I/Users/admin/builder/spi-builder-workspace/.derivedData/Build/Products/Debug-watchos/include -Xcc -I/Users/admin/builder/spi-builder-workspace/.derivedData/Build/Intermediates.noindex/LubaUI.build/Debug-watchos/LubaCore.build/DerivedSources-normal/arm64_32 -Xcc -I/Users/admin/builder/spi-builder-workspace/.derivedData/Build/Intermediates.noindex/LubaUI.build/Debug-watchos/LubaCore.build/DerivedSources/arm64_32 -Xcc -I/Users/admin/builder/spi-builder-workspace/.derivedData/Build/Intermediates.noindex/LubaUI.build/Debug-watchos/LubaCore.build/DerivedSources -Xcc -DSWIFT_PACKAGE -Xcc -DDEBUG\=1 -module-name LubaCore -package-name spi_builder_workspace -frontend-parseable-output -disable-clang-spi -target-sdk-version 11.4 -target-sdk-name watchos11.4 -external-plugin-path /Applications/Xcode-16.3.0.app/Contents/Developer/Platforms/WatchOS.platform/Developer/usr/lib/swift/host/plugins\#/Applications/Xcode-16.3.0.app/Contents/Developer/Platforms/WatchOS.platform/Developer/usr/bin/swift-plugin-server -external-plugin-path /Applications/Xcode-16.3.0.app/Contents/Developer/Platforms/WatchOS.platform/Developer/usr/local/lib/swift/host/plugins\#/Applications/Xcode-16.3.0.app/Contents/Developer/Platforms/WatchOS.platform/Developer/usr/bin/swift-plugin-server -in-process-plugin-server-path /Applications/Xcode-16.3.0.app/Contents/Developer/Toolchains/XcodeDefault.xctoolchain/usr/lib/swift/host/libSwiftInProcPluginServer.dylib -plugin-path /Applications/Xcode-16.3.0.app/Contents/Developer/Toolchains/XcodeDefault.xctoolchain/usr/lib/swift/host/plugins -plugin-path /Applications/Xcode-16.3.0.app/Contents/Developer/Toolchains/XcodeDefault.xctoolchain/usr/local/lib/swift/host/plugins -o /Users/admin/builder/spi-builder-workspace/.derivedData/Build/Intermediates.noindex/LubaUI.build/Debug-watchos/LubaCore.build/Objects-normal/arm64_32/LubaGlass.o -o /Users/admin/builder/spi-builder-workspace/.derivedData/Build/Intermediates.noindex/LubaUI.build/Debug-watchos/LubaCore.build/Objects-normal/arm64_32/LubaLongPressable.o -o /Users/admin/builder/spi-builder-workspace/.derivedData/Build/Intermediates.noindex/LubaUI.build/Debug-watchos/LubaCore.build/Objects-normal/arm64_32/LubaPressable.o -index-unit-output-path /LubaUI.build/Debug-watchos/LubaCore.build/Objects-normal/arm64_32/LubaGlass.o -index-unit-output-path /LubaUI.build/Debug-watchos/LubaCore.build/Objects-normal/arm64_32/LubaLongPressable.o -index-unit-output-path /LubaUI.build/Debug-watchos/LubaCore.build/Objects-normal/arm64_32/LubaPressable.o -index-store-path /Users/admin/builder/spi-builder-workspace/.derivedData/Index.noindex/DataStore -index-system-modules
SwiftCompile normal arm64_32 /Users/admin/builder/spi-builder-workspace/Sources/LubaCore/Primitives/LubaGlass.swift (in target 'LubaCore' from project 'LubaUI')
    cd /Users/admin/builder/spi-builder-workspace/.swiftpm/xcode

/Users/admin/builder/spi-builder-workspace/Sources/LubaCore/Primitives/LubaGlass.swift:80:31: error: 'ultraThinMaterial' is only available in watchOS 10.0 or newer
        case .subtle: return .ultraThinMaterial
                              ^
/Users/admin/builder/spi-builder-workspace/Sources/LubaCore/Primitives/LubaGlass.swift:80:31: note: add 'if #available' version check
        case .subtle: return .ultraThinMaterial
                              ^
/Users/admin/builder/spi-builder-workspace/Sources/LubaCore/Primitives/LubaGlass.swift:78:9: note: add @available attribute to enclosing property
    var fallbackMaterial: Material {
        ^
/Users/admin/builder/spi-builder-workspace/Sources/LubaCore/Primitives/LubaGlass.swift:67:13: note: add @available attribute to enclosing enum
public enum LubaGlassStyle {
            ^
/Users/admin/builder/spi-builder-workspace/Sources/LubaCore/Primitives/LubaGlass.swift:81:32: error: 'thinMaterial' is only available in watchOS 10.0 or newer
        case .regular: return .thinMaterial
                               ^
/Users/admin/builder/spi-builder-workspace/Sources/LubaCore/Primitives/LubaGlass.swift:81:32: note: add 'if #available' version check
        case .regular: return .thinMaterial
                               ^
/Users/admin/builder/spi-builder-workspace/Sources/LubaCore/Primitives/LubaGlass.swift:78:9: note: add @available attribute to enclosing property
    var fallbackMaterial: Material {
        ^
/Users/admin/builder/spi-builder-workspace/Sources/LubaCore/Primitives/LubaGlass.swift:67:13: note: add @available attribute to enclosing enum
public enum LubaGlassStyle {
            ^
/Users/admin/builder/spi-builder-workspace/Sources/LubaCore/Primitives/LubaGlass.swift:82:34: error: 'regularMaterial' is only available in watchOS 10.0 or newer
        case .prominent: return .regularMaterial
                                 ^
/Users/admin/builder/spi-builder-workspace/Sources/LubaCore/Primitives/LubaGlass.swift:82:34: note: add 'if #available' version check
        case .prominent: return .regularMaterial
                                 ^
/Users/admin/builder/spi-builder-workspace/Sources/LubaCore/Primitives/LubaGlass.swift:78:9: note: add @available attribute to enclosing property
    var fallbackMaterial: Material {
        ^
/Users/admin/builder/spi-builder-workspace/Sources/LubaCore/Primitives/LubaGlass.swift:67:13: note: add @available attribute to enclosing enum
public enum LubaGlassStyle {
            ^
/Users/admin/builder/spi-builder-workspace/Sources/LubaCore/Primitives/LubaGlass.swift:288:6: warning: call to main actor-isolated instance method 'lubaGlass(_:tint:cornerRadius:isInteractive:)' in a synchronous nonisolated context; this is an error in the Swift 6 language mode
    .lubaGlass(style, tint: tint)
     ^
/Users/admin/builder/spi-builder-workspace/Sources/LubaCore/Primitives/LubaGlass.swift:207:10: note: calls to instance method 'lubaGlass(_:tint:cornerRadius:isInteractive:)' from outside of its actor context are implicitly asynchronous
    func lubaGlass(
         ^
/Users/admin/builder/spi-builder-workspace/Sources/LubaCore/Primitives/LubaGlass.swift:277:14: note: add '@MainActor' to make global function 'glassDemo(_:subtitle:style:tint:)' part of global actor 'MainActor'
private func glassDemo(_ title: String, subtitle: String, style: LubaGlassStyle, tint: Color? = nil) -> some View {
             ^
SwiftCompile normal arm64_32 /Users/admin/builder/spi-builder-workspace/Sources/LubaCore/Primitives/LubaLongPressable.swift (in target 'LubaCore' from project 'LubaUI')
    cd /Users/admin/builder/spi-builder-workspace/.swiftpm/xcode

SwiftCompile normal arm64_32 /Users/admin/builder/spi-builder-workspace/Sources/LubaCore/Primitives/LubaPressable.swift (in target 'LubaCore' from project 'LubaUI')
    cd /Users/admin/builder/spi-builder-workspace/.swiftpm/xcode

/Users/admin/builder/spi-builder-workspace/Sources/LubaCore/Primitives/LubaPressable.swift:206:16: warning: static property 'defaultValue' is not concurrency-safe because it is nonisolated global shared mutable state; this is an error in the Swift 6 language mode
    static var defaultValue: Bool = false
               ^
/Users/admin/builder/spi-builder-workspace/Sources/LubaCore/Primitives/LubaPressable.swift:206:16: note: convert 'defaultValue' to a 'let' constant to make 'Sendable' shared state immutable
    static var defaultValue: Bool = false
           ~~~ ^
           let
/Users/admin/builder/spi-builder-workspace/Sources/LubaCore/Primitives/LubaPressable.swift:206:16: note: add '@MainActor' to make static property 'defaultValue' part of global actor 'MainActor'
    static var defaultValue: Bool = false
               ^
    @MainActor
/Users/admin/builder/spi-builder-workspace/Sources/LubaCore/Primitives/LubaPressable.swift:206:16: note: disable concurrency-safety checks if accesses are protected by an external synchronization mechanism
    static var defaultValue: Bool = false
               ^
    nonisolated(unsafe)
SwiftCompile normal arm64_32 Compiling\ resource_bundle_accessor.swift,\ LubaButtonStyle.swift,\ LubaCardElevation.swift /Users/admin/builder/spi-builder-workspace/.derivedData/Build/Intermediates.noindex/LubaUI.build/Debug-watchos/LubaCore.build/DerivedSources/resource_bundle_accessor.swift /Users/admin/builder/spi-builder-workspace/Sources/LubaCore/Config/LubaButtonStyle.swift /Users/admin/builder/spi-builder-workspace/Sources/LubaCore/Config/LubaCardElevation.swift (in target 'LubaCore' from project 'LubaUI')
SwiftCompile normal arm64_32 /Users/admin/builder/spi-builder-workspace/.derivedData/Build/Intermediates.noindex/LubaUI.build/Debug-watchos/LubaCore.build/DerivedSources/resource_bundle_accessor.swift (in target 'LubaCore' from project 'LubaUI')
    cd /Users/admin/builder/spi-builder-workspace/.swiftpm/xcode

SwiftCompile normal arm64_32 /Users/admin/builder/spi-builder-workspace/Sources/LubaCore/Config/LubaButtonStyle.swift (in target 'LubaCore' from project 'LubaUI')
    cd /Users/admin/builder/spi-builder-workspace/.swiftpm/xcode

SwiftCompile normal arm64_32 /Users/admin/builder/spi-builder-workspace/Sources/LubaCore/Config/LubaCardElevation.swift (in target 'LubaCore' from project 'LubaUI')
    cd /Users/admin/builder/spi-builder-workspace/.swiftpm/xcode

SwiftCompile normal arm64_32 Compiling\ LubaThemeContext.swift,\ LubaColors.swift,\ LubaMotion.swift /Users/admin/builder/spi-builder-workspace/Sources/LubaCore/Theme/LubaThemeContext.swift /Users/admin/builder/spi-builder-workspace/Sources/LubaCore/Tokens/LubaColors.swift /Users/admin/builder/spi-builder-workspace/Sources/LubaCore/Tokens/LubaMotion.swift (in target 'LubaCore' from project 'LubaUI')
SwiftCompile normal arm64_32 /Users/admin/builder/spi-builder-workspace/Sources/LubaCore/Theme/LubaThemeContext.swift (in target 'LubaCore' from project 'LubaUI')
    cd /Users/admin/builder/spi-builder-workspace/.swiftpm/xcode

SwiftCompile normal arm64_32 /Users/admin/builder/spi-builder-workspace/Sources/LubaCore/Tokens/LubaColors.swift (in target 'LubaCore' from project 'LubaUI')
    cd /Users/admin/builder/spi-builder-workspace/.swiftpm/xcode

/Users/admin/builder/spi-builder-workspace/Sources/LubaCore/Tokens/LubaColors.swift:281:22: error: no exact matches in call to initializer
        return Color(UIColor { traitCollection in
                     ^
/Applications/Xcode-16.3.0.app/Contents/Developer/Platforms/WatchOS.platform/Developer/SDKs/WatchOS11.4.sdk/System/Library/Frameworks/UIKit.framework/Headers/UIColor.h:49:1: note: closure passed to parameter of type 'CGColor' that does not accept a closure
- (UIColor *)initWithCGColor:(CGColorRef)cgColor;
^
/Applications/Xcode-16.3.0.app/Contents/Developer/Platforms/WatchOS.platform/Developer/SDKs/WatchOS11.4.sdk/System/Library/Frameworks/UIKit.framework/Headers/UIColor.h:50:1: note: closure passed to parameter of type 'UIImage' that does not accept a closure
- (UIColor *)initWithPatternImage:(UIImage*)image;
^
SwiftUI.UIColor.init:4:22: note: closure passed to parameter of type 'Color' that does not accept a closure
  public convenience init(_ color: Color)}
                     ^
SwiftCompile normal arm64_32 /Users/admin/builder/spi-builder-workspace/Sources/LubaCore/Tokens/LubaMotion.swift (in target 'LubaCore' from project 'LubaUI')
    cd /Users/admin/builder/spi-builder-workspace/.swiftpm/xcode

SwiftCompile normal arm64_32 Compiling\ LubaSpacing.swift,\ LubaTypography.swift /Users/admin/builder/spi-builder-workspace/Sources/LubaCore/Tokens/LubaSpacing.swift /Users/admin/builder/spi-builder-workspace/Sources/LubaCore/Tokens/LubaTypography.swift (in target 'LubaCore' from project 'LubaUI')
SwiftCompile normal arm64_32 /Users/admin/builder/spi-builder-workspace/Sources/LubaCore/Tokens/LubaSpacing.swift (in target 'LubaCore' from project 'LubaUI')
    cd /Users/admin/builder/spi-builder-workspace/.swiftpm/xcode

SwiftCompile normal arm64_32 /Users/admin/builder/spi-builder-workspace/Sources/LubaCore/Tokens/LubaTypography.swift (in target 'LubaCore' from project 'LubaUI')
    cd /Users/admin/builder/spi-builder-workspace/.swiftpm/xcode

SwiftCompile normal arm64_32 Compiling\ LubaShimmerable.swift,\ LubaSwipeable.swift,\ LubaTheme.swift /Users/admin/builder/spi-builder-workspace/Sources/LubaCore/Primitives/LubaShimmerable.swift /Users/admin/builder/spi-builder-workspace/Sources/LubaCore/Primitives/LubaSwipeable.swift /Users/admin/builder/spi-builder-workspace/Sources/LubaCore/Theme/LubaTheme.swift (in target 'LubaCore' from project 'LubaUI')
SwiftCompile normal arm64_32 /Users/admin/builder/spi-builder-workspace/Sources/LubaCore/Primitives/LubaShimmerable.swift (in target 'LubaCore' from project 'LubaUI')
    cd /Users/admin/builder/spi-builder-workspace/.swiftpm/xcode

SwiftCompile normal arm64_32 /Users/admin/builder/spi-builder-workspace/Sources/LubaCore/Primitives/LubaSwipeable.swift (in target 'LubaCore' from project 'LubaUI')
    cd /Users/admin/builder/spi-builder-workspace/.swiftpm/xcode

SwiftCompile normal arm64_32 /Users/admin/builder/spi-builder-workspace/Sources/LubaCore/Theme/LubaTheme.swift (in target 'LubaCore' from project 'LubaUI')
    cd /Users/admin/builder/spi-builder-workspace/.swiftpm/xcode

/Users/admin/builder/spi-builder-workspace/Sources/LubaCore/Theme/LubaTheme.swift:51:23: warning: static property 'default' is not concurrency-safe because non-'Sendable' type 'LubaThemeConfiguration' may have shared mutable state; this is an error in the Swift 6 language mode
    public static let `default` = LubaThemeConfiguration()
                      ^
/Users/admin/builder/spi-builder-workspace/Sources/LubaCore/Theme/LubaTheme.swift:33:15: note: consider making struct 'LubaThemeConfiguration' conform to the 'Sendable' protocol
public struct LubaThemeConfiguration {
              ^
                                     : Sendable
/Users/admin/builder/spi-builder-workspace/Sources/LubaCore/Theme/LubaTheme.swift:51:23: note: add '@MainActor' to make static property 'default' part of global actor 'MainActor'
    public static let `default` = LubaThemeConfiguration()
                      ^
    @MainActor
/Users/admin/builder/spi-builder-workspace/Sources/LubaCore/Theme/LubaTheme.swift:51:23: note: disable concurrency-safety checks if accesses are protected by an external synchronization mechanism
    public static let `default` = LubaThemeConfiguration()
                      ^
    nonisolated(unsafe)
/Users/admin/builder/spi-builder-workspace/Sources/LubaCore/Theme/LubaTheme.swift:234:23: warning: static property 'default' is not concurrency-safe because non-'Sendable' type 'LubaThemeColors' may have shared mutable state; this is an error in the Swift 6 language mode
    public static let `default` = LubaThemeColors()
                      ^
/Users/admin/builder/spi-builder-workspace/Sources/LubaCore/Theme/LubaTheme.swift:74:15: note: consider making struct 'LubaThemeColors' conform to the 'Sendable' protocol
public struct LubaThemeColors {
              ^
                              : Sendable
/Users/admin/builder/spi-builder-workspace/Sources/LubaCore/Theme/LubaTheme.swift:234:23: note: add '@MainActor' to make static property 'default' part of global actor 'MainActor'
    public static let `default` = LubaThemeColors()
                      ^
    @MainActor
/Users/admin/builder/spi-builder-workspace/Sources/LubaCore/Theme/LubaTheme.swift:234:23: note: disable concurrency-safety checks if accesses are protected by an external synchronization mechanism
    public static let `default` = LubaThemeColors()
                      ^
    nonisolated(unsafe)
/Users/admin/builder/spi-builder-workspace/Sources/LubaCore/Theme/LubaTheme.swift:352:23: warning: static property 'default' is not concurrency-safe because non-'Sendable' type 'LubaThemeTypography' may have shared mutable state; this is an error in the Swift 6 language mode
    public static let `default` = LubaThemeTypography()
                      ^
/Users/admin/builder/spi-builder-workspace/Sources/LubaCore/Theme/LubaTheme.swift:312:15: note: consider making struct 'LubaThemeTypography' conform to the 'Sendable' protocol
public struct LubaThemeTypography {
              ^
                                  : Sendable
/Users/admin/builder/spi-builder-workspace/Sources/LubaCore/Theme/LubaTheme.swift:352:23: note: add '@MainActor' to make static property 'default' part of global actor 'MainActor'
    public static let `default` = LubaThemeTypography()
                      ^
    @MainActor
/Users/admin/builder/spi-builder-workspace/Sources/LubaCore/Theme/LubaTheme.swift:352:23: note: disable concurrency-safety checks if accesses are protected by an external synchronization mechanism
    public static let `default` = LubaThemeTypography()
                      ^
    nonisolated(unsafe)
/Users/admin/builder/spi-builder-workspace/Sources/LubaCore/Theme/LubaTheme.swift:429:23: warning: static property 'default' is not concurrency-safe because non-'Sendable' type 'LubaThemeSpacing' may have shared mutable state; this is an error in the Swift 6 language mode
    public static let `default` = LubaThemeSpacing()
                      ^
/Users/admin/builder/spi-builder-workspace/Sources/LubaCore/Theme/LubaTheme.swift:392:15: note: consider making struct 'LubaThemeSpacing' conform to the 'Sendable' protocol
public struct LubaThemeSpacing {
              ^
                               : Sendable
/Users/admin/builder/spi-builder-workspace/Sources/LubaCore/Theme/LubaTheme.swift:429:23: note: add '@MainActor' to make static property 'default' part of global actor 'MainActor'
    public static let `default` = LubaThemeSpacing()
                      ^
    @MainActor
/Users/admin/builder/spi-builder-workspace/Sources/LubaCore/Theme/LubaTheme.swift:429:23: note: disable concurrency-safety checks if accesses are protected by an external synchronization mechanism
    public static let `default` = LubaThemeSpacing()
                      ^
    nonisolated(unsafe)
/Users/admin/builder/spi-builder-workspace/Sources/LubaCore/Theme/LubaTheme.swift:464:23: warning: static property 'default' is not concurrency-safe because non-'Sendable' type 'LubaThemeRadius' may have shared mutable state; this is an error in the Swift 6 language mode
    public static let `default` = LubaThemeRadius()
                      ^
/Users/admin/builder/spi-builder-workspace/Sources/LubaCore/Theme/LubaTheme.swift:437:15: note: consider making struct 'LubaThemeRadius' conform to the 'Sendable' protocol
public struct LubaThemeRadius {
              ^
                              : Sendable
/Users/admin/builder/spi-builder-workspace/Sources/LubaCore/Theme/LubaTheme.swift:464:23: note: add '@MainActor' to make static property 'default' part of global actor 'MainActor'
    public static let `default` = LubaThemeRadius()
                      ^
    @MainActor
/Users/admin/builder/spi-builder-workspace/Sources/LubaCore/Theme/LubaTheme.swift:464:23: note: disable concurrency-safety checks if accesses are protected by an external synchronization mechanism
    public static let `default` = LubaThemeRadius()
                      ^
    nonisolated(unsafe)
/Users/admin/builder/spi-builder-workspace/Sources/LubaCore/Theme/LubaTheme.swift:470:16: warning: static property 'defaultValue' is not concurrency-safe because non-'Sendable' type 'LubaThemeConfiguration' may have shared mutable state; this is an error in the Swift 6 language mode
    static let defaultValue = LubaThemeConfiguration.default
               ^
/Users/admin/builder/spi-builder-workspace/Sources/LubaCore/Theme/LubaTheme.swift:33:15: note: consider making struct 'LubaThemeConfiguration' conform to the 'Sendable' protocol
public struct LubaThemeConfiguration {
              ^
                                     : Sendable
/Users/admin/builder/spi-builder-workspace/Sources/LubaCore/Theme/LubaTheme.swift:470:16: note: add '@MainActor' to make static property 'defaultValue' part of global actor 'MainActor'
    static let defaultValue = LubaThemeConfiguration.default
               ^
    @MainActor
/Users/admin/builder/spi-builder-workspace/Sources/LubaCore/Theme/LubaTheme.swift:470:16: note: disable concurrency-safety checks if accesses are protected by an external synchronization mechanism
    static let defaultValue = LubaThemeConfiguration.default
               ^
    nonisolated(unsafe)
SwiftCompile normal arm64_32 Compiling\ LubaAccessibility.swift,\ LubaAnimations.swift /Users/admin/builder/spi-builder-workspace/Sources/LubaCore/Utilities/LubaAccessibility.swift /Users/admin/builder/spi-builder-workspace/Sources/LubaCore/Utilities/LubaAnimations.swift (in target 'LubaCore' from project 'LubaUI')
SwiftCompile normal arm64_32 /Users/admin/builder/spi-builder-workspace/Sources/LubaCore/Utilities/LubaAccessibility.swift (in target 'LubaCore' from project 'LubaUI')
    cd /Users/admin/builder/spi-builder-workspace/.swiftpm/xcode

SwiftCompile normal arm64_32 /Users/admin/builder/spi-builder-workspace/Sources/LubaCore/Utilities/LubaAnimations.swift (in target 'LubaCore' from project 'LubaUI')
    cd /Users/admin/builder/spi-builder-workspace/.swiftpm/xcode

SwiftCompile normal arm64_32 Compiling\ LubaHapticPolicy.swift,\ LubaHaptics.swift /Users/admin/builder/spi-builder-workspace/Sources/LubaCore/Utilities/LubaHapticPolicy.swift /Users/admin/builder/spi-builder-workspace/Sources/LubaCore/Utilities/LubaHaptics.swift (in target 'LubaCore' from project 'LubaUI')
SwiftCompile normal arm64_32 /Users/admin/builder/spi-builder-workspace/Sources/LubaCore/Utilities/LubaHapticPolicy.swift (in target 'LubaCore' from project 'LubaUI')
    cd /Users/admin/builder/spi-builder-workspace/.swiftpm/xcode

SwiftCompile normal arm64_32 /Users/admin/builder/spi-builder-workspace/Sources/LubaCore/Utilities/LubaHaptics.swift (in target 'LubaCore' from project 'LubaUI')
    cd /Users/admin/builder/spi-builder-workspace/.swiftpm/xcode

SwiftEmitModule normal arm64 Emitting\ module\ for\ LubaCore (in target 'LubaCore' from project 'LubaUI')
EmitSwiftModule normal arm64 (in target 'LubaCore' from project 'LubaUI')
    cd /Users/admin/builder/spi-builder-workspace/.swiftpm/xcode

/Users/admin/builder/spi-builder-workspace/Sources/LubaCore/Config/LubaConfig.swift:20:23: warning: static property 'shared' is not concurrency-safe because it is nonisolated global shared mutable state; this is an error in the Swift 6 language mode
    public static var shared = LubaConfig()
                      ^
/Users/admin/builder/spi-builder-workspace/Sources/LubaCore/Config/LubaConfig.swift:20:23: note: convert 'shared' to a 'let' constant to make 'Sendable' shared state immutable
    public static var shared = LubaConfig()
                  ~~~ ^
                  let
/Users/admin/builder/spi-builder-workspace/Sources/LubaCore/Config/LubaConfig.swift:20:23: note: add '@MainActor' to make static property 'shared' part of global actor 'MainActor'
    public static var shared = LubaConfig()
                      ^
    @MainActor
/Users/admin/builder/spi-builder-workspace/Sources/LubaCore/Config/LubaConfig.swift:20:23: note: disable concurrency-safety checks if accesses are protected by an external synchronization mechanism
    public static var shared = LubaConfig()
                      ^
    nonisolated(unsafe)
/Users/admin/builder/spi-builder-workspace/Sources/LubaCore/Primitives/LubaPressable.swift:206:16: warning: static property 'defaultValue' is not concurrency-safe because it is nonisolated global shared mutable state; this is an error in the Swift 6 language mode
    static var defaultValue: Bool = false
               ^
/Users/admin/builder/spi-builder-workspace/Sources/LubaCore/Primitives/LubaPressable.swift:206:16: note: convert 'defaultValue' to a 'let' constant to make 'Sendable' shared state immutable
    static var defaultValue: Bool = false
           ~~~ ^
           let
/Users/admin/builder/spi-builder-workspace/Sources/LubaCore/Primitives/LubaPressable.swift:206:16: note: add '@MainActor' to make static property 'defaultValue' part of global actor 'MainActor'
    static var defaultValue: Bool = false
               ^
    @MainActor
/Users/admin/builder/spi-builder-workspace/Sources/LubaCore/Primitives/LubaPressable.swift:206:16: note: disable concurrency-safety checks if accesses are protected by an external synchronization mechanism
    static var defaultValue: Bool = false
               ^
    nonisolated(unsafe)
/Users/admin/builder/spi-builder-workspace/Sources/LubaCore/Theme/LubaTheme.swift:51:23: warning: static property 'default' is not concurrency-safe because non-'Sendable' type 'LubaThemeConfiguration' may have shared mutable state; this is an error in the Swift 6 language mode
    public static let `default` = LubaThemeConfiguration()
                      ^
/Users/admin/builder/spi-builder-workspace/Sources/LubaCore/Theme/LubaTheme.swift:33:15: note: consider making struct 'LubaThemeConfiguration' conform to the 'Sendable' protocol
public struct LubaThemeConfiguration {
              ^
                                     : Sendable
/Users/admin/builder/spi-builder-workspace/Sources/LubaCore/Theme/LubaTheme.swift:51:23: note: add '@MainActor' to make static property 'default' part of global actor 'MainActor'
    public static let `default` = LubaThemeConfiguration()
                      ^
    @MainActor
/Users/admin/builder/spi-builder-workspace/Sources/LubaCore/Theme/LubaTheme.swift:51:23: note: disable concurrency-safety checks if accesses are protected by an external synchronization mechanism
    public static let `default` = LubaThemeConfiguration()
                      ^
    nonisolated(unsafe)
/Users/admin/builder/spi-builder-workspace/Sources/LubaCore/Theme/LubaTheme.swift:234:23: warning: static property 'default' is not concurrency-safe because non-'Sendable' type 'LubaThemeColors' may have shared mutable state; this is an error in the Swift 6 language mode
    public static let `default` = LubaThemeColors()
                      ^
/Users/admin/builder/spi-builder-workspace/Sources/LubaCore/Theme/LubaTheme.swift:74:15: note: consider making struct 'LubaThemeColors' conform to the 'Sendable' protocol
public struct LubaThemeColors {
              ^
                              : Sendable
/Users/admin/builder/spi-builder-workspace/Sources/LubaCore/Theme/LubaTheme.swift:234:23: note: add '@MainActor' to make static property 'default' part of global actor 'MainActor'
    public static let `default` = LubaThemeColors()
                      ^
    @MainActor
/Users/admin/builder/spi-builder-workspace/Sources/LubaCore/Theme/LubaTheme.swift:234:23: note: disable concurrency-safety checks if accesses are protected by an external synchronization mechanism
    public static let `default` = LubaThemeColors()
                      ^
    nonisolated(unsafe)
/Users/admin/builder/spi-builder-workspace/Sources/LubaCore/Theme/LubaTheme.swift:352:23: warning: static property 'default' is not concurrency-safe because non-'Sendable' type 'LubaThemeTypography' may have shared mutable state; this is an error in the Swift 6 language mode
    public static let `default` = LubaThemeTypography()
                      ^
/Users/admin/builder/spi-builder-workspace/Sources/LubaCore/Theme/LubaTheme.swift:312:15: note: consider making struct 'LubaThemeTypography' conform to the 'Sendable' protocol
public struct LubaThemeTypography {
              ^
                                  : Sendable
/Users/admin/builder/spi-builder-workspace/Sources/LubaCore/Theme/LubaTheme.swift:352:23: note: add '@MainActor' to make static property 'default' part of global actor 'MainActor'
    public static let `default` = LubaThemeTypography()
                      ^
    @MainActor
/Users/admin/builder/spi-builder-workspace/Sources/LubaCore/Theme/LubaTheme.swift:352:23: note: disable concurrency-safety checks if accesses are protected by an external synchronization mechanism
    public static let `default` = LubaThemeTypography()
                      ^
    nonisolated(unsafe)
/Users/admin/builder/spi-builder-workspace/Sources/LubaCore/Theme/LubaTheme.swift:429:23: warning: static property 'default' is not concurrency-safe because non-'Sendable' type 'LubaThemeSpacing' may have shared mutable state; this is an error in the Swift 6 language mode
    public static let `default` = LubaThemeSpacing()
                      ^
/Users/admin/builder/spi-builder-workspace/Sources/LubaCore/Theme/LubaTheme.swift:392:15: note: consider making struct 'LubaThemeSpacing' conform to the 'Sendable' protocol
public struct LubaThemeSpacing {
              ^
                               : Sendable
/Users/admin/builder/spi-builder-workspace/Sources/LubaCore/Theme/LubaTheme.swift:429:23: note: add '@MainActor' to make static property 'default' part of global actor 'MainActor'
    public static let `default` = LubaThemeSpacing()
                      ^
    @MainActor
/Users/admin/builder/spi-builder-workspace/Sources/LubaCore/Theme/LubaTheme.swift:429:23: note: disable concurrency-safety checks if accesses are protected by an external synchronization mechanism
    public static let `default` = LubaThemeSpacing()
                      ^
    nonisolated(unsafe)
/Users/admin/builder/spi-builder-workspace/Sources/LubaCore/Theme/LubaTheme.swift:464:23: warning: static property 'default' is not concurrency-safe because non-'Sendable' type 'LubaThemeRadius' may have shared mutable state; this is an error in the Swift 6 language mode
    public static let `default` = LubaThemeRadius()
                      ^
/Users/admin/builder/spi-builder-workspace/Sources/LubaCore/Theme/LubaTheme.swift:437:15: note: consider making struct 'LubaThemeRadius' conform to the 'Sendable' protocol
public struct LubaThemeRadius {
              ^
                              : Sendable
/Users/admin/builder/spi-builder-workspace/Sources/LubaCore/Theme/LubaTheme.swift:464:23: note: add '@MainActor' to make static property 'default' part of global actor 'MainActor'
    public static let `default` = LubaThemeRadius()
                      ^
    @MainActor
/Users/admin/builder/spi-builder-workspace/Sources/LubaCore/Theme/LubaTheme.swift:464:23: note: disable concurrency-safety checks if accesses are protected by an external synchronization mechanism
    public static let `default` = LubaThemeRadius()
                      ^
    nonisolated(unsafe)
/Users/admin/builder/spi-builder-workspace/Sources/LubaCore/Theme/LubaTheme.swift:470:16: warning: static property 'defaultValue' is not concurrency-safe because non-'Sendable' type 'LubaThemeConfiguration' may have shared mutable state; this is an error in the Swift 6 language mode
    static let defaultValue = LubaThemeConfiguration.default
               ^
/Users/admin/builder/spi-builder-workspace/Sources/LubaCore/Theme/LubaTheme.swift:33:15: note: consider making struct 'LubaThemeConfiguration' conform to the 'Sendable' protocol
public struct LubaThemeConfiguration {
              ^
                                     : Sendable
/Users/admin/builder/spi-builder-workspace/Sources/LubaCore/Theme/LubaTheme.swift:470:16: note: add '@MainActor' to make static property 'defaultValue' part of global actor 'MainActor'
    static let defaultValue = LubaThemeConfiguration.default
               ^
    @MainActor
/Users/admin/builder/spi-builder-workspace/Sources/LubaCore/Theme/LubaTheme.swift:470:16: note: disable concurrency-safety checks if accesses are protected by an external synchronization mechanism
    static let defaultValue = LubaThemeConfiguration.default
               ^
    nonisolated(unsafe)
/Users/admin/builder/spi-builder-workspace/Sources/LubaCore/Utilities/LubaMotionPolicy.swift:71:23: warning: static property 'full' is not concurrency-safe because non-'Sendable' type 'LubaMotionPolicy' may have shared mutable state; this is an error in the Swift 6 language mode
    public static let full = LubaMotionPolicy()
                      ^
/Users/admin/builder/spi-builder-workspace/Sources/LubaCore/Utilities/LubaMotionPolicy.swift:35:15: note: consider making struct 'LubaMotionPolicy' conform to the 'Sendable' protocol
public struct LubaMotionPolicy: Equatable {
              ^
                                         , Sendable
/Users/admin/builder/spi-builder-workspace/Sources/LubaCore/Utilities/LubaMotionPolicy.swift:71:23: note: add '@MainActor' to make static property 'full' part of global actor 'MainActor'
    public static let full = LubaMotionPolicy()
                      ^
    @MainActor
/Users/admin/builder/spi-builder-workspace/Sources/LubaCore/Utilities/LubaMotionPolicy.swift:71:23: note: disable concurrency-safety checks if accesses are protected by an external synchronization mechanism
    public static let full = LubaMotionPolicy()
                      ^
    nonisolated(unsafe)
/Users/admin/builder/spi-builder-workspace/Sources/LubaCore/Utilities/LubaMotionPolicy.swift:74:23: warning: static property 'disabled' is not concurrency-safe because non-'Sendable' type 'LubaMotionPolicy' may have shared mutable state; this is an error in the Swift 6 language mode
    public static let disabled = LubaMotionPolicy(animationsEnabled: false)
                      ^
/Users/admin/builder/spi-builder-workspace/Sources/LubaCore/Utilities/LubaMotionPolicy.swift:35:15: note: consider making struct 'LubaMotionPolicy' conform to the 'Sendable' protocol
public struct LubaMotionPolicy: Equatable {
              ^
                                         , Sendable
/Users/admin/builder/spi-builder-workspace/Sources/LubaCore/Utilities/LubaMotionPolicy.swift:74:23: note: add '@MainActor' to make static property 'disabled' part of global actor 'MainActor'
    public static let disabled = LubaMotionPolicy(animationsEnabled: false)
                      ^
    @MainActor
/Users/admin/builder/spi-builder-workspace/Sources/LubaCore/Utilities/LubaMotionPolicy.swift:74:23: note: disable concurrency-safety checks if accesses are protected by an external synchronization mechanism
    public static let disabled = LubaMotionPolicy(animationsEnabled: false)
                      ^
    nonisolated(unsafe)
/Users/admin/builder/spi-builder-workspace/Sources/LubaCore/Utilities/LubaMotionPolicy.swift:77:23: warning: static property 'reduced' is not concurrency-safe because non-'Sendable' type 'LubaMotionPolicy' may have shared mutable state; this is an error in the Swift 6 language mode
    public static let reduced = LubaMotionPolicy(prefersReducedMotion: true)
                      ^
/Users/admin/builder/spi-builder-workspace/Sources/LubaCore/Utilities/LubaMotionPolicy.swift:35:15: note: consider making struct 'LubaMotionPolicy' conform to the 'Sendable' protocol
public struct LubaMotionPolicy: Equatable {
              ^
                                         , Sendable
/Users/admin/builder/spi-builder-workspace/Sources/LubaCore/Utilities/LubaMotionPolicy.swift:77:23: note: add '@MainActor' to make static property 'reduced' part of global actor 'MainActor'
    public static let reduced = LubaMotionPolicy(prefersReducedMotion: true)
                      ^
    @MainActor
/Users/admin/builder/spi-builder-workspace/Sources/LubaCore/Utilities/LubaMotionPolicy.swift:77:23: note: disable concurrency-safety checks if accesses are protected by an external synchronization mechanism
    public static let reduced = LubaMotionPolicy(prefersReducedMotion: true)
                      ^
    nonisolated(unsafe)
SwiftCompile normal arm64 Compiling\ LubaHapticPolicy.swift,\ LubaHaptics.swift /Users/admin/builder/spi-builder-workspace/Sources/LubaCore/Utilities/LubaHapticPolicy.swift /Users/admin/builder/spi-builder-workspace/Sources/LubaCore/Utilities/LubaHaptics.swift (in target 'LubaCore' from project 'LubaUI')
SwiftCompile normal arm64 /Users/admin/builder/spi-builder-workspace/Sources/LubaCore/Utilities/LubaHapticPolicy.swift (in target 'LubaCore' from project 'LubaUI')
    cd /Users/admin/builder/spi-builder-workspace/.swiftpm/xcode

SwiftCompile normal arm64 /Users/admin/builder/spi-builder-workspace/Sources/LubaCore/Utilities/LubaHaptics.swift (in target 'LubaCore' from project 'LubaUI')
    cd /Users/admin/builder/spi-builder-workspace/.swiftpm/xcode

SwiftDriverJobDiscovery normal arm64_32 Emitting module for LubaCore (in target 'LubaCore' from project 'LubaUI')
SwiftCompile normal arm64 Compiling\ LubaConfig.swift,\ LubaButtonStyling.swift,\ LubaExpandable.swift /Users/admin/builder/spi-builder-workspace/Sources/LubaCore/Config/LubaConfig.swift /Users/admin/builder/spi-builder-workspace/Sources/LubaCore/Primitives/LubaButtonStyling.swift /Users/admin/builder/spi-builder-workspace/Sources/LubaCore/Primitives/LubaExpandable.swift (in target 'LubaCore' from project 'LubaUI')
SwiftCompile normal arm64 /Users/admin/builder/spi-builder-workspace/Sources/LubaCore/Config/LubaConfig.swift (in target 'LubaCore' from project 'LubaUI')
    cd /Users/admin/builder/spi-builder-workspace/.swiftpm/xcode

SwiftCompile normal arm64 /Users/admin/builder/spi-builder-workspace/Sources/LubaCore/Primitives/LubaButtonStyling.swift (in target 'LubaCore' from project 'LubaUI')
    cd /Users/admin/builder/spi-builder-workspace/.swiftpm/xcode

SwiftCompile normal arm64 /Users/admin/builder/spi-builder-workspace/Sources/LubaCore/Primitives/LubaExpandable.swift (in target 'LubaCore' from project 'LubaUI')
    cd /Users/admin/builder/spi-builder-workspace/.swiftpm/xcode

SwiftDriverJobDiscovery normal arm64 Emitting module for LubaCore (in target 'LubaCore' from project 'LubaUI')
SwiftDriver\ Compilation\ Requirements LubaCore normal arm64_32 com.apple.xcode.tools.swift.compiler (in target 'LubaCore' from project 'LubaUI')
    cd /Users/admin/builder/spi-builder-workspace/.swiftpm/xcode
    builtin-Swift-Compilation-Requirements -- /Applications/Xcode-16.3.0.app/Contents/Developer/Toolchains/XcodeDefault.xctoolchain/usr/bin/swiftc -module-name LubaCore -Onone -enforce-exclusivity\=checked @/Users/admin/builder/spi-builder-workspace/.derivedData/Build/Intermediates.noindex/LubaUI.build/Debug-watchos/LubaCore.build/Objects-normal/arm64_32/LubaCore.SwiftFileList -DSWIFT_PACKAGE -DDEBUG -stats-output-dir .stats -strict-concurrency\=complete -enable-upcoming-feature StrictConcurrency -enable-upcoming-feature DisableOutwardActorInference -enable-upcoming-feature GlobalActorIsolatedTypesUsability -enable-upcoming-feature InferSendableFromCaptures -plugin-path /Applications/Xcode-16.3.0.app/Contents/Developer/Toolchains/XcodeDefault.xctoolchain/usr/lib/swift/host/plugins/testing -enable-experimental-feature DebugDescriptionMacro -sdk /Applications/Xcode-16.3.0.app/Contents/Developer/Platforms/WatchOS.platform/Developer/SDKs/WatchOS11.4.sdk -target arm64_32-apple-watchos9.0 -g -module-cache-path /Users/admin/builder/spi-builder-workspace/.derivedData/ModuleCache.noindex -Xfrontend -serialize-debugging-options -profile-coverage-mapping -profile-generate -enable-testing -index-store-path /Users/admin/builder/spi-builder-workspace/.derivedData/Index.noindex/DataStore -swift-version 5 -I /Users/admin/builder/spi-builder-workspace/.derivedData/Build/Products/Debug-watchos -I /Applications/Xcode-16.3.0.app/Contents/Developer/Platforms/WatchOS.platform/Developer/usr/lib -F /Users/admin/builder/spi-builder-workspace/.derivedData/Build/Products/Debug-watchos -F /Applications/Xcode-16.3.0.app/Contents/Developer/Platforms/WatchOS.platform/Developer/Library/Frameworks -F /Applications/Xcode-16.3.0.app/Contents/Developer/Platforms/WatchOS.platform/Developer/SDKs/WatchOS11.4.sdk/Developer/Library/Frameworks -emit-localized-strings -emit-localized-strings-path /Users/admin/builder/spi-builder-workspace/.derivedData/Build/Intermediates.noindex/LubaUI.build/Debug-watchos/LubaCore.build/Objects-normal/arm64_32 -c -j10 -enable-batch-mode -incremental -Xcc -ivfsstatcache -Xcc /Users/admin/builder/spi-builder-workspace/.derivedData/SDKStatCaches.noindex/watchos11.4-22T246-43efb940ff07ba2497b70ec94253f576.sdkstatcache -output-file-map /Users/admin/builder/spi-builder-workspace/.derivedData/Build/Intermediates.noindex/LubaUI.build/Debug-watchos/LubaCore.build/Objects-normal/arm64_32/LubaCore-OutputFileMap.json -use-frontend-parseable-output -save-temps -no-color-diagnostics -serialize-diagnostics -emit-dependencies -emit-module -emit-module-path /Users/admin/builder/spi-builder-workspace/.derivedData/Build/Intermediates.noindex/LubaUI.build/Debug-watchos/LubaCore.build/Objects-normal/arm64_32/LubaCore.swiftmodule -validate-clang-modules-once -clang-build-session-file /Users/admin/builder/spi-builder-workspace/.derivedData/ModuleCache.noindex/Session.modulevalidation -package-name spi_builder_workspace -Xcc -I/Users/admin/builder/spi-builder-workspace/.derivedData/Build/Intermediates.noindex/LubaUI.build/Debug-watchos/LubaCore.build/swift-overrides.hmap -emit-const-values -Xfrontend -const-gather-protocols-file -Xfrontend /Users/admin/builder/spi-builder-workspace/.derivedData/Build/Intermediates.noindex/LubaUI.build/Debug-watchos/LubaCore.build/Objects-normal/arm64_32/LubaCore_const_extract_protocols.json -Xcc -I/Users/admin/builder/spi-builder-workspace/.derivedData/Build/Products/Debug-watchos/include -Xcc -I/Users/admin/builder/spi-builder-workspace/.derivedData/Build/Intermediates.noindex/LubaUI.build/Debug-watchos/LubaCore.build/DerivedSources-normal/arm64_32 -Xcc -I/Users/admin/builder/spi-builder-workspace/.derivedData/Build/Intermediates.noindex/LubaUI.build/Debug-watchos/LubaCore.build/DerivedSources/arm64_32 -Xcc -I/Users/admin/builder/spi-builder-workspace/.derivedData/Build/Intermediates.noindex/LubaUI.build/Debug-watchos/LubaCore.build/DerivedSources -Xcc -DSWIFT_PACKAGE -Xcc -DDEBUG\=1 -emit-objc-header -emit-objc-header-path /Users/admin/builder/spi-builder-workspace/.derivedData/Build/Intermediates.noindex/LubaUI.build/Debug-watchos/LubaCore.build/Objects-normal/arm64_32/LubaCore-Swift.h -working-directory /Users/admin/builder/spi-builder-workspace/.swiftpm/xcode -experimental-emit-module-separately -disable-cmo
** BUILD FAILED **
The following build commands failed:
	SwiftCompile normal arm64_32 Compiling\ LubaGlass.swift,\ LubaLongPressable.swift,\ LubaPressable.swift /Users/admin/builder/spi-builder-workspace/Sources/LubaCore/Primitives/LubaGlass.swift /Users/admin/builder/spi-builder-workspace/Sources/LubaCore/Primitives/LubaLongPressable.swift /Users/admin/builder/spi-builder-workspace/Sources/LubaCore/Primitives/LubaPressable.swift (in target 'LubaCore' from project 'LubaUI')
	SwiftCompile normal arm64_32 /Users/admin/builder/spi-builder-workspace/Sources/LubaCore/Primitives/LubaGlass.swift (in target 'LubaCore' from project 'LubaUI')
	SwiftCompile normal arm64_32 /Users/admin/builder/spi-builder-workspace/Sources/LubaCore/Tokens/LubaColors.swift (in target 'LubaCore' from project 'LubaUI')
	Building workspace spi-builder-workspace with scheme LubaUI-Package
(4 failures)
Command line invocation:
    /Applications/Xcode-16.3.0.app/Contents/Developer/usr/bin/xcodebuild -IDEClonedSourcePackagesDirPathOverride=/Users/admin/builder/spi-builder-workspace/.dependencies -resolvePackageDependencies
Resolve Package Graph
Resolved source packages:
  LubaUI: /Users/admin/builder/spi-builder-workspace
  SwiftDocCPlugin: https://github.com/swiftlang/swift-docc-plugin @ 1.5.0
  SymbolKit: https://github.com/swiftlang/swift-docc-symbolkit @ 1.0.0
resolved source packages: LubaUI, SwiftDocCPlugin, SymbolKit
{
  "default_localization" : "en",
  "dependencies" : [
    {
      "identity" : "swift-docc-plugin",
      "requirement" : {
        "range" : [
          {
            "lower_bound" : "1.4.3",
            "upper_bound" : "2.0.0"
          }
        ]
      },
      "type" : "sourceControl",
      "url" : "https://github.com/swiftlang/swift-docc-plugin"
    }
  ],
  "manifest_display_name" : "LubaUI",
  "name" : "LubaUI",
  "path" : "/Users/admin/builder/spi-builder-workspace",
  "platforms" : [
    {
      "name" : "ios",
      "version" : "16.0"
    },
    {
      "name" : "macos",
      "version" : "13.0"
    },
    {
      "name" : "watchos",
      "version" : "9.0"
    },
    {
      "name" : "tvos",
      "version" : "16.0"
    },
    {
      "name" : "visionos",
      "version" : "1.0"
    }
  ],
  "products" : [
    {
      "name" : "LubaCore",
      "targets" : [
        "LubaCore"
      ],
      "type" : {
        "library" : [
          "automatic"
        ]
      }
    },
    {
      "name" : "LubaComponents",
      "targets" : [
        "LubaComponents"
      ],
      "type" : {
        "library" : [
          "automatic"
        ]
      }
    },
    {
      "name" : "LubaUI",
      "targets" : [
        "LubaUI"
      ],
      "type" : {
        "library" : [
          "automatic"
        ]
      }
    }
  ],
  "swift_languages_versions" : [
    "5"
  ],
  "targets" : [
    {
      "c99name" : "LubaUITests",
      "module_type" : "SwiftTarget",
      "name" : "LubaUITests",
      "path" : "Tests/LubaUITests",
      "sources" : [
        "ComponentTests.swift",
        "ComponentTokenTests.swift",
        "InteractionRegressionTests.swift",
        "LocalizationTests.swift",
        "MotionPolicyTests.swift",
        "ThemeConfigTests.swift",
        "ThemeSystemTests.swift",
        "TokenTests.swift",
        "TypographyTests.swift"
      ],
      "target_dependencies" : [
        "LubaUI",
        "LubaCore",
        "LubaComponents"
      ],
      "type" : "test"
    },
    {
      "c99name" : "LubaUI",
      "module_type" : "SwiftTarget",
      "name" : "LubaUI",
      "path" : "Sources/LubaUI",
      "product_memberships" : [
        "LubaUI"
      ],
      "sources" : [
        "LubaUI.swift"
      ],
      "target_dependencies" : [
        "LubaCore",
        "LubaComponents"
      ],
      "type" : "library"
    },
    {
      "c99name" : "LubaCore",
      "module_type" : "SwiftTarget",
      "name" : "LubaCore",
      "path" : "Sources/LubaCore",
      "product_memberships" : [
        "LubaCore",
        "LubaComponents",
        "LubaUI"
      ],
      "resources" : [
        {
          "path" : "/Users/admin/builder/spi-builder-workspace/Sources/LubaCore/Resources/de.lproj/Localizable.strings",
          "rule" : {
            "process" : {
              "localization" : "de"
            }
          }
        },
        {
          "path" : "/Users/admin/builder/spi-builder-workspace/Sources/LubaCore/Resources/en.lproj/Localizable.strings",
          "rule" : {
            "process" : {
              "localization" : "en"
            }
          }
        }
      ],
      "sources" : [
        "Config/LubaButtonStyle.swift",
        "Config/LubaCardElevation.swift",
        "Config/LubaConfig.swift",
        "Primitives/LubaButtonStyling.swift",
        "Primitives/LubaExpandable.swift",
        "Primitives/LubaGlass.swift",
        "Primitives/LubaLongPressable.swift",
        "Primitives/LubaPressable.swift",
        "Primitives/LubaShimmerable.swift",
        "Primitives/LubaSwipeable.swift",
        "Theme/LubaTheme.swift",
        "Theme/LubaThemeContext.swift",
        "Tokens/LubaColors.swift",
        "Tokens/LubaMotion.swift",
        "Tokens/LubaPrimitives.swift",
        "Tokens/LubaRadius.swift",
        "Tokens/LubaSpacing.swift",
        "Tokens/LubaTypography.swift",
        "Utilities/LubaAccessibility.swift",
        "Utilities/LubaAnimations.swift",
        "Utilities/LubaHapticPolicy.swift",
        "Utilities/LubaHaptics.swift",
        "Utilities/LubaMotionPolicy.swift",
        "Utilities/LubaStrings.swift"
      ],
      "type" : "library"
    },
    {
      "c99name" : "LubaComponents",
      "module_type" : "SwiftTarget",
      "name" : "LubaComponents",
      "path" : "Sources/LubaComponents",
      "product_memberships" : [
        "LubaComponents",
        "LubaUI"
      ],
      "sources" : [
        "Components/LubaAlert.swift",
        "Components/LubaAvatar.swift",
        "Components/LubaBadge.swift",
        "Components/LubaButton.swift",
        "Components/LubaCard.swift",
        "Components/LubaCheckbox.swift",
        "Components/LubaChip.swift",
        "Components/LubaDivider.swift",
        "Components/LubaExpandableCard.swift",
        "Components/LubaIcon.swift",
        "Components/LubaLink.swift",
        "Components/LubaMenu.swift",
        "Components/LubaProgress.swift",
        "Components/LubaRadio.swift",
        "Components/LubaRating.swift",
        "Components/LubaSearchBar.swift",
        "Components/LubaSheet.swift",
        "Components/LubaSkeleton.swift",
        "Components/LubaSlider.swift",
        "Components/LubaStepper.swift",
        "Components/LubaTabs.swift",
        "Components/LubaTextArea.swift",
        "Components/LubaTextField.swift",
        "Components/LubaToast.swift",
        "Components/LubaToggle.swift",
        "Components/LubaTooltip.swift",
        "Exports.swift",
        "Tokens/LubaControlTokens.swift",
        "Tokens/LubaFeedbackTokens.swift"
      ],
      "target_dependencies" : [
        "LubaCore"
      ],
      "type" : "library"
    }
  ],
  "tools_version" : "5.9"
}
{
  "workspace" : {
    "name" : "spi-builder-workspace",
    "schemes" : [
      "LubaComponents",
      "LubaCore",
      "LubaUI",
      "LubaUI-Package"
    ]
  }
}
Running build ...
env DEVELOPER_DIR=/Applications/Xcode-16.3.0.app xcrun xcodebuild -IDEClonedSourcePackagesDirPathOverride=$PWD/.dependencies -skipMacroValidation -skipPackagePluginValidation -derivedDataPath $PWD/.derivedData build -scheme LubaUI-Package -destination generic/platform=watchOS
Command line invocation:
    /Applications/Xcode-16.3.0.app/Contents/Developer/usr/bin/xcodebuild -IDEClonedSourcePackagesDirPathOverride=/Users/admin/builder/spi-builder-workspace/.dependencies -skipMacroValidation -skipPackagePluginValidation -derivedDataPath /Users/admin/builder/spi-builder-workspace/.derivedData build -scheme LubaUI-Package -destination generic/platform=watchOS
Resolve Package Graph
Resolved source packages:
  SwiftDocCPlugin: https://github.com/swiftlang/swift-docc-plugin @ 1.5.0
  SymbolKit: https://github.com/swiftlang/swift-docc-symbolkit @ 1.0.0
  LubaUI: /Users/admin/builder/spi-builder-workspace
ComputePackagePrebuildTargetDependencyGraph
Prepare packages
CreateBuildRequest
SendProjectDescription
CreateBuildOperation
ComputeTargetDependencyGraph
note: Building targets in dependency order
note: Target dependency graph (7 targets)
    Target 'LubaUI' in project 'LubaUI'
        ➜ Explicit dependency on target 'LubaUI' in project 'LubaUI'
        ➜ Explicit dependency on target 'LubaCore' in project 'LubaUI'
        ➜ Explicit dependency on target 'LubaComponents' in project 'LubaUI'
    Target 'LubaUI' in project 'LubaUI'
        ➜ Explicit dependency on target 'LubaCore' in project 'LubaUI'
        ➜ Explicit dependency on target 'LubaComponents' in project 'LubaUI'
    Target 'LubaCore' in project 'LubaUI'
        ➜ Explicit dependency on target 'LubaCore' in project 'LubaUI'
        ➜ Explicit dependency on target 'LubaUI_LubaCore' in project 'LubaUI'
    Target 'LubaComponents' in project 'LubaUI'
        ➜ Explicit dependency on target 'LubaComponents' in project 'LubaUI'
        ➜ Explicit dependency on target 'LubaCore' in project 'LubaUI'
    Target 'LubaComponents' in project 'LubaUI'
        ➜ Explicit dependency on target 'LubaCore' in project 'LubaUI'
    Target 'LubaCore' in project 'LubaUI'
        ➜ Explicit dependency on target 'LubaUI_LubaCore' in project 'LubaUI'
    Target 'LubaUI_LubaCore' in project 'LubaUI' (no dependencies)
GatherProvisioningInputs
CreateBuildDescription
ExecuteExternalTool /Applications/Xcode-16.3.0.app/Contents/Developer/Toolchains/XcodeDefault.xctoolchain/usr/bin/clang -v -E -dM -isysroot /Applications/Xcode-16.3.0.app/Contents/Developer/Platforms/WatchOS.platform/Developer/SDKs/WatchOS11.4.sdk -x c -c /dev/null
ExecuteExternalTool /Applications/Xcode-16.3.0.app/Contents/Developer/Toolchains/XcodeDefault.xctoolchain/usr/bin/swiftc --version
ExecuteExternalTool /Applications/Xcode-16.3.0.app/Contents/Developer/Toolchains/XcodeDefault.xctoolchain/usr/bin/ld -version_details
ReadFileContents /Applications/Xcode-16.3.0.app/Contents/Developer/Toolchains/XcodeDefault.xctoolchain/usr/share/docc/features.json
Build description signature: 0a79f4f19ab054d53f1b2b4afaaa4670
Build description path: /Users/admin/builder/spi-builder-workspace/.derivedData/Build/Intermediates.noindex/XCBuildData/0a79f4f19ab054d53f1b2b4afaaa4670.xcbuilddata
ClangStatCache /Applications/Xcode-16.3.0.app/Contents/Developer/Toolchains/XcodeDefault.xctoolchain/usr/bin/clang-stat-cache /Applications/Xcode-16.3.0.app/Contents/Developer/Platforms/WatchOS.platform/Developer/SDKs/WatchOS11.4.sdk /Users/admin/builder/spi-builder-workspace/.derivedData/SDKStatCaches.noindex/watchos11.4-22T246-43efb940ff07ba2497b70ec94253f576.sdkstatcache
    cd /Users/admin/builder/spi-builder-workspace/.swiftpm/xcode
    /Applications/Xcode-16.3.0.app/Contents/Developer/Toolchains/XcodeDefault.xctoolchain/usr/bin/clang-stat-cache /Applications/Xcode-16.3.0.app/Contents/Developer/Platforms/WatchOS.platform/Developer/SDKs/WatchOS11.4.sdk -o /Users/admin/builder/spi-builder-workspace/.derivedData/SDKStatCaches.noindex/watchos11.4-22T246-43efb940ff07ba2497b70ec94253f576.sdkstatcache
ProcessInfoPlistFile /Users/admin/builder/spi-builder-workspace/.derivedData/Build/Products/Debug-watchos/LubaUI_LubaCore.bundle/Info.plist /Users/admin/builder/spi-builder-workspace/.derivedData/Build/Intermediates.noindex/LubaUI.build/Debug-watchos/LubaUI_LubaCore.build/empty-LubaUI_LubaCore.plist (in target 'LubaUI_LubaCore' from project 'LubaUI')
    cd /Users/admin/builder/spi-builder-workspace
    builtin-infoPlistUtility /Users/admin/builder/spi-builder-workspace/.derivedData/Build/Intermediates.noindex/LubaUI.build/Debug-watchos/LubaUI_LubaCore.build/empty-LubaUI_LubaCore.plist -producttype com.apple.product-type.bundle -expandbuildsettings -format binary -platform watchos -o /Users/admin/builder/spi-builder-workspace/.derivedData/Build/Products/Debug-watchos/LubaUI_LubaCore.bundle/Info.plist
SwiftDriver LubaCore normal arm64 com.apple.xcode.tools.swift.compiler (in target 'LubaCore' from project 'LubaUI')
    cd /Users/admin/builder/spi-builder-workspace/.swiftpm/xcode
    builtin-SwiftDriver -- /Applications/Xcode-16.3.0.app/Contents/Developer/Toolchains/XcodeDefault.xctoolchain/usr/bin/swiftc -module-name LubaCore -Onone -enforce-exclusivity\=checked @/Users/admin/builder/spi-builder-workspace/.derivedData/Build/Intermediates.noindex/LubaUI.build/Debug-watchos/LubaCore.build/Objects-normal/arm64/LubaCore.SwiftFileList -DSWIFT_PACKAGE -DDEBUG -DXcode -plugin-path /Applications/Xcode-16.3.0.app/Contents/Developer/Toolchains/XcodeDefault.xctoolchain/usr/lib/swift/host/plugins/testing -enable-experimental-feature DebugDescriptionMacro -sdk /Applications/Xcode-16.3.0.app/Contents/Developer/Platforms/WatchOS.platform/Developer/SDKs/WatchOS11.4.sdk -target arm64-apple-watchos9.0 -g -module-cache-path /Users/admin/builder/spi-builder-workspace/.derivedData/ModuleCache.noindex -Xfrontend -serialize-debugging-options -profile-coverage-mapping -profile-generate -enable-testing -index-store-path /Users/admin/builder/spi-builder-workspace/.derivedData/Index.noindex/DataStore -swift-version 5 -I /Users/admin/builder/spi-builder-workspace/.derivedData/Build/Products/Debug-watchos -I /Applications/Xcode-16.3.0.app/Contents/Developer/Platforms/WatchOS.platform/Developer/usr/lib -F /Users/admin/builder/spi-builder-workspace/.derivedData/Build/Products/Debug-watchos -F /Applications/Xcode-16.3.0.app/Contents/Developer/Platforms/WatchOS.platform/Developer/Library/Frameworks -F /Applications/Xcode-16.3.0.app/Contents/Developer/Platforms/WatchOS.platform/Developer/SDKs/WatchOS11.4.sdk/Developer/Library/Frameworks -emit-localized-strings -emit-localized-strings-path /Users/admin/builder/spi-builder-workspace/.derivedData/Build/Intermediates.noindex/LubaUI.build/Debug-watchos/LubaCore.build/Objects-normal/arm64 -c -j10 -enable-batch-mode -incremental -Xcc -ivfsstatcache -Xcc /Users/admin/builder/spi-builder-workspace/.derivedData/SDKStatCaches.noindex/watchos11.4-22T246-43efb940ff07ba2497b70ec94253f576.sdkstatcache -output-file-map /Users/admin/builder/spi-builder-workspace/.derivedData/Build/Intermediates.noindex/LubaUI.build/Debug-watchos/LubaCore.build/Objects-normal/arm64/LubaCore-OutputFileMap.json -use-frontend-parseable-output -save-temps -no-color-diagnostics -serialize-diagnostics -emit-dependencies -emit-module -emit-module-path /Users/admin/builder/spi-builder-workspace/.derivedData/Build/Intermediates.noindex/LubaUI.build/Debug-watchos/LubaCore.build/Objects-normal/arm64/LubaCore.swiftmodule -validate-clang-modules-once -clang-build-session-file /Users/admin/builder/spi-builder-workspace/.derivedData/ModuleCache.noindex/Session.modulevalidation -package-name spi_builder_workspace -Xcc -I/Users/admin/builder/spi-builder-workspace/.derivedData/Build/Intermediates.noindex/LubaUI.build/Debug-watchos/LubaCore.build/swift-overrides.hmap -emit-const-values -Xfrontend -const-gather-protocols-file -Xfrontend /Users/admin/builder/spi-builder-workspace/.derivedData/Build/Intermediates.noindex/LubaUI.build/Debug-watchos/LubaCore.build/Objects-normal/arm64/LubaCore_const_extract_protocols.json -Xcc -I/Users/admin/builder/spi-builder-workspace/.derivedData/Build/Products/Debug-watchos/include -Xcc -I/Users/admin/builder/spi-builder-workspace/.derivedData/Build/Intermediates.noindex/LubaUI.build/Debug-watchos/LubaCore.build/DerivedSources-normal/arm64 -Xcc -I/Users/admin/builder/spi-builder-workspace/.derivedData/Build/Intermediates.noindex/LubaUI.build/Debug-watchos/LubaCore.build/DerivedSources/arm64 -Xcc -I/Users/admin/builder/spi-builder-workspace/.derivedData/Build/Intermediates.noindex/LubaUI.build/Debug-watchos/LubaCore.build/DerivedSources -Xcc -DSWIFT_PACKAGE -Xcc -DDEBUG\=1 -emit-objc-header -emit-objc-header-path /Users/admin/builder/spi-builder-workspace/.derivedData/Build/Intermediates.noindex/LubaUI.build/Debug-watchos/LubaCore.build/Objects-normal/arm64/LubaCore-Swift.h -working-directory /Users/admin/builder/spi-builder-workspace/.swiftpm/xcode -experimental-emit-module-separately -disable-cmo
SwiftDriver LubaCore normal arm64_32 com.apple.xcode.tools.swift.compiler (in target 'LubaCore' from project 'LubaUI')
    cd /Users/admin/builder/spi-builder-workspace/.swiftpm/xcode
    builtin-SwiftDriver -- /Applications/Xcode-16.3.0.app/Contents/Developer/Toolchains/XcodeDefault.xctoolchain/usr/bin/swiftc -module-name LubaCore -Onone -enforce-exclusivity\=checked @/Users/admin/builder/spi-builder-workspace/.derivedData/Build/Intermediates.noindex/LubaUI.build/Debug-watchos/LubaCore.build/Objects-normal/arm64_32/LubaCore.SwiftFileList -DSWIFT_PACKAGE -DDEBUG -DXcode -plugin-path /Applications/Xcode-16.3.0.app/Contents/Developer/Toolchains/XcodeDefault.xctoolchain/usr/lib/swift/host/plugins/testing -enable-experimental-feature DebugDescriptionMacro -sdk /Applications/Xcode-16.3.0.app/Contents/Developer/Platforms/WatchOS.platform/Developer/SDKs/WatchOS11.4.sdk -target arm64_32-apple-watchos9.0 -g -module-cache-path /Users/admin/builder/spi-builder-workspace/.derivedData/ModuleCache.noindex -Xfrontend -serialize-debugging-options -profile-coverage-mapping -profile-generate -enable-testing -index-store-path /Users/admin/builder/spi-builder-workspace/.derivedData/Index.noindex/DataStore -swift-version 5 -I /Users/admin/builder/spi-builder-workspace/.derivedData/Build/Products/Debug-watchos -I /Applications/Xcode-16.3.0.app/Contents/Developer/Platforms/WatchOS.platform/Developer/usr/lib -F /Users/admin/builder/spi-builder-workspace/.derivedData/Build/Products/Debug-watchos -F /Applications/Xcode-16.3.0.app/Contents/Developer/Platforms/WatchOS.platform/Developer/Library/Frameworks -F /Applications/Xcode-16.3.0.app/Contents/Developer/Platforms/WatchOS.platform/Developer/SDKs/WatchOS11.4.sdk/Developer/Library/Frameworks -emit-localized-strings -emit-localized-strings-path /Users/admin/builder/spi-builder-workspace/.derivedData/Build/Intermediates.noindex/LubaUI.build/Debug-watchos/LubaCore.build/Objects-normal/arm64_32 -c -j10 -enable-batch-mode -incremental -Xcc -ivfsstatcache -Xcc /Users/admin/builder/spi-builder-workspace/.derivedData/SDKStatCaches.noindex/watchos11.4-22T246-43efb940ff07ba2497b70ec94253f576.sdkstatcache -output-file-map /Users/admin/builder/spi-builder-workspace/.derivedData/Build/Intermediates.noindex/LubaUI.build/Debug-watchos/LubaCore.build/Objects-normal/arm64_32/LubaCore-OutputFileMap.json -use-frontend-parseable-output -save-temps -no-color-diagnostics -serialize-diagnostics -emit-dependencies -emit-module -emit-module-path /Users/admin/builder/spi-builder-workspace/.derivedData/Build/Intermediates.noindex/LubaUI.build/Debug-watchos/LubaCore.build/Objects-normal/arm64_32/LubaCore.swiftmodule -validate-clang-modules-once -clang-build-session-file /Users/admin/builder/spi-builder-workspace/.derivedData/ModuleCache.noindex/Session.modulevalidation -package-name spi_builder_workspace -Xcc -I/Users/admin/builder/spi-builder-workspace/.derivedData/Build/Intermediates.noindex/LubaUI.build/Debug-watchos/LubaCore.build/swift-overrides.hmap -emit-const-values -Xfrontend -const-gather-protocols-file -Xfrontend /Users/admin/builder/spi-builder-workspace/.derivedData/Build/Intermediates.noindex/LubaUI.build/Debug-watchos/LubaCore.build/Objects-normal/arm64_32/LubaCore_const_extract_protocols.json -Xcc -I/Users/admin/builder/spi-builder-workspace/.derivedData/Build/Products/Debug-watchos/include -Xcc -I/Users/admin/builder/spi-builder-workspace/.derivedData/Build/Intermediates.noindex/LubaUI.build/Debug-watchos/LubaCore.build/DerivedSources-normal/arm64_32 -Xcc -I/Users/admin/builder/spi-builder-workspace/.derivedData/Build/Intermediates.noindex/LubaUI.build/Debug-watchos/LubaCore.build/DerivedSources/arm64_32 -Xcc -I/Users/admin/builder/spi-builder-workspace/.derivedData/Build/Intermediates.noindex/LubaUI.build/Debug-watchos/LubaCore.build/DerivedSources -Xcc -DSWIFT_PACKAGE -Xcc -DDEBUG\=1 -emit-objc-header -emit-objc-header-path /Users/admin/builder/spi-builder-workspace/.derivedData/Build/Intermediates.noindex/LubaUI.build/Debug-watchos/LubaCore.build/Objects-normal/arm64_32/LubaCore-Swift.h -working-directory /Users/admin/builder/spi-builder-workspace/.swiftpm/xcode -experimental-emit-module-separately -disable-cmo
SwiftCompile normal arm64_32 Compiling\ LubaShimmerable.swift,\ LubaSwipeable.swift,\ LubaTheme.swift /Users/admin/builder/spi-builder-workspace/Sources/LubaCore/Primitives/LubaShimmerable.swift /Users/admin/builder/spi-builder-workspace/Sources/LubaCore/Primitives/LubaSwipeable.swift /Users/admin/builder/spi-builder-workspace/Sources/LubaCore/Theme/LubaTheme.swift (in target 'LubaCore' from project 'LubaUI')
SwiftCompile normal arm64_32 /Users/admin/builder/spi-builder-workspace/Sources/LubaCore/Primitives/LubaShimmerable.swift (in target 'LubaCore' from project 'LubaUI')
    cd /Users/admin/builder/spi-builder-workspace/.swiftpm/xcode

SwiftCompile normal arm64_32 /Users/admin/builder/spi-builder-workspace/Sources/LubaCore/Primitives/LubaSwipeable.swift (in target 'LubaCore' from project 'LubaUI')
    cd /Users/admin/builder/spi-builder-workspace/.swiftpm/xcode

SwiftCompile normal arm64_32 /Users/admin/builder/spi-builder-workspace/Sources/LubaCore/Theme/LubaTheme.swift (in target 'LubaCore' from project 'LubaUI')
    cd /Users/admin/builder/spi-builder-workspace/.swiftpm/xcode

SwiftEmitModule normal arm64_32 Emitting\ module\ for\ LubaCore (in target 'LubaCore' from project 'LubaUI')
EmitSwiftModule normal arm64_32 (in target 'LubaCore' from project 'LubaUI')
    cd /Users/admin/builder/spi-builder-workspace/.swiftpm/xcode

SwiftCompile normal arm64_32 Compiling\ resource_bundle_accessor.swift,\ LubaButtonStyle.swift,\ LubaCardElevation.swift /Users/admin/builder/spi-builder-workspace/.derivedData/Build/Intermediates.noindex/LubaUI.build/Debug-watchos/LubaCore.build/DerivedSources/resource_bundle_accessor.swift /Users/admin/builder/spi-builder-workspace/Sources/LubaCore/Config/LubaButtonStyle.swift /Users/admin/builder/spi-builder-workspace/Sources/LubaCore/Config/LubaCardElevation.swift (in target 'LubaCore' from project 'LubaUI')
SwiftCompile normal arm64_32 /Users/admin/builder/spi-builder-workspace/.derivedData/Build/Intermediates.noindex/LubaUI.build/Debug-watchos/LubaCore.build/DerivedSources/resource_bundle_accessor.swift (in target 'LubaCore' from project 'LubaUI')
    cd /Users/admin/builder/spi-builder-workspace/.swiftpm/xcode

SwiftCompile normal arm64_32 /Users/admin/builder/spi-builder-workspace/Sources/LubaCore/Config/LubaButtonStyle.swift (in target 'LubaCore' from project 'LubaUI')
    cd /Users/admin/builder/spi-builder-workspace/.swiftpm/xcode

SwiftCompile normal arm64_32 /Users/admin/builder/spi-builder-workspace/Sources/LubaCore/Config/LubaCardElevation.swift (in target 'LubaCore' from project 'LubaUI')
    cd /Users/admin/builder/spi-builder-workspace/.swiftpm/xcode

SwiftCompile normal arm64_32 Compiling\ LubaConfig.swift,\ LubaButtonStyling.swift,\ LubaExpandable.swift /Users/admin/builder/spi-builder-workspace/Sources/LubaCore/Config/LubaConfig.swift /Users/admin/builder/spi-builder-workspace/Sources/LubaCore/Primitives/LubaButtonStyling.swift /Users/admin/builder/spi-builder-workspace/Sources/LubaCore/Primitives/LubaExpandable.swift (in target 'LubaCore' from project 'LubaUI')
SwiftCompile normal arm64_32 /Users/admin/builder/spi-builder-workspace/Sources/LubaCore/Config/LubaConfig.swift (in target 'LubaCore' from project 'LubaUI')
    cd /Users/admin/builder/spi-builder-workspace/.swiftpm/xcode

SwiftCompile normal arm64_32 /Users/admin/builder/spi-builder-workspace/Sources/LubaCore/Primitives/LubaButtonStyling.swift (in target 'LubaCore' from project 'LubaUI')
    cd /Users/admin/builder/spi-builder-workspace/.swiftpm/xcode

SwiftCompile normal arm64_32 /Users/admin/builder/spi-builder-workspace/Sources/LubaCore/Primitives/LubaExpandable.swift (in target 'LubaCore' from project 'LubaUI')
    cd /Users/admin/builder/spi-builder-workspace/.swiftpm/xcode

SwiftCompile normal arm64_32 Compiling\ LubaPrimitives.swift,\ LubaRadius.swift /Users/admin/builder/spi-builder-workspace/Sources/LubaCore/Tokens/LubaPrimitives.swift /Users/admin/builder/spi-builder-workspace/Sources/LubaCore/Tokens/LubaRadius.swift (in target 'LubaCore' from project 'LubaUI')
SwiftCompile normal arm64_32 /Users/admin/builder/spi-builder-workspace/Sources/LubaCore/Tokens/LubaPrimitives.swift (in target 'LubaCore' from project 'LubaUI')
    cd /Users/admin/builder/spi-builder-workspace/.swiftpm/xcode

SwiftCompile normal arm64_32 /Users/admin/builder/spi-builder-workspace/Sources/LubaCore/Tokens/LubaRadius.swift (in target 'LubaCore' from project 'LubaUI')
    cd /Users/admin/builder/spi-builder-workspace/.swiftpm/xcode

SwiftCompile normal arm64_32 Compiling\ LubaAccessibility.swift,\ LubaAnimations.swift /Users/admin/builder/spi-builder-workspace/Sources/LubaCore/Utilities/LubaAccessibility.swift /Users/admin/builder/spi-builder-workspace/Sources/LubaCore/Utilities/LubaAnimations.swift (in target 'LubaCore' from project 'LubaUI')
SwiftCompile normal arm64_32 /Users/admin/builder/spi-builder-workspace/Sources/LubaCore/Utilities/LubaAccessibility.swift (in target 'LubaCore' from project 'LubaUI')
    cd /Users/admin/builder/spi-builder-workspace/.swiftpm/xcode

SwiftCompile normal arm64_32 /Users/admin/builder/spi-builder-workspace/Sources/LubaCore/Utilities/LubaAnimations.swift (in target 'LubaCore' from project 'LubaUI')
    cd /Users/admin/builder/spi-builder-workspace/.swiftpm/xcode

SwiftCompile normal arm64 Compiling\ LubaGlass.swift,\ LubaLongPressable.swift,\ LubaPressable.swift /Users/admin/builder/spi-builder-workspace/Sources/LubaCore/Primitives/LubaGlass.swift /Users/admin/builder/spi-builder-workspace/Sources/LubaCore/Primitives/LubaLongPressable.swift /Users/admin/builder/spi-builder-workspace/Sources/LubaCore/Primitives/LubaPressable.swift (in target 'LubaCore' from project 'LubaUI')
SwiftCompile normal arm64 /Users/admin/builder/spi-builder-workspace/Sources/LubaCore/Primitives/LubaGlass.swift (in target 'LubaCore' from project 'LubaUI')
    cd /Users/admin/builder/spi-builder-workspace/.swiftpm/xcode

SwiftCompile normal arm64 /Users/admin/builder/spi-builder-workspace/Sources/LubaCore/Primitives/LubaLongPressable.swift (in target 'LubaCore' from project 'LubaUI')
    cd /Users/admin/builder/spi-builder-workspace/.swiftpm/xcode

SwiftCompile normal arm64 /Users/admin/builder/spi-builder-workspace/Sources/LubaCore/Primitives/LubaPressable.swift (in target 'LubaCore' from project 'LubaUI')
    cd /Users/admin/builder/spi-builder-workspace/.swiftpm/xcode

SwiftCompile normal arm64 Compiling\ LubaShimmerable.swift,\ LubaSwipeable.swift,\ LubaTheme.swift /Users/admin/builder/spi-builder-workspace/Sources/LubaCore/Primitives/LubaShimmerable.swift /Users/admin/builder/spi-builder-workspace/Sources/LubaCore/Primitives/LubaSwipeable.swift /Users/admin/builder/spi-builder-workspace/Sources/LubaCore/Theme/LubaTheme.swift (in target 'LubaCore' from project 'LubaUI')
SwiftCompile normal arm64 /Users/admin/builder/spi-builder-workspace/Sources/LubaCore/Primitives/LubaShimmerable.swift (in target 'LubaCore' from project 'LubaUI')
    cd /Users/admin/builder/spi-builder-workspace/.swiftpm/xcode

SwiftCompile normal arm64 /Users/admin/builder/spi-builder-workspace/Sources/LubaCore/Primitives/LubaSwipeable.swift (in target 'LubaCore' from project 'LubaUI')
    cd /Users/admin/builder/spi-builder-workspace/.swiftpm/xcode

SwiftCompile normal arm64 /Users/admin/builder/spi-builder-workspace/Sources/LubaCore/Theme/LubaTheme.swift (in target 'LubaCore' from project 'LubaUI')
    cd /Users/admin/builder/spi-builder-workspace/.swiftpm/xcode

SwiftCompile normal arm64 Compiling\ LubaConfig.swift,\ LubaButtonStyling.swift,\ LubaExpandable.swift /Users/admin/builder/spi-builder-workspace/Sources/LubaCore/Config/LubaConfig.swift /Users/admin/builder/spi-builder-workspace/Sources/LubaCore/Primitives/LubaButtonStyling.swift /Users/admin/builder/spi-builder-workspace/Sources/LubaCore/Primitives/LubaExpandable.swift (in target 'LubaCore' from project 'LubaUI')
SwiftCompile normal arm64 /Users/admin/builder/spi-builder-workspace/Sources/LubaCore/Config/LubaConfig.swift (in target 'LubaCore' from project 'LubaUI')
    cd /Users/admin/builder/spi-builder-workspace/.swiftpm/xcode

SwiftCompile normal arm64 /Users/admin/builder/spi-builder-workspace/Sources/LubaCore/Primitives/LubaButtonStyling.swift (in target 'LubaCore' from project 'LubaUI')
    cd /Users/admin/builder/spi-builder-workspace/.swiftpm/xcode

SwiftCompile normal arm64 /Users/admin/builder/spi-builder-workspace/Sources/LubaCore/Primitives/LubaExpandable.swift (in target 'LubaCore' from project 'LubaUI')
    cd /Users/admin/builder/spi-builder-workspace/.swiftpm/xcode

SwiftCompile normal arm64 Compiling\ LubaThemeContext.swift,\ LubaColors.swift,\ LubaMotion.swift /Users/admin/builder/spi-builder-workspace/Sources/LubaCore/Theme/LubaThemeContext.swift /Users/admin/builder/spi-builder-workspace/Sources/LubaCore/Tokens/LubaColors.swift /Users/admin/builder/spi-builder-workspace/Sources/LubaCore/Tokens/LubaMotion.swift (in target 'LubaCore' from project 'LubaUI')
SwiftCompile normal arm64 /Users/admin/builder/spi-builder-workspace/Sources/LubaCore/Theme/LubaThemeContext.swift (in target 'LubaCore' from project 'LubaUI')
    cd /Users/admin/builder/spi-builder-workspace/.swiftpm/xcode

SwiftCompile normal arm64 /Users/admin/builder/spi-builder-workspace/Sources/LubaCore/Tokens/LubaColors.swift (in target 'LubaCore' from project 'LubaUI')
    cd /Users/admin/builder/spi-builder-workspace/.swiftpm/xcode

SwiftCompile normal arm64 /Users/admin/builder/spi-builder-workspace/Sources/LubaCore/Tokens/LubaMotion.swift (in target 'LubaCore' from project 'LubaUI')
    cd /Users/admin/builder/spi-builder-workspace/.swiftpm/xcode

SwiftEmitModule normal arm64 Emitting\ module\ for\ LubaCore (in target 'LubaCore' from project 'LubaUI')
EmitSwiftModule normal arm64 (in target 'LubaCore' from project 'LubaUI')
    cd /Users/admin/builder/spi-builder-workspace/.swiftpm/xcode

SwiftDriverJobDiscovery normal arm64_32 Compiling LubaPrimitives.swift, LubaRadius.swift (in target 'LubaCore' from project 'LubaUI')
SwiftCompile normal arm64 Compiling\ LubaPrimitives.swift,\ LubaRadius.swift /Users/admin/builder/spi-builder-workspace/Sources/LubaCore/Tokens/LubaPrimitives.swift /Users/admin/builder/spi-builder-workspace/Sources/LubaCore/Tokens/LubaRadius.swift (in target 'LubaCore' from project 'LubaUI')
SwiftCompile normal arm64 /Users/admin/builder/spi-builder-workspace/Sources/LubaCore/Tokens/LubaPrimitives.swift (in target 'LubaCore' from project 'LubaUI')
    cd /Users/admin/builder/spi-builder-workspace/.swiftpm/xcode

SwiftCompile normal arm64 /Users/admin/builder/spi-builder-workspace/Sources/LubaCore/Tokens/LubaRadius.swift (in target 'LubaCore' from project 'LubaUI')
    cd /Users/admin/builder/spi-builder-workspace/.swiftpm/xcode

SwiftDriverJobDiscovery normal arm64_32 Compiling resource_bundle_accessor.swift, LubaButtonStyle.swift, LubaCardElevation.swift (in target 'LubaCore' from project 'LubaUI')
SwiftCompile normal arm64 Compiling\ LubaSpacing.swift,\ LubaTypography.swift /Users/admin/builder/spi-builder-workspace/Sources/LubaCore/Tokens/LubaSpacing.swift /Users/admin/builder/spi-builder-workspace/Sources/LubaCore/Tokens/LubaTypography.swift (in target 'LubaCore' from project 'LubaUI')
SwiftCompile normal arm64 /Users/admin/builder/spi-builder-workspace/Sources/LubaCore/Tokens/LubaSpacing.swift (in target 'LubaCore' from project 'LubaUI')
    cd /Users/admin/builder/spi-builder-workspace/.swiftpm/xcode

SwiftCompile normal arm64 /Users/admin/builder/spi-builder-workspace/Sources/LubaCore/Tokens/LubaTypography.swift (in target 'LubaCore' from project 'LubaUI')
    cd /Users/admin/builder/spi-builder-workspace/.swiftpm/xcode

SwiftDriverJobDiscovery normal arm64_32 Compiling LubaAccessibility.swift, LubaAnimations.swift (in target 'LubaCore' from project 'LubaUI')
SwiftCompile normal arm64 Compiling\ LubaMotionPolicy.swift,\ LubaStrings.swift /Users/admin/builder/spi-builder-workspace/Sources/LubaCore/Utilities/LubaMotionPolicy.swift /Users/admin/builder/spi-builder-workspace/Sources/LubaCore/Utilities/LubaStrings.swift (in target 'LubaCore' from project 'LubaUI')
SwiftCompile normal arm64 /Users/admin/builder/spi-builder-workspace/Sources/LubaCore/Utilities/LubaMotionPolicy.swift (in target 'LubaCore' from project 'LubaUI')
    cd /Users/admin/builder/spi-builder-workspace/.swiftpm/xcode

SwiftCompile normal arm64 /Users/admin/builder/spi-builder-workspace/Sources/LubaCore/Utilities/LubaStrings.swift (in target 'LubaCore' from project 'LubaUI')
    cd /Users/admin/builder/spi-builder-workspace/.swiftpm/xcode

SwiftDriverJobDiscovery normal arm64_32 Compiling LubaConfig.swift, LubaButtonStyling.swift, LubaExpandable.swift (in target 'LubaCore' from project 'LubaUI')
SwiftCompile normal arm64_32 Compiling\ LubaThemeContext.swift,\ LubaColors.swift,\ LubaMotion.swift /Users/admin/builder/spi-builder-workspace/Sources/LubaCore/Theme/LubaThemeContext.swift /Users/admin/builder/spi-builder-workspace/Sources/LubaCore/Tokens/LubaColors.swift /Users/admin/builder/spi-builder-workspace/Sources/LubaCore/Tokens/LubaMotion.swift (in target 'LubaCore' from project 'LubaUI')
Failed frontend command:
/Applications/Xcode-16.3.0.app/Contents/Developer/Toolchains/XcodeDefault.xctoolchain/usr/bin/swift-frontend -frontend -c /Users/admin/builder/spi-builder-workspace/.derivedData/Build/Intermediates.noindex/LubaUI.build/Debug-watchos/LubaCore.build/DerivedSources/resource_bundle_accessor.swift /Users/admin/builder/spi-builder-workspace/Sources/LubaCore/Config/LubaButtonStyle.swift /Users/admin/builder/spi-builder-workspace/Sources/LubaCore/Config/LubaCardElevation.swift /Users/admin/builder/spi-builder-workspace/Sources/LubaCore/Config/LubaConfig.swift /Users/admin/builder/spi-builder-workspace/Sources/LubaCore/Primitives/LubaButtonStyling.swift /Users/admin/builder/spi-builder-workspace/Sources/LubaCore/Primitives/LubaExpandable.swift /Users/admin/builder/spi-builder-workspace/Sources/LubaCore/Primitives/LubaGlass.swift /Users/admin/builder/spi-builder-workspace/Sources/LubaCore/Primitives/LubaLongPressable.swift /Users/admin/builder/spi-builder-workspace/Sources/LubaCore/Primitives/LubaPressable.swift /Users/admin/builder/spi-builder-workspace/Sources/LubaCore/Primitives/LubaShimmerable.swift /Users/admin/builder/spi-builder-workspace/Sources/LubaCore/Primitives/LubaSwipeable.swift /Users/admin/builder/spi-builder-workspace/Sources/LubaCore/Theme/LubaTheme.swift -primary-file /Users/admin/builder/spi-builder-workspace/Sources/LubaCore/Theme/LubaThemeContext.swift -primary-file /Users/admin/builder/spi-builder-workspace/Sources/LubaCore/Tokens/LubaColors.swift -primary-file /Users/admin/builder/spi-builder-workspace/Sources/LubaCore/Tokens/LubaMotion.swift /Users/admin/builder/spi-builder-workspace/Sources/LubaCore/Tokens/LubaPrimitives.swift /Users/admin/builder/spi-builder-workspace/Sources/LubaCore/Tokens/LubaRadius.swift /Users/admin/builder/spi-builder-workspace/Sources/LubaCore/Tokens/LubaSpacing.swift /Users/admin/builder/spi-builder-workspace/Sources/LubaCore/Tokens/LubaTypography.swift /Users/admin/builder/spi-builder-workspace/Sources/LubaCore/Utilities/LubaAccessibility.swift /Users/admin/builder/spi-builder-workspace/Sources/LubaCore/Utilities/LubaAnimations.swift /Users/admin/builder/spi-builder-workspace/Sources/LubaCore/Utilities/LubaHapticPolicy.swift /Users/admin/builder/spi-builder-workspace/Sources/LubaCore/Utilities/LubaHaptics.swift /Users/admin/builder/spi-builder-workspace/Sources/LubaCore/Utilities/LubaMotionPolicy.swift /Users/admin/builder/spi-builder-workspace/Sources/LubaCore/Utilities/LubaStrings.swift -supplementary-output-file-map /Users/admin/builder/spi-builder-workspace/.derivedData/Build/Intermediates.noindex/LubaUI.build/Debug-watchos/LubaCore.build/Objects-normal/arm64_32/supplementaryOutputs-9 -emit-localized-strings -emit-localized-strings-path /Users/admin/builder/spi-builder-workspace/.derivedData/Build/Intermediates.noindex/LubaUI.build/Debug-watchos/LubaCore.build/Objects-normal/arm64_32 -target arm64_32-apple-watchos9.0 -enable-objc-interop -sdk /Applications/Xcode-16.3.0.app/Contents/Developer/Platforms/WatchOS.platform/Developer/SDKs/WatchOS11.4.sdk -I /Users/admin/builder/spi-builder-workspace/.derivedData/Build/Products/Debug-watchos -I /Applications/Xcode-16.3.0.app/Contents/Developer/Platforms/WatchOS.platform/Developer/usr/lib -F /Users/admin/builder/spi-builder-workspace/.derivedData/Build/Products/Debug-watchos -F /Applications/Xcode-16.3.0.app/Contents/Developer/Platforms/WatchOS.platform/Developer/Library/Frameworks -F /Applications/Xcode-16.3.0.app/Contents/Developer/Platforms/WatchOS.platform/Developer/SDKs/WatchOS11.4.sdk/Developer/Library/Frameworks -no-color-diagnostics -enable-testing -g -debug-info-format\=dwarf -dwarf-version\=4 -module-cache-path /Users/admin/builder/spi-builder-workspace/.derivedData/ModuleCache.noindex -profile-generate -profile-coverage-mapping -swift-version 5 -enforce-exclusivity\=checked -Onone -D SWIFT_PACKAGE -D DEBUG -D Xcode -serialize-debugging-options -const-gather-protocols-file /Users/admin/builder/spi-builder-workspace/.derivedData/Build/Intermediates.noindex/LubaUI.build/Debug-watchos/LubaCore.build/Objects-normal/arm64_32/LubaCore_const_extract_protocols.json -enable-experimental-feature DebugDescriptionMacro -empty-abi-descriptor -plugin-path /Applications/Xcode-16.3.0.app/Contents/Developer/Toolchains/XcodeDefault.xctoolchain/usr/lib/swift/host/plugins/testing -validate-clang-modules-once -clang-build-session-file /Users/admin/builder/spi-builder-workspace/.derivedData/ModuleCache.noindex/Session.modulevalidation -Xcc -working-directory -Xcc /Users/admin/builder/spi-builder-workspace/.swiftpm/xcode -resource-dir /Applications/Xcode-16.3.0.app/Contents/Developer/Toolchains/XcodeDefault.xctoolchain/usr/lib/swift -enable-anonymous-context-mangled-names -file-compilation-dir /Users/admin/builder/spi-builder-workspace/.swiftpm/xcode -Xcc -ivfsstatcache -Xcc /Users/admin/builder/spi-builder-workspace/.derivedData/SDKStatCaches.noindex/watchos11.4-22T246-43efb940ff07ba2497b70ec94253f576.sdkstatcache -Xcc -I/Users/admin/builder/spi-builder-workspace/.derivedData/Build/Intermediates.noindex/LubaUI.build/Debug-watchos/LubaCore.build/swift-overrides.hmap -Xcc -I/Users/admin/builder/spi-builder-workspace/.derivedData/Build/Products/Debug-watchos/include -Xcc -I/Users/admin/builder/spi-builder-workspace/.derivedData/Build/Intermediates.noindex/LubaUI.build/Debug-watchos/LubaCore.build/DerivedSources-normal/arm64_32 -Xcc -I/Users/admin/builder/spi-builder-workspace/.derivedData/Build/Intermediates.noindex/LubaUI.build/Debug-watchos/LubaCore.build/DerivedSources/arm64_32 -Xcc -I/Users/admin/builder/spi-builder-workspace/.derivedData/Build/Intermediates.noindex/LubaUI.build/Debug-watchos/LubaCore.build/DerivedSources -Xcc -DSWIFT_PACKAGE -Xcc -DDEBUG\=1 -module-name LubaCore -package-name spi_builder_workspace -frontend-parseable-output -disable-clang-spi -target-sdk-version 11.4 -target-sdk-name watchos11.4 -external-plugin-path /Applications/Xcode-16.3.0.app/Contents/Developer/Platforms/WatchOS.platform/Developer/usr/lib/swift/host/plugins\#/Applications/Xcode-16.3.0.app/Contents/Developer/Platforms/WatchOS.platform/Developer/usr/bin/swift-plugin-server -external-plugin-path /Applications/Xcode-16.3.0.app/Contents/Developer/Platforms/WatchOS.platform/Developer/usr/local/lib/swift/host/plugins\#/Applications/Xcode-16.3.0.app/Contents/Developer/Platforms/WatchOS.platform/Developer/usr/bin/swift-plugin-server -in-process-plugin-server-path /Applications/Xcode-16.3.0.app/Contents/Developer/Toolchains/XcodeDefault.xctoolchain/usr/lib/swift/host/libSwiftInProcPluginServer.dylib -plugin-path /Applications/Xcode-16.3.0.app/Contents/Developer/Toolchains/XcodeDefault.xctoolchain/usr/lib/swift/host/plugins -plugin-path /Applications/Xcode-16.3.0.app/Contents/Developer/Toolchains/XcodeDefault.xctoolchain/usr/local/lib/swift/host/plugins -o /Users/admin/builder/spi-builder-workspace/.derivedData/Build/Intermediates.noindex/LubaUI.build/Debug-watchos/LubaCore.build/Objects-normal/arm64_32/LubaThemeContext.o -o /Users/admin/builder/spi-builder-workspace/.derivedData/Build/Intermediates.noindex/LubaUI.build/Debug-watchos/LubaCore.build/Objects-normal/arm64_32/LubaColors.o -o /Users/admin/builder/spi-builder-workspace/.derivedData/Build/Intermediates.noindex/LubaUI.build/Debug-watchos/LubaCore.build/Objects-normal/arm64_32/LubaMotion.o -index-unit-output-path /LubaUI.build/Debug-watchos/LubaCore.build/Objects-normal/arm64_32/LubaThemeContext.o -index-unit-output-path /LubaUI.build/Debug-watchos/LubaCore.build/Objects-normal/arm64_32/LubaColors.o -index-unit-output-path /LubaUI.build/Debug-watchos/LubaCore.build/Objects-normal/arm64_32/LubaMotion.o -index-store-path /Users/admin/builder/spi-builder-workspace/.derivedData/Index.noindex/DataStore -index-system-modules
SwiftCompile normal arm64_32 /Users/admin/builder/spi-builder-workspace/Sources/LubaCore/Theme/LubaThemeContext.swift (in target 'LubaCore' from project 'LubaUI')
    cd /Users/admin/builder/spi-builder-workspace/.swiftpm/xcode

SwiftCompile normal arm64_32 /Users/admin/builder/spi-builder-workspace/Sources/LubaCore/Tokens/LubaColors.swift (in target 'LubaCore' from project 'LubaUI')
    cd /Users/admin/builder/spi-builder-workspace/.swiftpm/xcode

/Users/admin/builder/spi-builder-workspace/Sources/LubaCore/Tokens/LubaColors.swift:281:22: error: no exact matches in call to initializer
        return Color(UIColor { traitCollection in
                     ^
/Applications/Xcode-16.3.0.app/Contents/Developer/Platforms/WatchOS.platform/Developer/SDKs/WatchOS11.4.sdk/System/Library/Frameworks/UIKit.framework/Headers/UIColor.h:49:1: note: closure passed to parameter of type 'CGColor' that does not accept a closure
- (UIColor *)initWithCGColor:(CGColorRef)cgColor;
^
/Applications/Xcode-16.3.0.app/Contents/Developer/Platforms/WatchOS.platform/Developer/SDKs/WatchOS11.4.sdk/System/Library/Frameworks/UIKit.framework/Headers/UIColor.h:50:1: note: closure passed to parameter of type 'UIImage' that does not accept a closure
- (UIColor *)initWithPatternImage:(UIImage*)image;
^
SwiftUI.UIColor.init:4:22: note: closure passed to parameter of type 'Color' that does not accept a closure
  public convenience init(_ color: Color)}
                     ^
SwiftCompile normal arm64_32 /Users/admin/builder/spi-builder-workspace/Sources/LubaCore/Tokens/LubaMotion.swift (in target 'LubaCore' from project 'LubaUI')
    cd /Users/admin/builder/spi-builder-workspace/.swiftpm/xcode

SwiftDriverJobDiscovery normal arm64_32 Emitting module for LubaCore (in target 'LubaCore' from project 'LubaUI')
SwiftDriver\ Compilation\ Requirements LubaCore normal arm64_32 com.apple.xcode.tools.swift.compiler (in target 'LubaCore' from project 'LubaUI')
    cd /Users/admin/builder/spi-builder-workspace/.swiftpm/xcode
    builtin-Swift-Compilation-Requirements -- /Applications/Xcode-16.3.0.app/Contents/Developer/Toolchains/XcodeDefault.xctoolchain/usr/bin/swiftc -module-name LubaCore -Onone -enforce-exclusivity\=checked @/Users/admin/builder/spi-builder-workspace/.derivedData/Build/Intermediates.noindex/LubaUI.build/Debug-watchos/LubaCore.build/Objects-normal/arm64_32/LubaCore.SwiftFileList -DSWIFT_PACKAGE -DDEBUG -DXcode -plugin-path /Applications/Xcode-16.3.0.app/Contents/Developer/Toolchains/XcodeDefault.xctoolchain/usr/lib/swift/host/plugins/testing -enable-experimental-feature DebugDescriptionMacro -sdk /Applications/Xcode-16.3.0.app/Contents/Developer/Platforms/WatchOS.platform/Developer/SDKs/WatchOS11.4.sdk -target arm64_32-apple-watchos9.0 -g -module-cache-path /Users/admin/builder/spi-builder-workspace/.derivedData/ModuleCache.noindex -Xfrontend -serialize-debugging-options -profile-coverage-mapping -profile-generate -enable-testing -index-store-path /Users/admin/builder/spi-builder-workspace/.derivedData/Index.noindex/DataStore -swift-version 5 -I /Users/admin/builder/spi-builder-workspace/.derivedData/Build/Products/Debug-watchos -I /Applications/Xcode-16.3.0.app/Contents/Developer/Platforms/WatchOS.platform/Developer/usr/lib -F /Users/admin/builder/spi-builder-workspace/.derivedData/Build/Products/Debug-watchos -F /Applications/Xcode-16.3.0.app/Contents/Developer/Platforms/WatchOS.platform/Developer/Library/Frameworks -F /Applications/Xcode-16.3.0.app/Contents/Developer/Platforms/WatchOS.platform/Developer/SDKs/WatchOS11.4.sdk/Developer/Library/Frameworks -emit-localized-strings -emit-localized-strings-path /Users/admin/builder/spi-builder-workspace/.derivedData/Build/Intermediates.noindex/LubaUI.build/Debug-watchos/LubaCore.build/Objects-normal/arm64_32 -c -j10 -enable-batch-mode -incremental -Xcc -ivfsstatcache -Xcc /Users/admin/builder/spi-builder-workspace/.derivedData/SDKStatCaches.noindex/watchos11.4-22T246-43efb940ff07ba2497b70ec94253f576.sdkstatcache -output-file-map /Users/admin/builder/spi-builder-workspace/.derivedData/Build/Intermediates.noindex/LubaUI.build/Debug-watchos/LubaCore.build/Objects-normal/arm64_32/LubaCore-OutputFileMap.json -use-frontend-parseable-output -save-temps -no-color-diagnostics -serialize-diagnostics -emit-dependencies -emit-module -emit-module-path /Users/admin/builder/spi-builder-workspace/.derivedData/Build/Intermediates.noindex/LubaUI.build/Debug-watchos/LubaCore.build/Objects-normal/arm64_32/LubaCore.swiftmodule -validate-clang-modules-once -clang-build-session-file /Users/admin/builder/spi-builder-workspace/.derivedData/ModuleCache.noindex/Session.modulevalidation -package-name spi_builder_workspace -Xcc -I/Users/admin/builder/spi-builder-workspace/.derivedData/Build/Intermediates.noindex/LubaUI.build/Debug-watchos/LubaCore.build/swift-overrides.hmap -emit-const-values -Xfrontend -const-gather-protocols-file -Xfrontend /Users/admin/builder/spi-builder-workspace/.derivedData/Build/Intermediates.noindex/LubaUI.build/Debug-watchos/LubaCore.build/Objects-normal/arm64_32/LubaCore_const_extract_protocols.json -Xcc -I/Users/admin/builder/spi-builder-workspace/.derivedData/Build/Products/Debug-watchos/include -Xcc -I/Users/admin/builder/spi-builder-workspace/.derivedData/Build/Intermediates.noindex/LubaUI.build/Debug-watchos/LubaCore.build/DerivedSources-normal/arm64_32 -Xcc -I/Users/admin/builder/spi-builder-workspace/.derivedData/Build/Intermediates.noindex/LubaUI.build/Debug-watchos/LubaCore.build/DerivedSources/arm64_32 -Xcc -I/Users/admin/builder/spi-builder-workspace/.derivedData/Build/Intermediates.noindex/LubaUI.build/Debug-watchos/LubaCore.build/DerivedSources -Xcc -DSWIFT_PACKAGE -Xcc -DDEBUG\=1 -emit-objc-header -emit-objc-header-path /Users/admin/builder/spi-builder-workspace/.derivedData/Build/Intermediates.noindex/LubaUI.build/Debug-watchos/LubaCore.build/Objects-normal/arm64_32/LubaCore-Swift.h -working-directory /Users/admin/builder/spi-builder-workspace/.swiftpm/xcode -experimental-emit-module-separately -disable-cmo
SwiftDriverJobDiscovery normal arm64 Emitting module for LubaCore (in target 'LubaCore' from project 'LubaUI')
SwiftDriver\ Compilation\ Requirements LubaCore normal arm64 com.apple.xcode.tools.swift.compiler (in target 'LubaCore' from project 'LubaUI')
    cd /Users/admin/builder/spi-builder-workspace/.swiftpm/xcode
    builtin-Swift-Compilation-Requirements -- /Applications/Xcode-16.3.0.app/Contents/Developer/Toolchains/XcodeDefault.xctoolchain/usr/bin/swiftc -module-name LubaCore -Onone -enforce-exclusivity\=checked @/Users/admin/builder/spi-builder-workspace/.derivedData/Build/Intermediates.noindex/LubaUI.build/Debug-watchos/LubaCore.build/Objects-normal/arm64/LubaCore.SwiftFileList -DSWIFT_PACKAGE -DDEBUG -DXcode -plugin-path /Applications/Xcode-16.3.0.app/Contents/Developer/Toolchains/XcodeDefault.xctoolchain/usr/lib/swift/host/plugins/testing -enable-experimental-feature DebugDescriptionMacro -sdk /Applications/Xcode-16.3.0.app/Contents/Developer/Platforms/WatchOS.platform/Developer/SDKs/WatchOS11.4.sdk -target arm64-apple-watchos9.0 -g -module-cache-path /Users/admin/builder/spi-builder-workspace/.derivedData/ModuleCache.noindex -Xfrontend -serialize-debugging-options -profile-coverage-mapping -profile-generate -enable-testing -index-store-path /Users/admin/builder/spi-builder-workspace/.derivedData/Index.noindex/DataStore -swift-version 5 -I /Users/admin/builder/spi-builder-workspace/.derivedData/Build/Products/Debug-watchos -I /Applications/Xcode-16.3.0.app/Contents/Developer/Platforms/WatchOS.platform/Developer/usr/lib -F /Users/admin/builder/spi-builder-workspace/.derivedData/Build/Products/Debug-watchos -F /Applications/Xcode-16.3.0.app/Contents/Developer/Platforms/WatchOS.platform/Developer/Library/Frameworks -F /Applications/Xcode-16.3.0.app/Contents/Developer/Platforms/WatchOS.platform/Developer/SDKs/WatchOS11.4.sdk/Developer/Library/Frameworks -emit-localized-strings -emit-localized-strings-path /Users/admin/builder/spi-builder-workspace/.derivedData/Build/Intermediates.noindex/LubaUI.build/Debug-watchos/LubaCore.build/Objects-normal/arm64 -c -j10 -enable-batch-mode -incremental -Xcc -ivfsstatcache -Xcc /Users/admin/builder/spi-builder-workspace/.derivedData/SDKStatCaches.noindex/watchos11.4-22T246-43efb940ff07ba2497b70ec94253f576.sdkstatcache -output-file-map /Users/admin/builder/spi-builder-workspace/.derivedData/Build/Intermediates.noindex/LubaUI.build/Debug-watchos/LubaCore.build/Objects-normal/arm64/LubaCore-OutputFileMap.json -use-frontend-parseable-output -save-temps -no-color-diagnostics -serialize-diagnostics -emit-dependencies -emit-module -emit-module-path /Users/admin/builder/spi-builder-workspace/.derivedData/Build/Intermediates.noindex/LubaUI.build/Debug-watchos/LubaCore.build/Objects-normal/arm64/LubaCore.swiftmodule -validate-clang-modules-once -clang-build-session-file /Users/admin/builder/spi-builder-workspace/.derivedData/ModuleCache.noindex/Session.modulevalidation -package-name spi_builder_workspace -Xcc -I/Users/admin/builder/spi-builder-workspace/.derivedData/Build/Intermediates.noindex/LubaUI.build/Debug-watchos/LubaCore.build/swift-overrides.hmap -emit-const-values -Xfrontend -const-gather-protocols-file -Xfrontend /Users/admin/builder/spi-builder-workspace/.derivedData/Build/Intermediates.noindex/LubaUI.build/Debug-watchos/LubaCore.build/Objects-normal/arm64/LubaCore_const_extract_protocols.json -Xcc -I/Users/admin/builder/spi-builder-workspace/.derivedData/Build/Products/Debug-watchos/include -Xcc -I/Users/admin/builder/spi-builder-workspace/.derivedData/Build/Intermediates.noindex/LubaUI.build/Debug-watchos/LubaCore.build/DerivedSources-normal/arm64 -Xcc -I/Users/admin/builder/spi-builder-workspace/.derivedData/Build/Intermediates.noindex/LubaUI.build/Debug-watchos/LubaCore.build/DerivedSources/arm64 -Xcc -I/Users/admin/builder/spi-builder-workspace/.derivedData/Build/Intermediates.noindex/LubaUI.build/Debug-watchos/LubaCore.build/DerivedSources -Xcc -DSWIFT_PACKAGE -Xcc -DDEBUG\=1 -emit-objc-header -emit-objc-header-path /Users/admin/builder/spi-builder-workspace/.derivedData/Build/Intermediates.noindex/LubaUI.build/Debug-watchos/LubaCore.build/Objects-normal/arm64/LubaCore-Swift.h -working-directory /Users/admin/builder/spi-builder-workspace/.swiftpm/xcode -experimental-emit-module-separately -disable-cmo
Copy /Users/admin/builder/spi-builder-workspace/.derivedData/Build/Products/Debug-watchos/LubaCore.swiftmodule/arm64_32-apple-watchos.swiftmodule /Users/admin/builder/spi-builder-workspace/.derivedData/Build/Intermediates.noindex/LubaUI.build/Debug-watchos/LubaCore.build/Objects-normal/arm64_32/LubaCore.swiftmodule (in target 'LubaCore' from project 'LubaUI')
    cd /Users/admin/builder/spi-builder-workspace
    builtin-copy -exclude .DS_Store -exclude CVS -exclude .svn -exclude .git -exclude .hg -resolve-src-symlinks -rename /Users/admin/builder/spi-builder-workspace/.derivedData/Build/Intermediates.noindex/LubaUI.build/Debug-watchos/LubaCore.build/Objects-normal/arm64_32/LubaCore.swiftmodule /Users/admin/builder/spi-builder-workspace/.derivedData/Build/Products/Debug-watchos/LubaCore.swiftmodule/arm64_32-apple-watchos.swiftmodule
SwiftMergeGeneratedHeaders /Users/admin/builder/spi-builder-workspace/.derivedData/Build/Intermediates.noindex/GeneratedModuleMaps-watchos/LubaCore-Swift.h /Users/admin/builder/spi-builder-workspace/.derivedData/Build/Intermediates.noindex/LubaUI.build/Debug-watchos/LubaCore.build/Objects-normal/arm64/LubaCore-Swift.h /Users/admin/builder/spi-builder-workspace/.derivedData/Build/Intermediates.noindex/LubaUI.build/Debug-watchos/LubaCore.build/Objects-normal/arm64_32/LubaCore-Swift.h (in target 'LubaCore' from project 'LubaUI')
    cd /Users/admin/builder/spi-builder-workspace
    builtin-swiftHeaderTool -arch arm64 /Users/admin/builder/spi-builder-workspace/.derivedData/Build/Intermediates.noindex/LubaUI.build/Debug-watchos/LubaCore.build/Objects-normal/arm64/LubaCore-Swift.h -arch arm64_32 /Users/admin/builder/spi-builder-workspace/.derivedData/Build/Intermediates.noindex/LubaUI.build/Debug-watchos/LubaCore.build/Objects-normal/arm64_32/LubaCore-Swift.h -o /Users/admin/builder/spi-builder-workspace/.derivedData/Build/Intermediates.noindex/GeneratedModuleMaps-watchos/LubaCore-Swift.h
Copy /Users/admin/builder/spi-builder-workspace/.derivedData/Build/Products/Debug-watchos/LubaCore.swiftmodule/arm64_32-apple-watchos.swiftdoc /Users/admin/builder/spi-builder-workspace/.derivedData/Build/Intermediates.noindex/LubaUI.build/Debug-watchos/LubaCore.build/Objects-normal/arm64_32/LubaCore.swiftdoc (in target 'LubaCore' from project 'LubaUI')
    cd /Users/admin/builder/spi-builder-workspace
    builtin-copy -exclude .DS_Store -exclude CVS -exclude .svn -exclude .git -exclude .hg -resolve-src-symlinks -rename /Users/admin/builder/spi-builder-workspace/.derivedData/Build/Intermediates.noindex/LubaUI.build/Debug-watchos/LubaCore.build/Objects-normal/arm64_32/LubaCore.swiftdoc /Users/admin/builder/spi-builder-workspace/.derivedData/Build/Products/Debug-watchos/LubaCore.swiftmodule/arm64_32-apple-watchos.swiftdoc
Copy /Users/admin/builder/spi-builder-workspace/.derivedData/Build/Products/Debug-watchos/LubaCore.swiftmodule/arm64_32-apple-watchos.abi.json /Users/admin/builder/spi-builder-workspace/.derivedData/Build/Intermediates.noindex/LubaUI.build/Debug-watchos/LubaCore.build/Objects-normal/arm64_32/LubaCore.abi.json (in target 'LubaCore' from project 'LubaUI')
    cd /Users/admin/builder/spi-builder-workspace
    builtin-copy -exclude .DS_Store -exclude CVS -exclude .svn -exclude .git -exclude .hg -resolve-src-symlinks -rename /Users/admin/builder/spi-builder-workspace/.derivedData/Build/Intermediates.noindex/LubaUI.build/Debug-watchos/LubaCore.build/Objects-normal/arm64_32/LubaCore.abi.json /Users/admin/builder/spi-builder-workspace/.derivedData/Build/Products/Debug-watchos/LubaCore.swiftmodule/arm64_32-apple-watchos.abi.json
Copy /Users/admin/builder/spi-builder-workspace/.derivedData/Build/Products/Debug-watchos/LubaCore.swiftmodule/arm64-apple-watchos.swiftmodule /Users/admin/builder/spi-builder-workspace/.derivedData/Build/Intermediates.noindex/LubaUI.build/Debug-watchos/LubaCore.build/Objects-normal/arm64/LubaCore.swiftmodule (in target 'LubaCore' from project 'LubaUI')
    cd /Users/admin/builder/spi-builder-workspace
    builtin-copy -exclude .DS_Store -exclude CVS -exclude .svn -exclude .git -exclude .hg -resolve-src-symlinks -rename /Users/admin/builder/spi-builder-workspace/.derivedData/Build/Intermediates.noindex/LubaUI.build/Debug-watchos/LubaCore.build/Objects-normal/arm64/LubaCore.swiftmodule /Users/admin/builder/spi-builder-workspace/.derivedData/Build/Products/Debug-watchos/LubaCore.swiftmodule/arm64-apple-watchos.swiftmodule
Copy /Users/admin/builder/spi-builder-workspace/.derivedData/Build/Products/Debug-watchos/LubaCore.swiftmodule/arm64-apple-watchos.swiftdoc /Users/admin/builder/spi-builder-workspace/.derivedData/Build/Intermediates.noindex/LubaUI.build/Debug-watchos/LubaCore.build/Objects-normal/arm64/LubaCore.swiftdoc (in target 'LubaCore' from project 'LubaUI')
    cd /Users/admin/builder/spi-builder-workspace
    builtin-copy -exclude .DS_Store -exclude CVS -exclude .svn -exclude .git -exclude .hg -resolve-src-symlinks -rename /Users/admin/builder/spi-builder-workspace/.derivedData/Build/Intermediates.noindex/LubaUI.build/Debug-watchos/LubaCore.build/Objects-normal/arm64/LubaCore.swiftdoc /Users/admin/builder/spi-builder-workspace/.derivedData/Build/Products/Debug-watchos/LubaCore.swiftmodule/arm64-apple-watchos.swiftdoc
Copy /Users/admin/builder/spi-builder-workspace/.derivedData/Build/Products/Debug-watchos/LubaCore.swiftmodule/arm64-apple-watchos.abi.json /Users/admin/builder/spi-builder-workspace/.derivedData/Build/Intermediates.noindex/LubaUI.build/Debug-watchos/LubaCore.build/Objects-normal/arm64/LubaCore.abi.json (in target 'LubaCore' from project 'LubaUI')
    cd /Users/admin/builder/spi-builder-workspace
    builtin-copy -exclude .DS_Store -exclude CVS -exclude .svn -exclude .git -exclude .hg -resolve-src-symlinks -rename /Users/admin/builder/spi-builder-workspace/.derivedData/Build/Intermediates.noindex/LubaUI.build/Debug-watchos/LubaCore.build/Objects-normal/arm64/LubaCore.abi.json /Users/admin/builder/spi-builder-workspace/.derivedData/Build/Products/Debug-watchos/LubaCore.swiftmodule/arm64-apple-watchos.abi.json
Copy /Users/admin/builder/spi-builder-workspace/.derivedData/Build/Products/Debug-watchos/LubaCore.swiftmodule/Project/arm64_32-apple-watchos.swiftsourceinfo /Users/admin/builder/spi-builder-workspace/.derivedData/Build/Intermediates.noindex/LubaUI.build/Debug-watchos/LubaCore.build/Objects-normal/arm64_32/LubaCore.swiftsourceinfo (in target 'LubaCore' from project 'LubaUI')
    cd /Users/admin/builder/spi-builder-workspace
    builtin-copy -exclude .DS_Store -exclude CVS -exclude .svn -exclude .git -exclude .hg -resolve-src-symlinks -rename /Users/admin/builder/spi-builder-workspace/.derivedData/Build/Intermediates.noindex/LubaUI.build/Debug-watchos/LubaCore.build/Objects-normal/arm64_32/LubaCore.swiftsourceinfo /Users/admin/builder/spi-builder-workspace/.derivedData/Build/Products/Debug-watchos/LubaCore.swiftmodule/Project/arm64_32-apple-watchos.swiftsourceinfo
Copy /Users/admin/builder/spi-builder-workspace/.derivedData/Build/Products/Debug-watchos/LubaCore.swiftmodule/Project/arm64-apple-watchos.swiftsourceinfo /Users/admin/builder/spi-builder-workspace/.derivedData/Build/Intermediates.noindex/LubaUI.build/Debug-watchos/LubaCore.build/Objects-normal/arm64/LubaCore.swiftsourceinfo (in target 'LubaCore' from project 'LubaUI')
    cd /Users/admin/builder/spi-builder-workspace
    builtin-copy -exclude .DS_Store -exclude CVS -exclude .svn -exclude .git -exclude .hg -resolve-src-symlinks -rename /Users/admin/builder/spi-builder-workspace/.derivedData/Build/Intermediates.noindex/LubaUI.build/Debug-watchos/LubaCore.build/Objects-normal/arm64/LubaCore.swiftsourceinfo /Users/admin/builder/spi-builder-workspace/.derivedData/Build/Products/Debug-watchos/LubaCore.swiftmodule/Project/arm64-apple-watchos.swiftsourceinfo
SwiftCompile normal arm64 Compiling\ LubaHapticPolicy.swift,\ LubaHaptics.swift /Users/admin/builder/spi-builder-workspace/Sources/LubaCore/Utilities/LubaHapticPolicy.swift /Users/admin/builder/spi-builder-workspace/Sources/LubaCore/Utilities/LubaHaptics.swift (in target 'LubaCore' from project 'LubaUI')
SwiftCompile normal arm64_32 Compiling\ LubaMotionPolicy.swift,\ LubaStrings.swift /Users/admin/builder/spi-builder-workspace/Sources/LubaCore/Utilities/LubaMotionPolicy.swift /Users/admin/builder/spi-builder-workspace/Sources/LubaCore/Utilities/LubaStrings.swift (in target 'LubaCore' from project 'LubaUI')
Command SwiftCompile failed with a nonzero exit code
** BUILD FAILED **
The following build commands failed:
	SwiftCompile normal arm64_32 Compiling\ LubaThemeContext.swift,\ LubaColors.swift,\ LubaMotion.swift /Users/admin/builder/spi-builder-workspace/Sources/LubaCore/Theme/LubaThemeContext.swift /Users/admin/builder/spi-builder-workspace/Sources/LubaCore/Tokens/LubaColors.swift /Users/admin/builder/spi-builder-workspace/Sources/LubaCore/Tokens/LubaMotion.swift (in target 'LubaCore' from project 'LubaUI')
	SwiftCompile normal arm64_32 /Users/admin/builder/spi-builder-workspace/Sources/LubaCore/Tokens/LubaColors.swift (in target 'LubaCore' from project 'LubaUI')
	SwiftCompile normal arm64_32 Compiling\ LubaMotionPolicy.swift,\ LubaStrings.swift /Users/admin/builder/spi-builder-workspace/Sources/LubaCore/Utilities/LubaMotionPolicy.swift /Users/admin/builder/spi-builder-workspace/Sources/LubaCore/Utilities/LubaStrings.swift (in target 'LubaCore' from project 'LubaUI')
	Building workspace spi-builder-workspace with scheme LubaUI-Package
(4 failures)
BUILD FAILURE 6.1 watchOS