The Swift Package Index logo.Swift Package Index

Build Information

Failed to build WebOSClient, reference 1.5.1 (754990), with Swift 6.4 for Android on 21 Sep 2026 02:45:21 UTC.

Build Command

bash -c docker run --pull=always --rm -v "checkouts-54344847-0":/host -w "$PWD" -e JAVA_HOME="/root/.sdkman/candidates/java/current" -e SPI_BUILD="1" -e SPI_PROCESSING="1" registry.gitlab.com/saguaro1/spi-images:android-6.4-latest swift build --swift-sdk aarch64-unknown-linux-android28 2>&1

Build Log

========================================
RunAll
========================================
Builder version: 5.1.0
Interrupt handler set up.
========================================
Checkout
========================================
Clone URL: https://github.com/jareksedy/WebOSClient.git
Reference: 1.5.1
Initialized empty Git repository in /host/spi-builder-workspace/.git/
hint: Using 'master' as the name for the initial branch. This default branch name
hint: is subject to change. To configure the initial branch name to use in all
hint: of your new repositories, which will suppress this warning, call:
hint:
hint: 	git config --global init.defaultBranch <name>
hint:
hint: Names commonly chosen instead of 'master' are 'main', 'trunk' and
hint: 'development'. The just-created branch can be renamed via this command:
hint:
hint: 	git branch -m <name>
From https://github.com/jareksedy/WebOSClient
 * tag               1.5.1      -> FETCH_HEAD
HEAD is now at 754990e Add getPowerState method to retrieve the TVs power state.
Cloned https://github.com/jareksedy/WebOSClient.git
Revision (git rev-parse @):
754990e6a8321ebaba3f3bf8ff3c90c19e9f9719
SUCCESS checkout https://github.com/jareksedy/WebOSClient.git at 1.5.1
========================================
Build
========================================
Selected platform:         android
Swift version:             6.4
Building package at path:  $PWD
https://github.com/jareksedy/WebOSClient.git
Running build ...
bash -c docker run --pull=always --rm -v "checkouts-54344847-0":/host -w "$PWD" -e JAVA_HOME="/root/.sdkman/candidates/java/current" -e SPI_BUILD="1" -e SPI_PROCESSING="1" registry.gitlab.com/saguaro1/spi-images:android-6.4-latest swift build --swift-sdk aarch64-unknown-linux-android28 2>&1
android-6.4-latest: Pulling from saguaro1/spi-images
Digest: sha256:abadcff584c273feba50641b454858d377ba30b35ea7287a94f45ebd8afd0ea0
Status: Image is up to date for registry.gitlab.com/saguaro1/spi-images:android-6.4-latest
Building for debugging...
[Planning deferred tasks]
[28 / 36] WebOSClient
error: SwiftCompile normal aarch64 failed with a nonzero exit code. Command line:     cd /host

/host/spi-builder-workspace/Sources/WebOSClient/Extensions/Message.swift:8:11: error: cannot find type 'URLSessionWebSocketTask' in scope
 6 | import Foundation
 7 |
 8 | extension URLSessionWebSocketTask.Message {
   |           `- error: cannot find type 'URLSessionWebSocketTask' in scope
 9 |     func decode() -> WebOSResponse? {
10 |         switch self {
/host/spi-builder-workspace/Sources/WebOSClient/Extensions/WebOSClientExtensions/Logging.swift:21:36: error: cannot find type 'URLSessionWebSocketTask' in scope
19 |
20 | extension WebOSClient {
21 |     func logSentMessage(_ message: URLSessionWebSocketTask.Message) {
   |                                    `- error: cannot find type 'URLSessionWebSocketTask' in scope
22 |         guard shouldLogActivity else {
23 |             return
/host/spi-builder-workspace/Sources/WebOSClient/Extensions/WebOSClientExtensions/Logging.swift:34:49: error: cannot find type 'URLSessionWebSocketTask' in scope
32 |     }
33 |
34 |     func logReceivedResponse(_ response: Result<URLSessionWebSocketTask.Message, any Error>) {
   |                                                 `- error: cannot find type 'URLSessionWebSocketTask' in scope
35 |         guard shouldLogActivity else {
36 |             return
/host/spi-builder-workspace/Sources/WebOSClient/Extensions/WebOSClientExtensions/SendPing.swift:9:25: error: cannot find type 'URLSessionWebSocketTask' in scope
 7 |
 8 | extension WebOSClient {
 9 |     func sendPing(task: URLSessionWebSocketTask?) {
   |                         `- error: cannot find type 'URLSessionWebSocketTask' in scope
10 |         task?.sendPing { [weak self] error in
11 |             guard let self else {
/host/spi-builder-workspace/Sources/WebOSClient/WebOSClient.swift:10:29: error: 'URLSession' is unavailable: This type has moved to the FoundationNetworking module. Import that module to use it.
  8 | public class WebOSClient: NSObject, WebOSClientProtocol {
  9 |     private var url: URL
 10 |     private var urlSession: URLSession?
    |                             `- error: 'URLSession' is unavailable: This type has moved to the FoundationNetworking module. Import that module to use it.
 11 |     private var primaryWebSocketTask: URLSessionWebSocketTask?
 12 |     private var secondaryWebSocketTask: URLSessionWebSocketTask?
Foundation.URLSession:2:18: note: 'URLSession' has been explicitly marked unavailable here
1 | @available(*, unavailable, message: "This type has moved to the FoundationNetworking module. Import that module to use it.")
2 | public typealias URLSession = AnyObject
  |                  `- note: 'URLSession' has been explicitly marked unavailable here
/host/spi-builder-workspace/Sources/WebOSClient/WebOSClient.swift:11:39: error: cannot find type 'URLSessionWebSocketTask' in scope
  9 |     private var url: URL
 10 |     private var urlSession: URLSession?
 11 |     private var primaryWebSocketTask: URLSessionWebSocketTask?
    |                                       `- error: cannot find type 'URLSessionWebSocketTask' in scope
 12 |     private var secondaryWebSocketTask: URLSessionWebSocketTask?
 13 |     private var shouldPerformHeartbeat: Bool
/host/spi-builder-workspace/Sources/WebOSClient/WebOSClient.swift:12:41: error: cannot find type 'URLSessionWebSocketTask' in scope
 10 |     private var urlSession: URLSession?
 11 |     private var primaryWebSocketTask: URLSessionWebSocketTask?
 12 |     private var secondaryWebSocketTask: URLSessionWebSocketTask?
    |                                         `- error: cannot find type 'URLSessionWebSocketTask' in scope
 13 |     private var shouldPerformHeartbeat: Bool
 14 |     private var heartbeatTimeInterval: TimeInterval
/host/spi-builder-workspace/Sources/WebOSClient/WebOSClient.swift:88:21: error: cannot find type 'URLSessionWebSocketTask' in scope
 86 |     func connect(
 87 |         _ url: URL,
 88 |         task: inout URLSessionWebSocketTask?
    |                     `- error: cannot find type 'URLSessionWebSocketTask' in scope
 89 |     ) {
 90 |         task = urlSession?.webSocketTask(with: url)
/host/spi-builder-workspace/Sources/WebOSClient/WebOSClient.swift:96:20: error: cannot find type 'URLSessionWebSocketTask' in scope
 94 |
 95 |     func sendURLSessionWebSocketTaskMessage(
 96 |         _ message: URLSessionWebSocketTask.Message,
    |                    `- error: cannot find type 'URLSessionWebSocketTask' in scope
 97 |         task: URLSessionWebSocketTask?
 98 |     ) {
/host/spi-builder-workspace/Sources/WebOSClient/WebOSClient.swift:97:15: error: cannot find type 'URLSessionWebSocketTask' in scope
 95 |     func sendURLSessionWebSocketTaskMessage(
 96 |         _ message: URLSessionWebSocketTask.Message,
 97 |         task: URLSessionWebSocketTask?
    |               `- error: cannot find type 'URLSessionWebSocketTask' in scope
 98 |     ) {
 99 |         task?.send(message) { [weak self] error in
/host/spi-builder-workspace/Sources/WebOSClient/WebOSClient.swift:127:21: error: cannot find type 'URLSessionWebSocketTask' in scope
125 |
126 |     func handle(
127 |         _ response: URLSessionWebSocketTask.Message,
    |                     `- error: cannot find type 'URLSessionWebSocketTask' in scope
128 |         completion: @escaping (Result<WebOSResponse, Error>) -> Void
129 |     ) {
/host/spi-builder-workspace/Sources/WebOSClient/WebOSClient.swift:184:24: error: cannot find type 'URLSessionWebSocketDelegate' in scope
182 | }
183 |
184 | extension WebOSClient: URLSessionWebSocketDelegate {
    |                        `- error: cannot find type 'URLSessionWebSocketDelegate' in scope
185 |     public func urlSession(
186 |         _ session: URLSession,
/host/spi-builder-workspace/Sources/WebOSClient/WebOSClient.swift:187:24: error: cannot find type 'URLSessionWebSocketTask' in scope
185 |     public func urlSession(
186 |         _ session: URLSession,
187 |         webSocketTask: URLSessionWebSocketTask,
    |                        `- error: cannot find type 'URLSessionWebSocketTask' in scope
188 |         didOpenWithProtocol protocol: String?
189 |     ) {
/host/spi-builder-workspace/Sources/WebOSClient/WebOSClient.swift:186:20: error: 'URLSession' is unavailable: This type has moved to the FoundationNetworking module. Import that module to use it.
184 | extension WebOSClient: URLSessionWebSocketDelegate {
185 |     public func urlSession(
186 |         _ session: URLSession,
    |                    `- error: 'URLSession' is unavailable: This type has moved to the FoundationNetworking module. Import that module to use it.
187 |         webSocketTask: URLSessionWebSocketTask,
188 |         didOpenWithProtocol protocol: String?
Foundation.URLSession:2:18: note: 'URLSession' has been explicitly marked unavailable here
1 | @available(*, unavailable, message: "This type has moved to the FoundationNetworking module. Import that module to use it.")
2 | public typealias URLSession = AnyObject
  |                  `- note: 'URLSession' has been explicitly marked unavailable here
/host/spi-builder-workspace/Sources/WebOSClient/WebOSClient.swift:204:20: error: 'URLSession' is unavailable: This type has moved to the FoundationNetworking module. Import that module to use it.
202 |
203 |     public func urlSession(
204 |         _ session: URLSession,
    |                    `- error: 'URLSession' is unavailable: This type has moved to the FoundationNetworking module. Import that module to use it.
205 |         task: URLSessionTask,
206 |         didCompleteWithError error: Error?
Foundation.URLSession:2:18: note: 'URLSession' has been explicitly marked unavailable here
1 | @available(*, unavailable, message: "This type has moved to the FoundationNetworking module. Import that module to use it.")
2 | public typealias URLSession = AnyObject
  |                  `- note: 'URLSession' has been explicitly marked unavailable here
/host/spi-builder-workspace/Sources/WebOSClient/WebOSClient.swift:205:15: error: 'URLSessionTask' is unavailable: This type has moved to the FoundationNetworking module. Import that module to use it.
203 |     public func urlSession(
204 |         _ session: URLSession,
205 |         task: URLSessionTask,
    |               `- error: 'URLSessionTask' is unavailable: This type has moved to the FoundationNetworking module. Import that module to use it.
206 |         didCompleteWithError error: Error?
207 |     ) {
Foundation.URLSessionTask:2:18: note: 'URLSessionTask' has been explicitly marked unavailable here
1 | @available(*, unavailable, message: "This type has moved to the FoundationNetworking module. Import that module to use it.")
2 | public typealias URLSessionTask = AnyObject
  |                  `- note: 'URLSessionTask' has been explicitly marked unavailable here
/host/spi-builder-workspace/Sources/WebOSClient/WebOSClient.swift:214:24: error: cannot find type 'URLSessionWebSocketTask' in scope
212 |     public func urlSession(
213 |         _ session: URLSession,
214 |         webSocketTask: URLSessionWebSocketTask,
    |                        `- error: cannot find type 'URLSessionWebSocketTask' in scope
215 |         didCloseWith closeCode: URLSessionWebSocketTask.CloseCode,
216 |         reason: Data?
/host/spi-builder-workspace/Sources/WebOSClient/WebOSClient.swift:215:33: error: cannot find type 'URLSessionWebSocketTask' in scope
213 |         _ session: URLSession,
214 |         webSocketTask: URLSessionWebSocketTask,
215 |         didCloseWith closeCode: URLSessionWebSocketTask.CloseCode,
    |                                 `- error: cannot find type 'URLSessionWebSocketTask' in scope
216 |         reason: Data?
217 |     ) {
/host/spi-builder-workspace/Sources/WebOSClient/WebOSClient.swift:213:20: error: 'URLSession' is unavailable: This type has moved to the FoundationNetworking module. Import that module to use it.
211 |
212 |     public func urlSession(
213 |         _ session: URLSession,
    |                    `- error: 'URLSession' is unavailable: This type has moved to the FoundationNetworking module. Import that module to use it.
214 |         webSocketTask: URLSessionWebSocketTask,
215 |         didCloseWith closeCode: URLSessionWebSocketTask.CloseCode,
Foundation.URLSession:2:18: note: 'URLSession' has been explicitly marked unavailable here
1 | @available(*, unavailable, message: "This type has moved to the FoundationNetworking module. Import that module to use it.")
2 | public typealias URLSession = AnyObject
  |                  `- note: 'URLSession' has been explicitly marked unavailable here
/host/spi-builder-workspace/Sources/WebOSClient/WebOSClient.swift:228:50: error: 'AuthChallengeDisposition' is not a member type of type 'Foundation.URLSession' (aka 'AnyObject')
226 |         _ session: URLSession,
227 |         didReceive challenge: URLAuthenticationChallenge,
228 |         completionHandler: @escaping (URLSession.AuthChallengeDisposition, URLCredential?) -> Void
    |                                                  `- error: 'AuthChallengeDisposition' is not a member type of type 'Foundation.URLSession' (aka 'AnyObject')
229 |     ) {
230 |         if challenge
/host/spi-builder-workspace/Sources/WebOSClient/WebOSClient.swift:226:20: error: 'URLSession' is unavailable: This type has moved to the FoundationNetworking module. Import that module to use it.
224 |
225 |     public func urlSession(
226 |         _ session: URLSession,
    |                    `- error: 'URLSession' is unavailable: This type has moved to the FoundationNetworking module. Import that module to use it.
227 |         didReceive challenge: URLAuthenticationChallenge,
228 |         completionHandler: @escaping (URLSession.AuthChallengeDisposition, URLCredential?) -> Void
Foundation.URLSession:2:18: note: 'URLSession' has been explicitly marked unavailable here
1 | @available(*, unavailable, message: "This type has moved to the FoundationNetworking module. Import that module to use it.")
2 | public typealias URLSession = AnyObject
  |                  `- note: 'URLSession' has been explicitly marked unavailable here
/host/spi-builder-workspace/Sources/WebOSClient/WebOSClient.swift:227:31: error: 'URLAuthenticationChallenge' is unavailable: This type has moved to the FoundationNetworking module. Import that module to use it.
225 |     public func urlSession(
226 |         _ session: URLSession,
227 |         didReceive challenge: URLAuthenticationChallenge,
    |                               `- error: 'URLAuthenticationChallenge' is unavailable: This type has moved to the FoundationNetworking module. Import that module to use it.
228 |         completionHandler: @escaping (URLSession.AuthChallengeDisposition, URLCredential?) -> Void
229 |     ) {
Foundation.URLAuthenticationChallenge:2:18: note: 'URLAuthenticationChallenge' has been explicitly marked unavailable here
1 | @available(*, unavailable, message: "This type has moved to the FoundationNetworking module. Import that module to use it.")
2 | public typealias URLAuthenticationChallenge = AnyObject
  |                  `- note: 'URLAuthenticationChallenge' has been explicitly marked unavailable here
Failed frontend command:
/root/.local/share/swiftly/toolchains/6.4.x-snapshot-2026-09-04/usr/bin/swift-frontend -frontend -emit-module -experimental-skip-non-inlinable-function-bodies-without-types /host/spi-builder-workspace/Sources/WebOSClient/Extensions/Encodable.swift /host/spi-builder-workspace/Sources/WebOSClient/Extensions/Message.swift /host/spi-builder-workspace/Sources/WebOSClient/Extensions/String.swift /host/spi-builder-workspace/Sources/WebOSClient/Extensions/WebOSClientExtensions/Logging.swift /host/spi-builder-workspace/Sources/WebOSClient/Extensions/WebOSClientExtensions/SendPing.swift /host/spi-builder-workspace/Sources/WebOSClient/Models/Request/WebOSRequest.swift /host/spi-builder-workspace/Sources/WebOSClient/Models/Request/WebOSRequestManifest.swift /host/spi-builder-workspace/Sources/WebOSClient/Models/Request/WebOSRequestPayload.swift /host/spi-builder-workspace/Sources/WebOSClient/Models/Request/WebOSRequestSignature.swift /host/spi-builder-workspace/Sources/WebOSClient/Models/Request/WebOSRequestSigned.swift /host/spi-builder-workspace/Sources/WebOSClient/Models/Response/WebOSResponse.swift /host/spi-builder-workspace/Sources/WebOSClient/Models/Response/WebOSResponseApplication.swift /host/spi-builder-workspace/Sources/WebOSClient/Models/Response/WebOSResponseCurrentWidget.swift /host/spi-builder-workspace/Sources/WebOSClient/Models/Response/WebOSResponseDevice.swift /host/spi-builder-workspace/Sources/WebOSClient/Models/Response/WebOSResponseForegroundAppInfo.swift /host/spi-builder-workspace/Sources/WebOSClient/Models/Response/WebOSResponsePayload.swift /host/spi-builder-workspace/Sources/WebOSClient/Models/Response/WebOSResponseVolumeStatus.swift /host/spi-builder-workspace/Sources/WebOSClient/Protocols/WebOSClientDelegate.swift /host/spi-builder-workspace/Sources/WebOSClient/Protocols/WebOSClientProtocol.swift /host/spi-builder-workspace/Sources/WebOSClient/Targets/Extensions/WebOSKeyTargetExtension.swift /host/spi-builder-workspace/Sources/WebOSClient/Targets/Extensions/WebOSTargetExtension.swift /host/spi-builder-workspace/Sources/WebOSClient/Targets/Protocols/WebOSKeyTargetProtocol.swift /host/spi-builder-workspace/Sources/WebOSClient/Targets/Protocols/WebOSTargetProtocol.swift /host/spi-builder-workspace/Sources/WebOSClient/Targets/WebOSKeyTarget.swift /host/spi-builder-workspace/Sources/WebOSClient/Targets/WebOSTarget.swift /host/spi-builder-workspace/Sources/WebOSClient/Types/WebOSPairingType.swift /host/spi-builder-workspace/Sources/WebOSClient/Types/WebOSRequestType.swift /host/spi-builder-workspace/Sources/WebOSClient/Types/WebOSResponseType.swift /host/spi-builder-workspace/Sources/WebOSClient/Types/WebOSSoundOutputType.swift /host/spi-builder-workspace/Sources/WebOSClient/WebOSClient.swift -target aarch64-unknown-linux-android28 -Xllvm -aarch64-use-tbi -disable-objc-interop -sdk /android-ndk/android-ndk-r27d/toolchains/llvm/prebuilt/linux-x86_64/sysroot -sysroot /android-ndk/android-ndk-r27d/toolchains/llvm/prebuilt/linux-x86_64/sysroot -I /host/spi-builder-workspace/.build/out/Products/Debug-android-aarch64 -module-cache-path /host/spi-builder-workspace/.build/out/ModuleCache.noindex -color-diagnostics -Xcc -fcolor-diagnostics -enable-testing -g -debug-info-format\=dwarf -dwarf-version\=4 -swift-version 5 -Onone -D SWIFT_PACKAGE -D DEBUG -D SWIFT_MODULE_RESOURCE_BUNDLE_UNAVAILABLE -D Xcode -serialize-debugging-options -enable-experimental-feature DebugDescriptionMacro -empty-abi-descriptor -external-plugin-path /root/.local/share/swiftly/toolchains/6.4.x-snapshot-2026-09-04/usr/lib/swift/host/plugins/testing\#/root/.local/share/swiftly/toolchains/6.4.x-snapshot-2026-09-04/usr/bin/swift-plugin-server -validate-clang-modules-once -clang-build-session-file /host/spi-builder-workspace/.build/out/ModuleCache.noindex/Session.modulevalidation -Xcc -working-directory -Xcc /host -resource-dir /root/.swiftpm/swift-sdks/swift-6.4.x-DEVELOPMENT-SNAPSHOT-2026-09-04-a_android.artifactbundle/swift-android/swift-resources/usr/lib/swift-aarch64 -enable-anonymous-context-mangled-names -file-compilation-dir /host -Xcc -resource-dir -Xcc /android-ndk/android-ndk-r27d/toolchains/llvm/prebuilt/linux-x86_64/lib/clang/18 -Xcc -fno-omit-frame-pointer -Xcc -D_LIBCPP_HARDENING_MODE\=_LIBCPP_HARDENING_MODE_DEBUG -Xcc -fmodules-prune-interval\=86400 -Xcc -fmodules-prune-after\=345600 -Xcc -I/host/spi-builder-workspace/.build/out/Products/Debug-android-aarch64/include -Xcc -I/host/spi-builder-workspace/.build/out/Intermediates.noindex/WebOSClient.build/Debug-android-aarch64/WebOSClient-t.build/DerivedSources-normal/aarch64 -Xcc -I/host/spi-builder-workspace/.build/out/Intermediates.noindex/WebOSClient.build/Debug-android-aarch64/WebOSClient-t.build/DerivedSources/aarch64 -Xcc -I/host/spi-builder-workspace/.build/out/Intermediates.noindex/WebOSClient.build/Debug-android-aarch64/WebOSClient-t.build/DerivedSources -Xcc -DSWIFT_PACKAGE -Xcc -DDEBUG\=1 -no-auto-bridging-header-chaining -module-name WebOSClient -package-name spi_builder_workspace -const-gather-protocols-file /host/spi-builder-workspace/.build/out/Intermediates.noindex/WebOSClient.build/Debug-android-aarch64/WebOSClient-t.build/Objects-normal/aarch64/WebOSClient_const_extract_protocols.json -in-process-plugin-server-path /root/.local/share/swiftly/toolchains/6.4.x-snapshot-2026-09-04/usr/lib/swift/host/libSwiftInProcPluginServer.so -plugin-path /root/.local/share/swiftly/toolchains/6.4.x-snapshot-2026-09-04/usr/lib/swift/host/plugins -plugin-path /root/.local/share/swiftly/toolchains/6.4.x-snapshot-2026-09-04/usr/local/lib/swift/host/plugins -emit-module-doc-path /host/spi-builder-workspace/.build/out/Intermediates.noindex/WebOSClient.build/Debug-android-aarch64/WebOSClient-t.build/Objects-normal/aarch64/Modules/WebOSClient.swiftdoc -emit-module-source-info-path /host/spi-builder-workspace/.build/out/Intermediates.noindex/WebOSClient.build/Debug-android-aarch64/WebOSClient-t.build/Objects-normal/aarch64/Modules/WebOSClient.swiftsourceinfo -emit-objc-header-path /host/spi-builder-workspace/.build/out/Intermediates.noindex/WebOSClient.build/Debug-android-aarch64/WebOSClient-t.build/Objects-normal/aarch64/WebOSClient-Swift.h -serialize-diagnostics-path /host/spi-builder-workspace/.build/out/Intermediates.noindex/WebOSClient.build/Debug-android-aarch64/WebOSClient-t.build/Objects-normal/aarch64/WebOSClient-primary-emit-module.dia -emit-dependencies-path /host/spi-builder-workspace/.build/out/Intermediates.noindex/WebOSClient.build/Debug-android-aarch64/WebOSClient-t.build/Objects-normal/aarch64/WebOSClient-primary-emit-module.d -parse-as-library -o /host/spi-builder-workspace/.build/out/Intermediates.noindex/WebOSClient.build/Debug-android-aarch64/WebOSClient-t.build/Objects-normal/aarch64/Modules/WebOSClient.swiftmodule
error: Build failed
BUILD FAILURE 6.4 android