The Swift Package Index logo.Swift Package Index

Build Information

Failed to build w3w-swift-components, reference v3.0.0 (6ed04b), with Swift 6.4 for visionOS using Xcode 27.0 on 20 Sep 2026 09:05:25 UTC.

Build Command

env DEVELOPER_DIR=/Applications/Xcode-27.0.0-Release.Candidate.app xcrun xcodebuild -IDEClonedSourcePackagesDirPathOverride=$PWD/.dependencies -skipMacroValidation -skipPackagePluginValidation -derivedDataPath $PWD/.derivedData build -scheme w3w-swift-components -destination generic/platform=xrOS

Build Log

Copy /Users/admin/builder/spi-builder-workspace/.derivedData/Build/Products/Debug-xros/W3WSwiftCore.swiftmodule/Project/arm64-apple-xros.swiftsourceinfo /Users/admin/builder/spi-builder-workspace/.derivedData/Build/Intermediates.noindex/w3w-swift-core.build/Debug-xros/W3WSwiftCore-t.build/Objects-normal/arm64/W3WSwiftCore.swiftsourceinfo (in target 'W3WSwiftCore' from project 'w3w-swift-core')
    cd /Users/admin/builder/spi-builder-workspace/.dependencies/checkouts/w3w-swift-core
    builtin-copy -exclude .DS_Store -exclude CVS -exclude .svn -exclude .git -exclude .hg -resolve-src-symlinks -rename /Users/admin/builder/spi-builder-workspace/.derivedData/Build/Intermediates.noindex/w3w-swift-core.build/Debug-xros/W3WSwiftCore-t.build/Objects-normal/arm64/W3WSwiftCore.swiftsourceinfo /Users/admin/builder/spi-builder-workspace/.derivedData/Build/Products/Debug-xros/W3WSwiftCore.swiftmodule/Project/arm64-apple-xros.swiftsourceinfo
SwiftDriver W3WSwiftVoiceApi normal arm64 com.apple.xcode.tools.swift.compiler (in target 'W3WSwiftVoiceApi' from project 'w3w-swift-voice-api')
    cd /Users/admin/builder/spi-builder-workspace/.swiftpm/xcode
    builtin-SwiftDriver -- /Applications/Xcode-27.0.0-Release.Candidate.app/Contents/Developer/Toolchains/XcodeDefault.xctoolchain/usr/bin/swiftc -parse-as-library -module-name W3WSwiftVoiceApi -Onone @/Users/admin/builder/spi-builder-workspace/.derivedData/Build/Intermediates.noindex/w3w-swift-voice-api.build/Debug-xros/W3WSwiftVoiceApi-t.build/Objects-normal/arm64/W3WSwiftVoiceApi.SwiftFileList -DSWIFT_PACKAGE -DDEBUG -DSWIFT_MODULE_RESOURCE_BUNDLE_UNAVAILABLE -DXcode -plugin-path /Applications/Xcode-27.0.0-Release.Candidate.app/Contents/Developer/Toolchains/XcodeDefault.xctoolchain/usr/lib/swift/host/plugins/testing -enable-experimental-feature DebugDescriptionMacro -sdk /Applications/Xcode-27.0.0-Release.Candidate.app/Contents/Developer/Platforms/XROS.platform/Developer/SDKs/XROS27.0.sdk -target arm64-apple-xros1.0 -g -module-cache-path /Users/admin/builder/spi-builder-workspace/.derivedData/ModuleCache.noindex -Xfrontend -serialize-debugging-options -profile-coverage-mapping -profile-generate -enable-testing -suppress-warnings -index-store-path /Users/admin/builder/spi-builder-workspace/.derivedData/Index.noindex/DataStore -Xcc -D_LIBCPP_HARDENING_MODE\=_LIBCPP_HARDENING_MODE_DEBUG -swift-version 5 -I /Users/admin/builder/spi-builder-workspace/.derivedData/Build/Products/Debug-xros -Isystem /Applications/Xcode-27.0.0-Release.Candidate.app/Contents/Developer/Platforms/XROS.platform/Developer/usr/lib -F /Users/admin/builder/spi-builder-workspace/.derivedData/Build/Products/Debug-xros/PackageFrameworks -F /Users/admin/builder/spi-builder-workspace/.derivedData/Build/Products/Debug-xros -F /Applications/Xcode-27.0.0-Release.Candidate.app/Contents/Developer/Platforms/XROS.platform/Developer/Library/Frameworks -F /Applications/Xcode-27.0.0-Release.Candidate.app/Contents/Developer/Platforms/XROS.platform/Developer/SDKs/XROS27.0.sdk/Developer/Library/Frameworks -c -j10 -enable-batch-mode -incremental -Xcc -ivfsstatcache -Xcc /Users/admin/builder/spi-builder-workspace/.derivedData/SDKStatCaches.noindex/xros27.0-24M361-e829b21a6f8c9b70876ba0858053c044735bd543db762f57723cac368afd1ce4.sdkstatcache -output-file-map /Users/admin/builder/spi-builder-workspace/.derivedData/Build/Intermediates.noindex/w3w-swift-voice-api.build/Debug-xros/W3WSwiftVoiceApi-t.build/Objects-normal/arm64/W3WSwiftVoiceApi-OutputFileMap.json -save-temps -no-color-diagnostics -explicit-module-build -module-cache-path /Users/admin/builder/spi-builder-workspace/.derivedData/Build/Intermediates.noindex/SwiftExplicitPrecompiledModules -clang-scanner-module-cache-path /Users/admin/builder/spi-builder-workspace/.derivedData/ModuleCache.noindex -sdk-module-cache-path /Users/admin/builder/spi-builder-workspace/.derivedData/SDKExplicitPrecompiledModules -emit-dependencies -emit-module -emit-module-path /Users/admin/builder/spi-builder-workspace/.derivedData/Build/Intermediates.noindex/w3w-swift-voice-api.build/Debug-xros/W3WSwiftVoiceApi-t.build/Objects-normal/arm64/W3WSwiftVoiceApi.swiftmodule -serialize-diagnostics -dependency-scan-serialize-diagnostics-path /Users/admin/builder/spi-builder-workspace/.derivedData/Build/Intermediates.noindex/w3w-swift-voice-api.build/Debug-xros/W3WSwiftVoiceApi-t.build/Objects-normal/arm64/W3WSwiftVoiceApi-dependency-scan.dia -validate-clang-modules-once -clang-build-session-file /Users/admin/builder/spi-builder-workspace/.derivedData/ModuleCache.noindex/Session.modulevalidation -Xcc -fmodules-prune-interval\=86400 -Xcc -fmodules-prune-after\=345600 -emit-const-values -const-gather-protocols-list /Users/admin/builder/spi-builder-workspace/.derivedData/Build/Intermediates.noindex/w3w-swift-voice-api.build/Debug-xros/W3WSwiftVoiceApi-t.build/Objects-normal/arm64/W3WSwiftVoiceApi_const_extract_protocols.json -Xcc -I/Users/admin/builder/spi-builder-workspace/.derivedData/Build/Products/Debug-xros/include -Xcc -I/Users/admin/builder/spi-builder-workspace/.derivedData/Build/Intermediates.noindex/w3w-swift-voice-api.build/Debug-xros/W3WSwiftVoiceApi-t.build/DerivedSources-normal/arm64 -Xcc -I/Users/admin/builder/spi-builder-workspace/.derivedData/Build/Intermediates.noindex/w3w-swift-voice-api.build/Debug-xros/W3WSwiftVoiceApi-t.build/DerivedSources/arm64 -Xcc -I/Users/admin/builder/spi-builder-workspace/.derivedData/Build/Intermediates.noindex/w3w-swift-voice-api.build/Debug-xros/W3WSwiftVoiceApi-t.build/DerivedSources -Xcc -DSWIFT_PACKAGE -Xcc -DDEBUG\=1 -emit-objc-header -emit-objc-header-path /Users/admin/builder/spi-builder-workspace/.derivedData/Build/Intermediates.noindex/w3w-swift-voice-api.build/Debug-xros/W3WSwiftVoiceApi-t.build/Objects-normal/arm64/W3WSwiftVoiceApi-Swift.h -working-directory /Users/admin/builder/spi-builder-workspace/.swiftpm/xcode -experimental-emit-module-separately -disable-cmo
SwiftDriverJobDiscovery normal arm64 Compiling W3WInputType.swift, W3WOption.swift, W3WOptionAcceptorProtocol.swift, W3WOptionProtocol.swift, W3WOptions.swift, W3WStreetAddress.swift (in target 'W3WSwiftCore' from project 'w3w-swift-core')
SwiftDriverJobDiscovery normal arm64 Compiling SdkExtension.swift, SdkTypes.swift, W3WGpsReading.swift, W3WGpsState.swift, W3WGpsStatus.swift, W3WProtocolV3.swift, W3WProtocolV4.swift (in target 'W3WSwiftCore' from project 'w3w-swift-core')
SwiftDriverJobDiscovery normal arm64 Compiling Combine+Extensions.swift, W3WEvent.swift, W3WEventSubscriberProtocol.swift, W3WEventsSubscriptions.swift, W3WLive.swift, W3WRegex.swift (in target 'W3WSwiftCore' from project 'w3w-swift-core')
SwiftDriverJobDiscovery normal arm64 Compiling W3WUtilitiesProtocol.swift, W3WWritingDirection.swift, W3WCountry.swift, W3WLanguage.swift, W3WRanked.swift, W3WSquare.swift (in target 'W3WSwiftCore' from project 'w3w-swift-core')
SwiftExplicitDependencyGeneratePcm arm64 /Users/admin/builder/spi-builder-workspace/.derivedData/SDKExplicitPrecompiledModules/zlib-EM9WNVCUSS7S47RZUQ9GQZH77.pcm
SwiftDriverJobDiscovery normal arm64 Compiling W3WMockTranslation.swift, W3WTranslate.swift, W3WTranslationsProtocol.swift, NetworkConnection.swift, W3WJson.swift, W3WRequest.swift (in target 'W3WSwiftCore' from project 'w3w-swift-core')
SwiftEmitModule normal arm64 Emitting\ module\ for\ W3WSwiftVoiceApi (in target 'W3WSwiftVoiceApi' from project 'w3w-swift-voice-api')
SwiftCompile normal arm64 (in target 'W3WSwiftVoiceApi' from project 'w3w-swift-voice-api')
    cd /Users/admin/builder/spi-builder-workspace/.swiftpm/xcode

SwiftCompile normal arm64 Compiling\ JsonVoiceLanguage.swift,\ JsonVoiceLanguages.swift /Users/admin/builder/spi-builder-workspace/.dependencies/checkouts/w3w-swift-voice-api/Sources/W3WSwiftVoiceApi/Json/JsonVoiceLanguage.swift /Users/admin/builder/spi-builder-workspace/.dependencies/checkouts/w3w-swift-voice-api/Sources/W3WSwiftVoiceApi/Json/JsonVoiceLanguages.swift (in target 'W3WSwiftVoiceApi' from project 'w3w-swift-voice-api')
SwiftCompile normal arm64 /Users/admin/builder/spi-builder-workspace/.dependencies/checkouts/w3w-swift-voice-api/Sources/W3WSwiftVoiceApi/Json/JsonVoiceLanguage.swift (in target 'W3WSwiftVoiceApi' from project 'w3w-swift-voice-api')
    cd /Users/admin/builder/spi-builder-workspace/.swiftpm/xcode
    builtin-SwiftPerFileCompile JsonVoiceLanguage.swift
SwiftCompile normal arm64 /Users/admin/builder/spi-builder-workspace/.dependencies/checkouts/w3w-swift-voice-api/Sources/W3WSwiftVoiceApi/Json/JsonVoiceLanguages.swift (in target 'W3WSwiftVoiceApi' from project 'w3w-swift-voice-api')
    cd /Users/admin/builder/spi-builder-workspace/.swiftpm/xcode
    builtin-SwiftPerFileCompile JsonVoiceLanguages.swift
SwiftCompile normal arm64 Compiling\ W3WSettings.swift /Users/admin/builder/spi-builder-workspace/.dependencies/checkouts/w3w-swift-voice-api/Sources/W3WSwiftVoiceApi/W3WSettings.swift (in target 'W3WSwiftVoiceApi' from project 'w3w-swift-voice-api')
SwiftCompile normal arm64 /Users/admin/builder/spi-builder-workspace/.dependencies/checkouts/w3w-swift-voice-api/Sources/W3WSwiftVoiceApi/W3WSettings.swift (in target 'W3WSwiftVoiceApi' from project 'w3w-swift-voice-api')
    cd /Users/admin/builder/spi-builder-workspace/.swiftpm/xcode
    builtin-SwiftPerFileCompile W3WSettings.swift
SwiftCompile normal arm64 Compiling\ W3WVoiceApi.swift /Users/admin/builder/spi-builder-workspace/.dependencies/checkouts/w3w-swift-voice-api/Sources/W3WSwiftVoiceApi/W3WVoiceApi.swift (in target 'W3WSwiftVoiceApi' from project 'w3w-swift-voice-api')
SwiftCompile normal arm64 /Users/admin/builder/spi-builder-workspace/.dependencies/checkouts/w3w-swift-voice-api/Sources/W3WSwiftVoiceApi/W3WVoiceApi.swift (in target 'W3WSwiftVoiceApi' from project 'w3w-swift-voice-api')
    cd /Users/admin/builder/spi-builder-workspace/.swiftpm/xcode
    builtin-SwiftPerFileCompile W3WVoiceApi.swift
SwiftCompile normal arm64 Compiling\ JsonVoiceResponse.swift,\ JsonVoiceSuggestion.swift /Users/admin/builder/spi-builder-workspace/.dependencies/checkouts/w3w-swift-voice-api/Sources/W3WSwiftVoiceApi/Json/JsonVoiceResponse.swift /Users/admin/builder/spi-builder-workspace/.dependencies/checkouts/w3w-swift-voice-api/Sources/W3WSwiftVoiceApi/Json/JsonVoiceSuggestion.swift (in target 'W3WSwiftVoiceApi' from project 'w3w-swift-voice-api')
SwiftCompile normal arm64 /Users/admin/builder/spi-builder-workspace/.dependencies/checkouts/w3w-swift-voice-api/Sources/W3WSwiftVoiceApi/Json/JsonVoiceResponse.swift (in target 'W3WSwiftVoiceApi' from project 'w3w-swift-voice-api')
    cd /Users/admin/builder/spi-builder-workspace/.swiftpm/xcode
    builtin-SwiftPerFileCompile JsonVoiceResponse.swift
SwiftCompile normal arm64 /Users/admin/builder/spi-builder-workspace/.dependencies/checkouts/w3w-swift-voice-api/Sources/W3WSwiftVoiceApi/Json/JsonVoiceSuggestion.swift (in target 'W3WSwiftVoiceApi' from project 'w3w-swift-voice-api')
    cd /Users/admin/builder/spi-builder-workspace/.swiftpm/xcode
    builtin-SwiftPerFileCompile JsonVoiceSuggestion.swift
SwiftCompile normal arm64 Compiling\ W3WVoiceSuggestion.swift,\ JsonVoiceError.swift /Users/admin/builder/spi-builder-workspace/.dependencies/checkouts/w3w-swift-voice-api/Sources/W3WSwiftVoiceApi/Extensions/W3WVoiceSuggestion.swift /Users/admin/builder/spi-builder-workspace/.dependencies/checkouts/w3w-swift-voice-api/Sources/W3WSwiftVoiceApi/Json/JsonVoiceError.swift (in target 'W3WSwiftVoiceApi' from project 'w3w-swift-voice-api')
SwiftCompile normal arm64 /Users/admin/builder/spi-builder-workspace/.dependencies/checkouts/w3w-swift-voice-api/Sources/W3WSwiftVoiceApi/Extensions/W3WVoiceSuggestion.swift (in target 'W3WSwiftVoiceApi' from project 'w3w-swift-voice-api')
    cd /Users/admin/builder/spi-builder-workspace/.swiftpm/xcode
    builtin-SwiftPerFileCompile W3WVoiceSuggestion.swift
SwiftCompile normal arm64 /Users/admin/builder/spi-builder-workspace/.dependencies/checkouts/w3w-swift-voice-api/Sources/W3WSwiftVoiceApi/Json/JsonVoiceError.swift (in target 'W3WSwiftVoiceApi' from project 'w3w-swift-voice-api')
    cd /Users/admin/builder/spi-builder-workspace/.swiftpm/xcode
    builtin-SwiftPerFileCompile JsonVoiceError.swift
SwiftCompile normal arm64 Compiling\ W3WTypes.swift /Users/admin/builder/spi-builder-workspace/.dependencies/checkouts/w3w-swift-voice-api/Sources/W3WSwiftVoiceApi/Types/W3WTypes.swift (in target 'W3WSwiftVoiceApi' from project 'w3w-swift-voice-api')
SwiftCompile normal arm64 /Users/admin/builder/spi-builder-workspace/.dependencies/checkouts/w3w-swift-voice-api/Sources/W3WSwiftVoiceApi/Types/W3WTypes.swift (in target 'W3WSwiftVoiceApi' from project 'w3w-swift-voice-api')
    cd /Users/admin/builder/spi-builder-workspace/.swiftpm/xcode
    builtin-SwiftPerFileCompile W3WTypes.swift
SwiftCompile normal arm64 Compiling\ Export.swift,\ W3WError.swift /Users/admin/builder/spi-builder-workspace/.dependencies/checkouts/w3w-swift-voice-api/Sources/W3WSwiftVoiceApi/Export.swift /Users/admin/builder/spi-builder-workspace/.dependencies/checkouts/w3w-swift-voice-api/Sources/W3WSwiftVoiceApi/Extensions/W3WError.swift (in target 'W3WSwiftVoiceApi' from project 'w3w-swift-voice-api')
SwiftCompile normal arm64 /Users/admin/builder/spi-builder-workspace/.dependencies/checkouts/w3w-swift-voice-api/Sources/W3WSwiftVoiceApi/Export.swift (in target 'W3WSwiftVoiceApi' from project 'w3w-swift-voice-api')
    cd /Users/admin/builder/spi-builder-workspace/.swiftpm/xcode
    builtin-SwiftPerFileCompile Export.swift
SwiftCompile normal arm64 /Users/admin/builder/spi-builder-workspace/.dependencies/checkouts/w3w-swift-voice-api/Sources/W3WSwiftVoiceApi/Extensions/W3WError.swift (in target 'W3WSwiftVoiceApi' from project 'w3w-swift-voice-api')
    cd /Users/admin/builder/spi-builder-workspace/.swiftpm/xcode
    builtin-SwiftPerFileCompile W3WError.swift
SwiftCompile normal arm64 Compiling\ W3WVoiceUpload.swift /Users/admin/builder/spi-builder-workspace/.dependencies/checkouts/w3w-swift-voice-api/Sources/W3WSwiftVoiceApi/WatchOS/W3WVoiceUpload.swift (in target 'W3WSwiftVoiceApi' from project 'w3w-swift-voice-api')
SwiftCompile normal arm64 /Users/admin/builder/spi-builder-workspace/.dependencies/checkouts/w3w-swift-voice-api/Sources/W3WSwiftVoiceApi/WatchOS/W3WVoiceUpload.swift (in target 'W3WSwiftVoiceApi' from project 'w3w-swift-voice-api')
    cd /Users/admin/builder/spi-builder-workspace/.swiftpm/xcode
    builtin-SwiftPerFileCompile W3WVoiceUpload.swift
SwiftDriverJobDiscovery normal arm64 Compiling W3WTypes.swift (in target 'W3WSwiftVoiceApi' from project 'w3w-swift-voice-api')
SwiftCompile normal arm64 Compiling\ W3WVoiceSocket.swift,\ W3WebSocket.swift /Users/admin/builder/spi-builder-workspace/.dependencies/checkouts/w3w-swift-voice-api/Sources/W3WSwiftVoiceApi/Network/W3WVoiceSocket.swift /Users/admin/builder/spi-builder-workspace/.dependencies/checkouts/w3w-swift-voice-api/Sources/W3WSwiftVoiceApi/Network/W3WebSocket.swift (in target 'W3WSwiftVoiceApi' from project 'w3w-swift-voice-api')
SwiftCompile normal arm64 /Users/admin/builder/spi-builder-workspace/.dependencies/checkouts/w3w-swift-voice-api/Sources/W3WSwiftVoiceApi/Network/W3WVoiceSocket.swift (in target 'W3WSwiftVoiceApi' from project 'w3w-swift-voice-api')
    cd /Users/admin/builder/spi-builder-workspace/.swiftpm/xcode
    builtin-SwiftPerFileCompile W3WVoiceSocket.swift
SwiftCompile normal arm64 /Users/admin/builder/spi-builder-workspace/.dependencies/checkouts/w3w-swift-voice-api/Sources/W3WSwiftVoiceApi/Network/W3WebSocket.swift (in target 'W3WSwiftVoiceApi' from project 'w3w-swift-voice-api')
    cd /Users/admin/builder/spi-builder-workspace/.swiftpm/xcode
    builtin-SwiftPerFileCompile W3WebSocket.swift
SwiftDriverJobDiscovery normal arm64 Compiling W3WThread.swift, W3WBox.swift, W3WCircle.swift, W3WDistance.swift, W3WLine.swift, W3WPolygon.swift (in target 'W3WSwiftCore' from project 'w3w-swift-core')
SwiftCompile normal arm64 Compiling\ W3WJsonVoiceError.swift,\ W3WApiCall.swift /Users/admin/builder/spi-builder-workspace/.dependencies/checkouts/w3w-swift-voice-api/Sources/W3WSwiftVoiceApi/Json/W3WJsonVoiceError.swift /Users/admin/builder/spi-builder-workspace/.dependencies/checkouts/w3w-swift-voice-api/Sources/W3WSwiftVoiceApi/Network/W3WApiCall.swift (in target 'W3WSwiftVoiceApi' from project 'w3w-swift-voice-api')
SwiftCompile normal arm64 /Users/admin/builder/spi-builder-workspace/.dependencies/checkouts/w3w-swift-voice-api/Sources/W3WSwiftVoiceApi/Json/W3WJsonVoiceError.swift (in target 'W3WSwiftVoiceApi' from project 'w3w-swift-voice-api')
    cd /Users/admin/builder/spi-builder-workspace/.swiftpm/xcode
    builtin-SwiftPerFileCompile W3WJsonVoiceError.swift
SwiftCompile normal arm64 /Users/admin/builder/spi-builder-workspace/.dependencies/checkouts/w3w-swift-voice-api/Sources/W3WSwiftVoiceApi/Network/W3WApiCall.swift (in target 'W3WSwiftVoiceApi' from project 'w3w-swift-voice-api')
    cd /Users/admin/builder/spi-builder-workspace/.swiftpm/xcode
    builtin-SwiftPerFileCompile W3WApiCall.swift
SwiftDriverJobDiscovery normal arm64 Compiling W3WSettings.swift (in target 'W3WSwiftVoiceApi' from project 'w3w-swift-voice-api')
SwiftDriverJobDiscovery normal arm64 Compiling Export.swift, W3WError.swift (in target 'W3WSwiftVoiceApi' from project 'w3w-swift-voice-api')
SwiftDriverJobDiscovery normal arm64 Compiling JsonVoiceLanguage.swift, JsonVoiceLanguages.swift (in target 'W3WSwiftVoiceApi' from project 'w3w-swift-voice-api')
SwiftDriverJobDiscovery normal arm64 Compiling W3WVoiceSuggestion.swift, JsonVoiceError.swift (in target 'W3WSwiftVoiceApi' from project 'w3w-swift-voice-api')
SwiftDriverJobDiscovery normal arm64 Compiling W3WVoiceApi.swift (in target 'W3WSwiftVoiceApi' from project 'w3w-swift-voice-api')
SwiftDriverJobDiscovery normal arm64 Compiling JsonVoiceResponse.swift, JsonVoiceSuggestion.swift (in target 'W3WSwiftVoiceApi' from project 'w3w-swift-voice-api')
SwiftDriverJobDiscovery normal arm64 Compiling W3WJsonVoiceError.swift, W3WApiCall.swift (in target 'W3WSwiftVoiceApi' from project 'w3w-swift-voice-api')
SwiftDriverJobDiscovery normal arm64 Compiling W3WVoiceUpload.swift (in target 'W3WSwiftVoiceApi' from project 'w3w-swift-voice-api')
SwiftDriverJobDiscovery normal arm64 Emitting module for W3WSwiftVoiceApi (in target 'W3WSwiftVoiceApi' from project 'w3w-swift-voice-api')
SwiftDriver\ Compilation\ Requirements W3WSwiftVoiceApi normal arm64 com.apple.xcode.tools.swift.compiler (in target 'W3WSwiftVoiceApi' from project 'w3w-swift-voice-api')
    cd /Users/admin/builder/spi-builder-workspace/.swiftpm/xcode
    builtin-Swift-Compilation-Requirements -- /Applications/Xcode-27.0.0-Release.Candidate.app/Contents/Developer/Toolchains/XcodeDefault.xctoolchain/usr/bin/swiftc -parse-as-library -module-name W3WSwiftVoiceApi -Onone @/Users/admin/builder/spi-builder-workspace/.derivedData/Build/Intermediates.noindex/w3w-swift-voice-api.build/Debug-xros/W3WSwiftVoiceApi-t.build/Objects-normal/arm64/W3WSwiftVoiceApi.SwiftFileList -DSWIFT_PACKAGE -DDEBUG -DSWIFT_MODULE_RESOURCE_BUNDLE_UNAVAILABLE -DXcode -plugin-path /Applications/Xcode-27.0.0-Release.Candidate.app/Contents/Developer/Toolchains/XcodeDefault.xctoolchain/usr/lib/swift/host/plugins/testing -enable-experimental-feature DebugDescriptionMacro -sdk /Applications/Xcode-27.0.0-Release.Candidate.app/Contents/Developer/Platforms/XROS.platform/Developer/SDKs/XROS27.0.sdk -target arm64-apple-xros1.0 -g -module-cache-path /Users/admin/builder/spi-builder-workspace/.derivedData/ModuleCache.noindex -Xfrontend -serialize-debugging-options -profile-coverage-mapping -profile-generate -enable-testing -suppress-warnings -index-store-path /Users/admin/builder/spi-builder-workspace/.derivedData/Index.noindex/DataStore -Xcc -D_LIBCPP_HARDENING_MODE\=_LIBCPP_HARDENING_MODE_DEBUG -swift-version 5 -I /Users/admin/builder/spi-builder-workspace/.derivedData/Build/Products/Debug-xros -Isystem /Applications/Xcode-27.0.0-Release.Candidate.app/Contents/Developer/Platforms/XROS.platform/Developer/usr/lib -F /Users/admin/builder/spi-builder-workspace/.derivedData/Build/Products/Debug-xros/PackageFrameworks -F /Users/admin/builder/spi-builder-workspace/.derivedData/Build/Products/Debug-xros -F /Applications/Xcode-27.0.0-Release.Candidate.app/Contents/Developer/Platforms/XROS.platform/Developer/Library/Frameworks -F /Applications/Xcode-27.0.0-Release.Candidate.app/Contents/Developer/Platforms/XROS.platform/Developer/SDKs/XROS27.0.sdk/Developer/Library/Frameworks -c -j10 -enable-batch-mode -incremental -Xcc -ivfsstatcache -Xcc /Users/admin/builder/spi-builder-workspace/.derivedData/SDKStatCaches.noindex/xros27.0-24M361-e829b21a6f8c9b70876ba0858053c044735bd543db762f57723cac368afd1ce4.sdkstatcache -output-file-map /Users/admin/builder/spi-builder-workspace/.derivedData/Build/Intermediates.noindex/w3w-swift-voice-api.build/Debug-xros/W3WSwiftVoiceApi-t.build/Objects-normal/arm64/W3WSwiftVoiceApi-OutputFileMap.json -save-temps -no-color-diagnostics -explicit-module-build -module-cache-path /Users/admin/builder/spi-builder-workspace/.derivedData/Build/Intermediates.noindex/SwiftExplicitPrecompiledModules -clang-scanner-module-cache-path /Users/admin/builder/spi-builder-workspace/.derivedData/ModuleCache.noindex -sdk-module-cache-path /Users/admin/builder/spi-builder-workspace/.derivedData/SDKExplicitPrecompiledModules -emit-dependencies -emit-module -emit-module-path /Users/admin/builder/spi-builder-workspace/.derivedData/Build/Intermediates.noindex/w3w-swift-voice-api.build/Debug-xros/W3WSwiftVoiceApi-t.build/Objects-normal/arm64/W3WSwiftVoiceApi.swiftmodule -serialize-diagnostics -dependency-scan-serialize-diagnostics-path /Users/admin/builder/spi-builder-workspace/.derivedData/Build/Intermediates.noindex/w3w-swift-voice-api.build/Debug-xros/W3WSwiftVoiceApi-t.build/Objects-normal/arm64/W3WSwiftVoiceApi-dependency-scan.dia -validate-clang-modules-once -clang-build-session-file /Users/admin/builder/spi-builder-workspace/.derivedData/ModuleCache.noindex/Session.modulevalidation -Xcc -fmodules-prune-interval\=86400 -Xcc -fmodules-prune-after\=345600 -emit-const-values -const-gather-protocols-list /Users/admin/builder/spi-builder-workspace/.derivedData/Build/Intermediates.noindex/w3w-swift-voice-api.build/Debug-xros/W3WSwiftVoiceApi-t.build/Objects-normal/arm64/W3WSwiftVoiceApi_const_extract_protocols.json -Xcc -I/Users/admin/builder/spi-builder-workspace/.derivedData/Build/Products/Debug-xros/include -Xcc -I/Users/admin/builder/spi-builder-workspace/.derivedData/Build/Intermediates.noindex/w3w-swift-voice-api.build/Debug-xros/W3WSwiftVoiceApi-t.build/DerivedSources-normal/arm64 -Xcc -I/Users/admin/builder/spi-builder-workspace/.derivedData/Build/Intermediates.noindex/w3w-swift-voice-api.build/Debug-xros/W3WSwiftVoiceApi-t.build/DerivedSources/arm64 -Xcc -I/Users/admin/builder/spi-builder-workspace/.derivedData/Build/Intermediates.noindex/w3w-swift-voice-api.build/Debug-xros/W3WSwiftVoiceApi-t.build/DerivedSources -Xcc -DSWIFT_PACKAGE -Xcc -DDEBUG\=1 -emit-objc-header -emit-objc-header-path /Users/admin/builder/spi-builder-workspace/.derivedData/Build/Intermediates.noindex/w3w-swift-voice-api.build/Debug-xros/W3WSwiftVoiceApi-t.build/Objects-normal/arm64/W3WSwiftVoiceApi-Swift.h -working-directory /Users/admin/builder/spi-builder-workspace/.swiftpm/xcode -experimental-emit-module-separately -disable-cmo
SwiftMergeGeneratedHeaders /Users/admin/builder/spi-builder-workspace/.derivedData/Build/Intermediates.noindex/GeneratedModuleMaps-xros/W3WSwiftVoiceApi-Swift.h /Users/admin/builder/spi-builder-workspace/.derivedData/Build/Intermediates.noindex/w3w-swift-voice-api.build/Debug-xros/W3WSwiftVoiceApi-t.build/Objects-normal/arm64/W3WSwiftVoiceApi-Swift.h (in target 'W3WSwiftVoiceApi' from project 'w3w-swift-voice-api')
    cd /Users/admin/builder/spi-builder-workspace/.dependencies/checkouts/w3w-swift-voice-api
    builtin-swiftHeaderTool -arch arm64 /Users/admin/builder/spi-builder-workspace/.derivedData/Build/Intermediates.noindex/w3w-swift-voice-api.build/Debug-xros/W3WSwiftVoiceApi-t.build/Objects-normal/arm64/W3WSwiftVoiceApi-Swift.h -o /Users/admin/builder/spi-builder-workspace/.derivedData/Build/Intermediates.noindex/GeneratedModuleMaps-xros/W3WSwiftVoiceApi-Swift.h
Copy /Users/admin/builder/spi-builder-workspace/.derivedData/Build/Products/Debug-xros/W3WSwiftVoiceApi.swiftmodule/arm64-apple-xros.swiftdoc /Users/admin/builder/spi-builder-workspace/.derivedData/Build/Intermediates.noindex/w3w-swift-voice-api.build/Debug-xros/W3WSwiftVoiceApi-t.build/Objects-normal/arm64/W3WSwiftVoiceApi.swiftdoc (in target 'W3WSwiftVoiceApi' from project 'w3w-swift-voice-api')
    cd /Users/admin/builder/spi-builder-workspace/.dependencies/checkouts/w3w-swift-voice-api
    builtin-copy -exclude .DS_Store -exclude CVS -exclude .svn -exclude .git -exclude .hg -resolve-src-symlinks -rename /Users/admin/builder/spi-builder-workspace/.derivedData/Build/Intermediates.noindex/w3w-swift-voice-api.build/Debug-xros/W3WSwiftVoiceApi-t.build/Objects-normal/arm64/W3WSwiftVoiceApi.swiftdoc /Users/admin/builder/spi-builder-workspace/.derivedData/Build/Products/Debug-xros/W3WSwiftVoiceApi.swiftmodule/arm64-apple-xros.swiftdoc
Copy /Users/admin/builder/spi-builder-workspace/.derivedData/Build/Products/Debug-xros/W3WSwiftVoiceApi.swiftmodule/arm64-apple-xros.abi.json /Users/admin/builder/spi-builder-workspace/.derivedData/Build/Intermediates.noindex/w3w-swift-voice-api.build/Debug-xros/W3WSwiftVoiceApi-t.build/Objects-normal/arm64/W3WSwiftVoiceApi.abi.json (in target 'W3WSwiftVoiceApi' from project 'w3w-swift-voice-api')
    cd /Users/admin/builder/spi-builder-workspace/.dependencies/checkouts/w3w-swift-voice-api
    builtin-copy -exclude .DS_Store -exclude CVS -exclude .svn -exclude .git -exclude .hg -resolve-src-symlinks -rename /Users/admin/builder/spi-builder-workspace/.derivedData/Build/Intermediates.noindex/w3w-swift-voice-api.build/Debug-xros/W3WSwiftVoiceApi-t.build/Objects-normal/arm64/W3WSwiftVoiceApi.abi.json /Users/admin/builder/spi-builder-workspace/.derivedData/Build/Products/Debug-xros/W3WSwiftVoiceApi.swiftmodule/arm64-apple-xros.abi.json
Copy /Users/admin/builder/spi-builder-workspace/.derivedData/Build/Products/Debug-xros/W3WSwiftVoiceApi.swiftmodule/arm64-apple-xros.swiftmodule /Users/admin/builder/spi-builder-workspace/.derivedData/Build/Intermediates.noindex/w3w-swift-voice-api.build/Debug-xros/W3WSwiftVoiceApi-t.build/Objects-normal/arm64/W3WSwiftVoiceApi.swiftmodule (in target 'W3WSwiftVoiceApi' from project 'w3w-swift-voice-api')
    cd /Users/admin/builder/spi-builder-workspace/.dependencies/checkouts/w3w-swift-voice-api
    builtin-copy -exclude .DS_Store -exclude CVS -exclude .svn -exclude .git -exclude .hg -resolve-src-symlinks -rename /Users/admin/builder/spi-builder-workspace/.derivedData/Build/Intermediates.noindex/w3w-swift-voice-api.build/Debug-xros/W3WSwiftVoiceApi-t.build/Objects-normal/arm64/W3WSwiftVoiceApi.swiftmodule /Users/admin/builder/spi-builder-workspace/.derivedData/Build/Products/Debug-xros/W3WSwiftVoiceApi.swiftmodule/arm64-apple-xros.swiftmodule
Copy /Users/admin/builder/spi-builder-workspace/.derivedData/Build/Products/Debug-xros/W3WSwiftVoiceApi.swiftmodule/Project/arm64-apple-xros.swiftsourceinfo /Users/admin/builder/spi-builder-workspace/.derivedData/Build/Intermediates.noindex/w3w-swift-voice-api.build/Debug-xros/W3WSwiftVoiceApi-t.build/Objects-normal/arm64/W3WSwiftVoiceApi.swiftsourceinfo (in target 'W3WSwiftVoiceApi' from project 'w3w-swift-voice-api')
    cd /Users/admin/builder/spi-builder-workspace/.dependencies/checkouts/w3w-swift-voice-api
    builtin-copy -exclude .DS_Store -exclude CVS -exclude .svn -exclude .git -exclude .hg -resolve-src-symlinks -rename /Users/admin/builder/spi-builder-workspace/.derivedData/Build/Intermediates.noindex/w3w-swift-voice-api.build/Debug-xros/W3WSwiftVoiceApi-t.build/Objects-normal/arm64/W3WSwiftVoiceApi.swiftsourceinfo /Users/admin/builder/spi-builder-workspace/.derivedData/Build/Products/Debug-xros/W3WSwiftVoiceApi.swiftmodule/Project/arm64-apple-xros.swiftsourceinfo
SwiftDriver W3WSwiftApi normal arm64 com.apple.xcode.tools.swift.compiler (in target 'W3WSwiftApi' from project 'w3w-swift-wrapper')
    cd /Users/admin/builder/spi-builder-workspace/.swiftpm/xcode
    builtin-SwiftDriver -- /Applications/Xcode-27.0.0-Release.Candidate.app/Contents/Developer/Toolchains/XcodeDefault.xctoolchain/usr/bin/swiftc -parse-as-library -module-name W3WSwiftApi -Onone @/Users/admin/builder/spi-builder-workspace/.derivedData/Build/Intermediates.noindex/w3w-swift-wrapper.build/Debug-xros/W3WSwiftApi-t.build/Objects-normal/arm64/W3WSwiftApi.SwiftFileList -DSWIFT_PACKAGE -DDEBUG -DSWIFT_MODULE_RESOURCE_BUNDLE_UNAVAILABLE -DXcode -plugin-path /Applications/Xcode-27.0.0-Release.Candidate.app/Contents/Developer/Toolchains/XcodeDefault.xctoolchain/usr/lib/swift/host/plugins/testing -enable-experimental-feature DebugDescriptionMacro -sdk /Applications/Xcode-27.0.0-Release.Candidate.app/Contents/Developer/Platforms/XROS.platform/Developer/SDKs/XROS27.0.sdk -target arm64-apple-xros1.0 -g -module-cache-path /Users/admin/builder/spi-builder-workspace/.derivedData/ModuleCache.noindex -Xfrontend -serialize-debugging-options -profile-coverage-mapping -profile-generate -enable-testing -suppress-warnings -index-store-path /Users/admin/builder/spi-builder-workspace/.derivedData/Index.noindex/DataStore -Xcc -D_LIBCPP_HARDENING_MODE\=_LIBCPP_HARDENING_MODE_DEBUG -swift-version 5 -I /Users/admin/builder/spi-builder-workspace/.derivedData/Build/Products/Debug-xros -Isystem /Applications/Xcode-27.0.0-Release.Candidate.app/Contents/Developer/Platforms/XROS.platform/Developer/usr/lib -F /Users/admin/builder/spi-builder-workspace/.derivedData/Build/Products/Debug-xros/PackageFrameworks -F /Users/admin/builder/spi-builder-workspace/.derivedData/Build/Products/Debug-xros -F /Applications/Xcode-27.0.0-Release.Candidate.app/Contents/Developer/Platforms/XROS.platform/Developer/Library/Frameworks -F /Applications/Xcode-27.0.0-Release.Candidate.app/Contents/Developer/Platforms/XROS.platform/Developer/SDKs/XROS27.0.sdk/Developer/Library/Frameworks -c -j10 -enable-batch-mode -incremental -Xcc -ivfsstatcache -Xcc /Users/admin/builder/spi-builder-workspace/.derivedData/SDKStatCaches.noindex/xros27.0-24M361-e829b21a6f8c9b70876ba0858053c044735bd543db762f57723cac368afd1ce4.sdkstatcache -output-file-map /Users/admin/builder/spi-builder-workspace/.derivedData/Build/Intermediates.noindex/w3w-swift-wrapper.build/Debug-xros/W3WSwiftApi-t.build/Objects-normal/arm64/W3WSwiftApi-OutputFileMap.json -save-temps -no-color-diagnostics -explicit-module-build -module-cache-path /Users/admin/builder/spi-builder-workspace/.derivedData/Build/Intermediates.noindex/SwiftExplicitPrecompiledModules -clang-scanner-module-cache-path /Users/admin/builder/spi-builder-workspace/.derivedData/ModuleCache.noindex -sdk-module-cache-path /Users/admin/builder/spi-builder-workspace/.derivedData/SDKExplicitPrecompiledModules -emit-dependencies -emit-module -emit-module-path /Users/admin/builder/spi-builder-workspace/.derivedData/Build/Intermediates.noindex/w3w-swift-wrapper.build/Debug-xros/W3WSwiftApi-t.build/Objects-normal/arm64/W3WSwiftApi.swiftmodule -serialize-diagnostics -dependency-scan-serialize-diagnostics-path /Users/admin/builder/spi-builder-workspace/.derivedData/Build/Intermediates.noindex/w3w-swift-wrapper.build/Debug-xros/W3WSwiftApi-t.build/Objects-normal/arm64/W3WSwiftApi-dependency-scan.dia -validate-clang-modules-once -clang-build-session-file /Users/admin/builder/spi-builder-workspace/.derivedData/ModuleCache.noindex/Session.modulevalidation -Xcc -fmodules-prune-interval\=86400 -Xcc -fmodules-prune-after\=345600 -emit-const-values -const-gather-protocols-list /Users/admin/builder/spi-builder-workspace/.derivedData/Build/Intermediates.noindex/w3w-swift-wrapper.build/Debug-xros/W3WSwiftApi-t.build/Objects-normal/arm64/W3WSwiftApi_const_extract_protocols.json -Xcc -I/Users/admin/builder/spi-builder-workspace/.derivedData/Build/Products/Debug-xros/include -Xcc -I/Users/admin/builder/spi-builder-workspace/.derivedData/Build/Intermediates.noindex/w3w-swift-wrapper.build/Debug-xros/W3WSwiftApi-t.build/DerivedSources-normal/arm64 -Xcc -I/Users/admin/builder/spi-builder-workspace/.derivedData/Build/Intermediates.noindex/w3w-swift-wrapper.build/Debug-xros/W3WSwiftApi-t.build/DerivedSources/arm64 -Xcc -I/Users/admin/builder/spi-builder-workspace/.derivedData/Build/Intermediates.noindex/w3w-swift-wrapper.build/Debug-xros/W3WSwiftApi-t.build/DerivedSources -Xcc -DSWIFT_PACKAGE -Xcc -DDEBUG\=1 -emit-objc-header -emit-objc-header-path /Users/admin/builder/spi-builder-workspace/.derivedData/Build/Intermediates.noindex/w3w-swift-wrapper.build/Debug-xros/W3WSwiftApi-t.build/Objects-normal/arm64/W3WSwiftApi-Swift.h -working-directory /Users/admin/builder/spi-builder-workspace/.swiftpm/xcode -experimental-emit-module-separately -disable-cmo
SwiftCompile normal arm64 Compiling\ W3WWebSocketError.swift,\ W3WApiLineExtension.swift,\ W3WApiSquareExtension.swift /Users/admin/builder/spi-builder-workspace/.dependencies/checkouts/w3w-swift-wrapper/Sources/W3WSwiftApi/Errors/W3WWebSocketError.swift /Users/admin/builder/spi-builder-workspace/.dependencies/checkouts/w3w-swift-wrapper/Sources/W3WSwiftApi/Extensions/W3WApiLineExtension.swift /Users/admin/builder/spi-builder-workspace/.dependencies/checkouts/w3w-swift-wrapper/Sources/W3WSwiftApi/Extensions/W3WApiSquareExtension.swift (in target 'W3WSwiftApi' from project 'w3w-swift-wrapper')
SwiftCompile normal arm64 /Users/admin/builder/spi-builder-workspace/.dependencies/checkouts/w3w-swift-wrapper/Sources/W3WSwiftApi/Errors/W3WWebSocketError.swift (in target 'W3WSwiftApi' from project 'w3w-swift-wrapper')
    cd /Users/admin/builder/spi-builder-workspace/.swiftpm/xcode
    builtin-SwiftPerFileCompile W3WWebSocketError.swift
SwiftCompile normal arm64 /Users/admin/builder/spi-builder-workspace/.dependencies/checkouts/w3w-swift-wrapper/Sources/W3WSwiftApi/Extensions/W3WApiLineExtension.swift (in target 'W3WSwiftApi' from project 'w3w-swift-wrapper')
    cd /Users/admin/builder/spi-builder-workspace/.swiftpm/xcode
    builtin-SwiftPerFileCompile W3WApiLineExtension.swift
SwiftCompile normal arm64 /Users/admin/builder/spi-builder-workspace/.dependencies/checkouts/w3w-swift-wrapper/Sources/W3WSwiftApi/Extensions/W3WApiSquareExtension.swift (in target 'W3WSwiftApi' from project 'w3w-swift-wrapper')
    cd /Users/admin/builder/spi-builder-workspace/.swiftpm/xcode
    builtin-SwiftPerFileCompile W3WApiSquareExtension.swift
SwiftCompile normal arm64 Compiling\ JsonCoordinates.swift,\ JsonEnd.swift,\ JsonError.swift /Users/admin/builder/spi-builder-workspace/.dependencies/checkouts/w3w-swift-wrapper/Sources/W3WSwiftApi/Json/JsonCoordinates.swift /Users/admin/builder/spi-builder-workspace/.dependencies/checkouts/w3w-swift-wrapper/Sources/W3WSwiftApi/Json/JsonEnd.swift /Users/admin/builder/spi-builder-workspace/.dependencies/checkouts/w3w-swift-wrapper/Sources/W3WSwiftApi/Json/JsonError.swift (in target 'W3WSwiftApi' from project 'w3w-swift-wrapper')
SwiftCompile normal arm64 /Users/admin/builder/spi-builder-workspace/.dependencies/checkouts/w3w-swift-wrapper/Sources/W3WSwiftApi/Json/JsonCoordinates.swift (in target 'W3WSwiftApi' from project 'w3w-swift-wrapper')
    cd /Users/admin/builder/spi-builder-workspace/.swiftpm/xcode
    builtin-SwiftPerFileCompile JsonCoordinates.swift
SwiftCompile normal arm64 /Users/admin/builder/spi-builder-workspace/.dependencies/checkouts/w3w-swift-wrapper/Sources/W3WSwiftApi/Json/JsonEnd.swift (in target 'W3WSwiftApi' from project 'w3w-swift-wrapper')
    cd /Users/admin/builder/spi-builder-workspace/.swiftpm/xcode
    builtin-SwiftPerFileCompile JsonEnd.swift
SwiftCompile normal arm64 /Users/admin/builder/spi-builder-workspace/.dependencies/checkouts/w3w-swift-wrapper/Sources/W3WSwiftApi/Json/JsonError.swift (in target 'W3WSwiftApi' from project 'w3w-swift-wrapper')
    cd /Users/admin/builder/spi-builder-workspace/.swiftpm/xcode
    builtin-SwiftPerFileCompile JsonError.swift
SwiftCompile normal arm64 Compiling\ W3WApiSuggestionExtension.swift,\ W3WErrorExtension.swift,\ JsonBoundingSquare.swift /Users/admin/builder/spi-builder-workspace/.dependencies/checkouts/w3w-swift-wrapper/Sources/W3WSwiftApi/Extensions/W3WApiSuggestionExtension.swift /Users/admin/builder/spi-builder-workspace/.dependencies/checkouts/w3w-swift-wrapper/Sources/W3WSwiftApi/Extensions/W3WErrorExtension.swift /Users/admin/builder/spi-builder-workspace/.dependencies/checkouts/w3w-swift-wrapper/Sources/W3WSwiftApi/Json/JsonBoundingSquare.swift (in target 'W3WSwiftApi' from project 'w3w-swift-wrapper')
SwiftCompile normal arm64 /Users/admin/builder/spi-builder-workspace/.dependencies/checkouts/w3w-swift-wrapper/Sources/W3WSwiftApi/Extensions/W3WApiSuggestionExtension.swift (in target 'W3WSwiftApi' from project 'w3w-swift-wrapper')
    cd /Users/admin/builder/spi-builder-workspace/.swiftpm/xcode
    builtin-SwiftPerFileCompile W3WApiSuggestionExtension.swift
SwiftCompile normal arm64 /Users/admin/builder/spi-builder-workspace/.dependencies/checkouts/w3w-swift-wrapper/Sources/W3WSwiftApi/Extensions/W3WErrorExtension.swift (in target 'W3WSwiftApi' from project 'w3w-swift-wrapper')
    cd /Users/admin/builder/spi-builder-workspace/.swiftpm/xcode
    builtin-SwiftPerFileCompile W3WErrorExtension.swift
SwiftCompile normal arm64 /Users/admin/builder/spi-builder-workspace/.dependencies/checkouts/w3w-swift-wrapper/Sources/W3WSwiftApi/Json/JsonBoundingSquare.swift (in target 'W3WSwiftApi' from project 'w3w-swift-wrapper')
    cd /Users/admin/builder/spi-builder-workspace/.swiftpm/xcode
    builtin-SwiftPerFileCompile JsonBoundingSquare.swift
SwiftEmitModule normal arm64 Emitting\ module\ for\ W3WSwiftApi (in target 'W3WSwiftApi' from project 'w3w-swift-wrapper')
SwiftCompile normal arm64 (in target 'W3WSwiftApi' from project 'w3w-swift-wrapper')
    cd /Users/admin/builder/spi-builder-workspace/.swiftpm/xcode

SwiftCompile normal arm64 Compiling\ JsonSuggestion.swift,\ JsonSuggestions.swift,\ ExportCoreTypes.swift /Users/admin/builder/spi-builder-workspace/.dependencies/checkouts/w3w-swift-wrapper/Sources/W3WSwiftApi/Json/JsonSuggestion.swift /Users/admin/builder/spi-builder-workspace/.dependencies/checkouts/w3w-swift-wrapper/Sources/W3WSwiftApi/Json/JsonSuggestions.swift /Users/admin/builder/spi-builder-workspace/.dependencies/checkouts/w3w-swift-wrapper/Sources/W3WSwiftApi/Types/ExportCoreTypes.swift (in target 'W3WSwiftApi' from project 'w3w-swift-wrapper')
SwiftCompile normal arm64 /Users/admin/builder/spi-builder-workspace/.dependencies/checkouts/w3w-swift-wrapper/Sources/W3WSwiftApi/Json/JsonSuggestion.swift (in target 'W3WSwiftApi' from project 'w3w-swift-wrapper')
    cd /Users/admin/builder/spi-builder-workspace/.swiftpm/xcode
    builtin-SwiftPerFileCompile JsonSuggestion.swift
SwiftCompile normal arm64 /Users/admin/builder/spi-builder-workspace/.dependencies/checkouts/w3w-swift-wrapper/Sources/W3WSwiftApi/Json/JsonSuggestions.swift (in target 'W3WSwiftApi' from project 'w3w-swift-wrapper')
    cd /Users/admin/builder/spi-builder-workspace/.swiftpm/xcode
    builtin-SwiftPerFileCompile JsonSuggestions.swift
SwiftCompile normal arm64 /Users/admin/builder/spi-builder-workspace/.dependencies/checkouts/w3w-swift-wrapper/Sources/W3WSwiftApi/Types/ExportCoreTypes.swift (in target 'W3WSwiftApi' from project 'w3w-swift-wrapper')
    cd /Users/admin/builder/spi-builder-workspace/.swiftpm/xcode
    builtin-SwiftPerFileCompile ExportCoreTypes.swift
SwiftCompile normal arm64 Compiling\ JsonSquare.swift,\ JsonSquareSuggestions.swift,\ JsonStart.swift /Users/admin/builder/spi-builder-workspace/.dependencies/checkouts/w3w-swift-wrapper/Sources/W3WSwiftApi/Json/JsonSquare.swift /Users/admin/builder/spi-builder-workspace/.dependencies/checkouts/w3w-swift-wrapper/Sources/W3WSwiftApi/Json/JsonSquareSuggestions.swift /Users/admin/builder/spi-builder-workspace/.dependencies/checkouts/w3w-swift-wrapper/Sources/W3WSwiftApi/Json/JsonStart.swift (in target 'W3WSwiftApi' from project 'w3w-swift-wrapper')
SwiftCompile normal arm64 /Users/admin/builder/spi-builder-workspace/.dependencies/checkouts/w3w-swift-wrapper/Sources/W3WSwiftApi/Json/JsonSquare.swift (in target 'W3WSwiftApi' from project 'w3w-swift-wrapper')
    cd /Users/admin/builder/spi-builder-workspace/.swiftpm/xcode
    builtin-SwiftPerFileCompile JsonSquare.swift
SwiftCompile normal arm64 /Users/admin/builder/spi-builder-workspace/.dependencies/checkouts/w3w-swift-wrapper/Sources/W3WSwiftApi/Json/JsonSquareSuggestions.swift (in target 'W3WSwiftApi' from project 'w3w-swift-wrapper')
    cd /Users/admin/builder/spi-builder-workspace/.swiftpm/xcode
    builtin-SwiftPerFileCompile JsonSquareSuggestions.swift
SwiftCompile normal arm64 /Users/admin/builder/spi-builder-workspace/.dependencies/checkouts/w3w-swift-wrapper/Sources/W3WSwiftApi/Json/JsonStart.swift (in target 'W3WSwiftApi' from project 'w3w-swift-wrapper')
    cd /Users/admin/builder/spi-builder-workspace/.swiftpm/xcode
    builtin-SwiftPerFileCompile JsonStart.swift
SwiftCompile normal arm64 Compiling\ Types.swift,\ What3Words+VoiceAPI.swift,\ W3WAutosuggestHelper.swift /Users/admin/builder/spi-builder-workspace/.dependencies/checkouts/w3w-swift-wrapper/Sources/W3WSwiftApi/Types/Types.swift /Users/admin/builder/spi-builder-workspace/.dependencies/checkouts/w3w-swift-wrapper/Sources/W3WSwiftApi/Voice/What3Words+VoiceAPI.swift /Users/admin/builder/spi-builder-workspace/.dependencies/checkouts/w3w-swift-wrapper/Sources/W3WSwiftApi/W3WAutosuggestHelper.swift (in target 'W3WSwiftApi' from project 'w3w-swift-wrapper')
SwiftCompile normal arm64 /Users/admin/builder/spi-builder-workspace/.dependencies/checkouts/w3w-swift-wrapper/Sources/W3WSwiftApi/Types/Types.swift (in target 'W3WSwiftApi' from project 'w3w-swift-wrapper')
    cd /Users/admin/builder/spi-builder-workspace/.swiftpm/xcode
    builtin-SwiftPerFileCompile Types.swift
SwiftCompile normal arm64 /Users/admin/builder/spi-builder-workspace/.dependencies/checkouts/w3w-swift-wrapper/Sources/W3WSwiftApi/Voice/What3Words+VoiceAPI.swift (in target 'W3WSwiftApi' from project 'w3w-swift-wrapper')
    cd /Users/admin/builder/spi-builder-workspace/.swiftpm/xcode
    builtin-SwiftPerFileCompile What3Words+VoiceAPI.swift
SwiftCompile normal arm64 /Users/admin/builder/spi-builder-workspace/.dependencies/checkouts/w3w-swift-wrapper/Sources/W3WSwiftApi/W3WAutosuggestHelper.swift (in target 'W3WSwiftApi' from project 'w3w-swift-wrapper')
    cd /Users/admin/builder/spi-builder-workspace/.swiftpm/xcode
    builtin-SwiftPerFileCompile W3WAutosuggestHelper.swift
SwiftCompile normal arm64 Compiling\ W3WSettings.swift,\ What3WordsV4.swift /Users/admin/builder/spi-builder-workspace/.dependencies/checkouts/w3w-swift-wrapper/Sources/W3WSwiftApi/W3WSettings.swift /Users/admin/builder/spi-builder-workspace/.dependencies/checkouts/w3w-swift-wrapper/Sources/W3WSwiftApi/What3WordsV4.swift (in target 'W3WSwiftApi' from project 'w3w-swift-wrapper')
SwiftCompile normal arm64 /Users/admin/builder/spi-builder-workspace/.dependencies/checkouts/w3w-swift-wrapper/Sources/W3WSwiftApi/W3WSettings.swift (in target 'W3WSwiftApi' from project 'w3w-swift-wrapper')
    cd /Users/admin/builder/spi-builder-workspace/.swiftpm/xcode
    builtin-SwiftPerFileCompile W3WSettings.swift
SwiftCompile normal arm64 /Users/admin/builder/spi-builder-workspace/.dependencies/checkouts/w3w-swift-wrapper/Sources/W3WSwiftApi/What3WordsV4.swift (in target 'W3WSwiftApi' from project 'w3w-swift-wrapper')
    cd /Users/admin/builder/spi-builder-workspace/.swiftpm/xcode
    builtin-SwiftPerFileCompile What3WordsV4.swift
SwiftCompile normal arm64 Compiling\ JsonLines.swift,\ JsonNortheast.swift,\ JsonSouthwest.swift /Users/admin/builder/spi-builder-workspace/.dependencies/checkouts/w3w-swift-wrapper/Sources/W3WSwiftApi/Json/JsonLines.swift /Users/admin/builder/spi-builder-workspace/.dependencies/checkouts/w3w-swift-wrapper/Sources/W3WSwiftApi/Json/JsonNortheast.swift /Users/admin/builder/spi-builder-workspace/.dependencies/checkouts/w3w-swift-wrapper/Sources/W3WSwiftApi/Json/JsonSouthwest.swift (in target 'W3WSwiftApi' from project 'w3w-swift-wrapper')
SwiftCompile normal arm64 /Users/admin/builder/spi-builder-workspace/.dependencies/checkouts/w3w-swift-wrapper/Sources/W3WSwiftApi/Json/JsonLines.swift (in target 'W3WSwiftApi' from project 'w3w-swift-wrapper')
    cd /Users/admin/builder/spi-builder-workspace/.swiftpm/xcode
    builtin-SwiftPerFileCompile JsonLines.swift
SwiftCompile normal arm64 /Users/admin/builder/spi-builder-workspace/.dependencies/checkouts/w3w-swift-wrapper/Sources/W3WSwiftApi/Json/JsonNortheast.swift (in target 'W3WSwiftApi' from project 'w3w-swift-wrapper')
    cd /Users/admin/builder/spi-builder-workspace/.swiftpm/xcode
    builtin-SwiftPerFileCompile JsonNortheast.swift
SwiftCompile normal arm64 /Users/admin/builder/spi-builder-workspace/.dependencies/checkouts/w3w-swift-wrapper/Sources/W3WSwiftApi/Json/JsonSouthwest.swift (in target 'W3WSwiftApi' from project 'w3w-swift-wrapper')
    cd /Users/admin/builder/spi-builder-workspace/.swiftpm/xcode
    builtin-SwiftPerFileCompile JsonSouthwest.swift
SwiftDriverJobDiscovery normal arm64 Compiling W3WUser.swift, W3WAudioRecorder.swift, W3WAudioRecording.swift, W3WAudioStream.swift, W3WEncoding.swift, W3WMicrophone.swift, ApiExtension.swift (in target 'W3WSwiftCore' from project 'w3w-swift-core')
SwiftDriver\ Compilation W3WSwiftCore normal arm64 com.apple.xcode.tools.swift.compiler (in target 'W3WSwiftCore' from project 'w3w-swift-core')
    cd /Users/admin/builder/spi-builder-workspace/.swiftpm/xcode
    builtin-Swift-Compilation -- /Applications/Xcode-27.0.0-Release.Candidate.app/Contents/Developer/Toolchains/XcodeDefault.xctoolchain/usr/bin/swiftc -parse-as-library -module-name W3WSwiftCore -Onone @/Users/admin/builder/spi-builder-workspace/.derivedData/Build/Intermediates.noindex/w3w-swift-core.build/Debug-xros/W3WSwiftCore-t.build/Objects-normal/arm64/W3WSwiftCore.SwiftFileList -DSWIFT_PACKAGE -DDEBUG -DSWIFT_MODULE_RESOURCE_BUNDLE_UNAVAILABLE -DXcode -plugin-path /Applications/Xcode-27.0.0-Release.Candidate.app/Contents/Developer/Toolchains/XcodeDefault.xctoolchain/usr/lib/swift/host/plugins/testing -enable-experimental-feature DebugDescriptionMacro -sdk /Applications/Xcode-27.0.0-Release.Candidate.app/Contents/Developer/Platforms/XROS.platform/Developer/SDKs/XROS27.0.sdk -target arm64-apple-xros1.0 -g -module-cache-path /Users/admin/builder/spi-builder-workspace/.derivedData/ModuleCache.noindex -Xfrontend -serialize-debugging-options -profile-coverage-mapping -profile-generate -enable-testing -suppress-warnings -index-store-path /Users/admin/builder/spi-builder-workspace/.derivedData/Index.noindex/DataStore -Xcc -D_LIBCPP_HARDENING_MODE\=_LIBCPP_HARDENING_MODE_DEBUG -swift-version 5 -I /Users/admin/builder/spi-builder-workspace/.derivedData/Build/Products/Debug-xros -Isystem /Applications/Xcode-27.0.0-Release.Candidate.app/Contents/Developer/Platforms/XROS.platform/Developer/usr/lib -F /Users/admin/builder/spi-builder-workspace/.derivedData/Build/Products/Debug-xros -F /Applications/Xcode-27.0.0-Release.Candidate.app/Contents/Developer/Platforms/XROS.platform/Developer/Library/Frameworks -F /Applications/Xcode-27.0.0-Release.Candidate.app/Contents/Developer/Platforms/XROS.platform/Developer/SDKs/XROS27.0.sdk/Developer/Library/Frameworks -c -j10 -enable-batch-mode -incremental -Xcc -ivfsstatcache -Xcc /Users/admin/builder/spi-builder-workspace/.derivedData/SDKStatCaches.noindex/xros27.0-24M361-e829b21a6f8c9b70876ba0858053c044735bd543db762f57723cac368afd1ce4.sdkstatcache -output-file-map /Users/admin/builder/spi-builder-workspace/.derivedData/Build/Intermediates.noindex/w3w-swift-core.build/Debug-xros/W3WSwiftCore-t.build/Objects-normal/arm64/W3WSwiftCore-OutputFileMap.json -save-temps -no-color-diagnostics -explicit-module-build -module-cache-path /Users/admin/builder/spi-builder-workspace/.derivedData/Build/Intermediates.noindex/SwiftExplicitPrecompiledModules -clang-scanner-module-cache-path /Users/admin/builder/spi-builder-workspace/.derivedData/ModuleCache.noindex -sdk-module-cache-path /Users/admin/builder/spi-builder-workspace/.derivedData/SDKExplicitPrecompiledModules -emit-dependencies -emit-module -emit-module-path /Users/admin/builder/spi-builder-workspace/.derivedData/Build/Intermediates.noindex/w3w-swift-core.build/Debug-xros/W3WSwiftCore-t.build/Objects-normal/arm64/W3WSwiftCore.swiftmodule -serialize-diagnostics -dependency-scan-serialize-diagnostics-path /Users/admin/builder/spi-builder-workspace/.derivedData/Build/Intermediates.noindex/w3w-swift-core.build/Debug-xros/W3WSwiftCore-t.build/Objects-normal/arm64/W3WSwiftCore-dependency-scan.dia -validate-clang-modules-once -clang-build-session-file /Users/admin/builder/spi-builder-workspace/.derivedData/ModuleCache.noindex/Session.modulevalidation -Xcc -fmodules-prune-interval\=86400 -Xcc -fmodules-prune-after\=345600 -package-name w3w_swift_core -emit-const-values -const-gather-protocols-list /Users/admin/builder/spi-builder-workspace/.derivedData/Build/Intermediates.noindex/w3w-swift-core.build/Debug-xros/W3WSwiftCore-t.build/Objects-normal/arm64/W3WSwiftCore_const_extract_protocols.json -Xcc -I/Users/admin/builder/spi-builder-workspace/.derivedData/Build/Products/Debug-xros/include -Xcc -I/Users/admin/builder/spi-builder-workspace/.derivedData/Build/Intermediates.noindex/w3w-swift-core.build/Debug-xros/W3WSwiftCore-t.build/DerivedSources-normal/arm64 -Xcc -I/Users/admin/builder/spi-builder-workspace/.derivedData/Build/Intermediates.noindex/w3w-swift-core.build/Debug-xros/W3WSwiftCore-t.build/DerivedSources/arm64 -Xcc -I/Users/admin/builder/spi-builder-workspace/.derivedData/Build/Intermediates.noindex/w3w-swift-core.build/Debug-xros/W3WSwiftCore-t.build/DerivedSources -Xcc -DSWIFT_PACKAGE -Xcc -DDEBUG\=1 -emit-objc-header -emit-objc-header-path /Users/admin/builder/spi-builder-workspace/.derivedData/Build/Intermediates.noindex/w3w-swift-core.build/Debug-xros/W3WSwiftCore-t.build/Objects-normal/arm64/W3WSwiftCore-Swift.h -working-directory /Users/admin/builder/spi-builder-workspace/.swiftpm/xcode -experimental-emit-module-separately -disable-cmo
SwiftDriverJobDiscovery normal arm64 Compiling W3WWebSocketError.swift, W3WApiLineExtension.swift, W3WApiSquareExtension.swift (in target 'W3WSwiftApi' from project 'w3w-swift-wrapper')
SwiftCompile normal arm64 Compiling\ JsonLanguage.swift,\ JsonLanguages.swift,\ JsonLine.swift /Users/admin/builder/spi-builder-workspace/.dependencies/checkouts/w3w-swift-wrapper/Sources/W3WSwiftApi/Json/JsonLanguage.swift /Users/admin/builder/spi-builder-workspace/.dependencies/checkouts/w3w-swift-wrapper/Sources/W3WSwiftApi/Json/JsonLanguages.swift /Users/admin/builder/spi-builder-workspace/.dependencies/checkouts/w3w-swift-wrapper/Sources/W3WSwiftApi/Json/JsonLine.swift (in target 'W3WSwiftApi' from project 'w3w-swift-wrapper')
SwiftCompile normal arm64 /Users/admin/builder/spi-builder-workspace/.dependencies/checkouts/w3w-swift-wrapper/Sources/W3WSwiftApi/Json/JsonLanguage.swift (in target 'W3WSwiftApi' from project 'w3w-swift-wrapper')
    cd /Users/admin/builder/spi-builder-workspace/.swiftpm/xcode
    builtin-SwiftPerFileCompile JsonLanguage.swift
SwiftCompile normal arm64 /Users/admin/builder/spi-builder-workspace/.dependencies/checkouts/w3w-swift-wrapper/Sources/W3WSwiftApi/Json/JsonLanguages.swift (in target 'W3WSwiftApi' from project 'w3w-swift-wrapper')
    cd /Users/admin/builder/spi-builder-workspace/.swiftpm/xcode
    builtin-SwiftPerFileCompile JsonLanguages.swift
SwiftCompile normal arm64 /Users/admin/builder/spi-builder-workspace/.dependencies/checkouts/w3w-swift-wrapper/Sources/W3WSwiftApi/Json/JsonLine.swift (in target 'W3WSwiftApi' from project 'w3w-swift-wrapper')
    cd /Users/admin/builder/spi-builder-workspace/.swiftpm/xcode
    builtin-SwiftPerFileCompile JsonLine.swift
Ld /Users/admin/builder/spi-builder-workspace/.derivedData/Build/Products/Debug-xros/W3WSwiftCore.o normal (in target 'W3WSwiftCore' from project 'w3w-swift-core')
    cd /Users/admin/builder/spi-builder-workspace/.dependencies/checkouts/w3w-swift-core
    /Applications/Xcode-27.0.0-Release.Candidate.app/Contents/Developer/Toolchains/XcodeDefault.xctoolchain/usr/bin/clang -Xlinker -reproducible -target arm64-apple-xros1.0 -r -isysroot /Applications/Xcode-27.0.0-Release.Candidate.app/Contents/Developer/Platforms/XROS.platform/Developer/SDKs/XROS27.0.sdk -O0 -w -Xlinker -no_warn_duplicate_libraries -F/Users/admin/builder/spi-builder-workspace/.derivedData/Build/Intermediates.noindex/EagerLinkingTBDs/Debug-xros -F/Users/admin/builder/spi-builder-workspace/.derivedData/Build/Products/Debug-xros -iframework /Applications/Xcode-27.0.0-Release.Candidate.app/Contents/Developer/Platforms/XROS.platform/Developer/Library/Frameworks -iframework /Applications/Xcode-27.0.0-Release.Candidate.app/Contents/Developer/Platforms/XROS.platform/Developer/SDKs/XROS27.0.sdk/Developer/Library/Frameworks -filelist /Users/admin/builder/spi-builder-workspace/.derivedData/Build/Intermediates.noindex/w3w-swift-core.build/Debug-xros/W3WSwiftCore-t.build/Objects-normal/arm64/W3WSwiftCore.LinkFileList -nostdlib -Xlinker -object_path_lto -Xlinker /Users/admin/builder/spi-builder-workspace/.derivedData/Build/Intermediates.noindex/w3w-swift-core.build/Debug-xros/W3WSwiftCore-t.build/Objects-normal/arm64/W3WSwiftCore_lto.o -Xlinker -no_deduplicate -Xlinker -debug_variant -Xlinker -dependency_info -Xlinker /Users/admin/builder/spi-builder-workspace/.derivedData/Build/Intermediates.noindex/w3w-swift-core.build/Debug-xros/W3WSwiftCore-t.build/Objects-normal/arm64/W3WSwiftCore_dependency_info.dat -fobjc-link-runtime -L/Applications/Xcode-27.0.0-Release.Candidate.app/Contents/Developer/Toolchains/XcodeDefault.xctoolchain/usr/lib/swift/xros -L/usr/lib/swift -Xlinker -add_ast_path -Xlinker /Users/admin/builder/spi-builder-workspace/.derivedData/Build/Intermediates.noindex/w3w-swift-core.build/Debug-xros/W3WSwiftCore-t.build/Objects-normal/arm64/W3WSwiftCore.swiftmodule -o /Users/admin/builder/spi-builder-workspace/.derivedData/Build/Products/Debug-xros/W3WSwiftCore.o
SwiftDriverJobDiscovery normal arm64 Compiling W3WApiSuggestionExtension.swift, W3WErrorExtension.swift, JsonBoundingSquare.swift (in target 'W3WSwiftApi' from project 'w3w-swift-wrapper')
SwiftCompile normal arm64 Compiling\ What3WordsV3.swift,\ W3WFormat.swift,\ W3WSelectionType.swift /Users/admin/builder/spi-builder-workspace/.dependencies/checkouts/w3w-swift-wrapper/Sources/W3WSwiftApi/Deprecated/What3WordsV3.swift /Users/admin/builder/spi-builder-workspace/.dependencies/checkouts/w3w-swift-wrapper/Sources/W3WSwiftApi/Enums/W3WFormat.swift /Users/admin/builder/spi-builder-workspace/.dependencies/checkouts/w3w-swift-wrapper/Sources/W3WSwiftApi/Enums/W3WSelectionType.swift (in target 'W3WSwiftApi' from project 'w3w-swift-wrapper')
SwiftCompile normal arm64 /Users/admin/builder/spi-builder-workspace/.dependencies/checkouts/w3w-swift-wrapper/Sources/W3WSwiftApi/Deprecated/What3WordsV3.swift (in target 'W3WSwiftApi' from project 'w3w-swift-wrapper')
    cd /Users/admin/builder/spi-builder-workspace/.swiftpm/xcode
    builtin-SwiftPerFileCompile What3WordsV3.swift
SwiftCompile normal arm64 /Users/admin/builder/spi-builder-workspace/.dependencies/checkouts/w3w-swift-wrapper/Sources/W3WSwiftApi/Enums/W3WFormat.swift (in target 'W3WSwiftApi' from project 'w3w-swift-wrapper')
    cd /Users/admin/builder/spi-builder-workspace/.swiftpm/xcode
    builtin-SwiftPerFileCompile W3WFormat.swift
SwiftCompile normal arm64 /Users/admin/builder/spi-builder-workspace/.dependencies/checkouts/w3w-swift-wrapper/Sources/W3WSwiftApi/Enums/W3WSelectionType.swift (in target 'W3WSwiftApi' from project 'w3w-swift-wrapper')
    cd /Users/admin/builder/spi-builder-workspace/.swiftpm/xcode
    builtin-SwiftPerFileCompile W3WSelectionType.swift
SwiftDriverJobDiscovery normal arm64 Compiling JsonSuggestion.swift, JsonSuggestions.swift, ExportCoreTypes.swift (in target 'W3WSwiftApi' from project 'w3w-swift-wrapper')
SwiftDriverJobDiscovery normal arm64 Compiling JsonCoordinates.swift, JsonEnd.swift, JsonError.swift (in target 'W3WSwiftApi' from project 'w3w-swift-wrapper')
SwiftDriverJobDiscovery normal arm64 Emitting module for W3WSwiftApi (in target 'W3WSwiftApi' from project 'w3w-swift-wrapper')
SwiftDriver\ Compilation\ Requirements W3WSwiftApi normal arm64 com.apple.xcode.tools.swift.compiler (in target 'W3WSwiftApi' from project 'w3w-swift-wrapper')
    cd /Users/admin/builder/spi-builder-workspace/.swiftpm/xcode
    builtin-Swift-Compilation-Requirements -- /Applications/Xcode-27.0.0-Release.Candidate.app/Contents/Developer/Toolchains/XcodeDefault.xctoolchain/usr/bin/swiftc -parse-as-library -module-name W3WSwiftApi -Onone @/Users/admin/builder/spi-builder-workspace/.derivedData/Build/Intermediates.noindex/w3w-swift-wrapper.build/Debug-xros/W3WSwiftApi-t.build/Objects-normal/arm64/W3WSwiftApi.SwiftFileList -DSWIFT_PACKAGE -DDEBUG -DSWIFT_MODULE_RESOURCE_BUNDLE_UNAVAILABLE -DXcode -plugin-path /Applications/Xcode-27.0.0-Release.Candidate.app/Contents/Developer/Toolchains/XcodeDefault.xctoolchain/usr/lib/swift/host/plugins/testing -enable-experimental-feature DebugDescriptionMacro -sdk /Applications/Xcode-27.0.0-Release.Candidate.app/Contents/Developer/Platforms/XROS.platform/Developer/SDKs/XROS27.0.sdk -target arm64-apple-xros1.0 -g -module-cache-path /Users/admin/builder/spi-builder-workspace/.derivedData/ModuleCache.noindex -Xfrontend -serialize-debugging-options -profile-coverage-mapping -profile-generate -enable-testing -suppress-warnings -index-store-path /Users/admin/builder/spi-builder-workspace/.derivedData/Index.noindex/DataStore -Xcc -D_LIBCPP_HARDENING_MODE\=_LIBCPP_HARDENING_MODE_DEBUG -swift-version 5 -I /Users/admin/builder/spi-builder-workspace/.derivedData/Build/Products/Debug-xros -Isystem /Applications/Xcode-27.0.0-Release.Candidate.app/Contents/Developer/Platforms/XROS.platform/Developer/usr/lib -F /Users/admin/builder/spi-builder-workspace/.derivedData/Build/Products/Debug-xros/PackageFrameworks -F /Users/admin/builder/spi-builder-workspace/.derivedData/Build/Products/Debug-xros -F /Applications/Xcode-27.0.0-Release.Candidate.app/Contents/Developer/Platforms/XROS.platform/Developer/Library/Frameworks -F /Applications/Xcode-27.0.0-Release.Candidate.app/Contents/Developer/Platforms/XROS.platform/Developer/SDKs/XROS27.0.sdk/Developer/Library/Frameworks -c -j10 -enable-batch-mode -incremental -Xcc -ivfsstatcache -Xcc /Users/admin/builder/spi-builder-workspace/.derivedData/SDKStatCaches.noindex/xros27.0-24M361-e829b21a6f8c9b70876ba0858053c044735bd543db762f57723cac368afd1ce4.sdkstatcache -output-file-map /Users/admin/builder/spi-builder-workspace/.derivedData/Build/Intermediates.noindex/w3w-swift-wrapper.build/Debug-xros/W3WSwiftApi-t.build/Objects-normal/arm64/W3WSwiftApi-OutputFileMap.json -save-temps -no-color-diagnostics -explicit-module-build -module-cache-path /Users/admin/builder/spi-builder-workspace/.derivedData/Build/Intermediates.noindex/SwiftExplicitPrecompiledModules -clang-scanner-module-cache-path /Users/admin/builder/spi-builder-workspace/.derivedData/ModuleCache.noindex -sdk-module-cache-path /Users/admin/builder/spi-builder-workspace/.derivedData/SDKExplicitPrecompiledModules -emit-dependencies -emit-module -emit-module-path /Users/admin/builder/spi-builder-workspace/.derivedData/Build/Intermediates.noindex/w3w-swift-wrapper.build/Debug-xros/W3WSwiftApi-t.build/Objects-normal/arm64/W3WSwiftApi.swiftmodule -serialize-diagnostics -dependency-scan-serialize-diagnostics-path /Users/admin/builder/spi-builder-workspace/.derivedData/Build/Intermediates.noindex/w3w-swift-wrapper.build/Debug-xros/W3WSwiftApi-t.build/Objects-normal/arm64/W3WSwiftApi-dependency-scan.dia -validate-clang-modules-once -clang-build-session-file /Users/admin/builder/spi-builder-workspace/.derivedData/ModuleCache.noindex/Session.modulevalidation -Xcc -fmodules-prune-interval\=86400 -Xcc -fmodules-prune-after\=345600 -emit-const-values -const-gather-protocols-list /Users/admin/builder/spi-builder-workspace/.derivedData/Build/Intermediates.noindex/w3w-swift-wrapper.build/Debug-xros/W3WSwiftApi-t.build/Objects-normal/arm64/W3WSwiftApi_const_extract_protocols.json -Xcc -I/Users/admin/builder/spi-builder-workspace/.derivedData/Build/Products/Debug-xros/include -Xcc -I/Users/admin/builder/spi-builder-workspace/.derivedData/Build/Intermediates.noindex/w3w-swift-wrapper.build/Debug-xros/W3WSwiftApi-t.build/DerivedSources-normal/arm64 -Xcc -I/Users/admin/builder/spi-builder-workspace/.derivedData/Build/Intermediates.noindex/w3w-swift-wrapper.build/Debug-xros/W3WSwiftApi-t.build/DerivedSources/arm64 -Xcc -I/Users/admin/builder/spi-builder-workspace/.derivedData/Build/Intermediates.noindex/w3w-swift-wrapper.build/Debug-xros/W3WSwiftApi-t.build/DerivedSources -Xcc -DSWIFT_PACKAGE -Xcc -DDEBUG\=1 -emit-objc-header -emit-objc-header-path /Users/admin/builder/spi-builder-workspace/.derivedData/Build/Intermediates.noindex/w3w-swift-wrapper.build/Debug-xros/W3WSwiftApi-t.build/Objects-normal/arm64/W3WSwiftApi-Swift.h -working-directory /Users/admin/builder/spi-builder-workspace/.swiftpm/xcode -experimental-emit-module-separately -disable-cmo
SwiftMergeGeneratedHeaders /Users/admin/builder/spi-builder-workspace/.derivedData/Build/Intermediates.noindex/GeneratedModuleMaps-xros/W3WSwiftApi-Swift.h /Users/admin/builder/spi-builder-workspace/.derivedData/Build/Intermediates.noindex/w3w-swift-wrapper.build/Debug-xros/W3WSwiftApi-t.build/Objects-normal/arm64/W3WSwiftApi-Swift.h (in target 'W3WSwiftApi' from project 'w3w-swift-wrapper')
    cd /Users/admin/builder/spi-builder-workspace/.dependencies/checkouts/w3w-swift-wrapper
    builtin-swiftHeaderTool -arch arm64 /Users/admin/builder/spi-builder-workspace/.derivedData/Build/Intermediates.noindex/w3w-swift-wrapper.build/Debug-xros/W3WSwiftApi-t.build/Objects-normal/arm64/W3WSwiftApi-Swift.h -o /Users/admin/builder/spi-builder-workspace/.derivedData/Build/Intermediates.noindex/GeneratedModuleMaps-xros/W3WSwiftApi-Swift.h
Copy /Users/admin/builder/spi-builder-workspace/.derivedData/Build/Products/Debug-xros/W3WSwiftApi.swiftmodule/arm64-apple-xros.swiftmodule /Users/admin/builder/spi-builder-workspace/.derivedData/Build/Intermediates.noindex/w3w-swift-wrapper.build/Debug-xros/W3WSwiftApi-t.build/Objects-normal/arm64/W3WSwiftApi.swiftmodule (in target 'W3WSwiftApi' from project 'w3w-swift-wrapper')
    cd /Users/admin/builder/spi-builder-workspace/.dependencies/checkouts/w3w-swift-wrapper
    builtin-copy -exclude .DS_Store -exclude CVS -exclude .svn -exclude .git -exclude .hg -resolve-src-symlinks -rename /Users/admin/builder/spi-builder-workspace/.derivedData/Build/Intermediates.noindex/w3w-swift-wrapper.build/Debug-xros/W3WSwiftApi-t.build/Objects-normal/arm64/W3WSwiftApi.swiftmodule /Users/admin/builder/spi-builder-workspace/.derivedData/Build/Products/Debug-xros/W3WSwiftApi.swiftmodule/arm64-apple-xros.swiftmodule
Copy /Users/admin/builder/spi-builder-workspace/.derivedData/Build/Products/Debug-xros/W3WSwiftApi.swiftmodule/arm64-apple-xros.swiftdoc /Users/admin/builder/spi-builder-workspace/.derivedData/Build/Intermediates.noindex/w3w-swift-wrapper.build/Debug-xros/W3WSwiftApi-t.build/Objects-normal/arm64/W3WSwiftApi.swiftdoc (in target 'W3WSwiftApi' from project 'w3w-swift-wrapper')
    cd /Users/admin/builder/spi-builder-workspace/.dependencies/checkouts/w3w-swift-wrapper
    builtin-copy -exclude .DS_Store -exclude CVS -exclude .svn -exclude .git -exclude .hg -resolve-src-symlinks -rename /Users/admin/builder/spi-builder-workspace/.derivedData/Build/Intermediates.noindex/w3w-swift-wrapper.build/Debug-xros/W3WSwiftApi-t.build/Objects-normal/arm64/W3WSwiftApi.swiftdoc /Users/admin/builder/spi-builder-workspace/.derivedData/Build/Products/Debug-xros/W3WSwiftApi.swiftmodule/arm64-apple-xros.swiftdoc
Copy /Users/admin/builder/spi-builder-workspace/.derivedData/Build/Products/Debug-xros/W3WSwiftApi.swiftmodule/arm64-apple-xros.abi.json /Users/admin/builder/spi-builder-workspace/.derivedData/Build/Intermediates.noindex/w3w-swift-wrapper.build/Debug-xros/W3WSwiftApi-t.build/Objects-normal/arm64/W3WSwiftApi.abi.json (in target 'W3WSwiftApi' from project 'w3w-swift-wrapper')
    cd /Users/admin/builder/spi-builder-workspace/.dependencies/checkouts/w3w-swift-wrapper
    builtin-copy -exclude .DS_Store -exclude CVS -exclude .svn -exclude .git -exclude .hg -resolve-src-symlinks -rename /Users/admin/builder/spi-builder-workspace/.derivedData/Build/Intermediates.noindex/w3w-swift-wrapper.build/Debug-xros/W3WSwiftApi-t.build/Objects-normal/arm64/W3WSwiftApi.abi.json /Users/admin/builder/spi-builder-workspace/.derivedData/Build/Products/Debug-xros/W3WSwiftApi.swiftmodule/arm64-apple-xros.abi.json
Copy /Users/admin/builder/spi-builder-workspace/.derivedData/Build/Products/Debug-xros/W3WSwiftApi.swiftmodule/Project/arm64-apple-xros.swiftsourceinfo /Users/admin/builder/spi-builder-workspace/.derivedData/Build/Intermediates.noindex/w3w-swift-wrapper.build/Debug-xros/W3WSwiftApi-t.build/Objects-normal/arm64/W3WSwiftApi.swiftsourceinfo (in target 'W3WSwiftApi' from project 'w3w-swift-wrapper')
    cd /Users/admin/builder/spi-builder-workspace/.dependencies/checkouts/w3w-swift-wrapper
    builtin-copy -exclude .DS_Store -exclude CVS -exclude .svn -exclude .git -exclude .hg -resolve-src-symlinks -rename /Users/admin/builder/spi-builder-workspace/.derivedData/Build/Intermediates.noindex/w3w-swift-wrapper.build/Debug-xros/W3WSwiftApi-t.build/Objects-normal/arm64/W3WSwiftApi.swiftsourceinfo /Users/admin/builder/spi-builder-workspace/.derivedData/Build/Products/Debug-xros/W3WSwiftApi.swiftmodule/Project/arm64-apple-xros.swiftsourceinfo
SwiftDriver W3WSwiftComponents normal arm64 com.apple.xcode.tools.swift.compiler (in target 'W3WSwiftComponents' from project 'w3w-swift-components')
    cd /Users/admin/builder/spi-builder-workspace/.swiftpm/xcode
    builtin-SwiftDriver -- /Applications/Xcode-27.0.0-Release.Candidate.app/Contents/Developer/Toolchains/XcodeDefault.xctoolchain/usr/bin/swiftc -parse-as-library -module-name W3WSwiftComponents -Onone @/Users/admin/builder/spi-builder-workspace/.derivedData/Build/Intermediates.noindex/w3w-swift-components.build/Debug-xros/W3WSwiftComponents-t.build/Objects-normal/arm64/W3WSwiftComponents.SwiftFileList -DSWIFT_PACKAGE -DDEBUG -DSWIFT_MODULE_RESOURCE_BUNDLE_AVAILABLE -DXcode -plugin-path /Applications/Xcode-27.0.0-Release.Candidate.app/Contents/Developer/Toolchains/XcodeDefault.xctoolchain/usr/lib/swift/host/plugins/testing -enable-experimental-feature DebugDescriptionMacro -sdk /Applications/Xcode-27.0.0-Release.Candidate.app/Contents/Developer/Platforms/XROS.platform/Developer/SDKs/XROS27.0.sdk -target arm64-apple-xros1.0 -g -module-cache-path /Users/admin/builder/spi-builder-workspace/.derivedData/ModuleCache.noindex -Xfrontend -serialize-debugging-options -profile-coverage-mapping -profile-generate -enable-testing -index-store-path /Users/admin/builder/spi-builder-workspace/.derivedData/Index.noindex/DataStore -Xcc -D_LIBCPP_HARDENING_MODE\=_LIBCPP_HARDENING_MODE_DEBUG -swift-version 5 -I /Users/admin/builder/spi-builder-workspace/.derivedData/Build/Products/Debug-xros -Isystem /Applications/Xcode-27.0.0-Release.Candidate.app/Contents/Developer/Platforms/XROS.platform/Developer/usr/lib -F /Users/admin/builder/spi-builder-workspace/.derivedData/Build/Products/Debug-xros/PackageFrameworks -F /Users/admin/builder/spi-builder-workspace/.derivedData/Build/Products/Debug-xros -F /Applications/Xcode-27.0.0-Release.Candidate.app/Contents/Developer/Platforms/XROS.platform/Developer/Library/Frameworks -F /Applications/Xcode-27.0.0-Release.Candidate.app/Contents/Developer/Platforms/XROS.platform/Developer/SDKs/XROS27.0.sdk/Developer/Library/Frameworks -emit-localized-strings -emit-localized-strings-path /Users/admin/builder/spi-builder-workspace/.derivedData/Build/Intermediates.noindex/w3w-swift-components.build/Debug-xros/W3WSwiftComponents-t.build/Objects-normal/arm64 -c -j10 -enable-batch-mode -incremental -Xcc -ivfsstatcache -Xcc /Users/admin/builder/spi-builder-workspace/.derivedData/SDKStatCaches.noindex/xros27.0-24M361-e829b21a6f8c9b70876ba0858053c044735bd543db762f57723cac368afd1ce4.sdkstatcache -output-file-map /Users/admin/builder/spi-builder-workspace/.derivedData/Build/Intermediates.noindex/w3w-swift-components.build/Debug-xros/W3WSwiftComponents-t.build/Objects-normal/arm64/W3WSwiftComponents-OutputFileMap.json -save-temps -no-color-diagnostics -explicit-module-build -module-cache-path /Users/admin/builder/spi-builder-workspace/.derivedData/Build/Intermediates.noindex/SwiftExplicitPrecompiledModules -clang-scanner-module-cache-path /Users/admin/builder/spi-builder-workspace/.derivedData/ModuleCache.noindex -sdk-module-cache-path /Users/admin/builder/spi-builder-workspace/.derivedData/SDKExplicitPrecompiledModules -emit-dependencies -emit-module -emit-module-path /Users/admin/builder/spi-builder-workspace/.derivedData/Build/Intermediates.noindex/w3w-swift-components.build/Debug-xros/W3WSwiftComponents-t.build/Objects-normal/arm64/W3WSwiftComponents.swiftmodule -serialize-diagnostics -dependency-scan-serialize-diagnostics-path /Users/admin/builder/spi-builder-workspace/.derivedData/Build/Intermediates.noindex/w3w-swift-components.build/Debug-xros/W3WSwiftComponents-t.build/Objects-normal/arm64/W3WSwiftComponents-dependency-scan.dia -validate-clang-modules-once -clang-build-session-file /Users/admin/builder/spi-builder-workspace/.derivedData/ModuleCache.noindex/Session.modulevalidation -Xcc -fmodules-prune-interval\=86400 -Xcc -fmodules-prune-after\=345600 -emit-const-values -const-gather-protocols-list /Users/admin/builder/spi-builder-workspace/.derivedData/Build/Intermediates.noindex/w3w-swift-components.build/Debug-xros/W3WSwiftComponents-t.build/Objects-normal/arm64/W3WSwiftComponents_const_extract_protocols.json -Xcc -I/Users/admin/builder/spi-builder-workspace/.derivedData/Build/Products/Debug-xros/include -Xcc -I/Users/admin/builder/spi-builder-workspace/.derivedData/Build/Intermediates.noindex/w3w-swift-components.build/Debug-xros/W3WSwiftComponents-t.build/DerivedSources-normal/arm64 -Xcc -I/Users/admin/builder/spi-builder-workspace/.derivedData/Build/Intermediates.noindex/w3w-swift-components.build/Debug-xros/W3WSwiftComponents-t.build/DerivedSources/arm64 -Xcc -I/Users/admin/builder/spi-builder-workspace/.derivedData/Build/Intermediates.noindex/w3w-swift-components.build/Debug-xros/W3WSwiftComponents-t.build/DerivedSources -Xcc -DSWIFT_PACKAGE -Xcc -DDEBUG\=1 -emit-objc-header -emit-objc-header-path /Users/admin/builder/spi-builder-workspace/.derivedData/Build/Intermediates.noindex/w3w-swift-components.build/Debug-xros/W3WSwiftComponents-t.build/Objects-normal/arm64/W3WSwiftComponents-Swift.h -working-directory /Users/admin/builder/spi-builder-workspace/.swiftpm/xcode -experimental-emit-module-separately -disable-cmo
SwiftDriverJobDiscovery normal arm64 Compiling JsonSquare.swift, JsonSquareSuggestions.swift, JsonStart.swift (in target 'W3WSwiftApi' from project 'w3w-swift-wrapper')
ExtractAppIntentsMetadata (in target 'W3WSwiftCore' from project 'w3w-swift-core')
    cd /Users/admin/builder/spi-builder-workspace/.dependencies/checkouts/w3w-swift-core
    /Applications/Xcode-27.0.0-Release.Candidate.app/Contents/Developer/Toolchains/XcodeDefault.xctoolchain/usr/bin/appintentsmetadataprocessor --toolchain-dir /var/run/com.apple.security.cryptexd/mnt/com.apple.MobileAsset.MetalToolchain-v27.1.266.1.1wHULx/Metal.xctoolchain --module-name W3WSwiftCore --sdk-root /Applications/Xcode-27.0.0-Release.Candidate.app/Contents/Developer/Platforms/XROS.platform/Developer/SDKs/XROS27.0.sdk --xcode-version 27A266a --platform-family xrOS --deployment-target 1.0 --bundle-identifier w3w-swift-core.W3WSwiftCore --output /Users/admin/builder/spi-builder-workspace/.derivedData/Build/Products/Debug-xros/W3WSwiftCore.appintents --target-triple arm64-apple-xros1.0 --binary-file /Users/admin/builder/spi-builder-workspace/.derivedData/Build/Products/Debug-xros/W3WSwiftCore.o --dependency-file /Users/admin/builder/spi-builder-workspace/.derivedData/Build/Intermediates.noindex/w3w-swift-core.build/Debug-xros/W3WSwiftCore-t.build/Objects-normal/arm64/W3WSwiftCore_dependency_info.dat --stringsdata-file /Users/admin/builder/spi-builder-workspace/.derivedData/Build/Intermediates.noindex/w3w-swift-core.build/Debug-xros/W3WSwiftCore-t.build/Objects-normal/arm64/ExtractedAppShortcutsMetadata.stringsdata --source-file-list /Users/admin/builder/spi-builder-workspace/.derivedData/Build/Intermediates.noindex/w3w-swift-core.build/Debug-xros/W3WSwiftCore-t.build/Objects-normal/arm64/W3WSwiftCore.SwiftFileList --metadata-file-list /Users/admin/builder/spi-builder-workspace/.derivedData/Build/Intermediates.noindex/w3w-swift-core.build/Debug-xros/W3WSwiftCore-t.build/W3WSwiftCore.DependencyMetadataFileList --static-metadata-file-list /Users/admin/builder/spi-builder-workspace/.derivedData/Build/Intermediates.noindex/w3w-swift-core.build/Debug-xros/W3WSwiftCore-t.build/W3WSwiftCore.DependencyStaticMetadataFileList --swift-const-vals-list /Users/admin/builder/spi-builder-workspace/.derivedData/Build/Intermediates.noindex/w3w-swift-core.build/Debug-xros/W3WSwiftCore-t.build/Objects-normal/arm64/W3WSwiftCore.SwiftConstValuesFileList --force --compile-time-extraction --deployment-aware-processing --no-app-shortcuts-localization
2026-09-20 05:05:18.965 appintentsmetadataprocessor[994:5826] Starting appintentsmetadataprocessor export
2026-09-20 05:05:19.077 appintentsmetadataprocessor[994:5826] Extracted no relevant App Intents symbols, skipping writing output
SwiftDriverJobDiscovery normal arm64 Compiling JsonLines.swift, JsonNortheast.swift, JsonSouthwest.swift (in target 'W3WSwiftApi' from project 'w3w-swift-wrapper')
SwiftDriverJobDiscovery normal arm64 Compiling W3WSettings.swift, What3WordsV4.swift (in target 'W3WSwiftApi' from project 'w3w-swift-wrapper')
SwiftDriverJobDiscovery normal arm64 Compiling Types.swift, What3Words+VoiceAPI.swift, W3WAutosuggestHelper.swift (in target 'W3WSwiftApi' from project 'w3w-swift-wrapper')
SwiftDriverJobDiscovery normal arm64 Compiling JsonLanguage.swift, JsonLanguages.swift, JsonLine.swift (in target 'W3WSwiftApi' from project 'w3w-swift-wrapper')
SwiftDriverJobDiscovery normal arm64 Compiling What3WordsV3.swift, W3WFormat.swift, W3WSelectionType.swift (in target 'W3WSwiftApi' from project 'w3w-swift-wrapper')
SwiftDriver\ Compilation W3WSwiftApi normal arm64 com.apple.xcode.tools.swift.compiler (in target 'W3WSwiftApi' from project 'w3w-swift-wrapper')
    cd /Users/admin/builder/spi-builder-workspace/.swiftpm/xcode
    builtin-Swift-Compilation -- /Applications/Xcode-27.0.0-Release.Candidate.app/Contents/Developer/Toolchains/XcodeDefault.xctoolchain/usr/bin/swiftc -parse-as-library -module-name W3WSwiftApi -Onone @/Users/admin/builder/spi-builder-workspace/.derivedData/Build/Intermediates.noindex/w3w-swift-wrapper.build/Debug-xros/W3WSwiftApi-t.build/Objects-normal/arm64/W3WSwiftApi.SwiftFileList -DSWIFT_PACKAGE -DDEBUG -DSWIFT_MODULE_RESOURCE_BUNDLE_UNAVAILABLE -DXcode -plugin-path /Applications/Xcode-27.0.0-Release.Candidate.app/Contents/Developer/Toolchains/XcodeDefault.xctoolchain/usr/lib/swift/host/plugins/testing -enable-experimental-feature DebugDescriptionMacro -sdk /Applications/Xcode-27.0.0-Release.Candidate.app/Contents/Developer/Platforms/XROS.platform/Developer/SDKs/XROS27.0.sdk -target arm64-apple-xros1.0 -g -module-cache-path /Users/admin/builder/spi-builder-workspace/.derivedData/ModuleCache.noindex -Xfrontend -serialize-debugging-options -profile-coverage-mapping -profile-generate -enable-testing -suppress-warnings -index-store-path /Users/admin/builder/spi-builder-workspace/.derivedData/Index.noindex/DataStore -Xcc -D_LIBCPP_HARDENING_MODE\=_LIBCPP_HARDENING_MODE_DEBUG -swift-version 5 -I /Users/admin/builder/spi-builder-workspace/.derivedData/Build/Products/Debug-xros -Isystem /Applications/Xcode-27.0.0-Release.Candidate.app/Contents/Developer/Platforms/XROS.platform/Developer/usr/lib -F /Users/admin/builder/spi-builder-workspace/.derivedData/Build/Products/Debug-xros/PackageFrameworks -F /Users/admin/builder/spi-builder-workspace/.derivedData/Build/Products/Debug-xros -F /Applications/Xcode-27.0.0-Release.Candidate.app/Contents/Developer/Platforms/XROS.platform/Developer/Library/Frameworks -F /Applications/Xcode-27.0.0-Release.Candidate.app/Contents/Developer/Platforms/XROS.platform/Developer/SDKs/XROS27.0.sdk/Developer/Library/Frameworks -c -j10 -enable-batch-mode -incremental -Xcc -ivfsstatcache -Xcc /Users/admin/builder/spi-builder-workspace/.derivedData/SDKStatCaches.noindex/xros27.0-24M361-e829b21a6f8c9b70876ba0858053c044735bd543db762f57723cac368afd1ce4.sdkstatcache -output-file-map /Users/admin/builder/spi-builder-workspace/.derivedData/Build/Intermediates.noindex/w3w-swift-wrapper.build/Debug-xros/W3WSwiftApi-t.build/Objects-normal/arm64/W3WSwiftApi-OutputFileMap.json -save-temps -no-color-diagnostics -explicit-module-build -module-cache-path /Users/admin/builder/spi-builder-workspace/.derivedData/Build/Intermediates.noindex/SwiftExplicitPrecompiledModules -clang-scanner-module-cache-path /Users/admin/builder/spi-builder-workspace/.derivedData/ModuleCache.noindex -sdk-module-cache-path /Users/admin/builder/spi-builder-workspace/.derivedData/SDKExplicitPrecompiledModules -emit-dependencies -emit-module -emit-module-path /Users/admin/builder/spi-builder-workspace/.derivedData/Build/Intermediates.noindex/w3w-swift-wrapper.build/Debug-xros/W3WSwiftApi-t.build/Objects-normal/arm64/W3WSwiftApi.swiftmodule -serialize-diagnostics -dependency-scan-serialize-diagnostics-path /Users/admin/builder/spi-builder-workspace/.derivedData/Build/Intermediates.noindex/w3w-swift-wrapper.build/Debug-xros/W3WSwiftApi-t.build/Objects-normal/arm64/W3WSwiftApi-dependency-scan.dia -validate-clang-modules-once -clang-build-session-file /Users/admin/builder/spi-builder-workspace/.derivedData/ModuleCache.noindex/Session.modulevalidation -Xcc -fmodules-prune-interval\=86400 -Xcc -fmodules-prune-after\=345600 -emit-const-values -const-gather-protocols-list /Users/admin/builder/spi-builder-workspace/.derivedData/Build/Intermediates.noindex/w3w-swift-wrapper.build/Debug-xros/W3WSwiftApi-t.build/Objects-normal/arm64/W3WSwiftApi_const_extract_protocols.json -Xcc -I/Users/admin/builder/spi-builder-workspace/.derivedData/Build/Products/Debug-xros/include -Xcc -I/Users/admin/builder/spi-builder-workspace/.derivedData/Build/Intermediates.noindex/w3w-swift-wrapper.build/Debug-xros/W3WSwiftApi-t.build/DerivedSources-normal/arm64 -Xcc -I/Users/admin/builder/spi-builder-workspace/.derivedData/Build/Intermediates.noindex/w3w-swift-wrapper.build/Debug-xros/W3WSwiftApi-t.build/DerivedSources/arm64 -Xcc -I/Users/admin/builder/spi-builder-workspace/.derivedData/Build/Intermediates.noindex/w3w-swift-wrapper.build/Debug-xros/W3WSwiftApi-t.build/DerivedSources -Xcc -DSWIFT_PACKAGE -Xcc -DDEBUG\=1 -emit-objc-header -emit-objc-header-path /Users/admin/builder/spi-builder-workspace/.derivedData/Build/Intermediates.noindex/w3w-swift-wrapper.build/Debug-xros/W3WSwiftApi-t.build/Objects-normal/arm64/W3WSwiftApi-Swift.h -working-directory /Users/admin/builder/spi-builder-workspace/.swiftpm/xcode -experimental-emit-module-separately -disable-cmo
SwiftCompile normal arm64 Compiling\ W3WMapPin.swift,\ W3WMapProtocol.swift,\ W3WMapTypeButton.swift,\ W3WMapTypes.swift,\ W3WMapViewProtocol.swift /Users/admin/builder/spi-builder-workspace/Sources/W3WSwiftComponents/Lib/Map/W3WMapPin.swift /Users/admin/builder/spi-builder-workspace/Sources/W3WSwiftComponents/Lib/Map/W3WMapProtocol.swift /Users/admin/builder/spi-builder-workspace/Sources/W3WSwiftComponents/Lib/Map/W3WMapTypeButton.swift /Users/admin/builder/spi-builder-workspace/Sources/W3WSwiftComponents/Lib/Map/W3WMapTypes.swift /Users/admin/builder/spi-builder-workspace/Sources/W3WSwiftComponents/Lib/Map/W3WMapViewProtocol.swift (in target 'W3WSwiftComponents' from project 'w3w-swift-components')
SwiftCompile normal arm64 /Users/admin/builder/spi-builder-workspace/Sources/W3WSwiftComponents/Lib/Map/W3WMapPin.swift (in target 'W3WSwiftComponents' from project 'w3w-swift-components')
    cd /Users/admin/builder/spi-builder-workspace/.swiftpm/xcode
    builtin-SwiftPerFileCompile W3WMapPin.swift
SwiftCompile normal arm64 /Users/admin/builder/spi-builder-workspace/Sources/W3WSwiftComponents/Lib/Map/W3WMapProtocol.swift (in target 'W3WSwiftComponents' from project 'w3w-swift-components')
    cd /Users/admin/builder/spi-builder-workspace/.swiftpm/xcode
    builtin-SwiftPerFileCompile W3WMapProtocol.swift
SwiftCompile normal arm64 /Users/admin/builder/spi-builder-workspace/Sources/W3WSwiftComponents/Lib/Map/W3WMapTypeButton.swift (in target 'W3WSwiftComponents' from project 'w3w-swift-components')
    cd /Users/admin/builder/spi-builder-workspace/.swiftpm/xcode
    builtin-SwiftPerFileCompile W3WMapTypeButton.swift
SwiftCompile normal arm64 /Users/admin/builder/spi-builder-workspace/Sources/W3WSwiftComponents/Lib/Map/W3WMapTypes.swift (in target 'W3WSwiftComponents' from project 'w3w-swift-components')
    cd /Users/admin/builder/spi-builder-workspace/.swiftpm/xcode
    builtin-SwiftPerFileCompile W3WMapTypes.swift
SwiftCompile normal arm64 /Users/admin/builder/spi-builder-workspace/Sources/W3WSwiftComponents/Lib/Map/W3WMapViewProtocol.swift (in target 'W3WSwiftComponents' from project 'w3w-swift-components')
    cd /Users/admin/builder/spi-builder-workspace/.swiftpm/xcode
    builtin-SwiftPerFileCompile W3WMapViewProtocol.swift
SwiftCompile normal arm64 Compiling\ W3WMicrophoneView.swift,\ W3WMicrophoneViewController.swift,\ W3WSubviewManager.swift,\ UIKitExtensions.swift,\ W3WAddress.swift /Users/admin/builder/spi-builder-workspace/Sources/W3WSwiftComponents/Lib/Microphone/W3WMicrophoneView.swift /Users/admin/builder/spi-builder-workspace/Sources/W3WSwiftComponents/Lib/Microphone/W3WMicrophoneViewController.swift /Users/admin/builder/spi-builder-workspace/Sources/W3WSwiftComponents/Lib/UI/W3WSubviewManager.swift /Users/admin/builder/spi-builder-workspace/Sources/W3WSwiftComponents/Lib/Util/UIKitExtensions.swift /Users/admin/builder/spi-builder-workspace/Sources/W3WSwiftComponents/Lib/Util/W3WAddress.swift (in target 'W3WSwiftComponents' from project 'w3w-swift-components')
SwiftCompile normal arm64 /Users/admin/builder/spi-builder-workspace/Sources/W3WSwiftComponents/Lib/Microphone/W3WMicrophoneView.swift (in target 'W3WSwiftComponents' from project 'w3w-swift-components')
    cd /Users/admin/builder/spi-builder-workspace/.swiftpm/xcode
    builtin-SwiftPerFileCompile W3WMicrophoneView.swift
SwiftCompile normal arm64 /Users/admin/builder/spi-builder-workspace/Sources/W3WSwiftComponents/Lib/Microphone/W3WMicrophoneViewController.swift (in target 'W3WSwiftComponents' from project 'w3w-swift-components')
    cd /Users/admin/builder/spi-builder-workspace/.swiftpm/xcode
    builtin-SwiftPerFileCompile W3WMicrophoneViewController.swift
SwiftCompile normal arm64 /Users/admin/builder/spi-builder-workspace/Sources/W3WSwiftComponents/Lib/UI/W3WSubviewManager.swift (in target 'W3WSwiftComponents' from project 'w3w-swift-components')
    cd /Users/admin/builder/spi-builder-workspace/.swiftpm/xcode
    builtin-SwiftPerFileCompile W3WSubviewManager.swift
SwiftCompile normal arm64 /Users/admin/builder/spi-builder-workspace/Sources/W3WSwiftComponents/Lib/Util/UIKitExtensions.swift (in target 'W3WSwiftComponents' from project 'w3w-swift-components')
    cd /Users/admin/builder/spi-builder-workspace/.swiftpm/xcode
    builtin-SwiftPerFileCompile UIKitExtensions.swift
SwiftCompile normal arm64 /Users/admin/builder/spi-builder-workspace/Sources/W3WSwiftComponents/Lib/Util/W3WAddress.swift (in target 'W3WSwiftComponents' from project 'w3w-swift-components')
    cd /Users/admin/builder/spi-builder-workspace/.swiftpm/xcode
    builtin-SwiftPerFileCompile W3WAddress.swift
SwiftCompile normal arm64 Compiling\ W3WSlashesView.swift,\ W3WSuggestionView.swift,\ W3WSuggestionViewProtocol.swift,\ W3WVoiceIconView.swift /Users/admin/builder/spi-builder-workspace/Sources/W3WSwiftComponents/Lib/Views/W3WSlashesView.swift /Users/admin/builder/spi-builder-workspace/Sources/W3WSwiftComponents/Lib/Views/W3WSuggestionView.swift /Users/admin/builder/spi-builder-workspace/Sources/W3WSwiftComponents/Lib/Views/W3WSuggestionViewProtocol.swift /Users/admin/builder/spi-builder-workspace/Sources/W3WSwiftComponents/Lib/Views/W3WVoiceIconView.swift (in target 'W3WSwiftComponents' from project 'w3w-swift-components')
SwiftCompile normal arm64 /Users/admin/builder/spi-builder-workspace/Sources/W3WSwiftComponents/Lib/Views/W3WSlashesView.swift (in target 'W3WSwiftComponents' from project 'w3w-swift-components')
    cd /Users/admin/builder/spi-builder-workspace/.swiftpm/xcode
    builtin-SwiftPerFileCompile W3WSlashesView.swift
SwiftCompile normal arm64 /Users/admin/builder/spi-builder-workspace/Sources/W3WSwiftComponents/Lib/Views/W3WSuggestionView.swift (in target 'W3WSwiftComponents' from project 'w3w-swift-components')
    cd /Users/admin/builder/spi-builder-workspace/.swiftpm/xcode
    builtin-SwiftPerFileCompile W3WSuggestionView.swift
SwiftCompile normal arm64 /Users/admin/builder/spi-builder-workspace/Sources/W3WSwiftComponents/Lib/Views/W3WSuggestionViewProtocol.swift (in target 'W3WSwiftComponents' from project 'w3w-swift-components')
    cd /Users/admin/builder/spi-builder-workspace/.swiftpm/xcode
    builtin-SwiftPerFileCompile W3WSuggestionViewProtocol.swift
SwiftCompile normal arm64 /Users/admin/builder/spi-builder-workspace/Sources/W3WSwiftComponents/Lib/Views/W3WVoiceIconView.swift (in target 'W3WSwiftComponents' from project 'w3w-swift-components')
    cd /Users/admin/builder/spi-builder-workspace/.swiftpm/xcode
    builtin-SwiftPerFileCompile W3WVoiceIconView.swift
SwiftCompile normal arm64 Compiling\ W3WSuggestionTableViewCell.swift,\ W3WTextErrorView.swift,\ W3WMapData.swift,\ W3WMapError.swift,\ W3WMapKitCompatibility.swift /Users/admin/builder/spi-builder-workspace/Sources/W3WSwiftComponents/Lib/AutoSuggest/W3WSuggestionTableViewCell.swift /Users/admin/builder/spi-builder-workspace/Sources/W3WSwiftComponents/Lib/AutoSuggest/W3WTextErrorView.swift /Users/admin/builder/spi-builder-workspace/Sources/W3WSwiftComponents/Lib/Map/W3WMapData.swift /Users/admin/builder/spi-builder-workspace/Sources/W3WSwiftComponents/Lib/Map/W3WMapError.swift /Users/admin/builder/spi-builder-workspace/Sources/W3WSwiftComponents/Lib/Map/W3WMapKitCompatibility.swift (in target 'W3WSwiftComponents' from project 'w3w-swift-components')
SwiftCompile normal arm64 /Users/admin/builder/spi-builder-workspace/Sources/W3WSwiftComponents/Lib/AutoSuggest/W3WSuggestionTableViewCell.swift (in target 'W3WSwiftComponents' from project 'w3w-swift-components')
    cd /Users/admin/builder/spi-builder-workspace/.swiftpm/xcode
    builtin-SwiftPerFileCompile W3WSuggestionTableViewCell.swift
SwiftCompile normal arm64 /Users/admin/builder/spi-builder-workspace/Sources/W3WSwiftComponents/Lib/AutoSuggest/W3WTextErrorView.swift (in target 'W3WSwiftComponents' from project 'w3w-swift-components')
    cd /Users/admin/builder/spi-builder-workspace/.swiftpm/xcode
    builtin-SwiftPerFileCompile W3WTextErrorView.swift
SwiftCompile normal arm64 /Users/admin/builder/spi-builder-workspace/Sources/W3WSwiftComponents/Lib/Map/W3WMapData.swift (in target 'W3WSwiftComponents' from project 'w3w-swift-components')
    cd /Users/admin/builder/spi-builder-workspace/.swiftpm/xcode
    builtin-SwiftPerFileCompile W3WMapData.swift
SwiftCompile normal arm64 /Users/admin/builder/spi-builder-workspace/Sources/W3WSwiftComponents/Lib/Map/W3WMapError.swift (in target 'W3WSwiftComponents' from project 'w3w-swift-components')
    cd /Users/admin/builder/spi-builder-workspace/.swiftpm/xcode
    builtin-SwiftPerFileCompile W3WMapError.swift
SwiftCompile normal arm64 /Users/admin/builder/spi-builder-workspace/Sources/W3WSwiftComponents/Lib/Map/W3WMapKitCompatibility.swift (in target 'W3WSwiftComponents' from project 'w3w-swift-components')
    cd /Users/admin/builder/spi-builder-workspace/.swiftpm/xcode
    builtin-SwiftPerFileCompile W3WMapKitCompatibility.swift
SwiftCompile normal arm64 Compiling\ W3WDrawingView.swift,\ W3WFlags.swift,\ W3WIconStack.swift,\ W3WInteractiveDrawingView.swift /Users/admin/builder/spi-builder-workspace/Sources/W3WSwiftComponents/Lib/Views/W3WDrawingView.swift /Users/admin/builder/spi-builder-workspace/Sources/W3WSwiftComponents/Lib/Views/W3WFlags.swift /Users/admin/builder/spi-builder-workspace/Sources/W3WSwiftComponents/Lib/Views/W3WIconStack.swift /Users/admin/builder/spi-builder-workspace/Sources/W3WSwiftComponents/Lib/Views/W3WInteractiveDrawingView.swift (in target 'W3WSwiftComponents' from project 'w3w-swift-components')
SwiftCompile normal arm64 /Users/admin/builder/spi-builder-workspace/Sources/W3WSwiftComponents/Lib/Views/W3WDrawingView.swift (in target 'W3WSwiftComponents' from project 'w3w-swift-components')
    cd /Users/admin/builder/spi-builder-workspace/.swiftpm/xcode
    builtin-SwiftPerFileCompile W3WDrawingView.swift
SwiftCompile normal arm64 /Users/admin/builder/spi-builder-workspace/Sources/W3WSwiftComponents/Lib/Views/W3WFlags.swift (in target 'W3WSwiftComponents' from project 'w3w-swift-components')
    cd /Users/admin/builder/spi-builder-workspace/.swiftpm/xcode
    builtin-SwiftPerFileCompile W3WFlags.swift
SwiftCompile normal arm64 /Users/admin/builder/spi-builder-workspace/Sources/W3WSwiftComponents/Lib/Views/W3WIconStack.swift (in target 'W3WSwiftComponents' from project 'w3w-swift-components')
    cd /Users/admin/builder/spi-builder-workspace/.swiftpm/xcode
    builtin-SwiftPerFileCompile W3WIconStack.swift
SwiftCompile normal arm64 /Users/admin/builder/spi-builder-workspace/Sources/W3WSwiftComponents/Lib/Views/W3WInteractiveDrawingView.swift (in target 'W3WSwiftComponents' from project 'w3w-swift-components')
    cd /Users/admin/builder/spi-builder-workspace/.swiftpm/xcode
    builtin-SwiftPerFileCompile W3WInteractiveDrawingView.swift
SwiftCompile normal arm64 Compiling\ W3WAreaMath.swift,\ W3WBundle.swift,\ W3WColorScheme.swift,\ W3WDebouncer.swift,\ W3WDebouncerPlus.swift /Users/admin/builder/spi-builder-workspace/Sources/W3WSwiftComponents/Lib/Util/W3WAreaMath.swift /Users/admin/builder/spi-builder-workspace/Sources/W3WSwiftComponents/Lib/Util/W3WBundle.swift /Users/admin/builder/spi-builder-workspace/Sources/W3WSwiftComponents/Lib/Util/W3WColorScheme.swift /Users/admin/builder/spi-builder-workspace/Sources/W3WSwiftComponents/Lib/Util/W3WDebouncer.swift /Users/admin/builder/spi-builder-workspace/Sources/W3WSwiftComponents/Lib/Util/W3WDebouncerPlus.swift (in target 'W3WSwiftComponents' from project 'w3w-swift-components')
/Users/admin/builder/spi-builder-workspace/Sources/W3WSwiftComponents/Lib/Util/W3WBundle.swift:15:9: warning: class 'W3WBundle' must restate inherited '@unchecked Sendable' conformance
13 |
14 | #if SWIFT_PACKAGE
15 |   class W3WBundle: Bundle { }
   |         `- warning: class 'W3WBundle' must restate inherited '@unchecked Sendable' conformance
16 | #else
17 |   class W3WBundle: Bundle {
/Users/admin/builder/spi-builder-workspace/Sources/W3WSwiftComponents/Lib/Util/W3WColorScheme.swift:65:15: error: 'UIScreen' is unavailable in visionOS
63 | #if !os(watchOS)
64 |     if #available(iOS 12, *) {
65 |        return UIScreen.main.traitCollection.userInterfaceStyle == .light ? W3WColourMode.light : W3WColourMode.dark
   |               `- error: 'UIScreen' is unavailable in visionOS
66 |     } else {
67 |       return W3WColourMode.light
/Applications/Xcode-27.0.0-Release.Candidate.app/Contents/Developer/Platforms/XROS.platform/Developer/SDKs/XROS27.0.sdk/System/Library/Frameworks/UIKit.framework/Headers/UIScreen.h:54:12: note: 'UIScreen' has been explicitly marked unavailable here
 52 |
 53 | UIKIT_EXTERN API_AVAILABLE(ios(2.0)) API_UNAVAILABLE(visionos, watchos) NS_SWIFT_UI_ACTOR
 54 | @interface UIScreen : NSObject <UITraitEnvironment>
    |            `- note: 'UIScreen' has been explicitly marked unavailable here
 55 |
 56 | @property(class, nonatomic, readonly) NSArray<UIScreen *> *screens API_DEPRECATED("Use UIApplication.shared.openSessions to find open sessions with scenes from other screens", ios(3.2, 16.0), visionos(1.0, 1.0)) API_UNAVAILABLE(watchos); // all screens currently attached to the device
Failed frontend command:
/Applications/Xcode-27.0.0-Release.Candidate.app/Contents/Developer/Toolchains/XcodeDefault.xctoolchain/usr/bin/swift-frontend -frontend -c /Users/admin/builder/spi-builder-workspace/.derivedData/Build/Intermediates.noindex/w3w-swift-components.build/Debug-xros/W3WSwiftComponents-t.build/DerivedSources/resource_bundle_accessor.swift /Users/admin/builder/spi-builder-workspace/Sources/W3WSwiftComponents/Autosuggest/W3WAutoSuggestSearchController.swift /Users/admin/builder/spi-builder-workspace/Sources/W3WSwiftComponents/Autosuggest/W3WAutoSuggestTextField.swift /Users/admin/builder/spi-builder-workspace/Sources/W3WSwiftComponents/Lib/AutoSuggest/W3WAutoSuggestDataSource.swift /Users/admin/builder/spi-builder-workspace/Sources/W3WSwiftComponents/Lib/AutoSuggest/W3WAutoSuggestResultsViewController.swift /Users/admin/builder/spi-builder-workspace/Sources/W3WSwiftComponents/Lib/AutoSuggest/W3WAutoSuggestTextFieldProtocol.swift /Users/admin/builder/spi-builder-workspace/Sources/W3WSwiftComponents/Lib/AutoSuggest/W3WAutosuggestComponentError.swift /Users/admin/builder/spi-builder-workspace/Sources/W3WSwiftComponents/Lib/AutoSuggest/W3WHintView.swift /Users/admin/builder/spi-builder-workspace/Sources/W3WSwiftComponents/Lib/AutoSuggest/W3WMessageView.swift /Users/admin/builder/spi-builder-workspace/Sources/W3WSwiftComponents/Lib/AutoSuggest/W3WOptionAcceptorProtocol.swift /Users/admin/builder/spi-builder-workspace/Sources/W3WSwiftComponents/Lib/AutoSuggest/W3WSuggestionTableViewCell.swift /Users/admin/builder/spi-builder-workspace/Sources/W3WSwiftComponents/Lib/AutoSuggest/W3WTextErrorView.swift /Users/admin/builder/spi-builder-workspace/Sources/W3WSwiftComponents/Lib/Map/W3WMapData.swift /Users/admin/builder/spi-builder-workspace/Sources/W3WSwiftComponents/Lib/Map/W3WMapError.swift /Users/admin/builder/spi-builder-workspace/Sources/W3WSwiftComponents/Lib/Map/W3WMapKitCompatibility.swift /Users/admin/builder/spi-builder-workspace/Sources/W3WSwiftComponents/Lib/Map/W3WMapPin.swift /Users/admin/builder/spi-builder-workspace/Sources/W3WSwiftComponents/Lib/Map/W3WMapProtocol.swift /Users/admin/builder/spi-builder-workspace/Sources/W3WSwiftComponents/Lib/Map/W3WMapTypeButton.swift /Users/admin/builder/spi-builder-workspace/Sources/W3WSwiftComponents/Lib/Map/W3WMapTypes.swift /Users/admin/builder/spi-builder-workspace/Sources/W3WSwiftComponents/Lib/Map/W3WMapViewProtocol.swift /Users/admin/builder/spi-builder-workspace/Sources/W3WSwiftComponents/Lib/Microphone/W3WMicrophoneView.swift /Users/admin/builder/spi-builder-workspace/Sources/W3WSwiftComponents/Lib/Microphone/W3WMicrophoneViewController.swift /Users/admin/builder/spi-builder-workspace/Sources/W3WSwiftComponents/Lib/UI/W3WSubviewManager.swift /Users/admin/builder/spi-builder-workspace/Sources/W3WSwiftComponents/Lib/Util/UIKitExtensions.swift /Users/admin/builder/spi-builder-workspace/Sources/W3WSwiftComponents/Lib/Util/W3WAddress.swift -primary-file /Users/admin/builder/spi-builder-workspace/Sources/W3WSwiftComponents/Lib/Util/W3WAreaMath.swift -primary-file /Users/admin/builder/spi-builder-workspace/Sources/W3WSwiftComponents/Lib/Util/W3WBundle.swift -primary-file /Users/admin/builder/spi-builder-workspace/Sources/W3WSwiftComponents/Lib/Util/W3WColorScheme.swift -primary-file /Users/admin/builder/spi-builder-workspace/Sources/W3WSwiftComponents/Lib/Util/W3WDebouncer.swift -primary-file /Users/admin/builder/spi-builder-workspace/Sources/W3WSwiftComponents/Lib/Util/W3WDebouncerPlus.swift /Users/admin/builder/spi-builder-workspace/Sources/W3WSwiftComponents/Lib/Util/W3WFormatter.swift /Users/admin/builder/spi-builder-workspace/Sources/W3WSwiftComponents/Lib/Util/W3WThread.swift /Users/admin/builder/spi-builder-workspace/Sources/W3WSwiftComponents/Lib/Views/W3WCheckIconView.swift /Users/admin/builder/spi-builder-workspace/Sources/W3WSwiftComponents/Lib/Views/W3WCloseIconView.swift /Users/admin/builder/spi-builder-workspace/Sources/W3WSwiftComponents/Lib/Views/W3WDashes.swift /Users/admin/builder/spi-builder-workspace/Sources/W3WSwiftComponents/Lib/Views/W3WDrawingView.swift /Users/admin/builder/spi-builder-workspace/Sources/W3WSwiftComponents/Lib/Views/W3WFlags.swift /Users/admin/builder/spi-builder-workspace/Sources/W3WSwiftComponents/Lib/Views/W3WIconStack.swift /Users/admin/builder/spi-builder-workspace/Sources/W3WSwiftComponents/Lib/Views/W3WInteractiveDrawingView.swift /Users/admin/builder/spi-builder-workspace/Sources/W3WSwiftComponents/Lib/Views/W3WSlashesView.swift /Users/admin/builder/spi-builder-workspace/Sources/W3WSwiftComponents/Lib/Views/W3WSuggestionView.swift /Users/admin/builder/spi-builder-workspace/Sources/W3WSwiftComponents/Lib/Views/W3WSuggestionViewProtocol.swift /Users/admin/builder/spi-builder-workspace/Sources/W3WSwiftComponents/Lib/Views/W3WVoiceIconView.swift /Users/admin/builder/spi-builder-workspace/Sources/W3WSwiftComponents/Lib/W3WSettings.swift /Users/admin/builder/spi-builder-workspace/Sources/W3WSwiftComponents/Map/W3WMapHelper.swift /Users/admin/builder/spi-builder-workspace/Sources/W3WSwiftComponents/Map/W3WMapView.swift /Users/admin/builder/spi-builder-workspace/Sources/W3WSwiftComponents/Map/W3WMapViewController.swift -supplementary-output-file-map /Users/admin/builder/spi-builder-workspace/.derivedData/Build/Intermediates.noindex/w3w-swift-components.build/Debug-xros/W3WSwiftComponents-t.build/Objects-normal/arm64/supplementaryOutputs-25 -emit-localized-strings -emit-localized-strings-path /Users/admin/builder/spi-builder-workspace/.derivedData/Build/Intermediates.noindex/w3w-swift-components.build/Debug-xros/W3WSwiftComponents-t.build/Objects-normal/arm64 -target arm64-apple-xros1.0 -disable-cross-import-overlay-search -swift-module-cross-import MapKit /Applications/Xcode-27.0.0-Release.Candidate.app/Contents/Developer/Platforms/XROS.platform/Developer/SDKs/XROS.sdk/System/Library/Frameworks/MapKit.framework/Modules/MapKit.swiftcrossimport/SwiftUI.swiftoverlay -swift-module-cross-import MapKit /Applications/Xcode-27.0.0-Release.Candidate.app/Contents/Developer/Platforms/XROS.platform/Developer/SDKs/XROS27.0.sdk/System/Library/Frameworks/MapKit.framework/Modules/MapKit.swiftcrossimport/SwiftUI.swiftoverlay -load-resolved-plugin /Applications/Xcode-27.0.0-Release.Candidate.app/Contents/Developer/Platforms/XROS.platform/Developer/usr/lib/swift/host/plugins/libFoundationMacros.dylib\#/Applications/Xcode-27.0.0-Release.Candidate.app/Contents/Developer/Platforms/XROS.platform/Developer/usr/bin/swift-plugin-server\#FoundationMacros -load-resolved-plugin /Applications/Xcode-27.0.0-Release.Candidate.app/Contents/Developer/Platforms/XROS.platform/Developer/usr/lib/swift/host/plugins/libObservationMacros.dylib\#/Applications/Xcode-27.0.0-Release.Candidate.app/Contents/Developer/Platforms/XROS.platform/Developer/usr/bin/swift-plugin-server\#ObservationMacros -load-resolved-plugin /Applications/Xcode-27.0.0-Release.Candidate.app/Contents/Developer/Platforms/XROS.platform/Developer/usr/lib/swift/host/plugins/libPreviewsMacros.dylib\#/Applications/Xcode-27.0.0-Release.Candidate.app/Contents/Developer/Platforms/XROS.platform/Developer/usr/bin/swift-plugin-server\#PreviewsMacros -load-resolved-plugin /Applications/Xcode-27.0.0-Release.Candidate.app/Contents/Developer/Platforms/XROS.platform/Developer/usr/lib/swift/host/plugins/libSwiftMacros.dylib\#/Applications/Xcode-27.0.0-Release.Candidate.app/Contents/Developer/Platforms/XROS.platform/Developer/usr/bin/swift-plugin-server\#SwiftMacros -load-resolved-plugin /Applications/Xcode-27.0.0-Release.Candidate.app/Contents/Developer/Platforms/XROS.platform/Developer/usr/lib/swift/host/plugins/libSwiftUIMacros.dylib\#/Applications/Xcode-27.0.0-Release.Candidate.app/Contents/Developer/Platforms/XROS.platform/Developer/usr/bin/swift-plugin-server\#SwiftUIMacros -disable-implicit-swift-modules -Xcc -fno-implicit-modules -Xcc -fno-implicit-module-maps -explicit-swift-module-map-file /Users/admin/builder/spi-builder-workspace/.derivedData/Build/Intermediates.noindex/w3w-swift-components.build/Debug-xros/W3WSwiftComponents-t.build/Objects-normal/arm64/W3WSwiftComponents-dependencies-1.json -Xllvm -aarch64-use-tbi -enable-objc-interop -stack-check -sdk /Applications/Xcode-27.0.0-Release.Candidate.app/Contents/Developer/Platforms/XROS.platform/Developer/SDKs/XROS27.0.sdk -I /Users/admin/builder/spi-builder-workspace/.derivedData/Build/Products/Debug-xros -Isystem /Applications/Xcode-27.0.0-Release.Candidate.app/Contents/Developer/Platforms/XROS.platform/Developer/usr/lib -F /Users/admin/builder/spi-builder-workspace/.derivedData/Build/Products/Debug-xros/PackageFrameworks -F /Users/admin/builder/spi-builder-workspace/.derivedData/Build/Products/Debug-xros -F /Applications/Xcode-27.0.0-Release.Candidate.app/Contents/Developer/Platforms/XROS.platform/Developer/Library/Frameworks -F /Applications/Xcode-27.0.0-Release.Candidate.app/Contents/Developer/Platforms/XROS.platform/Developer/SDKs/XROS27.0.sdk/Developer/Library/Frameworks -module-cache-path /Users/admin/builder/spi-builder-workspace/.derivedData/Build/Intermediates.noindex/SwiftExplicitPrecompiledModules -no-color-diagnostics -Xcc -fno-color-diagnostics -enable-testing -g -debug-info-format\=dwarf -dwarf-version\=4 -profile-generate -profile-coverage-mapping -swift-version 5 -Onone -D SWIFT_PACKAGE -D DEBUG -D SWIFT_MODULE_RESOURCE_BUNDLE_AVAILABLE -D Xcode -serialize-debugging-options -enable-experimental-feature DebugDescriptionMacro -empty-abi-descriptor -validate-clang-modules-once -clang-build-session-file /Users/admin/builder/spi-builder-workspace/.derivedData/ModuleCache.noindex/Session.modulevalidation -Xcc -working-directory -Xcc /Users/admin/builder/spi-builder-workspace/.swiftpm/xcode -enable-anonymous-context-mangled-names -file-compilation-dir /Users/admin/builder/spi-builder-workspace/.swiftpm/xcode -Xcc -D_LIBCPP_HARDENING_MODE\=_LIBCPP_HARDENING_MODE_DEBUG -Xcc -ivfsstatcache -Xcc /Users/admin/builder/spi-builder-workspace/.derivedData/SDKStatCaches.noindex/xros27.0-24M361-e829b21a6f8c9b70876ba0858053c044735bd543db762f57723cac368afd1ce4.sdkstatcache -Xcc -fmodules-prune-interval\=86400 -Xcc -fmodules-prune-after\=345600 -Xcc -I/Users/admin/builder/spi-builder-workspace/.derivedData/Build/Products/Debug-xros/include -Xcc -I/Users/admin/builder/spi-builder-workspace/.derivedData/Build/Intermediates.noindex/w3w-swift-components.build/Debug-xros/W3WSwiftComponents-t.build/DerivedSources-normal/arm64 -Xcc -I/Users/admin/builder/spi-builder-workspace/.derivedData/Build/Intermediates.noindex/w3w-swift-components.build/Debug-xros/W3WSwiftComponents-t.build/DerivedSources/arm64 -Xcc -I/Users/admin/builder/spi-builder-workspace/.derivedData/Build/Intermediates.noindex/w3w-swift-components.build/Debug-xros/W3WSwiftComponents-t.build/DerivedSources -Xcc -DSWIFT_PACKAGE -Xcc -DDEBUG\=1 -no-auto-bridging-header-chaining -module-name W3WSwiftComponents -const-gather-protocols-file /Users/admin/builder/spi-builder-workspace/.derivedData/Build/Intermediates.noindex/w3w-swift-components.build/Debug-xros/W3WSwiftComponents-t.build/Objects-normal/arm64/W3WSwiftComponents_const_extract_protocols.json -disable-clang-spi -clang-target arm64-apple-xros27.0 -target-sdk-version 27.0 -target-sdk-name xros27.0 -in-process-plugin-server-path /Applications/Xcode-27.0.0-Release.Candidate.app/Contents/Developer/Toolchains/XcodeDefault.xctoolchain/usr/lib/swift/host/libSwiftInProcPluginServer.dylib -parse-as-library -o /Users/admin/builder/spi-builder-workspace/.derivedData/Build/Intermediates.noindex/w3w-swift-components.build/Debug-xros/W3WSwiftComponents-t.build/Objects-normal/arm64/W3WAreaMath.o -o /Users/admin/builder/spi-builder-workspace/.derivedData/Build/Intermediates.noindex/w3w-swift-components.build/Debug-xros/W3WSwiftComponents-t.build/Objects-normal/arm64/W3WBundle.o -o /Users/admin/builder/spi-builder-workspace/.derivedData/Build/Intermediates.noindex/w3w-swift-components.build/Debug-xros/W3WSwiftComponents-t.build/Objects-normal/arm64/W3WColorScheme.o -o /Users/admin/builder/spi-builder-workspace/.derivedData/Build/Intermediates.noindex/w3w-swift-components.build/Debug-xros/W3WSwiftComponents-t.build/Objects-normal/arm64/W3WDebouncer.o -o /Users/admin/builder/spi-builder-workspace/.derivedData/Build/Intermediates.noindex/w3w-swift-components.build/Debug-xros/W3WSwiftComponents-t.build/Objects-normal/arm64/W3WDebouncerPlus.o -debug-module-path /Users/admin/builder/spi-builder-workspace/.derivedData/Build/Intermediates.noindex/w3w-swift-components.build/Debug-xros/W3WSwiftComponents-t.build/Objects-normal/arm64/W3WSwiftComponents.swiftmodule -index-unit-output-path /w3w-swift-components.build/Debug-xros/W3WSwiftComponents-t.build/Objects-normal/arm64/W3WAreaMath.o -index-unit-output-path /w3w-swift-components.build/Debug-xros/W3WSwiftComponents-t.build/Objects-normal/arm64/W3WBundle.o -index-unit-output-path /w3w-swift-components.build/Debug-xros/W3WSwiftComponents-t.build/Objects-normal/arm64/W3WColorScheme.o -index-unit-output-path /w3w-swift-components.build/Debug-xros/W3WSwiftComponents-t.build/Objects-normal/arm64/W3WDebouncer.o -index-unit-output-path /w3w-swift-components.build/Debug-xros/W3WSwiftComponents-t.build/Objects-normal/arm64/W3WDebouncerPlus.o -index-store-path /Users/admin/builder/spi-builder-workspace/.derivedData/Index.noindex/DataStore -index-system-modules
SwiftCompile normal arm64 /Users/admin/builder/spi-builder-workspace/Sources/W3WSwiftComponents/Lib/Util/W3WAreaMath.swift (in target 'W3WSwiftComponents' from project 'w3w-swift-components')
    cd /Users/admin/builder/spi-builder-workspace/.swiftpm/xcode
    builtin-SwiftPerFileCompile W3WAreaMath.swift
SwiftCompile normal arm64 /Users/admin/builder/spi-builder-workspace/Sources/W3WSwiftComponents/Lib/Util/W3WBundle.swift (in target 'W3WSwiftComponents' from project 'w3w-swift-components')
    cd /Users/admin/builder/spi-builder-workspace/.swiftpm/xcode
    builtin-SwiftPerFileCompile W3WBundle.swift
SwiftCompile normal arm64 /Users/admin/builder/spi-builder-workspace/Sources/W3WSwiftComponents/Lib/Util/W3WColorScheme.swift (in target 'W3WSwiftComponents' from project 'w3w-swift-components')
    cd /Users/admin/builder/spi-builder-workspace/.swiftpm/xcode
    builtin-SwiftPerFileCompile W3WColorScheme.swift
SwiftCompile normal arm64 /Users/admin/builder/spi-builder-workspace/Sources/W3WSwiftComponents/Lib/Util/W3WDebouncer.swift (in target 'W3WSwiftComponents' from project 'w3w-swift-components')
    cd /Users/admin/builder/spi-builder-workspace/.swiftpm/xcode
    builtin-SwiftPerFileCompile W3WDebouncer.swift
SwiftCompile normal arm64 /Users/admin/builder/spi-builder-workspace/Sources/W3WSwiftComponents/Lib/Util/W3WDebouncerPlus.swift (in target 'W3WSwiftComponents' from project 'w3w-swift-components')
    cd /Users/admin/builder/spi-builder-workspace/.swiftpm/xcode
    builtin-SwiftPerFileCompile W3WDebouncerPlus.swift
SwiftCompile normal arm64 Compiling\ W3WFormatter.swift,\ W3WThread.swift,\ W3WCheckIconView.swift,\ W3WCloseIconView.swift,\ W3WDashes.swift /Users/admin/builder/spi-builder-workspace/Sources/W3WSwiftComponents/Lib/Util/W3WFormatter.swift /Users/admin/builder/spi-builder-workspace/Sources/W3WSwiftComponents/Lib/Util/W3WThread.swift /Users/admin/builder/spi-builder-workspace/Sources/W3WSwiftComponents/Lib/Views/W3WCheckIconView.swift /Users/admin/builder/spi-builder-workspace/Sources/W3WSwiftComponents/Lib/Views/W3WCloseIconView.swift /Users/admin/builder/spi-builder-workspace/Sources/W3WSwiftComponents/Lib/Views/W3WDashes.swift (in target 'W3WSwiftComponents' from project 'w3w-swift-components')
SwiftCompile normal arm64 /Users/admin/builder/spi-builder-workspace/Sources/W3WSwiftComponents/Lib/Util/W3WFormatter.swift (in target 'W3WSwiftComponents' from project 'w3w-swift-components')
    cd /Users/admin/builder/spi-builder-workspace/.swiftpm/xcode
    builtin-SwiftPerFileCompile W3WFormatter.swift
SwiftCompile normal arm64 /Users/admin/builder/spi-builder-workspace/Sources/W3WSwiftComponents/Lib/Util/W3WThread.swift (in target 'W3WSwiftComponents' from project 'w3w-swift-components')
    cd /Users/admin/builder/spi-builder-workspace/.swiftpm/xcode
    builtin-SwiftPerFileCompile W3WThread.swift
SwiftCompile normal arm64 /Users/admin/builder/spi-builder-workspace/Sources/W3WSwiftComponents/Lib/Views/W3WCheckIconView.swift (in target 'W3WSwiftComponents' from project 'w3w-swift-components')
    cd /Users/admin/builder/spi-builder-workspace/.swiftpm/xcode
    builtin-SwiftPerFileCompile W3WCheckIconView.swift
SwiftCompile normal arm64 /Users/admin/builder/spi-builder-workspace/Sources/W3WSwiftComponents/Lib/Views/W3WCloseIconView.swift (in target 'W3WSwiftComponents' from project 'w3w-swift-components')
    cd /Users/admin/builder/spi-builder-workspace/.swiftpm/xcode
    builtin-SwiftPerFileCompile W3WCloseIconView.swift
SwiftCompile normal arm64 /Users/admin/builder/spi-builder-workspace/Sources/W3WSwiftComponents/Lib/Views/W3WDashes.swift (in target 'W3WSwiftComponents' from project 'w3w-swift-components')
    cd /Users/admin/builder/spi-builder-workspace/.swiftpm/xcode
    builtin-SwiftPerFileCompile W3WDashes.swift
SwiftCompile normal arm64 Compiling\ resource_bundle_accessor.swift,\ W3WAutoSuggestSearchController.swift,\ W3WAutoSuggestTextField.swift,\ W3WAutoSuggestDataSource.swift,\ W3WAutoSuggestResultsViewController.swift /Users/admin/builder/spi-builder-workspace/.derivedData/Build/Intermediates.noindex/w3w-swift-components.build/Debug-xros/W3WSwiftComponents-t.build/DerivedSources/resource_bundle_accessor.swift /Users/admin/builder/spi-builder-workspace/Sources/W3WSwiftComponents/Autosuggest/W3WAutoSuggestSearchController.swift /Users/admin/builder/spi-builder-workspace/Sources/W3WSwiftComponents/Autosuggest/W3WAutoSuggestTextField.swift /Users/admin/builder/spi-builder-workspace/Sources/W3WSwiftComponents/Lib/AutoSuggest/W3WAutoSuggestDataSource.swift /Users/admin/builder/spi-builder-workspace/Sources/W3WSwiftComponents/Lib/AutoSuggest/W3WAutoSuggestResultsViewController.swift (in target 'W3WSwiftComponents' from project 'w3w-swift-components')
SwiftCompile normal arm64 /Users/admin/builder/spi-builder-workspace/.derivedData/Build/Intermediates.noindex/w3w-swift-components.build/Debug-xros/W3WSwiftComponents-t.build/DerivedSources/resource_bundle_accessor.swift (in target 'W3WSwiftComponents' from project 'w3w-swift-components')
    cd /Users/admin/builder/spi-builder-workspace/.swiftpm/xcode
    builtin-SwiftPerFileCompile resource_bundle_accessor.swift
SwiftCompile normal arm64 /Users/admin/builder/spi-builder-workspace/Sources/W3WSwiftComponents/Autosuggest/W3WAutoSuggestSearchController.swift (in target 'W3WSwiftComponents' from project 'w3w-swift-components')
    cd /Users/admin/builder/spi-builder-workspace/.swiftpm/xcode
    builtin-SwiftPerFileCompile W3WAutoSuggestSearchController.swift
SwiftCompile normal arm64 /Users/admin/builder/spi-builder-workspace/Sources/W3WSwiftComponents/Autosuggest/W3WAutoSuggestTextField.swift (in target 'W3WSwiftComponents' from project 'w3w-swift-components')
    cd /Users/admin/builder/spi-builder-workspace/.swiftpm/xcode
    builtin-SwiftPerFileCompile W3WAutoSuggestTextField.swift
SwiftCompile normal arm64 /Users/admin/builder/spi-builder-workspace/Sources/W3WSwiftComponents/Lib/AutoSuggest/W3WAutoSuggestDataSource.swift (in target 'W3WSwiftComponents' from project 'w3w-swift-components')
    cd /Users/admin/builder/spi-builder-workspace/.swiftpm/xcode
    builtin-SwiftPerFileCompile W3WAutoSuggestDataSource.swift
SwiftCompile normal arm64 /Users/admin/builder/spi-builder-workspace/Sources/W3WSwiftComponents/Lib/AutoSuggest/W3WAutoSuggestResultsViewController.swift (in target 'W3WSwiftComponents' from project 'w3w-swift-components')
    cd /Users/admin/builder/spi-builder-workspace/.swiftpm/xcode
    builtin-SwiftPerFileCompile W3WAutoSuggestResultsViewController.swift
SwiftEmitModule normal arm64 Emitting\ module\ for\ W3WSwiftComponents (in target 'W3WSwiftComponents' from project 'w3w-swift-components')
SwiftCompile normal arm64 (in target 'W3WSwiftComponents' from project 'w3w-swift-components')
    cd /Users/admin/builder/spi-builder-workspace/.swiftpm/xcode

SwiftCompile normal arm64 Compiling\ W3WSettings.swift,\ W3WMapHelper.swift,\ W3WMapView.swift,\ W3WMapViewController.swift /Users/admin/builder/spi-builder-workspace/Sources/W3WSwiftComponents/Lib/W3WSettings.swift /Users/admin/builder/spi-builder-workspace/Sources/W3WSwiftComponents/Map/W3WMapHelper.swift /Users/admin/builder/spi-builder-workspace/Sources/W3WSwiftComponents/Map/W3WMapView.swift /Users/admin/builder/spi-builder-workspace/Sources/W3WSwiftComponents/Map/W3WMapViewController.swift (in target 'W3WSwiftComponents' from project 'w3w-swift-components')
SwiftCompile normal arm64 /Users/admin/builder/spi-builder-workspace/Sources/W3WSwiftComponents/Lib/W3WSettings.swift (in target 'W3WSwiftComponents' from project 'w3w-swift-components')
    cd /Users/admin/builder/spi-builder-workspace/.swiftpm/xcode
    builtin-SwiftPerFileCompile W3WSettings.swift
SwiftCompile normal arm64 /Users/admin/builder/spi-builder-workspace/Sources/W3WSwiftComponents/Map/W3WMapHelper.swift (in target 'W3WSwiftComponents' from project 'w3w-swift-components')
    cd /Users/admin/builder/spi-builder-workspace/.swiftpm/xcode
    builtin-SwiftPerFileCompile W3WMapHelper.swift
SwiftCompile normal arm64 /Users/admin/builder/spi-builder-workspace/Sources/W3WSwiftComponents/Map/W3WMapView.swift (in target 'W3WSwiftComponents' from project 'w3w-swift-components')
    cd /Users/admin/builder/spi-builder-workspace/.swiftpm/xcode
    builtin-SwiftPerFileCompile W3WMapView.swift
SwiftCompile normal arm64 /Users/admin/builder/spi-builder-workspace/Sources/W3WSwiftComponents/Map/W3WMapViewController.swift (in target 'W3WSwiftComponents' from project 'w3w-swift-components')
    cd /Users/admin/builder/spi-builder-workspace/.swiftpm/xcode
    builtin-SwiftPerFileCompile W3WMapViewController.swift
SwiftDriverJobDiscovery normal arm64 Compiling W3WVoiceSocket.swift, W3WebSocket.swift (in target 'W3WSwiftVoiceApi' from project 'w3w-swift-voice-api')
SwiftDriver\ Compilation W3WSwiftVoiceApi normal arm64 com.apple.xcode.tools.swift.compiler (in target 'W3WSwiftVoiceApi' from project 'w3w-swift-voice-api')
    cd /Users/admin/builder/spi-builder-workspace/.swiftpm/xcode
    builtin-Swift-Compilation -- /Applications/Xcode-27.0.0-Release.Candidate.app/Contents/Developer/Toolchains/XcodeDefault.xctoolchain/usr/bin/swiftc -parse-as-library -module-name W3WSwiftVoiceApi -Onone @/Users/admin/builder/spi-builder-workspace/.derivedData/Build/Intermediates.noindex/w3w-swift-voice-api.build/Debug-xros/W3WSwiftVoiceApi-t.build/Objects-normal/arm64/W3WSwiftVoiceApi.SwiftFileList -DSWIFT_PACKAGE -DDEBUG -DSWIFT_MODULE_RESOURCE_BUNDLE_UNAVAILABLE -DXcode -plugin-path /Applications/Xcode-27.0.0-Release.Candidate.app/Contents/Developer/Toolchains/XcodeDefault.xctoolchain/usr/lib/swift/host/plugins/testing -enable-experimental-feature DebugDescriptionMacro -sdk /Applications/Xcode-27.0.0-Release.Candidate.app/Contents/Developer/Platforms/XROS.platform/Developer/SDKs/XROS27.0.sdk -target arm64-apple-xros1.0 -g -module-cache-path /Users/admin/builder/spi-builder-workspace/.derivedData/ModuleCache.noindex -Xfrontend -serialize-debugging-options -profile-coverage-mapping -profile-generate -enable-testing -suppress-warnings -index-store-path /Users/admin/builder/spi-builder-workspace/.derivedData/Index.noindex/DataStore -Xcc -D_LIBCPP_HARDENING_MODE\=_LIBCPP_HARDENING_MODE_DEBUG -swift-version 5 -I /Users/admin/builder/spi-builder-workspace/.derivedData/Build/Products/Debug-xros -Isystem /Applications/Xcode-27.0.0-Release.Candidate.app/Contents/Developer/Platforms/XROS.platform/Developer/usr/lib -F /Users/admin/builder/spi-builder-workspace/.derivedData/Build/Products/Debug-xros/PackageFrameworks -F /Users/admin/builder/spi-builder-workspace/.derivedData/Build/Products/Debug-xros -F /Applications/Xcode-27.0.0-Release.Candidate.app/Contents/Developer/Platforms/XROS.platform/Developer/Library/Frameworks -F /Applications/Xcode-27.0.0-Release.Candidate.app/Contents/Developer/Platforms/XROS.platform/Developer/SDKs/XROS27.0.sdk/Developer/Library/Frameworks -c -j10 -enable-batch-mode -incremental -Xcc -ivfsstatcache -Xcc /Users/admin/builder/spi-builder-workspace/.derivedData/SDKStatCaches.noindex/xros27.0-24M361-e829b21a6f8c9b70876ba0858053c044735bd543db762f57723cac368afd1ce4.sdkstatcache -output-file-map /Users/admin/builder/spi-builder-workspace/.derivedData/Build/Intermediates.noindex/w3w-swift-voice-api.build/Debug-xros/W3WSwiftVoiceApi-t.build/Objects-normal/arm64/W3WSwiftVoiceApi-OutputFileMap.json -save-temps -no-color-diagnostics -explicit-module-build -module-cache-path /Users/admin/builder/spi-builder-workspace/.derivedData/Build/Intermediates.noindex/SwiftExplicitPrecompiledModules -clang-scanner-module-cache-path /Users/admin/builder/spi-builder-workspace/.derivedData/ModuleCache.noindex -sdk-module-cache-path /Users/admin/builder/spi-builder-workspace/.derivedData/SDKExplicitPrecompiledModules -emit-dependencies -emit-module -emit-module-path /Users/admin/builder/spi-builder-workspace/.derivedData/Build/Intermediates.noindex/w3w-swift-voice-api.build/Debug-xros/W3WSwiftVoiceApi-t.build/Objects-normal/arm64/W3WSwiftVoiceApi.swiftmodule -serialize-diagnostics -dependency-scan-serialize-diagnostics-path /Users/admin/builder/spi-builder-workspace/.derivedData/Build/Intermediates.noindex/w3w-swift-voice-api.build/Debug-xros/W3WSwiftVoiceApi-t.build/Objects-normal/arm64/W3WSwiftVoiceApi-dependency-scan.dia -validate-clang-modules-once -clang-build-session-file /Users/admin/builder/spi-builder-workspace/.derivedData/ModuleCache.noindex/Session.modulevalidation -Xcc -fmodules-prune-interval\=86400 -Xcc -fmodules-prune-after\=345600 -emit-const-values -const-gather-protocols-list /Users/admin/builder/spi-builder-workspace/.derivedData/Build/Intermediates.noindex/w3w-swift-voice-api.build/Debug-xros/W3WSwiftVoiceApi-t.build/Objects-normal/arm64/W3WSwiftVoiceApi_const_extract_protocols.json -Xcc -I/Users/admin/builder/spi-builder-workspace/.derivedData/Build/Products/Debug-xros/include -Xcc -I/Users/admin/builder/spi-builder-workspace/.derivedData/Build/Intermediates.noindex/w3w-swift-voice-api.build/Debug-xros/W3WSwiftVoiceApi-t.build/DerivedSources-normal/arm64 -Xcc -I/Users/admin/builder/spi-builder-workspace/.derivedData/Build/Intermediates.noindex/w3w-swift-voice-api.build/Debug-xros/W3WSwiftVoiceApi-t.build/DerivedSources/arm64 -Xcc -I/Users/admin/builder/spi-builder-workspace/.derivedData/Build/Intermediates.noindex/w3w-swift-voice-api.build/Debug-xros/W3WSwiftVoiceApi-t.build/DerivedSources -Xcc -DSWIFT_PACKAGE -Xcc -DDEBUG\=1 -emit-objc-header -emit-objc-header-path /Users/admin/builder/spi-builder-workspace/.derivedData/Build/Intermediates.noindex/w3w-swift-voice-api.build/Debug-xros/W3WSwiftVoiceApi-t.build/Objects-normal/arm64/W3WSwiftVoiceApi-Swift.h -working-directory /Users/admin/builder/spi-builder-workspace/.swiftpm/xcode -experimental-emit-module-separately -disable-cmo
PruneExplicitPrecompiledModules /Users/admin/builder/spi-builder-workspace/.derivedData/SDKExplicitPrecompiledModules
PruneExplicitPrecompiledModules /Users/admin/builder/spi-builder-workspace/.derivedData/Build/Intermediates.noindex/ExplicitPrecompiledModules
PruneExplicitPrecompiledModules /Users/admin/builder/spi-builder-workspace/.derivedData/Build/Intermediates.noindex/SwiftExplicitPrecompiledModules
2026-09-20 05:05:08.323 xcodebuild[798:4872] [MT] IDERunDestination: Supported platforms for the buildables in the current scheme is empty.
** BUILD FAILED **
The following build commands failed:
	SwiftCompile normal arm64 Compiling\ W3WAreaMath.swift,\ W3WBundle.swift,\ W3WColorScheme.swift,\ W3WDebouncer.swift,\ W3WDebouncerPlus.swift /Users/admin/builder/spi-builder-workspace/Sources/W3WSwiftComponents/Lib/Util/W3WAreaMath.swift /Users/admin/builder/spi-builder-workspace/Sources/W3WSwiftComponents/Lib/Util/W3WBundle.swift /Users/admin/builder/spi-builder-workspace/Sources/W3WSwiftComponents/Lib/Util/W3WColorScheme.swift /Users/admin/builder/spi-builder-workspace/Sources/W3WSwiftComponents/Lib/Util/W3WDebouncer.swift /Users/admin/builder/spi-builder-workspace/Sources/W3WSwiftComponents/Lib/Util/W3WDebouncerPlus.swift (in target 'W3WSwiftComponents' from project 'w3w-swift-components')
	SwiftCompile normal arm64 /Users/admin/builder/spi-builder-workspace/Sources/W3WSwiftComponents/Lib/Util/W3WColorScheme.swift (in target 'W3WSwiftComponents' from project 'w3w-swift-components')
	Building workspace w3w-swift-components with scheme w3w-swift-components
(3 failures)
Command line invocation:
    /Applications/Xcode-27.0.0-Release.Candidate.app/Contents/Developer/usr/bin/xcodebuild -IDEClonedSourcePackagesDirPathOverride=/Users/admin/builder/spi-builder-workspace/.dependencies -resolvePackageDependencies
Resolve Package Graph
Resolved source packages:
  w3w-swift-components: /Users/admin/builder/spi-builder-workspace
  w3w-swift-voice-api: https://github.com/what3words/w3w-swift-voice-api.git @ 1.0.0
  w3w-swift-wrapper: https://github.com/what3words/w3w-swift-wrapper.git @ 4.0.2
  w3w-swift-core: https://github.com/what3words/w3w-swift-core.git @ 1.5.0
resolved source packages: w3w-swift-components, w3w-swift-voice-api, w3w-swift-wrapper, w3w-swift-core
2026-09-20 05:05:20.963 xcodebuild[1005:5989] [MT] IDERunDestination: Supported platforms for the buildables in the current scheme is empty.
{
  "default_localization" : "en",
  "dependencies" : [
    {
      "identity" : "w3w-swift-wrapper",
      "requirement" : {
        "range" : [
          {
            "lower_bound" : "4.0.0",
            "upper_bound" : "5.0.0"
          }
        ]
      },
      "type" : "sourceControl",
      "url" : "https://github.com/what3words/w3w-swift-wrapper.git"
    },
    {
      "identity" : "w3w-swift-core",
      "requirement" : {
        "range" : [
          {
            "lower_bound" : "1.0.0",
            "upper_bound" : "2.0.0"
          }
        ]
      },
      "type" : "sourceControl",
      "url" : "https://github.com/what3words/w3w-swift-core.git"
    }
  ],
  "manifest_display_name" : "w3w-swift-components",
  "name" : "w3w-swift-components",
  "path" : "/Users/admin/builder/spi-builder-workspace",
  "platforms" : [
  ],
  "products" : [
    {
      "name" : "W3WSwiftComponents",
      "targets" : [
        "W3WSwiftComponents"
      ],
      "type" : {
        "library" : [
          "automatic"
        ]
      }
    }
  ],
  "targets" : [
    {
      "c99name" : "w3w_swift_componentsTests",
      "module_type" : "SwiftTarget",
      "name" : "w3w-swift-componentsTests",
      "path" : "Tests/w3w-swift-componentsTests",
      "sources" : [
        "XCTestManifests.swift",
        "w3w_swift_componentsTests.swift"
      ],
      "target_dependencies" : [
        "W3WSwiftComponents"
      ],
      "type" : "test"
    },
    {
      "c99name" : "W3WSwiftComponents",
      "module_type" : "SwiftTarget",
      "name" : "W3WSwiftComponents",
      "path" : "Sources/W3WSwiftComponents",
      "product_dependencies" : [
        "W3WSwiftApi",
        "W3WSwiftCore"
      ],
      "product_memberships" : [
        "W3WSwiftComponents"
      ],
      "resources" : [
        {
          "path" : "/Users/admin/builder/spi-builder-workspace/Sources/W3WSwiftComponents/Resources/af.lproj/Localizable.strings",
          "rule" : {
            "process" : {
              "localization" : "af"
            }
          }
        },
        {
          "path" : "/Users/admin/builder/spi-builder-workspace/Sources/W3WSwiftComponents/Resources/am.lproj/Localizable.strings",
          "rule" : {
            "process" : {
              "localization" : "am"
            }
          }
        },
        {
          "path" : "/Users/admin/builder/spi-builder-workspace/Sources/W3WSwiftComponents/Resources/ar.lproj/Localizable.strings",
          "rule" : {
            "process" : {
              "localization" : "ar"
            }
          }
        },
        {
          "path" : "/Users/admin/builder/spi-builder-workspace/Sources/W3WSwiftComponents/Resources/bg.lproj/Localizable.strings",
          "rule" : {
            "process" : {
              "localization" : "bg"
            }
          }
        },
        {
          "path" : "/Users/admin/builder/spi-builder-workspace/Sources/W3WSwiftComponents/Resources/bn.lproj/Localizable.strings",
          "rule" : {
            "process" : {
              "localization" : "bn"
            }
          }
        },
        {
          "path" : "/Users/admin/builder/spi-builder-workspace/Sources/W3WSwiftComponents/Resources/cs.lproj/Localizable.strings",
          "rule" : {
            "process" : {
              "localization" : "cs"
            }
          }
        },
        {
          "path" : "/Users/admin/builder/spi-builder-workspace/Sources/W3WSwiftComponents/Resources/cy.lproj/Localizable.strings",
          "rule" : {
            "process" : {
              "localization" : "cy"
            }
          }
        },
        {
          "path" : "/Users/admin/builder/spi-builder-workspace/Sources/W3WSwiftComponents/Resources/da.lproj/Localizable.strings",
          "rule" : {
            "process" : {
              "localization" : "da"
            }
          }
        },
        {
          "path" : "/Users/admin/builder/spi-builder-workspace/Sources/W3WSwiftComponents/Resources/de.lproj/Localizable.strings",
          "rule" : {
            "process" : {
              "localization" : "de"
            }
          }
        },
        {
          "path" : "/Users/admin/builder/spi-builder-workspace/Sources/W3WSwiftComponents/Resources/el.lproj/Localizable.strings",
          "rule" : {
            "process" : {
              "localization" : "el"
            }
          }
        },
        {
          "path" : "/Users/admin/builder/spi-builder-workspace/Sources/W3WSwiftComponents/Resources/en.lproj/Localizable.strings",
          "rule" : {
            "process" : {
              "localization" : "en"
            }
          }
        },
        {
          "path" : "/Users/admin/builder/spi-builder-workspace/Sources/W3WSwiftComponents/Resources/es.lproj/Localizable.strings",
          "rule" : {
            "process" : {
              "localization" : "es"
            }
          }
        },
        {
          "path" : "/Users/admin/builder/spi-builder-workspace/Sources/W3WSwiftComponents/Resources/fi.lproj/Localizable.strings",
          "rule" : {
            "process" : {
              "localization" : "fi"
            }
          }
        },
        {
          "path" : "/Users/admin/builder/spi-builder-workspace/Sources/W3WSwiftComponents/Resources/flag.water.png",
          "rule" : {
            "process" : {
            }
          }
        },
        {
          "path" : "/Users/admin/builder/spi-builder-workspace/Sources/W3WSwiftComponents/Resources/fr.lproj/Localizable.strings",
          "rule" : {
            "process" : {
              "localization" : "fr"
            }
          }
        },
        {
          "path" : "/Users/admin/builder/spi-builder-workspace/Sources/W3WSwiftComponents/Resources/gu.lproj/Localizable.strings",
          "rule" : {
            "process" : {
              "localization" : "gu"
            }
          }
        },
        {
          "path" : "/Users/admin/builder/spi-builder-workspace/Sources/W3WSwiftComponents/Resources/he.lproj/Localizable.strings",
          "rule" : {
            "process" : {
              "localization" : "he"
            }
          }
        },
        {
          "path" : "/Users/admin/builder/spi-builder-workspace/Sources/W3WSwiftComponents/Resources/hi.lproj/Localizable.strings",
          "rule" : {
            "process" : {
              "localization" : "hi"
            }
          }
        },
        {
          "path" : "/Users/admin/builder/spi-builder-workspace/Sources/W3WSwiftComponents/Resources/hu.lproj/Localizable.strings",
          "rule" : {
            "process" : {
              "localization" : "hu"
            }
          }
        },
        {
          "path" : "/Users/admin/builder/spi-builder-workspace/Sources/W3WSwiftComponents/Resources/id.lproj/Localizable.strings",
          "rule" : {
            "process" : {
              "localization" : "id"
            }
          }
        },
        {
          "path" : "/Users/admin/builder/spi-builder-workspace/Sources/W3WSwiftComponents/Resources/it.lproj/Localizable.strings",
          "rule" : {
            "process" : {
              "localization" : "it"
            }
          }
        },
        {
          "path" : "/Users/admin/builder/spi-builder-workspace/Sources/W3WSwiftComponents/Resources/ja.lproj/Localizable.strings",
          "rule" : {
            "process" : {
              "localization" : "ja"
            }
          }
        },
        {
          "path" : "/Users/admin/builder/spi-builder-workspace/Sources/W3WSwiftComponents/Resources/kn.lproj/Localizable.strings",
          "rule" : {
            "process" : {
              "localization" : "kn"
            }
          }
        },
        {
          "path" : "/Users/admin/builder/spi-builder-workspace/Sources/W3WSwiftComponents/Resources/ko.lproj/Localizable.strings",
          "rule" : {
            "process" : {
              "localization" : "ko"
            }
          }
        },
        {
          "path" : "/Users/admin/builder/spi-builder-workspace/Sources/W3WSwiftComponents/Resources/logo.png",
          "rule" : {
            "process" : {
            }
          }
        },
        {
          "path" : "/Users/admin/builder/spi-builder-workspace/Sources/W3WSwiftComponents/Resources/mapIcon.png",
          "rule" : {
            "process" : {
            }
          }
        },
        {
          "path" : "/Users/admin/builder/spi-builder-workspace/Sources/W3WSwiftComponents/Resources/ml.lproj/Localizable.strings",
          "rule" : {
            "process" : {
              "localization" : "ml"
            }
          }
        },
        {
          "path" : "/Users/admin/builder/spi-builder-workspace/Sources/W3WSwiftComponents/Resources/mn.lproj/Localizable.strings",
          "rule" : {
            "process" : {
              "localization" : "mn"
            }
          }
        },
        {
          "path" : "/Users/admin/builder/spi-builder-workspace/Sources/W3WSwiftComponents/Resources/mr.lproj/Localizable.strings",
          "rule" : {
            "process" : {
              "localization" : "mr"
            }
          }
        },
        {
          "path" : "/Users/admin/builder/spi-builder-workspace/Sources/W3WSwiftComponents/Resources/ms.lproj/Localizable.strings",
          "rule" : {
            "process" : {
              "localization" : "ms"
            }
          }
        },
        {
          "path" : "/Users/admin/builder/spi-builder-workspace/Sources/W3WSwiftComponents/Resources/ne.lproj/Localizable.strings",
          "rule" : {
            "process" : {
              "localization" : "ne"
            }
          }
        },
        {
          "path" : "/Users/admin/builder/spi-builder-workspace/Sources/W3WSwiftComponents/Resources/nl.lproj/Localizable.strings",
          "rule" : {
            "process" : {
              "localization" : "nl"
            }
          }
        },
        {
          "path" : "/Users/admin/builder/spi-builder-workspace/Sources/W3WSwiftComponents/Resources/no-NO.lproj/Localizable.strings",
          "rule" : {
            "process" : {
              "localization" : "no-no"
            }
          }
        },
        {
          "path" : "/Users/admin/builder/spi-builder-workspace/Sources/W3WSwiftComponents/Resources/pa.lproj/Localizable.strings",
          "rule" : {
            "process" : {
              "localization" : "pa"
            }
          }
        },
        {
          "path" : "/Users/admin/builder/spi-builder-workspace/Sources/W3WSwiftComponents/Resources/pl.lproj/Localizable.strings",
          "rule" : {
            "process" : {
              "localization" : "pl"
            }
          }
        },
        {
          "path" : "/Users/admin/builder/spi-builder-workspace/Sources/W3WSwiftComponents/Resources/pt.lproj/Localizable.strings",
          "rule" : {
            "process" : {
              "localization" : "pt"
            }
          }
        },
        {
          "path" : "/Users/admin/builder/spi-builder-workspace/Sources/W3WSwiftComponents/Resources/ro.lproj/Localizable.strings",
          "rule" : {
            "process" : {
              "localization" : "ro"
            }
          }
        },
        {
          "path" : "/Users/admin/builder/spi-builder-workspace/Sources/W3WSwiftComponents/Resources/ru.lproj/Localizable.strings",
          "rule" : {
            "process" : {
              "localization" : "ru"
            }
          }
        },
        {
          "path" : "/Users/admin/builder/spi-builder-workspace/Sources/W3WSwiftComponents/Resources/sateliteIcon.png",
          "rule" : {
            "process" : {
            }
          }
        },
        {
          "path" : "/Users/admin/builder/spi-builder-workspace/Sources/W3WSwiftComponents/Resources/sk.lproj/Localizable.strings",
          "rule" : {
            "process" : {
              "localization" : "sk"
            }
          }
        },
        {
          "path" : "/Users/admin/builder/spi-builder-workspace/Sources/W3WSwiftComponents/Resources/sv.lproj/Localizable.strings",
          "rule" : {
            "process" : {
              "localization" : "sv"
            }
          }
        },
        {
          "path" : "/Users/admin/builder/spi-builder-workspace/Sources/W3WSwiftComponents/Resources/sw.lproj/Localizable.strings",
          "rule" : {
            "process" : {
              "localization" : "sw"
            }
          }
        },
        {
          "path" : "/Users/admin/builder/spi-builder-workspace/Sources/W3WSwiftComponents/Resources/ta.lproj/Localizable.strings",
          "rule" : {
            "process" : {
              "localization" : "ta"
            }
          }
        },
        {
          "path" : "/Users/admin/builder/spi-builder-workspace/Sources/W3WSwiftComponents/Resources/te.lproj/Localizable.strings",
          "rule" : {
            "process" : {
              "localization" : "te"
            }
          }
        },
        {
          "path" : "/Users/admin/builder/spi-builder-workspace/Sources/W3WSwiftComponents/Resources/th.lproj/Localizable.strings",
          "rule" : {
            "process" : {
              "localization" : "th"
            }
          }
        },
        {
          "path" : "/Users/admin/builder/spi-builder-workspace/Sources/W3WSwiftComponents/Resources/tr.lproj/Localizable.strings",
          "rule" : {
            "process" : {
              "localization" : "tr"
            }
          }
        },
        {
          "path" : "/Users/admin/builder/spi-builder-workspace/Sources/W3WSwiftComponents/Resources/uk.lproj/Localizable.strings",
          "rule" : {
            "process" : {
              "localization" : "uk"
            }
          }
        },
        {
          "path" : "/Users/admin/builder/spi-builder-workspace/Sources/W3WSwiftComponents/Resources/ur.lproj/Localizable.strings",
          "rule" : {
            "process" : {
              "localization" : "ur"
            }
          }
        },
        {
          "path" : "/Users/admin/builder/spi-builder-workspace/Sources/W3WSwiftComponents/Resources/vi.lproj/Localizable.strings",
          "rule" : {
            "process" : {
              "localization" : "vi"
            }
          }
        },
        {
          "path" : "/Users/admin/builder/spi-builder-workspace/Sources/W3WSwiftComponents/Resources/xh.lproj/Localizable.strings",
          "rule" : {
            "process" : {
              "localization" : "xh"
            }
          }
        },
        {
          "path" : "/Users/admin/builder/spi-builder-workspace/Sources/W3WSwiftComponents/Resources/zh.lproj/Localizable.strings",
          "rule" : {
            "process" : {
              "localization" : "zh"
            }
          }
        },
        {
          "path" : "/Users/admin/builder/spi-builder-workspace/Sources/W3WSwiftComponents/Resources/zu.lproj/Localizable.strings",
          "rule" : {
            "process" : {
              "localization" : "zu"
            }
          }
        }
      ],
      "sources" : [
        "Autosuggest/W3WAutoSuggestSearchController.swift",
        "Autosuggest/W3WAutoSuggestTextField.swift",
        "Lib/AutoSuggest/W3WAutoSuggestDataSource.swift",
        "Lib/AutoSuggest/W3WAutoSuggestResultsViewController.swift",
        "Lib/AutoSuggest/W3WAutoSuggestTextFieldProtocol.swift",
        "Lib/AutoSuggest/W3WAutosuggestComponentError.swift",
        "Lib/AutoSuggest/W3WHintView.swift",
        "Lib/AutoSuggest/W3WMessageView.swift",
        "Lib/AutoSuggest/W3WOptionAcceptorProtocol.swift",
        "Lib/AutoSuggest/W3WSuggestionTableViewCell.swift",
        "Lib/AutoSuggest/W3WTextErrorView.swift",
        "Lib/Map/W3WMapData.swift",
        "Lib/Map/W3WMapError.swift",
        "Lib/Map/W3WMapKitCompatibility.swift",
        "Lib/Map/W3WMapPin.swift",
        "Lib/Map/W3WMapProtocol.swift",
        "Lib/Map/W3WMapTypeButton.swift",
        "Lib/Map/W3WMapTypes.swift",
        "Lib/Map/W3WMapViewProtocol.swift",
        "Lib/Microphone/W3WMicrophoneView.swift",
        "Lib/Microphone/W3WMicrophoneViewController.swift",
        "Lib/UI/W3WSubviewManager.swift",
        "Lib/Util/UIKitExtensions.swift",
        "Lib/Util/W3WAddress.swift",
        "Lib/Util/W3WAreaMath.swift",
        "Lib/Util/W3WBundle.swift",
        "Lib/Util/W3WColorScheme.swift",
        "Lib/Util/W3WDebouncer.swift",
        "Lib/Util/W3WDebouncerPlus.swift",
        "Lib/Util/W3WFormatter.swift",
        "Lib/Util/W3WThread.swift",
        "Lib/Views/W3WCheckIconView.swift",
        "Lib/Views/W3WCloseIconView.swift",
        "Lib/Views/W3WDashes.swift",
        "Lib/Views/W3WDrawingView.swift",
        "Lib/Views/W3WFlags.swift",
        "Lib/Views/W3WIconStack.swift",
        "Lib/Views/W3WInteractiveDrawingView.swift",
        "Lib/Views/W3WSlashesView.swift",
        "Lib/Views/W3WSuggestionView.swift",
        "Lib/Views/W3WSuggestionViewProtocol.swift",
        "Lib/Views/W3WVoiceIconView.swift",
        "Lib/W3WSettings.swift",
        "Map/W3WMapHelper.swift",
        "Map/W3WMapView.swift",
        "Map/W3WMapViewController.swift"
      ],
      "type" : "library"
    }
  ],
  "tools_version" : "5.6"
}
{
  "workspace" : {
    "name" : "w3w-swift-components",
    "schemes" : [
      "w3w-swift-components"
    ]
  }
}
2026-09-20 05:05:22.397 xcodebuild[1013:6057] [MT] IDERunDestination: Supported platforms for the buildables in the current scheme is empty.
Running build ...
env DEVELOPER_DIR=/Applications/Xcode-27.0.0-Release.Candidate.app xcrun xcodebuild -IDEClonedSourcePackagesDirPathOverride=$PWD/.dependencies -skipMacroValidation -skipPackagePluginValidation -derivedDataPath $PWD/.derivedData build -scheme w3w-swift-components -destination generic/platform=xrOS
Command line invocation:
    /Applications/Xcode-27.0.0-Release.Candidate.app/Contents/Developer/usr/bin/xcodebuild -IDEClonedSourcePackagesDirPathOverride=/Users/admin/builder/spi-builder-workspace/.dependencies -skipMacroValidation -skipPackagePluginValidation -derivedDataPath /Users/admin/builder/spi-builder-workspace/.derivedData build -scheme w3w-swift-components -destination generic/platform=xrOS
Resolve Package Graph
Resolved source packages:
  w3w-swift-components: /Users/admin/builder/spi-builder-workspace
  w3w-swift-voice-api: https://github.com/what3words/w3w-swift-voice-api.git @ 1.0.0
  w3w-swift-core: https://github.com/what3words/w3w-swift-core.git @ 1.5.0
  w3w-swift-wrapper: https://github.com/what3words/w3w-swift-wrapper.git @ 4.0.2
ComputePackagePrebuildTargetDependencyGraph
Prepare packages
CreateBuildRequest
SendProjectDescription
CreateBuildOperation
ComputeTargetDependencyGraph
note: Building targets in dependency order
note: Target dependency graph (9 targets)
    Target 'W3WSwiftComponents-product' in project 'w3w-swift-components'
        ➜ Explicit dependency on target 'W3WSwiftComponents' in project 'w3w-swift-components'
        ➜ Explicit dependency on target 'w3w-swift-components_W3WSwiftComponents' in project 'w3w-swift-components'
        ➜ Explicit dependency on target 'W3WSwiftApi-product' in project 'w3w-swift-wrapper'
        ➜ Explicit dependency on target 'W3WSwiftCore-product' in project 'w3w-swift-core'
    Target 'W3WSwiftComponents' in project 'w3w-swift-components'
        ➜ Explicit dependency on target 'w3w-swift-components_W3WSwiftComponents' in project 'w3w-swift-components'
        ➜ Explicit dependency on target 'W3WSwiftApi-product' in project 'w3w-swift-wrapper'
        ➜ Explicit dependency on target 'W3WSwiftCore-product' in project 'w3w-swift-core'
    Target 'W3WSwiftApi-product' in project 'w3w-swift-wrapper'
        ➜ Explicit dependency on target 'W3WSwiftApi' in project 'w3w-swift-wrapper'
        ➜ Explicit dependency on target 'W3WSwiftCore-product' in project 'w3w-swift-core'
        ➜ Explicit dependency on target 'W3WSwiftVoiceApi-product' in project 'w3w-swift-voice-api'
    Target 'W3WSwiftApi' in project 'w3w-swift-wrapper'
        ➜ Explicit dependency on target 'W3WSwiftCore-product' in project 'w3w-swift-core'
        ➜ Explicit dependency on target 'W3WSwiftVoiceApi-product' in project 'w3w-swift-voice-api'
    Target 'W3WSwiftVoiceApi-product' in project 'w3w-swift-voice-api'
        ➜ Explicit dependency on target 'W3WSwiftVoiceApi' in project 'w3w-swift-voice-api'
        ➜ Explicit dependency on target 'W3WSwiftCore-product' in project 'w3w-swift-core'
    Target 'W3WSwiftVoiceApi' in project 'w3w-swift-voice-api'
        ➜ Explicit dependency on target 'W3WSwiftCore-product' in project 'w3w-swift-core'
    Target 'W3WSwiftCore-product' in project 'w3w-swift-core'
        ➜ Explicit dependency on target 'W3WSwiftCore' in project 'w3w-swift-core'
    Target 'W3WSwiftCore' in project 'w3w-swift-core' (no dependencies)
    Target 'w3w-swift-components_W3WSwiftComponents' in project 'w3w-swift-components' (no dependencies)
GatherProvisioningInputs
CreateBuildDescription
ClangStatCache /Applications/Xcode-27.0.0-Release.Candidate.app/Contents/Developer/Toolchains/XcodeDefault.xctoolchain/usr/bin/clang-stat-cache /Applications/Xcode-27.0.0-Release.Candidate.app/Contents/Developer/Platforms/XROS.platform/Developer/SDKs/XROS27.0.sdk /Users/admin/builder/spi-builder-workspace/.derivedData/SDKStatCaches.noindex/xros27.0-24M361-e829b21a6f8c9b70876ba0858053c044735bd543db762f57723cac368afd1ce4.sdkstatcache
    cd /Users/admin/builder/spi-builder-workspace/.swiftpm/xcode
    /Applications/Xcode-27.0.0-Release.Candidate.app/Contents/Developer/Toolchains/XcodeDefault.xctoolchain/usr/bin/clang-stat-cache /Applications/Xcode-27.0.0-Release.Candidate.app/Contents/Developer/Platforms/XROS.platform/Developer/SDKs/XROS27.0.sdk -o /Users/admin/builder/spi-builder-workspace/.derivedData/SDKStatCaches.noindex/xros27.0-24M361-e829b21a6f8c9b70876ba0858053c044735bd543db762f57723cac368afd1ce4.sdkstatcache
SwiftDriver W3WSwiftComponents normal arm64 com.apple.xcode.tools.swift.compiler (in target 'W3WSwiftComponents' from project 'w3w-swift-components')
    cd /Users/admin/builder/spi-builder-workspace/.swiftpm/xcode
    builtin-SwiftDriver -- /Applications/Xcode-27.0.0-Release.Candidate.app/Contents/Developer/Toolchains/XcodeDefault.xctoolchain/usr/bin/swiftc -parse-as-library -module-name W3WSwiftComponents -Onone @/Users/admin/builder/spi-builder-workspace/.derivedData/Build/Intermediates.noindex/w3w-swift-components.build/Debug-xros/W3WSwiftComponents-t.build/Objects-normal/arm64/W3WSwiftComponents.SwiftFileList -DSWIFT_PACKAGE -DDEBUG -DSWIFT_MODULE_RESOURCE_BUNDLE_AVAILABLE -DXcode -plugin-path /Applications/Xcode-27.0.0-Release.Candidate.app/Contents/Developer/Toolchains/XcodeDefault.xctoolchain/usr/lib/swift/host/plugins/testing -enable-experimental-feature DebugDescriptionMacro -sdk /Applications/Xcode-27.0.0-Release.Candidate.app/Contents/Developer/Platforms/XROS.platform/Developer/SDKs/XROS27.0.sdk -target arm64-apple-xros1.0 -g -module-cache-path /Users/admin/builder/spi-builder-workspace/.derivedData/ModuleCache.noindex -Xfrontend -serialize-debugging-options -profile-coverage-mapping -profile-generate -enable-testing -index-store-path /Users/admin/builder/spi-builder-workspace/.derivedData/Index.noindex/DataStore -Xcc -D_LIBCPP_HARDENING_MODE\=_LIBCPP_HARDENING_MODE_DEBUG -swift-version 5 -I /Users/admin/builder/spi-builder-workspace/.derivedData/Build/Products/Debug-xros -Isystem /Applications/Xcode-27.0.0-Release.Candidate.app/Contents/Developer/Platforms/XROS.platform/Developer/usr/lib -F /Users/admin/builder/spi-builder-workspace/.derivedData/Build/Products/Debug-xros/PackageFrameworks -F /Users/admin/builder/spi-builder-workspace/.derivedData/Build/Products/Debug-xros -F /Applications/Xcode-27.0.0-Release.Candidate.app/Contents/Developer/Platforms/XROS.platform/Developer/Library/Frameworks -F /Applications/Xcode-27.0.0-Release.Candidate.app/Contents/Developer/Platforms/XROS.platform/Developer/SDKs/XROS27.0.sdk/Developer/Library/Frameworks -emit-localized-strings -emit-localized-strings-path /Users/admin/builder/spi-builder-workspace/.derivedData/Build/Intermediates.noindex/w3w-swift-components.build/Debug-xros/W3WSwiftComponents-t.build/Objects-normal/arm64 -c -j10 -enable-batch-mode -incremental -Xcc -ivfsstatcache -Xcc /Users/admin/builder/spi-builder-workspace/.derivedData/SDKStatCaches.noindex/xros27.0-24M361-e829b21a6f8c9b70876ba0858053c044735bd543db762f57723cac368afd1ce4.sdkstatcache -output-file-map /Users/admin/builder/spi-builder-workspace/.derivedData/Build/Intermediates.noindex/w3w-swift-components.build/Debug-xros/W3WSwiftComponents-t.build/Objects-normal/arm64/W3WSwiftComponents-OutputFileMap.json -save-temps -no-color-diagnostics -explicit-module-build -module-cache-path /Users/admin/builder/spi-builder-workspace/.derivedData/Build/Intermediates.noindex/SwiftExplicitPrecompiledModules -clang-scanner-module-cache-path /Users/admin/builder/spi-builder-workspace/.derivedData/ModuleCache.noindex -sdk-module-cache-path /Users/admin/builder/spi-builder-workspace/.derivedData/SDKExplicitPrecompiledModules -emit-dependencies -emit-module -emit-module-path /Users/admin/builder/spi-builder-workspace/.derivedData/Build/Intermediates.noindex/w3w-swift-components.build/Debug-xros/W3WSwiftComponents-t.build/Objects-normal/arm64/W3WSwiftComponents.swiftmodule -serialize-diagnostics -dependency-scan-serialize-diagnostics-path /Users/admin/builder/spi-builder-workspace/.derivedData/Build/Intermediates.noindex/w3w-swift-components.build/Debug-xros/W3WSwiftComponents-t.build/Objects-normal/arm64/W3WSwiftComponents-dependency-scan.dia -validate-clang-modules-once -clang-build-session-file /Users/admin/builder/spi-builder-workspace/.derivedData/ModuleCache.noindex/Session.modulevalidation -Xcc -fmodules-prune-interval\=86400 -Xcc -fmodules-prune-after\=345600 -emit-const-values -const-gather-protocols-list /Users/admin/builder/spi-builder-workspace/.derivedData/Build/Intermediates.noindex/w3w-swift-components.build/Debug-xros/W3WSwiftComponents-t.build/Objects-normal/arm64/W3WSwiftComponents_const_extract_protocols.json -Xcc -I/Users/admin/builder/spi-builder-workspace/.derivedData/Build/Products/Debug-xros/include -Xcc -I/Users/admin/builder/spi-builder-workspace/.derivedData/Build/Intermediates.noindex/w3w-swift-components.build/Debug-xros/W3WSwiftComponents-t.build/DerivedSources-normal/arm64 -Xcc -I/Users/admin/builder/spi-builder-workspace/.derivedData/Build/Intermediates.noindex/w3w-swift-components.build/Debug-xros/W3WSwiftComponents-t.build/DerivedSources/arm64 -Xcc -I/Users/admin/builder/spi-builder-workspace/.derivedData/Build/Intermediates.noindex/w3w-swift-components.build/Debug-xros/W3WSwiftComponents-t.build/DerivedSources -Xcc -DSWIFT_PACKAGE -Xcc -DDEBUG\=1 -emit-objc-header -emit-objc-header-path /Users/admin/builder/spi-builder-workspace/.derivedData/Build/Intermediates.noindex/w3w-swift-components.build/Debug-xros/W3WSwiftComponents-t.build/Objects-normal/arm64/W3WSwiftComponents-Swift.h -working-directory /Users/admin/builder/spi-builder-workspace/.swiftpm/xcode -experimental-emit-module-separately -disable-cmo
SwiftDriver W3WSwiftVoiceApi normal arm64 com.apple.xcode.tools.swift.compiler (in target 'W3WSwiftVoiceApi' from project 'w3w-swift-voice-api')
    cd /Users/admin/builder/spi-builder-workspace/.swiftpm/xcode
    builtin-SwiftDriver -- /Applications/Xcode-27.0.0-Release.Candidate.app/Contents/Developer/Toolchains/XcodeDefault.xctoolchain/usr/bin/swiftc -parse-as-library -module-name W3WSwiftVoiceApi -Onone @/Users/admin/builder/spi-builder-workspace/.derivedData/Build/Intermediates.noindex/w3w-swift-voice-api.build/Debug-xros/W3WSwiftVoiceApi-t.build/Objects-normal/arm64/W3WSwiftVoiceApi.SwiftFileList -DSWIFT_PACKAGE -DDEBUG -DSWIFT_MODULE_RESOURCE_BUNDLE_UNAVAILABLE -DXcode -plugin-path /Applications/Xcode-27.0.0-Release.Candidate.app/Contents/Developer/Toolchains/XcodeDefault.xctoolchain/usr/lib/swift/host/plugins/testing -enable-experimental-feature DebugDescriptionMacro -sdk /Applications/Xcode-27.0.0-Release.Candidate.app/Contents/Developer/Platforms/XROS.platform/Developer/SDKs/XROS27.0.sdk -target arm64-apple-xros1.0 -g -module-cache-path /Users/admin/builder/spi-builder-workspace/.derivedData/ModuleCache.noindex -Xfrontend -serialize-debugging-options -profile-coverage-mapping -profile-generate -enable-testing -suppress-warnings -index-store-path /Users/admin/builder/spi-builder-workspace/.derivedData/Index.noindex/DataStore -Xcc -D_LIBCPP_HARDENING_MODE\=_LIBCPP_HARDENING_MODE_DEBUG -swift-version 5 -I /Users/admin/builder/spi-builder-workspace/.derivedData/Build/Products/Debug-xros -Isystem /Applications/Xcode-27.0.0-Release.Candidate.app/Contents/Developer/Platforms/XROS.platform/Developer/usr/lib -F /Users/admin/builder/spi-builder-workspace/.derivedData/Build/Products/Debug-xros/PackageFrameworks -F /Users/admin/builder/spi-builder-workspace/.derivedData/Build/Products/Debug-xros -F /Applications/Xcode-27.0.0-Release.Candidate.app/Contents/Developer/Platforms/XROS.platform/Developer/Library/Frameworks -F /Applications/Xcode-27.0.0-Release.Candidate.app/Contents/Developer/Platforms/XROS.platform/Developer/SDKs/XROS27.0.sdk/Developer/Library/Frameworks -c -j10 -enable-batch-mode -incremental -Xcc -ivfsstatcache -Xcc /Users/admin/builder/spi-builder-workspace/.derivedData/SDKStatCaches.noindex/xros27.0-24M361-e829b21a6f8c9b70876ba0858053c044735bd543db762f57723cac368afd1ce4.sdkstatcache -output-file-map /Users/admin/builder/spi-builder-workspace/.derivedData/Build/Intermediates.noindex/w3w-swift-voice-api.build/Debug-xros/W3WSwiftVoiceApi-t.build/Objects-normal/arm64/W3WSwiftVoiceApi-OutputFileMap.json -save-temps -no-color-diagnostics -explicit-module-build -module-cache-path /Users/admin/builder/spi-builder-workspace/.derivedData/Build/Intermediates.noindex/SwiftExplicitPrecompiledModules -clang-scanner-module-cache-path /Users/admin/builder/spi-builder-workspace/.derivedData/ModuleCache.noindex -sdk-module-cache-path /Users/admin/builder/spi-builder-workspace/.derivedData/SDKExplicitPrecompiledModules -emit-dependencies -emit-module -emit-module-path /Users/admin/builder/spi-builder-workspace/.derivedData/Build/Intermediates.noindex/w3w-swift-voice-api.build/Debug-xros/W3WSwiftVoiceApi-t.build/Objects-normal/arm64/W3WSwiftVoiceApi.swiftmodule -serialize-diagnostics -dependency-scan-serialize-diagnostics-path /Users/admin/builder/spi-builder-workspace/.derivedData/Build/Intermediates.noindex/w3w-swift-voice-api.build/Debug-xros/W3WSwiftVoiceApi-t.build/Objects-normal/arm64/W3WSwiftVoiceApi-dependency-scan.dia -validate-clang-modules-once -clang-build-session-file /Users/admin/builder/spi-builder-workspace/.derivedData/ModuleCache.noindex/Session.modulevalidation -Xcc -fmodules-prune-interval\=86400 -Xcc -fmodules-prune-after\=345600 -emit-const-values -const-gather-protocols-list /Users/admin/builder/spi-builder-workspace/.derivedData/Build/Intermediates.noindex/w3w-swift-voice-api.build/Debug-xros/W3WSwiftVoiceApi-t.build/Objects-normal/arm64/W3WSwiftVoiceApi_const_extract_protocols.json -Xcc -I/Users/admin/builder/spi-builder-workspace/.derivedData/Build/Products/Debug-xros/include -Xcc -I/Users/admin/builder/spi-builder-workspace/.derivedData/Build/Intermediates.noindex/w3w-swift-voice-api.build/Debug-xros/W3WSwiftVoiceApi-t.build/DerivedSources-normal/arm64 -Xcc -I/Users/admin/builder/spi-builder-workspace/.derivedData/Build/Intermediates.noindex/w3w-swift-voice-api.build/Debug-xros/W3WSwiftVoiceApi-t.build/DerivedSources/arm64 -Xcc -I/Users/admin/builder/spi-builder-workspace/.derivedData/Build/Intermediates.noindex/w3w-swift-voice-api.build/Debug-xros/W3WSwiftVoiceApi-t.build/DerivedSources -Xcc -DSWIFT_PACKAGE -Xcc -DDEBUG\=1 -emit-objc-header -emit-objc-header-path /Users/admin/builder/spi-builder-workspace/.derivedData/Build/Intermediates.noindex/w3w-swift-voice-api.build/Debug-xros/W3WSwiftVoiceApi-t.build/Objects-normal/arm64/W3WSwiftVoiceApi-Swift.h -working-directory /Users/admin/builder/spi-builder-workspace/.swiftpm/xcode -experimental-emit-module-separately -disable-cmo
SwiftDriver\ Compilation W3WSwiftVoiceApi normal arm64 com.apple.xcode.tools.swift.compiler (in target 'W3WSwiftVoiceApi' from project 'w3w-swift-voice-api')
    cd /Users/admin/builder/spi-builder-workspace/.swiftpm/xcode
    builtin-Swift-Compilation -- /Applications/Xcode-27.0.0-Release.Candidate.app/Contents/Developer/Toolchains/XcodeDefault.xctoolchain/usr/bin/swiftc -parse-as-library -module-name W3WSwiftVoiceApi -Onone @/Users/admin/builder/spi-builder-workspace/.derivedData/Build/Intermediates.noindex/w3w-swift-voice-api.build/Debug-xros/W3WSwiftVoiceApi-t.build/Objects-normal/arm64/W3WSwiftVoiceApi.SwiftFileList -DSWIFT_PACKAGE -DDEBUG -DSWIFT_MODULE_RESOURCE_BUNDLE_UNAVAILABLE -DXcode -plugin-path /Applications/Xcode-27.0.0-Release.Candidate.app/Contents/Developer/Toolchains/XcodeDefault.xctoolchain/usr/lib/swift/host/plugins/testing -enable-experimental-feature DebugDescriptionMacro -sdk /Applications/Xcode-27.0.0-Release.Candidate.app/Contents/Developer/Platforms/XROS.platform/Developer/SDKs/XROS27.0.sdk -target arm64-apple-xros1.0 -g -module-cache-path /Users/admin/builder/spi-builder-workspace/.derivedData/ModuleCache.noindex -Xfrontend -serialize-debugging-options -profile-coverage-mapping -profile-generate -enable-testing -suppress-warnings -index-store-path /Users/admin/builder/spi-builder-workspace/.derivedData/Index.noindex/DataStore -Xcc -D_LIBCPP_HARDENING_MODE\=_LIBCPP_HARDENING_MODE_DEBUG -swift-version 5 -I /Users/admin/builder/spi-builder-workspace/.derivedData/Build/Products/Debug-xros -Isystem /Applications/Xcode-27.0.0-Release.Candidate.app/Contents/Developer/Platforms/XROS.platform/Developer/usr/lib -F /Users/admin/builder/spi-builder-workspace/.derivedData/Build/Products/Debug-xros/PackageFrameworks -F /Users/admin/builder/spi-builder-workspace/.derivedData/Build/Products/Debug-xros -F /Applications/Xcode-27.0.0-Release.Candidate.app/Contents/Developer/Platforms/XROS.platform/Developer/Library/Frameworks -F /Applications/Xcode-27.0.0-Release.Candidate.app/Contents/Developer/Platforms/XROS.platform/Developer/SDKs/XROS27.0.sdk/Developer/Library/Frameworks -c -j10 -enable-batch-mode -incremental -Xcc -ivfsstatcache -Xcc /Users/admin/builder/spi-builder-workspace/.derivedData/SDKStatCaches.noindex/xros27.0-24M361-e829b21a6f8c9b70876ba0858053c044735bd543db762f57723cac368afd1ce4.sdkstatcache -output-file-map /Users/admin/builder/spi-builder-workspace/.derivedData/Build/Intermediates.noindex/w3w-swift-voice-api.build/Debug-xros/W3WSwiftVoiceApi-t.build/Objects-normal/arm64/W3WSwiftVoiceApi-OutputFileMap.json -save-temps -no-color-diagnostics -explicit-module-build -module-cache-path /Users/admin/builder/spi-builder-workspace/.derivedData/Build/Intermediates.noindex/SwiftExplicitPrecompiledModules -clang-scanner-module-cache-path /Users/admin/builder/spi-builder-workspace/.derivedData/ModuleCache.noindex -sdk-module-cache-path /Users/admin/builder/spi-builder-workspace/.derivedData/SDKExplicitPrecompiledModules -emit-dependencies -emit-module -emit-module-path /Users/admin/builder/spi-builder-workspace/.derivedData/Build/Intermediates.noindex/w3w-swift-voice-api.build/Debug-xros/W3WSwiftVoiceApi-t.build/Objects-normal/arm64/W3WSwiftVoiceApi.swiftmodule -serialize-diagnostics -dependency-scan-serialize-diagnostics-path /Users/admin/builder/spi-builder-workspace/.derivedData/Build/Intermediates.noindex/w3w-swift-voice-api.build/Debug-xros/W3WSwiftVoiceApi-t.build/Objects-normal/arm64/W3WSwiftVoiceApi-dependency-scan.dia -validate-clang-modules-once -clang-build-session-file /Users/admin/builder/spi-builder-workspace/.derivedData/ModuleCache.noindex/Session.modulevalidation -Xcc -fmodules-prune-interval\=86400 -Xcc -fmodules-prune-after\=345600 -emit-const-values -const-gather-protocols-list /Users/admin/builder/spi-builder-workspace/.derivedData/Build/Intermediates.noindex/w3w-swift-voice-api.build/Debug-xros/W3WSwiftVoiceApi-t.build/Objects-normal/arm64/W3WSwiftVoiceApi_const_extract_protocols.json -Xcc -I/Users/admin/builder/spi-builder-workspace/.derivedData/Build/Products/Debug-xros/include -Xcc -I/Users/admin/builder/spi-builder-workspace/.derivedData/Build/Intermediates.noindex/w3w-swift-voice-api.build/Debug-xros/W3WSwiftVoiceApi-t.build/DerivedSources-normal/arm64 -Xcc -I/Users/admin/builder/spi-builder-workspace/.derivedData/Build/Intermediates.noindex/w3w-swift-voice-api.build/Debug-xros/W3WSwiftVoiceApi-t.build/DerivedSources/arm64 -Xcc -I/Users/admin/builder/spi-builder-workspace/.derivedData/Build/Intermediates.noindex/w3w-swift-voice-api.build/Debug-xros/W3WSwiftVoiceApi-t.build/DerivedSources -Xcc -DSWIFT_PACKAGE -Xcc -DDEBUG\=1 -emit-objc-header -emit-objc-header-path /Users/admin/builder/spi-builder-workspace/.derivedData/Build/Intermediates.noindex/w3w-swift-voice-api.build/Debug-xros/W3WSwiftVoiceApi-t.build/Objects-normal/arm64/W3WSwiftVoiceApi-Swift.h -working-directory /Users/admin/builder/spi-builder-workspace/.swiftpm/xcode -experimental-emit-module-separately -disable-cmo
SwiftCompile normal arm64 Compiling\ W3WAutoSuggestTextFieldProtocol.swift,\ W3WAutosuggestComponentError.swift,\ W3WHintView.swift,\ W3WMessageView.swift,\ W3WOptionAcceptorProtocol.swift /Users/admin/builder/spi-builder-workspace/Sources/W3WSwiftComponents/Lib/AutoSuggest/W3WAutoSuggestTextFieldProtocol.swift /Users/admin/builder/spi-builder-workspace/Sources/W3WSwiftComponents/Lib/AutoSuggest/W3WAutosuggestComponentError.swift /Users/admin/builder/spi-builder-workspace/Sources/W3WSwiftComponents/Lib/AutoSuggest/W3WHintView.swift /Users/admin/builder/spi-builder-workspace/Sources/W3WSwiftComponents/Lib/AutoSuggest/W3WMessageView.swift /Users/admin/builder/spi-builder-workspace/Sources/W3WSwiftComponents/Lib/AutoSuggest/W3WOptionAcceptorProtocol.swift (in target 'W3WSwiftComponents' from project 'w3w-swift-components')
SwiftCompile normal arm64 /Users/admin/builder/spi-builder-workspace/Sources/W3WSwiftComponents/Lib/AutoSuggest/W3WAutoSuggestTextFieldProtocol.swift (in target 'W3WSwiftComponents' from project 'w3w-swift-components')
    cd /Users/admin/builder/spi-builder-workspace/.swiftpm/xcode
    builtin-SwiftPerFileCompile W3WAutoSuggestTextFieldProtocol.swift
SwiftCompile normal arm64 /Users/admin/builder/spi-builder-workspace/Sources/W3WSwiftComponents/Lib/AutoSuggest/W3WAutosuggestComponentError.swift (in target 'W3WSwiftComponents' from project 'w3w-swift-components')
    cd /Users/admin/builder/spi-builder-workspace/.swiftpm/xcode
    builtin-SwiftPerFileCompile W3WAutosuggestComponentError.swift
SwiftCompile normal arm64 /Users/admin/builder/spi-builder-workspace/Sources/W3WSwiftComponents/Lib/AutoSuggest/W3WHintView.swift (in target 'W3WSwiftComponents' from project 'w3w-swift-components')
    cd /Users/admin/builder/spi-builder-workspace/.swiftpm/xcode
    builtin-SwiftPerFileCompile W3WHintView.swift
SwiftCompile normal arm64 /Users/admin/builder/spi-builder-workspace/Sources/W3WSwiftComponents/Lib/AutoSuggest/W3WMessageView.swift (in target 'W3WSwiftComponents' from project 'w3w-swift-components')
    cd /Users/admin/builder/spi-builder-workspace/.swiftpm/xcode
    builtin-SwiftPerFileCompile W3WMessageView.swift
SwiftCompile normal arm64 /Users/admin/builder/spi-builder-workspace/Sources/W3WSwiftComponents/Lib/AutoSuggest/W3WOptionAcceptorProtocol.swift (in target 'W3WSwiftComponents' from project 'w3w-swift-components')
    cd /Users/admin/builder/spi-builder-workspace/.swiftpm/xcode
    builtin-SwiftPerFileCompile W3WOptionAcceptorProtocol.swift
SwiftCompile normal arm64 Compiling\ W3WMicrophoneView.swift,\ W3WMicrophoneViewController.swift,\ W3WSubviewManager.swift,\ UIKitExtensions.swift,\ W3WAddress.swift /Users/admin/builder/spi-builder-workspace/Sources/W3WSwiftComponents/Lib/Microphone/W3WMicrophoneView.swift /Users/admin/builder/spi-builder-workspace/Sources/W3WSwiftComponents/Lib/Microphone/W3WMicrophoneViewController.swift /Users/admin/builder/spi-builder-workspace/Sources/W3WSwiftComponents/Lib/UI/W3WSubviewManager.swift /Users/admin/builder/spi-builder-workspace/Sources/W3WSwiftComponents/Lib/Util/UIKitExtensions.swift /Users/admin/builder/spi-builder-workspace/Sources/W3WSwiftComponents/Lib/Util/W3WAddress.swift (in target 'W3WSwiftComponents' from project 'w3w-swift-components')
SwiftCompile normal arm64 /Users/admin/builder/spi-builder-workspace/Sources/W3WSwiftComponents/Lib/Microphone/W3WMicrophoneView.swift (in target 'W3WSwiftComponents' from project 'w3w-swift-components')
    cd /Users/admin/builder/spi-builder-workspace/.swiftpm/xcode
    builtin-SwiftPerFileCompile W3WMicrophoneView.swift
SwiftCompile normal arm64 /Users/admin/builder/spi-builder-workspace/Sources/W3WSwiftComponents/Lib/Microphone/W3WMicrophoneViewController.swift (in target 'W3WSwiftComponents' from project 'w3w-swift-components')
    cd /Users/admin/builder/spi-builder-workspace/.swiftpm/xcode
    builtin-SwiftPerFileCompile W3WMicrophoneViewController.swift
SwiftCompile normal arm64 /Users/admin/builder/spi-builder-workspace/Sources/W3WSwiftComponents/Lib/UI/W3WSubviewManager.swift (in target 'W3WSwiftComponents' from project 'w3w-swift-components')
    cd /Users/admin/builder/spi-builder-workspace/.swiftpm/xcode
    builtin-SwiftPerFileCompile W3WSubviewManager.swift
SwiftCompile normal arm64 /Users/admin/builder/spi-builder-workspace/Sources/W3WSwiftComponents/Lib/Util/UIKitExtensions.swift (in target 'W3WSwiftComponents' from project 'w3w-swift-components')
    cd /Users/admin/builder/spi-builder-workspace/.swiftpm/xcode
    builtin-SwiftPerFileCompile UIKitExtensions.swift
SwiftCompile normal arm64 /Users/admin/builder/spi-builder-workspace/Sources/W3WSwiftComponents/Lib/Util/W3WAddress.swift (in target 'W3WSwiftComponents' from project 'w3w-swift-components')
    cd /Users/admin/builder/spi-builder-workspace/.swiftpm/xcode
    builtin-SwiftPerFileCompile W3WAddress.swift
SwiftCompile normal arm64 Compiling\ resource_bundle_accessor.swift,\ W3WAutoSuggestSearchController.swift,\ W3WAutoSuggestTextField.swift,\ W3WAutoSuggestDataSource.swift,\ W3WAutoSuggestResultsViewController.swift /Users/admin/builder/spi-builder-workspace/.derivedData/Build/Intermediates.noindex/w3w-swift-components.build/Debug-xros/W3WSwiftComponents-t.build/DerivedSources/resource_bundle_accessor.swift /Users/admin/builder/spi-builder-workspace/Sources/W3WSwiftComponents/Autosuggest/W3WAutoSuggestSearchController.swift /Users/admin/builder/spi-builder-workspace/Sources/W3WSwiftComponents/Autosuggest/W3WAutoSuggestTextField.swift /Users/admin/builder/spi-builder-workspace/Sources/W3WSwiftComponents/Lib/AutoSuggest/W3WAutoSuggestDataSource.swift /Users/admin/builder/spi-builder-workspace/Sources/W3WSwiftComponents/Lib/AutoSuggest/W3WAutoSuggestResultsViewController.swift (in target 'W3WSwiftComponents' from project 'w3w-swift-components')
SwiftCompile normal arm64 /Users/admin/builder/spi-builder-workspace/.derivedData/Build/Intermediates.noindex/w3w-swift-components.build/Debug-xros/W3WSwiftComponents-t.build/DerivedSources/resource_bundle_accessor.swift (in target 'W3WSwiftComponents' from project 'w3w-swift-components')
    cd /Users/admin/builder/spi-builder-workspace/.swiftpm/xcode
    builtin-SwiftPerFileCompile resource_bundle_accessor.swift
SwiftCompile normal arm64 /Users/admin/builder/spi-builder-workspace/Sources/W3WSwiftComponents/Autosuggest/W3WAutoSuggestSearchController.swift (in target 'W3WSwiftComponents' from project 'w3w-swift-components')
    cd /Users/admin/builder/spi-builder-workspace/.swiftpm/xcode
    builtin-SwiftPerFileCompile W3WAutoSuggestSearchController.swift
SwiftCompile normal arm64 /Users/admin/builder/spi-builder-workspace/Sources/W3WSwiftComponents/Autosuggest/W3WAutoSuggestTextField.swift (in target 'W3WSwiftComponents' from project 'w3w-swift-components')
    cd /Users/admin/builder/spi-builder-workspace/.swiftpm/xcode
    builtin-SwiftPerFileCompile W3WAutoSuggestTextField.swift
SwiftCompile normal arm64 /Users/admin/builder/spi-builder-workspace/Sources/W3WSwiftComponents/Lib/AutoSuggest/W3WAutoSuggestDataSource.swift (in target 'W3WSwiftComponents' from project 'w3w-swift-components')
    cd /Users/admin/builder/spi-builder-workspace/.swiftpm/xcode
    builtin-SwiftPerFileCompile W3WAutoSuggestDataSource.swift
SwiftCompile normal arm64 /Users/admin/builder/spi-builder-workspace/Sources/W3WSwiftComponents/Lib/AutoSuggest/W3WAutoSuggestResultsViewController.swift (in target 'W3WSwiftComponents' from project 'w3w-swift-components')
    cd /Users/admin/builder/spi-builder-workspace/.swiftpm/xcode
    builtin-SwiftPerFileCompile W3WAutoSuggestResultsViewController.swift
SwiftEmitModule normal arm64 Emitting\ module\ for\ W3WSwiftComponents (in target 'W3WSwiftComponents' from project 'w3w-swift-components')
SwiftCompile normal arm64 (in target 'W3WSwiftComponents' from project 'w3w-swift-components')
    cd /Users/admin/builder/spi-builder-workspace/.swiftpm/xcode

SwiftCompile normal arm64 Compiling\ W3WSuggestionTableViewCell.swift,\ W3WTextErrorView.swift,\ W3WMapData.swift,\ W3WMapError.swift,\ W3WMapKitCompatibility.swift /Users/admin/builder/spi-builder-workspace/Sources/W3WSwiftComponents/Lib/AutoSuggest/W3WSuggestionTableViewCell.swift /Users/admin/builder/spi-builder-workspace/Sources/W3WSwiftComponents/Lib/AutoSuggest/W3WTextErrorView.swift /Users/admin/builder/spi-builder-workspace/Sources/W3WSwiftComponents/Lib/Map/W3WMapData.swift /Users/admin/builder/spi-builder-workspace/Sources/W3WSwiftComponents/Lib/Map/W3WMapError.swift /Users/admin/builder/spi-builder-workspace/Sources/W3WSwiftComponents/Lib/Map/W3WMapKitCompatibility.swift (in target 'W3WSwiftComponents' from project 'w3w-swift-components')
SwiftCompile normal arm64 /Users/admin/builder/spi-builder-workspace/Sources/W3WSwiftComponents/Lib/AutoSuggest/W3WSuggestionTableViewCell.swift (in target 'W3WSwiftComponents' from project 'w3w-swift-components')
    cd /Users/admin/builder/spi-builder-workspace/.swiftpm/xcode
    builtin-SwiftPerFileCompile W3WSuggestionTableViewCell.swift
SwiftCompile normal arm64 /Users/admin/builder/spi-builder-workspace/Sources/W3WSwiftComponents/Lib/AutoSuggest/W3WTextErrorView.swift (in target 'W3WSwiftComponents' from project 'w3w-swift-components')
    cd /Users/admin/builder/spi-builder-workspace/.swiftpm/xcode
    builtin-SwiftPerFileCompile W3WTextErrorView.swift
SwiftCompile normal arm64 /Users/admin/builder/spi-builder-workspace/Sources/W3WSwiftComponents/Lib/Map/W3WMapData.swift (in target 'W3WSwiftComponents' from project 'w3w-swift-components')
    cd /Users/admin/builder/spi-builder-workspace/.swiftpm/xcode
    builtin-SwiftPerFileCompile W3WMapData.swift
SwiftCompile normal arm64 /Users/admin/builder/spi-builder-workspace/Sources/W3WSwiftComponents/Lib/Map/W3WMapError.swift (in target 'W3WSwiftComponents' from project 'w3w-swift-components')
    cd /Users/admin/builder/spi-builder-workspace/.swiftpm/xcode
    builtin-SwiftPerFileCompile W3WMapError.swift
SwiftCompile normal arm64 /Users/admin/builder/spi-builder-workspace/Sources/W3WSwiftComponents/Lib/Map/W3WMapKitCompatibility.swift (in target 'W3WSwiftComponents' from project 'w3w-swift-components')
    cd /Users/admin/builder/spi-builder-workspace/.swiftpm/xcode
    builtin-SwiftPerFileCompile W3WMapKitCompatibility.swift
SwiftCompile normal arm64 Compiling\ W3WMapPin.swift,\ W3WMapProtocol.swift,\ W3WMapTypeButton.swift,\ W3WMapTypes.swift,\ W3WMapViewProtocol.swift /Users/admin/builder/spi-builder-workspace/Sources/W3WSwiftComponents/Lib/Map/W3WMapPin.swift /Users/admin/builder/spi-builder-workspace/Sources/W3WSwiftComponents/Lib/Map/W3WMapProtocol.swift /Users/admin/builder/spi-builder-workspace/Sources/W3WSwiftComponents/Lib/Map/W3WMapTypeButton.swift /Users/admin/builder/spi-builder-workspace/Sources/W3WSwiftComponents/Lib/Map/W3WMapTypes.swift /Users/admin/builder/spi-builder-workspace/Sources/W3WSwiftComponents/Lib/Map/W3WMapViewProtocol.swift (in target 'W3WSwiftComponents' from project 'w3w-swift-components')
SwiftCompile normal arm64 /Users/admin/builder/spi-builder-workspace/Sources/W3WSwiftComponents/Lib/Map/W3WMapPin.swift (in target 'W3WSwiftComponents' from project 'w3w-swift-components')
    cd /Users/admin/builder/spi-builder-workspace/.swiftpm/xcode
    builtin-SwiftPerFileCompile W3WMapPin.swift
SwiftCompile normal arm64 /Users/admin/builder/spi-builder-workspace/Sources/W3WSwiftComponents/Lib/Map/W3WMapProtocol.swift (in target 'W3WSwiftComponents' from project 'w3w-swift-components')
    cd /Users/admin/builder/spi-builder-workspace/.swiftpm/xcode
    builtin-SwiftPerFileCompile W3WMapProtocol.swift
SwiftCompile normal arm64 /Users/admin/builder/spi-builder-workspace/Sources/W3WSwiftComponents/Lib/Map/W3WMapTypeButton.swift (in target 'W3WSwiftComponents' from project 'w3w-swift-components')
    cd /Users/admin/builder/spi-builder-workspace/.swiftpm/xcode
    builtin-SwiftPerFileCompile W3WMapTypeButton.swift
SwiftCompile normal arm64 /Users/admin/builder/spi-builder-workspace/Sources/W3WSwiftComponents/Lib/Map/W3WMapTypes.swift (in target 'W3WSwiftComponents' from project 'w3w-swift-components')
    cd /Users/admin/builder/spi-builder-workspace/.swiftpm/xcode
    builtin-SwiftPerFileCompile W3WMapTypes.swift
SwiftCompile normal arm64 /Users/admin/builder/spi-builder-workspace/Sources/W3WSwiftComponents/Lib/Map/W3WMapViewProtocol.swift (in target 'W3WSwiftComponents' from project 'w3w-swift-components')
    cd /Users/admin/builder/spi-builder-workspace/.swiftpm/xcode
    builtin-SwiftPerFileCompile W3WMapViewProtocol.swift
SwiftCompile normal arm64 Compiling\ W3WAreaMath.swift,\ W3WBundle.swift,\ W3WColorScheme.swift,\ W3WDebouncer.swift,\ W3WDebouncerPlus.swift /Users/admin/builder/spi-builder-workspace/Sources/W3WSwiftComponents/Lib/Util/W3WAreaMath.swift /Users/admin/builder/spi-builder-workspace/Sources/W3WSwiftComponents/Lib/Util/W3WBundle.swift /Users/admin/builder/spi-builder-workspace/Sources/W3WSwiftComponents/Lib/Util/W3WColorScheme.swift /Users/admin/builder/spi-builder-workspace/Sources/W3WSwiftComponents/Lib/Util/W3WDebouncer.swift /Users/admin/builder/spi-builder-workspace/Sources/W3WSwiftComponents/Lib/Util/W3WDebouncerPlus.swift (in target 'W3WSwiftComponents' from project 'w3w-swift-components')
/Users/admin/builder/spi-builder-workspace/Sources/W3WSwiftComponents/Lib/Util/W3WBundle.swift:15:9: warning: class 'W3WBundle' must restate inherited '@unchecked Sendable' conformance
13 |
14 | #if SWIFT_PACKAGE
15 |   class W3WBundle: Bundle { }
   |         `- warning: class 'W3WBundle' must restate inherited '@unchecked Sendable' conformance
16 | #else
17 |   class W3WBundle: Bundle {
/Users/admin/builder/spi-builder-workspace/Sources/W3WSwiftComponents/Lib/Util/W3WColorScheme.swift:65:15: error: 'UIScreen' is unavailable in visionOS
63 | #if !os(watchOS)
64 |     if #available(iOS 12, *) {
65 |        return UIScreen.main.traitCollection.userInterfaceStyle == .light ? W3WColourMode.light : W3WColourMode.dark
   |               `- error: 'UIScreen' is unavailable in visionOS
66 |     } else {
67 |       return W3WColourMode.light
/Applications/Xcode-27.0.0-Release.Candidate.app/Contents/Developer/Platforms/XROS.platform/Developer/SDKs/XROS27.0.sdk/System/Library/Frameworks/UIKit.framework/Headers/UIScreen.h:54:12: note: 'UIScreen' has been explicitly marked unavailable here
 52 |
 53 | UIKIT_EXTERN API_AVAILABLE(ios(2.0)) API_UNAVAILABLE(visionos, watchos) NS_SWIFT_UI_ACTOR
 54 | @interface UIScreen : NSObject <UITraitEnvironment>
    |            `- note: 'UIScreen' has been explicitly marked unavailable here
 55 |
 56 | @property(class, nonatomic, readonly) NSArray<UIScreen *> *screens API_DEPRECATED("Use UIApplication.shared.openSessions to find open sessions with scenes from other screens", ios(3.2, 16.0), visionos(1.0, 1.0)) API_UNAVAILABLE(watchos); // all screens currently attached to the device
Failed frontend command:
/Applications/Xcode-27.0.0-Release.Candidate.app/Contents/Developer/Toolchains/XcodeDefault.xctoolchain/usr/bin/swift-frontend -frontend -c /Users/admin/builder/spi-builder-workspace/.derivedData/Build/Intermediates.noindex/w3w-swift-components.build/Debug-xros/W3WSwiftComponents-t.build/DerivedSources/resource_bundle_accessor.swift /Users/admin/builder/spi-builder-workspace/Sources/W3WSwiftComponents/Autosuggest/W3WAutoSuggestSearchController.swift /Users/admin/builder/spi-builder-workspace/Sources/W3WSwiftComponents/Autosuggest/W3WAutoSuggestTextField.swift /Users/admin/builder/spi-builder-workspace/Sources/W3WSwiftComponents/Lib/AutoSuggest/W3WAutoSuggestDataSource.swift /Users/admin/builder/spi-builder-workspace/Sources/W3WSwiftComponents/Lib/AutoSuggest/W3WAutoSuggestResultsViewController.swift /Users/admin/builder/spi-builder-workspace/Sources/W3WSwiftComponents/Lib/AutoSuggest/W3WAutoSuggestTextFieldProtocol.swift /Users/admin/builder/spi-builder-workspace/Sources/W3WSwiftComponents/Lib/AutoSuggest/W3WAutosuggestComponentError.swift /Users/admin/builder/spi-builder-workspace/Sources/W3WSwiftComponents/Lib/AutoSuggest/W3WHintView.swift /Users/admin/builder/spi-builder-workspace/Sources/W3WSwiftComponents/Lib/AutoSuggest/W3WMessageView.swift /Users/admin/builder/spi-builder-workspace/Sources/W3WSwiftComponents/Lib/AutoSuggest/W3WOptionAcceptorProtocol.swift /Users/admin/builder/spi-builder-workspace/Sources/W3WSwiftComponents/Lib/AutoSuggest/W3WSuggestionTableViewCell.swift /Users/admin/builder/spi-builder-workspace/Sources/W3WSwiftComponents/Lib/AutoSuggest/W3WTextErrorView.swift /Users/admin/builder/spi-builder-workspace/Sources/W3WSwiftComponents/Lib/Map/W3WMapData.swift /Users/admin/builder/spi-builder-workspace/Sources/W3WSwiftComponents/Lib/Map/W3WMapError.swift /Users/admin/builder/spi-builder-workspace/Sources/W3WSwiftComponents/Lib/Map/W3WMapKitCompatibility.swift /Users/admin/builder/spi-builder-workspace/Sources/W3WSwiftComponents/Lib/Map/W3WMapPin.swift /Users/admin/builder/spi-builder-workspace/Sources/W3WSwiftComponents/Lib/Map/W3WMapProtocol.swift /Users/admin/builder/spi-builder-workspace/Sources/W3WSwiftComponents/Lib/Map/W3WMapTypeButton.swift /Users/admin/builder/spi-builder-workspace/Sources/W3WSwiftComponents/Lib/Map/W3WMapTypes.swift /Users/admin/builder/spi-builder-workspace/Sources/W3WSwiftComponents/Lib/Map/W3WMapViewProtocol.swift /Users/admin/builder/spi-builder-workspace/Sources/W3WSwiftComponents/Lib/Microphone/W3WMicrophoneView.swift /Users/admin/builder/spi-builder-workspace/Sources/W3WSwiftComponents/Lib/Microphone/W3WMicrophoneViewController.swift /Users/admin/builder/spi-builder-workspace/Sources/W3WSwiftComponents/Lib/UI/W3WSubviewManager.swift /Users/admin/builder/spi-builder-workspace/Sources/W3WSwiftComponents/Lib/Util/UIKitExtensions.swift /Users/admin/builder/spi-builder-workspace/Sources/W3WSwiftComponents/Lib/Util/W3WAddress.swift -primary-file /Users/admin/builder/spi-builder-workspace/Sources/W3WSwiftComponents/Lib/Util/W3WAreaMath.swift -primary-file /Users/admin/builder/spi-builder-workspace/Sources/W3WSwiftComponents/Lib/Util/W3WBundle.swift -primary-file /Users/admin/builder/spi-builder-workspace/Sources/W3WSwiftComponents/Lib/Util/W3WColorScheme.swift -primary-file /Users/admin/builder/spi-builder-workspace/Sources/W3WSwiftComponents/Lib/Util/W3WDebouncer.swift -primary-file /Users/admin/builder/spi-builder-workspace/Sources/W3WSwiftComponents/Lib/Util/W3WDebouncerPlus.swift /Users/admin/builder/spi-builder-workspace/Sources/W3WSwiftComponents/Lib/Util/W3WFormatter.swift /Users/admin/builder/spi-builder-workspace/Sources/W3WSwiftComponents/Lib/Util/W3WThread.swift /Users/admin/builder/spi-builder-workspace/Sources/W3WSwiftComponents/Lib/Views/W3WCheckIconView.swift /Users/admin/builder/spi-builder-workspace/Sources/W3WSwiftComponents/Lib/Views/W3WCloseIconView.swift /Users/admin/builder/spi-builder-workspace/Sources/W3WSwiftComponents/Lib/Views/W3WDashes.swift /Users/admin/builder/spi-builder-workspace/Sources/W3WSwiftComponents/Lib/Views/W3WDrawingView.swift /Users/admin/builder/spi-builder-workspace/Sources/W3WSwiftComponents/Lib/Views/W3WFlags.swift /Users/admin/builder/spi-builder-workspace/Sources/W3WSwiftComponents/Lib/Views/W3WIconStack.swift /Users/admin/builder/spi-builder-workspace/Sources/W3WSwiftComponents/Lib/Views/W3WInteractiveDrawingView.swift /Users/admin/builder/spi-builder-workspace/Sources/W3WSwiftComponents/Lib/Views/W3WSlashesView.swift /Users/admin/builder/spi-builder-workspace/Sources/W3WSwiftComponents/Lib/Views/W3WSuggestionView.swift /Users/admin/builder/spi-builder-workspace/Sources/W3WSwiftComponents/Lib/Views/W3WSuggestionViewProtocol.swift /Users/admin/builder/spi-builder-workspace/Sources/W3WSwiftComponents/Lib/Views/W3WVoiceIconView.swift /Users/admin/builder/spi-builder-workspace/Sources/W3WSwiftComponents/Lib/W3WSettings.swift /Users/admin/builder/spi-builder-workspace/Sources/W3WSwiftComponents/Map/W3WMapHelper.swift /Users/admin/builder/spi-builder-workspace/Sources/W3WSwiftComponents/Map/W3WMapView.swift /Users/admin/builder/spi-builder-workspace/Sources/W3WSwiftComponents/Map/W3WMapViewController.swift -supplementary-output-file-map /Users/admin/builder/spi-builder-workspace/.derivedData/Build/Intermediates.noindex/w3w-swift-components.build/Debug-xros/W3WSwiftComponents-t.build/Objects-normal/arm64/supplementaryOutputs-6 -emit-localized-strings -emit-localized-strings-path /Users/admin/builder/spi-builder-workspace/.derivedData/Build/Intermediates.noindex/w3w-swift-components.build/Debug-xros/W3WSwiftComponents-t.build/Objects-normal/arm64 -target arm64-apple-xros1.0 -disable-cross-import-overlay-search -swift-module-cross-import MapKit /Applications/Xcode-27.0.0-Release.Candidate.app/Contents/Developer/Platforms/XROS.platform/Developer/SDKs/XROS.sdk/System/Library/Frameworks/MapKit.framework/Modules/MapKit.swiftcrossimport/SwiftUI.swiftoverlay -swift-module-cross-import MapKit /Applications/Xcode-27.0.0-Release.Candidate.app/Contents/Developer/Platforms/XROS.platform/Developer/SDKs/XROS27.0.sdk/System/Library/Frameworks/MapKit.framework/Modules/MapKit.swiftcrossimport/SwiftUI.swiftoverlay -load-resolved-plugin /Applications/Xcode-27.0.0-Release.Candidate.app/Contents/Developer/Platforms/XROS.platform/Developer/usr/lib/swift/host/plugins/libFoundationMacros.dylib\#/Applications/Xcode-27.0.0-Release.Candidate.app/Contents/Developer/Platforms/XROS.platform/Developer/usr/bin/swift-plugin-server\#FoundationMacros -load-resolved-plugin /Applications/Xcode-27.0.0-Release.Candidate.app/Contents/Developer/Platforms/XROS.platform/Developer/usr/lib/swift/host/plugins/libObservationMacros.dylib\#/Applications/Xcode-27.0.0-Release.Candidate.app/Contents/Developer/Platforms/XROS.platform/Developer/usr/bin/swift-plugin-server\#ObservationMacros -load-resolved-plugin /Applications/Xcode-27.0.0-Release.Candidate.app/Contents/Developer/Platforms/XROS.platform/Developer/usr/lib/swift/host/plugins/libPreviewsMacros.dylib\#/Applications/Xcode-27.0.0-Release.Candidate.app/Contents/Developer/Platforms/XROS.platform/Developer/usr/bin/swift-plugin-server\#PreviewsMacros -load-resolved-plugin /Applications/Xcode-27.0.0-Release.Candidate.app/Contents/Developer/Platforms/XROS.platform/Developer/usr/lib/swift/host/plugins/libSwiftMacros.dylib\#/Applications/Xcode-27.0.0-Release.Candidate.app/Contents/Developer/Platforms/XROS.platform/Developer/usr/bin/swift-plugin-server\#SwiftMacros -load-resolved-plugin /Applications/Xcode-27.0.0-Release.Candidate.app/Contents/Developer/Platforms/XROS.platform/Developer/usr/lib/swift/host/plugins/libSwiftUIMacros.dylib\#/Applications/Xcode-27.0.0-Release.Candidate.app/Contents/Developer/Platforms/XROS.platform/Developer/usr/bin/swift-plugin-server\#SwiftUIMacros -disable-implicit-swift-modules -Xcc -fno-implicit-modules -Xcc -fno-implicit-module-maps -explicit-swift-module-map-file /Users/admin/builder/spi-builder-workspace/.derivedData/Build/Intermediates.noindex/w3w-swift-components.build/Debug-xros/W3WSwiftComponents-t.build/Objects-normal/arm64/W3WSwiftComponents-dependencies-1.json -Xllvm -aarch64-use-tbi -enable-objc-interop -stack-check -sdk /Applications/Xcode-27.0.0-Release.Candidate.app/Contents/Developer/Platforms/XROS.platform/Developer/SDKs/XROS27.0.sdk -I /Users/admin/builder/spi-builder-workspace/.derivedData/Build/Products/Debug-xros -Isystem /Applications/Xcode-27.0.0-Release.Candidate.app/Contents/Developer/Platforms/XROS.platform/Developer/usr/lib -F /Users/admin/builder/spi-builder-workspace/.derivedData/Build/Products/Debug-xros/PackageFrameworks -F /Users/admin/builder/spi-builder-workspace/.derivedData/Build/Products/Debug-xros -F /Applications/Xcode-27.0.0-Release.Candidate.app/Contents/Developer/Platforms/XROS.platform/Developer/Library/Frameworks -F /Applications/Xcode-27.0.0-Release.Candidate.app/Contents/Developer/Platforms/XROS.platform/Developer/SDKs/XROS27.0.sdk/Developer/Library/Frameworks -module-cache-path /Users/admin/builder/spi-builder-workspace/.derivedData/Build/Intermediates.noindex/SwiftExplicitPrecompiledModules -no-color-diagnostics -Xcc -fno-color-diagnostics -enable-testing -g -debug-info-format\=dwarf -dwarf-version\=4 -profile-generate -profile-coverage-mapping -swift-version 5 -Onone -D SWIFT_PACKAGE -D DEBUG -D SWIFT_MODULE_RESOURCE_BUNDLE_AVAILABLE -D Xcode -serialize-debugging-options -enable-experimental-feature DebugDescriptionMacro -empty-abi-descriptor -validate-clang-modules-once -clang-build-session-file /Users/admin/builder/spi-builder-workspace/.derivedData/ModuleCache.noindex/Session.modulevalidation -Xcc -working-directory -Xcc /Users/admin/builder/spi-builder-workspace/.swiftpm/xcode -enable-anonymous-context-mangled-names -file-compilation-dir /Users/admin/builder/spi-builder-workspace/.swiftpm/xcode -Xcc -D_LIBCPP_HARDENING_MODE\=_LIBCPP_HARDENING_MODE_DEBUG -Xcc -ivfsstatcache -Xcc /Users/admin/builder/spi-builder-workspace/.derivedData/SDKStatCaches.noindex/xros27.0-24M361-e829b21a6f8c9b70876ba0858053c044735bd543db762f57723cac368afd1ce4.sdkstatcache -Xcc -fmodules-prune-interval\=86400 -Xcc -fmodules-prune-after\=345600 -Xcc -I/Users/admin/builder/spi-builder-workspace/.derivedData/Build/Products/Debug-xros/include -Xcc -I/Users/admin/builder/spi-builder-workspace/.derivedData/Build/Intermediates.noindex/w3w-swift-components.build/Debug-xros/W3WSwiftComponents-t.build/DerivedSources-normal/arm64 -Xcc -I/Users/admin/builder/spi-builder-workspace/.derivedData/Build/Intermediates.noindex/w3w-swift-components.build/Debug-xros/W3WSwiftComponents-t.build/DerivedSources/arm64 -Xcc -I/Users/admin/builder/spi-builder-workspace/.derivedData/Build/Intermediates.noindex/w3w-swift-components.build/Debug-xros/W3WSwiftComponents-t.build/DerivedSources -Xcc -DSWIFT_PACKAGE -Xcc -DDEBUG\=1 -no-auto-bridging-header-chaining -module-name W3WSwiftComponents -const-gather-protocols-file /Users/admin/builder/spi-builder-workspace/.derivedData/Build/Intermediates.noindex/w3w-swift-components.build/Debug-xros/W3WSwiftComponents-t.build/Objects-normal/arm64/W3WSwiftComponents_const_extract_protocols.json -disable-clang-spi -clang-target arm64-apple-xros27.0 -target-sdk-version 27.0 -target-sdk-name xros27.0 -in-process-plugin-server-path /Applications/Xcode-27.0.0-Release.Candidate.app/Contents/Developer/Toolchains/XcodeDefault.xctoolchain/usr/lib/swift/host/libSwiftInProcPluginServer.dylib -parse-as-library -o /Users/admin/builder/spi-builder-workspace/.derivedData/Build/Intermediates.noindex/w3w-swift-components.build/Debug-xros/W3WSwiftComponents-t.build/Objects-normal/arm64/W3WAreaMath.o -o /Users/admin/builder/spi-builder-workspace/.derivedData/Build/Intermediates.noindex/w3w-swift-components.build/Debug-xros/W3WSwiftComponents-t.build/Objects-normal/arm64/W3WBundle.o -o /Users/admin/builder/spi-builder-workspace/.derivedData/Build/Intermediates.noindex/w3w-swift-components.build/Debug-xros/W3WSwiftComponents-t.build/Objects-normal/arm64/W3WColorScheme.o -o /Users/admin/builder/spi-builder-workspace/.derivedData/Build/Intermediates.noindex/w3w-swift-components.build/Debug-xros/W3WSwiftComponents-t.build/Objects-normal/arm64/W3WDebouncer.o -o /Users/admin/builder/spi-builder-workspace/.derivedData/Build/Intermediates.noindex/w3w-swift-components.build/Debug-xros/W3WSwiftComponents-t.build/Objects-normal/arm64/W3WDebouncerPlus.o -debug-module-path /Users/admin/builder/spi-builder-workspace/.derivedData/Build/Intermediates.noindex/w3w-swift-components.build/Debug-xros/W3WSwiftComponents-t.build/Objects-normal/arm64/W3WSwiftComponents.swiftmodule -index-unit-output-path /w3w-swift-components.build/Debug-xros/W3WSwiftComponents-t.build/Objects-normal/arm64/W3WAreaMath.o -index-unit-output-path /w3w-swift-components.build/Debug-xros/W3WSwiftComponents-t.build/Objects-normal/arm64/W3WBundle.o -index-unit-output-path /w3w-swift-components.build/Debug-xros/W3WSwiftComponents-t.build/Objects-normal/arm64/W3WColorScheme.o -index-unit-output-path /w3w-swift-components.build/Debug-xros/W3WSwiftComponents-t.build/Objects-normal/arm64/W3WDebouncer.o -index-unit-output-path /w3w-swift-components.build/Debug-xros/W3WSwiftComponents-t.build/Objects-normal/arm64/W3WDebouncerPlus.o -index-store-path /Users/admin/builder/spi-builder-workspace/.derivedData/Index.noindex/DataStore -index-system-modules
SwiftCompile normal arm64 /Users/admin/builder/spi-builder-workspace/Sources/W3WSwiftComponents/Lib/Util/W3WAreaMath.swift (in target 'W3WSwiftComponents' from project 'w3w-swift-components')
    cd /Users/admin/builder/spi-builder-workspace/.swiftpm/xcode
    builtin-SwiftPerFileCompile W3WAreaMath.swift
SwiftCompile normal arm64 /Users/admin/builder/spi-builder-workspace/Sources/W3WSwiftComponents/Lib/Util/W3WBundle.swift (in target 'W3WSwiftComponents' from project 'w3w-swift-components')
    cd /Users/admin/builder/spi-builder-workspace/.swiftpm/xcode
    builtin-SwiftPerFileCompile W3WBundle.swift
SwiftCompile normal arm64 /Users/admin/builder/spi-builder-workspace/Sources/W3WSwiftComponents/Lib/Util/W3WColorScheme.swift (in target 'W3WSwiftComponents' from project 'w3w-swift-components')
    cd /Users/admin/builder/spi-builder-workspace/.swiftpm/xcode
    builtin-SwiftPerFileCompile W3WColorScheme.swift
SwiftCompile normal arm64 /Users/admin/builder/spi-builder-workspace/Sources/W3WSwiftComponents/Lib/Util/W3WDebouncer.swift (in target 'W3WSwiftComponents' from project 'w3w-swift-components')
    cd /Users/admin/builder/spi-builder-workspace/.swiftpm/xcode
    builtin-SwiftPerFileCompile W3WDebouncer.swift
SwiftCompile normal arm64 /Users/admin/builder/spi-builder-workspace/Sources/W3WSwiftComponents/Lib/Util/W3WDebouncerPlus.swift (in target 'W3WSwiftComponents' from project 'w3w-swift-components')
    cd /Users/admin/builder/spi-builder-workspace/.swiftpm/xcode
    builtin-SwiftPerFileCompile W3WDebouncerPlus.swift
SwiftCompile normal arm64 Compiling\ W3WDrawingView.swift,\ W3WFlags.swift,\ W3WIconStack.swift,\ W3WInteractiveDrawingView.swift /Users/admin/builder/spi-builder-workspace/Sources/W3WSwiftComponents/Lib/Views/W3WDrawingView.swift /Users/admin/builder/spi-builder-workspace/Sources/W3WSwiftComponents/Lib/Views/W3WFlags.swift /Users/admin/builder/spi-builder-workspace/Sources/W3WSwiftComponents/Lib/Views/W3WIconStack.swift /Users/admin/builder/spi-builder-workspace/Sources/W3WSwiftComponents/Lib/Views/W3WInteractiveDrawingView.swift (in target 'W3WSwiftComponents' from project 'w3w-swift-components')
SwiftCompile normal arm64 /Users/admin/builder/spi-builder-workspace/Sources/W3WSwiftComponents/Lib/Views/W3WDrawingView.swift (in target 'W3WSwiftComponents' from project 'w3w-swift-components')
    cd /Users/admin/builder/spi-builder-workspace/.swiftpm/xcode
    builtin-SwiftPerFileCompile W3WDrawingView.swift
SwiftCompile normal arm64 /Users/admin/builder/spi-builder-workspace/Sources/W3WSwiftComponents/Lib/Views/W3WFlags.swift (in target 'W3WSwiftComponents' from project 'w3w-swift-components')
    cd /Users/admin/builder/spi-builder-workspace/.swiftpm/xcode
    builtin-SwiftPerFileCompile W3WFlags.swift
SwiftCompile normal arm64 /Users/admin/builder/spi-builder-workspace/Sources/W3WSwiftComponents/Lib/Views/W3WIconStack.swift (in target 'W3WSwiftComponents' from project 'w3w-swift-components')
    cd /Users/admin/builder/spi-builder-workspace/.swiftpm/xcode
    builtin-SwiftPerFileCompile W3WIconStack.swift
SwiftCompile normal arm64 /Users/admin/builder/spi-builder-workspace/Sources/W3WSwiftComponents/Lib/Views/W3WInteractiveDrawingView.swift (in target 'W3WSwiftComponents' from project 'w3w-swift-components')
    cd /Users/admin/builder/spi-builder-workspace/.swiftpm/xcode
    builtin-SwiftPerFileCompile W3WInteractiveDrawingView.swift
SwiftCompile normal arm64 Compiling\ W3WFormatter.swift,\ W3WThread.swift,\ W3WCheckIconView.swift,\ W3WCloseIconView.swift,\ W3WDashes.swift /Users/admin/builder/spi-builder-workspace/Sources/W3WSwiftComponents/Lib/Util/W3WFormatter.swift /Users/admin/builder/spi-builder-workspace/Sources/W3WSwiftComponents/Lib/Util/W3WThread.swift /Users/admin/builder/spi-builder-workspace/Sources/W3WSwiftComponents/Lib/Views/W3WCheckIconView.swift /Users/admin/builder/spi-builder-workspace/Sources/W3WSwiftComponents/Lib/Views/W3WCloseIconView.swift /Users/admin/builder/spi-builder-workspace/Sources/W3WSwiftComponents/Lib/Views/W3WDashes.swift (in target 'W3WSwiftComponents' from project 'w3w-swift-components')
SwiftCompile normal arm64 /Users/admin/builder/spi-builder-workspace/Sources/W3WSwiftComponents/Lib/Util/W3WFormatter.swift (in target 'W3WSwiftComponents' from project 'w3w-swift-components')
    cd /Users/admin/builder/spi-builder-workspace/.swiftpm/xcode
    builtin-SwiftPerFileCompile W3WFormatter.swift
SwiftCompile normal arm64 /Users/admin/builder/spi-builder-workspace/Sources/W3WSwiftComponents/Lib/Util/W3WThread.swift (in target 'W3WSwiftComponents' from project 'w3w-swift-components')
    cd /Users/admin/builder/spi-builder-workspace/.swiftpm/xcode
    builtin-SwiftPerFileCompile W3WThread.swift
SwiftCompile normal arm64 /Users/admin/builder/spi-builder-workspace/Sources/W3WSwiftComponents/Lib/Views/W3WCheckIconView.swift (in target 'W3WSwiftComponents' from project 'w3w-swift-components')
    cd /Users/admin/builder/spi-builder-workspace/.swiftpm/xcode
    builtin-SwiftPerFileCompile W3WCheckIconView.swift
SwiftCompile normal arm64 /Users/admin/builder/spi-builder-workspace/Sources/W3WSwiftComponents/Lib/Views/W3WCloseIconView.swift (in target 'W3WSwiftComponents' from project 'w3w-swift-components')
    cd /Users/admin/builder/spi-builder-workspace/.swiftpm/xcode
    builtin-SwiftPerFileCompile W3WCloseIconView.swift
SwiftCompile normal arm64 /Users/admin/builder/spi-builder-workspace/Sources/W3WSwiftComponents/Lib/Views/W3WDashes.swift (in target 'W3WSwiftComponents' from project 'w3w-swift-components')
    cd /Users/admin/builder/spi-builder-workspace/.swiftpm/xcode
    builtin-SwiftPerFileCompile W3WDashes.swift
SwiftCompile normal arm64 Compiling\ W3WSettings.swift,\ W3WMapHelper.swift,\ W3WMapView.swift,\ W3WMapViewController.swift /Users/admin/builder/spi-builder-workspace/Sources/W3WSwiftComponents/Lib/W3WSettings.swift /Users/admin/builder/spi-builder-workspace/Sources/W3WSwiftComponents/Map/W3WMapHelper.swift /Users/admin/builder/spi-builder-workspace/Sources/W3WSwiftComponents/Map/W3WMapView.swift /Users/admin/builder/spi-builder-workspace/Sources/W3WSwiftComponents/Map/W3WMapViewController.swift (in target 'W3WSwiftComponents' from project 'w3w-swift-components')
SwiftCompile normal arm64 /Users/admin/builder/spi-builder-workspace/Sources/W3WSwiftComponents/Lib/W3WSettings.swift (in target 'W3WSwiftComponents' from project 'w3w-swift-components')
    cd /Users/admin/builder/spi-builder-workspace/.swiftpm/xcode
    builtin-SwiftPerFileCompile W3WSettings.swift
SwiftCompile normal arm64 /Users/admin/builder/spi-builder-workspace/Sources/W3WSwiftComponents/Map/W3WMapHelper.swift (in target 'W3WSwiftComponents' from project 'w3w-swift-components')
    cd /Users/admin/builder/spi-builder-workspace/.swiftpm/xcode
    builtin-SwiftPerFileCompile W3WMapHelper.swift
SwiftCompile normal arm64 /Users/admin/builder/spi-builder-workspace/Sources/W3WSwiftComponents/Map/W3WMapView.swift (in target 'W3WSwiftComponents' from project 'w3w-swift-components')
    cd /Users/admin/builder/spi-builder-workspace/.swiftpm/xcode
    builtin-SwiftPerFileCompile W3WMapView.swift
SwiftCompile normal arm64 /Users/admin/builder/spi-builder-workspace/Sources/W3WSwiftComponents/Map/W3WMapViewController.swift (in target 'W3WSwiftComponents' from project 'w3w-swift-components')
    cd /Users/admin/builder/spi-builder-workspace/.swiftpm/xcode
    builtin-SwiftPerFileCompile W3WMapViewController.swift
Ld /Users/admin/builder/spi-builder-workspace/.derivedData/Build/Products/Debug-xros/W3WSwiftVoiceApi.o normal (in target 'W3WSwiftVoiceApi' from project 'w3w-swift-voice-api')
    cd /Users/admin/builder/spi-builder-workspace/.dependencies/checkouts/w3w-swift-voice-api
    /Applications/Xcode-27.0.0-Release.Candidate.app/Contents/Developer/Toolchains/XcodeDefault.xctoolchain/usr/bin/clang -Xlinker -reproducible -target arm64-apple-xros1.0 -r -isysroot /Applications/Xcode-27.0.0-Release.Candidate.app/Contents/Developer/Platforms/XROS.platform/Developer/SDKs/XROS27.0.sdk -O0 -w -Xlinker -no_warn_duplicate_libraries -F/Users/admin/builder/spi-builder-workspace/.derivedData/Build/Intermediates.noindex/EagerLinkingTBDs/Debug-xros -F/Users/admin/builder/spi-builder-workspace/.derivedData/Build/Products/Debug-xros/PackageFrameworks -F/Users/admin/builder/spi-builder-workspace/.derivedData/Build/Products/Debug-xros -iframework /Applications/Xcode-27.0.0-Release.Candidate.app/Contents/Developer/Platforms/XROS.platform/Developer/Library/Frameworks -iframework /Applications/Xcode-27.0.0-Release.Candidate.app/Contents/Developer/Platforms/XROS.platform/Developer/SDKs/XROS27.0.sdk/Developer/Library/Frameworks -filelist /Users/admin/builder/spi-builder-workspace/.derivedData/Build/Intermediates.noindex/w3w-swift-voice-api.build/Debug-xros/W3WSwiftVoiceApi-t.build/Objects-normal/arm64/W3WSwiftVoiceApi.LinkFileList -nostdlib -Xlinker -object_path_lto -Xlinker /Users/admin/builder/spi-builder-workspace/.derivedData/Build/Intermediates.noindex/w3w-swift-voice-api.build/Debug-xros/W3WSwiftVoiceApi-t.build/Objects-normal/arm64/W3WSwiftVoiceApi_lto.o -Xlinker -no_deduplicate -Xlinker -debug_variant -Xlinker -dependency_info -Xlinker /Users/admin/builder/spi-builder-workspace/.derivedData/Build/Intermediates.noindex/w3w-swift-voice-api.build/Debug-xros/W3WSwiftVoiceApi-t.build/Objects-normal/arm64/W3WSwiftVoiceApi_dependency_info.dat -fobjc-link-runtime -L/Applications/Xcode-27.0.0-Release.Candidate.app/Contents/Developer/Toolchains/XcodeDefault.xctoolchain/usr/lib/swift/xros -L/usr/lib/swift -Xlinker -add_ast_path -Xlinker /Users/admin/builder/spi-builder-workspace/.derivedData/Build/Intermediates.noindex/w3w-swift-voice-api.build/Debug-xros/W3WSwiftVoiceApi-t.build/Objects-normal/arm64/W3WSwiftVoiceApi.swiftmodule -o /Users/admin/builder/spi-builder-workspace/.derivedData/Build/Products/Debug-xros/W3WSwiftVoiceApi.o
PruneExplicitPrecompiledModules /Users/admin/builder/spi-builder-workspace/.derivedData/SDKExplicitPrecompiledModules
PruneExplicitPrecompiledModules /Users/admin/builder/spi-builder-workspace/.derivedData/Build/Intermediates.noindex/SwiftExplicitPrecompiledModules
PruneExplicitPrecompiledModules /Users/admin/builder/spi-builder-workspace/.derivedData/Build/Intermediates.noindex/ExplicitPrecompiledModules
2026-09-20 05:05:23.485 xcodebuild[1014:6088] [MT] IDERunDestination: Supported platforms for the buildables in the current scheme is empty.
** BUILD FAILED **
The following build commands failed:
	SwiftCompile normal arm64 Compiling\ W3WAreaMath.swift,\ W3WBundle.swift,\ W3WColorScheme.swift,\ W3WDebouncer.swift,\ W3WDebouncerPlus.swift /Users/admin/builder/spi-builder-workspace/Sources/W3WSwiftComponents/Lib/Util/W3WAreaMath.swift /Users/admin/builder/spi-builder-workspace/Sources/W3WSwiftComponents/Lib/Util/W3WBundle.swift /Users/admin/builder/spi-builder-workspace/Sources/W3WSwiftComponents/Lib/Util/W3WColorScheme.swift /Users/admin/builder/spi-builder-workspace/Sources/W3WSwiftComponents/Lib/Util/W3WDebouncer.swift /Users/admin/builder/spi-builder-workspace/Sources/W3WSwiftComponents/Lib/Util/W3WDebouncerPlus.swift (in target 'W3WSwiftComponents' from project 'w3w-swift-components')
	SwiftCompile normal arm64 /Users/admin/builder/spi-builder-workspace/Sources/W3WSwiftComponents/Lib/Util/W3WColorScheme.swift (in target 'W3WSwiftComponents' from project 'w3w-swift-components')
	Building workspace w3w-swift-components with scheme w3w-swift-components
(3 failures)
BUILD FAILURE 6.4 visionOS