The Swift Package Index logo.Swift Package Index

Build Information

Failed to build Monstra, reference v0.1.0 (44efbc), with Swift 6.4 for Wasm on 22 Sep 2026 23:39:20 UTC.

Build Command

bash -c docker run --pull=always --rm -v "checkouts-54344845-0":/host -w "$PWD" -e JAVA_HOME="/root/.sdkman/candidates/java/current" -e SPI_BUILD="1" -e SPI_PROCESSING="1" registry.gitlab.com/saguaro1/spi-images:wasm-6.4-latest swift build --swift-sdk swift-6.4.x-DEVELOPMENT-SNAPSHOT-2026-09-04-a_wasm 2>&1

Build Log

========================================
RunAll
========================================
Builder version: 5.1.0
Interrupt handler set up.
========================================
Checkout
========================================
Clone URL: https://github.com/yangchenlarkin/Monstra.git
Reference: v0.1.0
Initialized empty Git repository in /host/spi-builder-workspace/.git/
hint: Using 'master' as the name for the initial branch. This default branch name
hint: is subject to change. To configure the initial branch name to use in all
hint: of your new repositories, which will suppress this warning, call:
hint:
hint: 	git config --global init.defaultBranch <name>
hint:
hint: Names commonly chosen instead of 'master' are 'main', 'trunk' and
hint: 'development'. The just-created branch can be renamed via this command:
hint:
hint: 	git branch -m <name>
From https://github.com/yangchenlarkin/Monstra
 * tag               v0.1.0     -> FETCH_HEAD
HEAD is now at 44efbcc Release v0.1.0: Update version numbers and changelog
Cloned https://github.com/yangchenlarkin/Monstra.git
Revision (git rev-parse @):
44efbccb666635430d416dfcc2b810231e31a807
SUCCESS checkout https://github.com/yangchenlarkin/Monstra.git at v0.1.0
========================================
Build
========================================
Selected platform:         wasm
Swift version:             6.4
Building package at path:  $PWD
https://github.com/yangchenlarkin/Monstra.git
Running build ...
bash -c docker run --pull=always --rm -v "checkouts-54344845-0":/host -w "$PWD" -e JAVA_HOME="/root/.sdkman/candidates/java/current" -e SPI_BUILD="1" -e SPI_PROCESSING="1" registry.gitlab.com/saguaro1/spi-images:wasm-6.4-latest swift build --swift-sdk swift-6.4.x-DEVELOPMENT-SNAPSHOT-2026-09-04-a_wasm 2>&1
wasm-6.4-latest: Pulling from saguaro1/spi-images
Digest: sha256:4328fdb43c680d205c1d6761b1e3267aa38277eefdda9ddfb17b6a0f1a77857a
Status: Image is up to date for registry.gitlab.com/saguaro1/spi-images:wasm-6.4-latest
warning: 'spi-builder-workspace': found 1 file(s) which are unhandled; explicitly declare them as resources or exclude from the target
    /host/spi-builder-workspace/Sources/Monstore/MemoryCache/README.md
Building for debugging...
[Planning deferred tasks]
[27 / 35] Monstra
error: SwiftCompile normal wasm32 failed with a nonzero exit code. Command line:     cd /host

/host/spi-builder-workspace/Sources/Monstask/KVHeavyTasksManager.swift:633:28: error: cannot find type 'DispatchSemaphore' in scope
 631 |     /// The semaphore is used with minimal scope to ensure high concurrency while maintaining
 632 |     /// data integrity and preventing race conditions.
 633 |     private var semaphore: DispatchSemaphore = .init(value: 1)
     |                            `- error: cannot find type 'DispatchSemaphore' in scope
 634 | }
 635 |
/host/spi-builder-workspace/Sources/Monstask/KVLightTasksManager.swift:400:29: error: cannot find 'DispatchSemaphore' in scope
398 |
399 |     /// DispatchSemaphore for thread synchronization (used when enableThreadSynchronization=true)
400 |     private let semaphore = DispatchSemaphore(value: 1)
    |                             `- error: cannot find 'DispatchSemaphore' in scope
401 |
402 |     /// Internal method that handles the core fetching logic with cache integration.
/host/spi-builder-workspace/Sources/Monstask/KVLightTasksManager.swift:418:24: error: cannot find type 'DispatchQueue' in scope
416 |     private func fetchWithCallback(
417 |         keys: [K],
418 |         dispatchQueue: DispatchQueue? = nil,
    |                        `- error: cannot find type 'DispatchQueue' in scope
419 |         completion: @escaping ResultCallback
420 |     ) {
/host/spi-builder-workspace/Sources/Monstask/KVLightTasksManager.swift:466:58: error: cannot find type 'DispatchQueue' in scope
464 |     }
465 |
466 |     private func consumeCallbacks(key: K, dispatchQueue: DispatchQueue, result: Result<Element?, Error>) {
    |                                                          `- error: cannot find type 'DispatchQueue' in scope
467 |         resultCallbacks[key]?.forEach { callback in
468 |             dispatchQueue.async { callback(key, result) }
/host/spi-builder-workspace/Sources/Monstask/MonoTask.swift:83:28: error: cannot find type 'DispatchQueue' in scope
 81 |
 82 |     /// Queue where the actual task execution happens (can be background for expensive operations)
 83 |     private let taskQueue: DispatchQueue
    |                            `- error: cannot find type 'DispatchQueue' in scope
 84 |
 85 |     /// Queue where callbacks are invoked (can be main queue for UI updates)
/host/spi-builder-workspace/Sources/Monstask/MonoTask.swift:86:32: error: cannot find type 'DispatchQueue' in scope
 84 |
 85 |     /// Queue where callbacks are invoked (can be main queue for UI updates)
 86 |     private let callbackQueue: DispatchQueue
    |                                `- error: cannot find type 'DispatchQueue' in scope
 87 |
 88 |     // MARK: - Result Caching State
/host/spi-builder-workspace/Sources/Monstask/MonoTask.swift:94:29: error: cannot find 'DispatchSemaphore' in scope
 92 |
 93 |     /// Semaphore protecting result and expiration state (semaphore)
 94 |     private var semaphore = DispatchSemaphore(value: 1)
    |                             `- error: cannot find 'DispatchSemaphore' in scope
 95 |
 96 |     // MARK: - Execution Tracking
/host/spi-builder-workspace/Sources/Monstask/MonoTask.swift:123:20: error: cannot find type 'DispatchQueue' in scope
121 |         retry: RetryCount,
122 |         resultExpireDuration: TimeInterval,
123 |         taskQueue: DispatchQueue,
    |                    `- error: cannot find type 'DispatchQueue' in scope
124 |         callbackQueue: DispatchQueue,
125 |         executeBlock: @escaping (@escaping ResultCallback) -> Void
/host/spi-builder-workspace/Sources/Monstask/MonoTask.swift:124:24: error: cannot find type 'DispatchQueue' in scope
122 |         resultExpireDuration: TimeInterval,
123 |         taskQueue: DispatchQueue,
124 |         callbackQueue: DispatchQueue,
    |                        `- error: cannot find type 'DispatchQueue' in scope
125 |         executeBlock: @escaping (@escaping ResultCallback) -> Void
126 |     ) {
/host/spi-builder-workspace/Sources/Monstask/MonoTask.swift:352:20: error: cannot find type 'DispatchQueue' in scope
350 |         retry: RetryCount = .never,
351 |         resultExpireDuration: TimeInterval,
352 |         taskQueue: DispatchQueue = DispatchQueue.global(),
    |                    `- error: cannot find type 'DispatchQueue' in scope
353 |         callbackQueue: DispatchQueue = DispatchQueue.global(),
354 |         task: @escaping CallbackExecution
/host/spi-builder-workspace/Sources/Monstask/MonoTask.swift:353:24: error: cannot find type 'DispatchQueue' in scope
351 |         resultExpireDuration: TimeInterval,
352 |         taskQueue: DispatchQueue = DispatchQueue.global(),
353 |         callbackQueue: DispatchQueue = DispatchQueue.global(),
    |                        `- error: cannot find type 'DispatchQueue' in scope
354 |         task: @escaping CallbackExecution
355 |     ) {
/host/spi-builder-workspace/Sources/Monstask/MonoTask.swift:393:20: error: cannot find type 'DispatchQueue' in scope
391 |         retry: RetryCount = .never,
392 |         resultExpireDuration: TimeInterval,
393 |         taskQueue: DispatchQueue = DispatchQueue.global(),
    |                    `- error: cannot find type 'DispatchQueue' in scope
394 |         callbackQueue: DispatchQueue = DispatchQueue.global(),
395 |         task: @escaping AsyncExecution
/host/spi-builder-workspace/Sources/Monstask/MonoTask.swift:394:24: error: cannot find type 'DispatchQueue' in scope
392 |         resultExpireDuration: TimeInterval,
393 |         taskQueue: DispatchQueue = DispatchQueue.global(),
394 |         callbackQueue: DispatchQueue = DispatchQueue.global(),
    |                        `- error: cannot find type 'DispatchQueue' in scope
395 |         task: @escaping AsyncExecution
396 |     ) {
/host/spi-builder-workspace/Sources/Monstore/MemoryCache/MemoryCache.swift:197:29: error: cannot find 'DispatchSemaphore' in scope
195 |
196 |     /// DispatchSemaphore for thread synchronization (used when enableThreadSynchronization=true)
197 |     private let semaphore = DispatchSemaphore(value: 1)
    |                             `- error: cannot find 'DispatchSemaphore' in scope
198 |
199 |     /// The configuration for this cache instance.
/host/spi-builder-workspace/Sources/MonstraBase/CPUTimeStamp.swift:18:38: error: cannot find type 'mach_timebase_info_data_t' in scope
 16 |
 17 |     /// Mach timebase info for converting between different time units. Cached for performance.
 18 |     private static let timebaseInfo: mach_timebase_info_data_t = {
    |                                      `- error: cannot find type 'mach_timebase_info_data_t' in scope
 19 |         var info = mach_timebase_info_data_t()
 20 |         mach_timebase_info(&info)
/host/spi-builder-workspace/Sources/MonstraBase/CPUTimeStamp.swift:19:20: error: cannot find 'mach_timebase_info_data_t' in scope
 17 |     /// Mach timebase info for converting between different time units. Cached for performance.
 18 |     private static let timebaseInfo: mach_timebase_info_data_t = {
 19 |         var info = mach_timebase_info_data_t()
    |                    `- error: cannot find 'mach_timebase_info_data_t' in scope
 20 |         mach_timebase_info(&info)
 21 |         return info
/host/spi-builder-workspace/Sources/MonstraBase/CPUTimeStamp.swift:20:9: error: cannot find 'mach_timebase_info' in scope
 18 |     private static let timebaseInfo: mach_timebase_info_data_t = {
 19 |         var info = mach_timebase_info_data_t()
 20 |         mach_timebase_info(&info)
    |         `- error: cannot find 'mach_timebase_info' in scope
 21 |         return info
 22 |     }()
/host/spi-builder-workspace/Sources/MonstraBase/TracingIDFactory.swift:223:24: error: cannot find 'os_unfair_lock' in scope
221 |     /// Uses `os_unfair_lock` for minimal overhead while providing mutual exclusion.
222 |     /// This lock protects the `sequentialCounter` during increment and ID calculation.
223 |     private var lock = os_unfair_lock()
    |                        `- error: cannot find 'os_unfair_lock' in scope
224 |
225 |     /// Core ID generation logic without thread safety (maximum performance).
Failed frontend command:
/usr/bin/swift-frontend -frontend -emit-module -experimental-skip-non-inlinable-function-bodies-without-types /host/spi-builder-workspace/Sources/Monstask/KVHeavyTasksManager.swift /host/spi-builder-workspace/Sources/Monstask/KVLightTasksManager.swift /host/spi-builder-workspace/Sources/Monstask/MonoTask.swift /host/spi-builder-workspace/Sources/Monstore/MemoryCache/MemoryCache.swift /host/spi-builder-workspace/Sources/Monstore/MemoryCache/PriorityLRUQueue.swift /host/spi-builder-workspace/Sources/Monstore/MemoryCache/TTLPriorityLRUQueue.swift /host/spi-builder-workspace/Sources/Monstore/Statistics/CacheStatistics.swift /host/spi-builder-workspace/Sources/MonstraBase/CPUTimeStamp.swift /host/spi-builder-workspace/Sources/MonstraBase/DoublyLink.swift /host/spi-builder-workspace/Sources/MonstraBase/HashQueue.swift /host/spi-builder-workspace/Sources/MonstraBase/Heap.swift /host/spi-builder-workspace/Sources/MonstraBase/RetryCount.swift /host/spi-builder-workspace/Sources/MonstraBase/TracingIDFactory.swift -target wasm32-unknown-wasip1 -disable-objc-interop -sdk /root/.swiftpm/swift-sdks/swift-6.4.x-DEVELOPMENT-SNAPSHOT-2026-09-04-a_wasm.artifactbundle/swift-6.4.x-DEVELOPMENT-SNAPSHOT-2026-09-04-a_wasm/wasm32-unknown-wasip1/WASI.sdk -sysroot /root/.swiftpm/swift-sdks/swift-6.4.x-DEVELOPMENT-SNAPSHOT-2026-09-04-a_wasm.artifactbundle/swift-6.4.x-DEVELOPMENT-SNAPSHOT-2026-09-04-a_wasm/wasm32-unknown-wasip1/WASI.sdk -I /host/spi-builder-workspace/.build/out/Products/Debug-webassembly-wasm32 -module-cache-path /host/spi-builder-workspace/.build/out/ModuleCache.noindex -color-diagnostics -Xcc -fcolor-diagnostics -enable-testing -g -debug-info-format\=dwarf -dwarf-version\=4 -swift-version 5 -Onone -D SWIFT_PACKAGE -D DEBUG -D SWIFT_MODULE_RESOURCE_BUNDLE_UNAVAILABLE -D DEBUG -D Xcode -serialize-debugging-options -enable-experimental-feature DebugDescriptionMacro -empty-abi-descriptor -external-plugin-path /usr/lib/swift/host/plugins/testing\#/usr/bin/swift-plugin-server -validate-clang-modules-once -clang-build-session-file /host/spi-builder-workspace/.build/out/ModuleCache.noindex/Session.modulevalidation -Xcc -working-directory -Xcc /host -resource-dir /root/.swiftpm/swift-sdks/swift-6.4.x-DEVELOPMENT-SNAPSHOT-2026-09-04-a_wasm.artifactbundle/swift-6.4.x-DEVELOPMENT-SNAPSHOT-2026-09-04-a_wasm/wasm32-unknown-wasip1/swift.xctoolchain/usr/lib/swift_static -use-static-resource-dir -enable-anonymous-context-mangled-names -file-compilation-dir /host -Xcc -resource-dir -Xcc /root/.swiftpm/swift-sdks/swift-6.4.x-DEVELOPMENT-SNAPSHOT-2026-09-04-a_wasm.artifactbundle/swift-6.4.x-DEVELOPMENT-SNAPSHOT-2026-09-04-a_wasm/wasm32-unknown-wasip1/swift.xctoolchain/usr/lib/swift_static/clang -Xcc -D_LIBCPP_HARDENING_MODE\=_LIBCPP_HARDENING_MODE_DEBUG -Xcc -fmodules-prune-interval\=86400 -Xcc -fmodules-prune-after\=345600 -Xcc -I/host/spi-builder-workspace/.build/out/Products/Debug-webassembly-wasm32/include -Xcc -I/host/spi-builder-workspace/.build/out/Intermediates.noindex/Monstra.build/Debug-webassembly-wasm32/Monstra-t.build/DerivedSources-normal/wasm32 -Xcc -I/host/spi-builder-workspace/.build/out/Intermediates.noindex/Monstra.build/Debug-webassembly-wasm32/Monstra-t.build/DerivedSources/wasm32 -Xcc -I/host/spi-builder-workspace/.build/out/Intermediates.noindex/Monstra.build/Debug-webassembly-wasm32/Monstra-t.build/DerivedSources -Xcc -DSWIFT_PACKAGE -Xcc -DDEBUG\=1 -no-auto-bridging-header-chaining -module-name Monstra -const-gather-protocols-file /host/spi-builder-workspace/.build/out/Intermediates.noindex/Monstra.build/Debug-webassembly-wasm32/Monstra-t.build/Objects-normal/wasm32/Monstra_const_extract_protocols.json -in-process-plugin-server-path /usr/lib/swift/host/libSwiftInProcPluginServer.so -plugin-path /usr/lib/swift/host/plugins -plugin-path /usr/local/lib/swift/host/plugins -emit-module-doc-path /host/spi-builder-workspace/.build/out/Intermediates.noindex/Monstra.build/Debug-webassembly-wasm32/Monstra-t.build/Objects-normal/wasm32/Modules/Monstra.swiftdoc -emit-module-source-info-path /host/spi-builder-workspace/.build/out/Intermediates.noindex/Monstra.build/Debug-webassembly-wasm32/Monstra-t.build/Objects-normal/wasm32/Modules/Monstra.swiftsourceinfo -emit-objc-header-path /host/spi-builder-workspace/.build/out/Intermediates.noindex/Monstra.build/Debug-webassembly-wasm32/Monstra-t.build/Objects-normal/wasm32/Monstra-Swift.h -serialize-diagnostics-path /host/spi-builder-workspace/.build/out/Intermediates.noindex/Monstra.build/Debug-webassembly-wasm32/Monstra-t.build/Objects-normal/wasm32/Monstra-primary-emit-module.dia -emit-dependencies-path /host/spi-builder-workspace/.build/out/Intermediates.noindex/Monstra.build/Debug-webassembly-wasm32/Monstra-t.build/Objects-normal/wasm32/Monstra-primary-emit-module.d -parse-as-library -o /host/spi-builder-workspace/.build/out/Intermediates.noindex/Monstra.build/Debug-webassembly-wasm32/Monstra-t.build/Objects-normal/wasm32/Modules/Monstra.swiftmodule
error: Build failed
BUILD FAILURE 6.4 wasm