Build Information
Failed to build XCEOptionalAssign, reference master (d1be76), with Swift 6.4 for iOS using Xcode 27.0 on 15 Sep 2026 19:54:11 UTC.
Build Command
No build command. This typically means the build failed at an early stage where we determine the build command.Build Log
========================================
RunAll
========================================
Builder version: 5.1.0
Interrupt handler set up.
========================================
Checkout
========================================
Clone URL: https://github.com/xcessentials/optionalassign.git
Reference: master
Initialized empty Git repository in /Users/admin/builder/spi-builder-workspace/.git/
From https://github.com/xcessentials/optionalassign
* branch master -> FETCH_HEAD
* [new branch] master -> origin/master
HEAD is now at d1be765 Merge branch 'release/3.0.0'
Cloned https://github.com/xcessentials/optionalassign.git
Revision (git rev-parse @):
d1be765004e942eda3d4953defdd05c536c0162b
SUCCESS checkout https://github.com/xcessentials/optionalassign.git at master
========================================
Build
========================================
Selected platform: iOS
Swift version: 6.4
Building package at path: $PWD
https://github.com/xcessentials/optionalassign.git
Command line invocation:
/Applications/Xcode-27.0.0-Release.Candidate.app/Contents/Developer/usr/bin/xcodebuild -IDEClonedSourcePackagesDirPathOverride=/Users/admin/builder/spi-builder-workspace/.dependencies -resolvePackageDependencies
Resolve Package Graph
Fetching from https://github.com/nschum/SwiftHamcrest
Creating working copy of package ‘SwiftHamcrest’
Checking out 2.4.2 of package ‘SwiftHamcrest’
product 'SwiftHamcrest' required by package 'spi-builder-workspace' target 'XCEOptionalAssignAllTests' not found.Resolve Package Graph
product 'SwiftHamcrest' required by package 'spi-builder-workspace' target 'XCEOptionalAssignAllTests' not found.
Resolved source packages:
spi-builder-workspace: (null)
2026-09-15 15:54:10.507 xcodebuild[524:2992] Writing error result bundle to /var/folders/xq/y_g06wb113726d38xsyx71_h0000gn/T/ResultBundle_2026-15-09_15-54-0010.xcresult
xcodebuild: error: Could not resolve package dependencies:
product 'SwiftHamcrest' required by package 'spi-builder-workspace' target 'XCEOptionalAssignAllTests' not found.
Command line invocation:
/Applications/Xcode-27.0.0-Release.Candidate.app/Contents/Developer/usr/bin/xcodebuild -IDEClonedSourcePackagesDirPathOverride=/Users/admin/builder/spi-builder-workspace/.dependencies -resolvePackageDependencies
Resolve Package Graph
product 'SwiftHamcrest' required by package 'spi-builder-workspace' target 'XCEOptionalAssignAllTests' not found.
Resolved source packages:
spi-builder-workspace: (null)
2026-09-15 15:54:11.649 xcodebuild[632:3808] Writing error result bundle to /var/folders/xq/y_g06wb113726d38xsyx71_h0000gn/T/ResultBundle_2026-15-09_15-54-0011.xcresult
xcodebuild: error: Could not resolve package dependencies:
product 'SwiftHamcrest' required by package 'spi-builder-workspace' target 'XCEOptionalAssignAllTests' not found.
BUILD FAILURE 6.4 iOS