Build Information
Failed to build InSwifted-Addons, reference main (863797), with Swift 6.2 for tvOS using Xcode 26.3 on 23 Jul 2026 07:51:36 UTC.
Build Command
env DEVELOPER_DIR=/Applications/Xcode-26.3.0.app xcrun xcodebuild -IDEClonedSourcePackagesDirPathOverride=$PWD/.dependencies -skipMacroValidation -skipPackagePluginValidation -derivedDataPath $PWD/.derivedData build -scheme InSwifted-Addons-Package -destination generic/platform=tvOSBuild Log
========================================
RunAll
========================================
Builder version: undefined version: run 'make version' to update
Interrupt handler set up.
========================================
Checkout
========================================
Clone URL: https://github.com/JustinGuedes/inswifted-addons.git
Reference: main
Initialized empty Git repository in /Users/admin/builder/spi-builder-workspace/.git/
From https://github.com/JustinGuedes/inswifted-addons
* branch main -> FETCH_HEAD
* [new branch] main -> origin/main
HEAD is now at 8637979 Add custom styled tab bar (TabBarStyle, InTabBar) and view-based tab icons
Cloned https://github.com/JustinGuedes/inswifted-addons.git
Revision (git rev-parse @):
8637979ad77a2ce244074f253f9e604ed6a6b068
SUCCESS checkout https://github.com/JustinGuedes/inswifted-addons.git at main
========================================
Build
========================================
Selected platform: tvOS
Swift version: 6.2
Building package at path: $PWD
https://github.com/JustinGuedes/inswifted-addons.git
Command line invocation:
/Applications/Xcode-26.3.0.app/Contents/Developer/usr/bin/xcodebuild -IDEClonedSourcePackagesDirPathOverride=/Users/admin/builder/spi-builder-workspace/.dependencies -resolvePackageDependencies
Resolve Package Graph
Fetching from https://github.com/JustinGuedes/prelude.git
Fetching from https://github.com/JustinGuedes/inswifted.git
Creating working copy of package ‘inswifted’
Checking out 0.1.0 of package ‘inswifted’
Creating working copy of package ‘prelude’
Checking out 0.0.6 of package ‘prelude’
Resolve Package Graph
Resolved source packages:
Prelude: https://github.com/JustinGuedes/prelude.git @ 0.0.6
InSwifted-Addons: /Users/admin/builder/spi-builder-workspace
InSwifted: https://github.com/JustinGuedes/inswifted.git @ 0.1.0
resolved source packages: Prelude, InSwifted-Addons, InSwifted
2026-07-23 03:51:04.216 xcodebuild[538:3113] [MT] IDERunDestination: Supported platforms for the buildables in the current scheme is empty.
{
"dependencies" : [
{
"identity" : "inswifted",
"requirement" : {
"range" : [
{
"lower_bound" : "0.1.0",
"upper_bound" : "1.0.0"
}
]
},
"type" : "sourceControl",
"url" : "https://github.com/JustinGuedes/inswifted.git"
},
{
"identity" : "prelude",
"requirement" : {
"range" : [
{
"lower_bound" : "0.0.1",
"upper_bound" : "0.1.0"
}
]
},
"type" : "sourceControl",
"url" : "https://github.com/JustinGuedes/prelude.git"
}
],
"manifest_display_name" : "InSwifted-Addons",
"name" : "InSwifted-Addons",
"path" : "/Users/admin/builder/spi-builder-workspace",
"platforms" : [
{
"name" : "ios",
"version" : "14.0"
},
{
"name" : "macos",
"version" : "11.0"
}
],
"products" : [
{
"name" : "InModules",
"targets" : [
"InModules"
],
"type" : {
"library" : [
"automatic"
]
}
},
{
"name" : "InConfig",
"targets" : [
"InConfig"
],
"type" : {
"library" : [
"automatic"
]
}
},
{
"name" : "InTabs",
"targets" : [
"InTabs"
],
"type" : {
"library" : [
"automatic"
]
}
}
],
"targets" : [
{
"c99name" : "InTabsTests",
"module_type" : "SwiftTarget",
"name" : "InTabsTests",
"path" : "Tests/InTabsTests",
"sources" : [
"InTabsTests.swift"
],
"target_dependencies" : [
"InTabs"
],
"type" : "test"
},
{
"c99name" : "InTabs",
"module_type" : "SwiftTarget",
"name" : "InTabs",
"path" : "Sources/InTabs",
"product_dependencies" : [
"InSwifted",
"Prelude"
],
"product_memberships" : [
"InTabs"
],
"sources" : [
"Models/Tab.swift",
"Models/TabBarStyle.swift",
"Models/TabBuilder.swift",
"Models/TabImage.swift",
"Models/TabProvider.swift",
"Views/Bar/InTabBar.swift",
"Views/Defaults/DefaultLoadingView.swift",
"Views/Defaults/DefaultNoTabsView.swift",
"Views/Tab/InTabView.swift",
"Views/Tab/InTabViewModel.swift"
],
"type" : "library"
},
{
"c99name" : "InModulesTests",
"module_type" : "SwiftTarget",
"name" : "InModulesTests",
"path" : "Tests/InModulesTests",
"sources" : [
"InModulesTests.swift"
],
"target_dependencies" : [
"InModules"
],
"type" : "test"
},
{
"c99name" : "InModules",
"module_type" : "SwiftTarget",
"name" : "InModules",
"path" : "Sources/InModules",
"product_dependencies" : [
"InSwifted"
],
"product_memberships" : [
"InModules"
],
"sources" : [
"App/ModularApp.swift",
"Container/Container.swift",
"Container/ContainerGroup.swift",
"Module/Module.swift",
"Module/ModuleBuilder.swift"
],
"type" : "library"
},
{
"c99name" : "InConfigTests",
"module_type" : "SwiftTarget",
"name" : "InConfigTests",
"path" : "Tests/InConfigTests",
"sources" : [
"InConfigTests.swift"
],
"target_dependencies" : [
"InConfig"
],
"type" : "test"
},
{
"c99name" : "InConfig",
"module_type" : "SwiftTarget",
"name" : "InConfig",
"path" : "Sources/InConfig",
"product_dependencies" : [
"InSwifted"
],
"product_memberships" : [
"InConfig"
],
"sources" : [
"Config.swift",
"ConfigProvider.swift",
"Providers/PropertyListConfigProvider.swift"
],
"type" : "library"
}
],
"tools_version" : "5.6"
}
{
"workspace" : {
"name" : "spi-builder-workspace",
"schemes" : [
"InConfig",
"InModules",
"InSwifted-Addons-Package",
"InTabs"
]
}
}
2026-07-23 03:51:24.625 xcodebuild[740:4537] [MT] IDERunDestination: Supported platforms for the buildables in the current scheme is empty.
Running build ...
env DEVELOPER_DIR=/Applications/Xcode-26.3.0.app xcrun xcodebuild -IDEClonedSourcePackagesDirPathOverride=$PWD/.dependencies -skipMacroValidation -skipPackagePluginValidation -derivedDataPath $PWD/.derivedData build -scheme InSwifted-Addons-Package -destination generic/platform=tvOS
Command line invocation:
/Applications/Xcode-26.3.0.app/Contents/Developer/usr/bin/xcodebuild -IDEClonedSourcePackagesDirPathOverride=/Users/admin/builder/spi-builder-workspace/.dependencies -skipMacroValidation -skipPackagePluginValidation -derivedDataPath /Users/admin/builder/spi-builder-workspace/.derivedData build -scheme InSwifted-Addons-Package -destination generic/platform=tvOS
Resolve Package Graph
Resolve Package Graph
Resolved source packages:
Prelude: https://github.com/JustinGuedes/prelude.git @ 0.0.6
InSwifted-Addons: /Users/admin/builder/spi-builder-workspace
InSwifted: https://github.com/JustinGuedes/inswifted.git @ 0.1.0
ComputePackagePrebuildTargetDependencyGraph
Prepare packages
CreateBuildRequest
SendProjectDescription
CreateBuildOperation
ComputeTargetDependencyGraph
note: Building targets in dependency order
note: Target dependency graph (10 targets)
Target 'InTabs' in project 'InSwifted-Addons'
➜ Explicit dependency on target 'InTabs' in project 'InSwifted-Addons'
➜ Explicit dependency on target 'InSwifted' in project 'InSwifted'
➜ Explicit dependency on target 'Prelude' in project 'Prelude'
Target 'InTabs' in project 'InSwifted-Addons'
➜ Explicit dependency on target 'InSwifted' in project 'InSwifted'
➜ Explicit dependency on target 'Prelude' in project 'Prelude'
Target 'Prelude' in project 'Prelude'
➜ Explicit dependency on target 'Prelude' in project 'Prelude'
Target 'Prelude' in project 'Prelude' (no dependencies)
Target 'InModules' in project 'InSwifted-Addons'
➜ Explicit dependency on target 'InModules' in project 'InSwifted-Addons'
➜ Explicit dependency on target 'InSwifted' in project 'InSwifted'
Target 'InModules' in project 'InSwifted-Addons'
➜ Explicit dependency on target 'InSwifted' in project 'InSwifted'
Target 'InConfig' in project 'InSwifted-Addons'
➜ Explicit dependency on target 'InConfig' in project 'InSwifted-Addons'
➜ Explicit dependency on target 'InSwifted' in project 'InSwifted'
Target 'InConfig' in project 'InSwifted-Addons'
➜ Explicit dependency on target 'InSwifted' in project 'InSwifted'
Target 'InSwifted' in project 'InSwifted'
➜ Explicit dependency on target 'InSwifted' in project 'InSwifted'
Target 'InSwifted' in project 'InSwifted' (no dependencies)
GatherProvisioningInputs
CreateBuildDescription
ExecuteExternalTool /Applications/Xcode-26.3.0.app/Contents/Developer/Toolchains/XcodeDefault.xctoolchain/usr/bin/clang -v -E -dM -isysroot /Applications/Xcode-26.3.0.app/Contents/Developer/Platforms/AppleTVOS.platform/Developer/SDKs/AppleTVOS26.2.sdk -x c -c /dev/null
ExecuteExternalTool /Applications/Xcode-26.3.0.app/Contents/Developer/Toolchains/XcodeDefault.xctoolchain/usr/bin/swiftc --version
ExecuteExternalTool /Applications/Xcode-26.3.0.app/Contents/Developer/Toolchains/XcodeDefault.xctoolchain/usr/bin/ld -version_details
Build description signature: 7621dc10b03aa25b98cc1f4b28421f21
Build description path: /Users/admin/builder/spi-builder-workspace/.derivedData/Build/Intermediates.noindex/XCBuildData/7621dc10b03aa25b98cc1f4b28421f21.xcbuilddata
ClangStatCache /Applications/Xcode-26.3.0.app/Contents/Developer/Toolchains/XcodeDefault.xctoolchain/usr/bin/clang-stat-cache /Applications/Xcode-26.3.0.app/Contents/Developer/Platforms/AppleTVOS.platform/Developer/SDKs/AppleTVOS26.2.sdk /Users/admin/builder/spi-builder-workspace/.derivedData/SDKStatCaches.noindex/appletvos26.2-23K50-dc75598d0054f22ec865fa860f139d72c1feacec85df2e04b9fa10f95e757c08.sdkstatcache
cd /Users/admin/builder/spi-builder-workspace/.swiftpm/xcode
/Applications/Xcode-26.3.0.app/Contents/Developer/Toolchains/XcodeDefault.xctoolchain/usr/bin/clang-stat-cache /Applications/Xcode-26.3.0.app/Contents/Developer/Platforms/AppleTVOS.platform/Developer/SDKs/AppleTVOS26.2.sdk -o /Users/admin/builder/spi-builder-workspace/.derivedData/SDKStatCaches.noindex/appletvos26.2-23K50-dc75598d0054f22ec865fa860f139d72c1feacec85df2e04b9fa10f95e757c08.sdkstatcache
CreateBuildDirectory /Users/admin/builder/spi-builder-workspace/.derivedData/Build/Products
cd /Users/admin/builder/spi-builder-workspace/.swiftpm/xcode
builtin-create-build-directory /Users/admin/builder/spi-builder-workspace/.derivedData/Build/Products
CreateBuildDirectory /Users/admin/builder/spi-builder-workspace/.derivedData/Build/Intermediates.noindex
cd /Users/admin/builder/spi-builder-workspace/.swiftpm/xcode
builtin-create-build-directory /Users/admin/builder/spi-builder-workspace/.derivedData/Build/Intermediates.noindex
CreateBuildDirectory /Users/admin/builder/spi-builder-workspace/.derivedData/Build/Intermediates.noindex/SwiftExplicitPrecompiledModules
cd /Users/admin/builder/spi-builder-workspace/.swiftpm/xcode
builtin-create-build-directory /Users/admin/builder/spi-builder-workspace/.derivedData/Build/Intermediates.noindex/SwiftExplicitPrecompiledModules
CreateBuildDirectory /Users/admin/builder/spi-builder-workspace/.derivedData/Build/Intermediates.noindex/ExplicitPrecompiledModules
cd /Users/admin/builder/spi-builder-workspace/.swiftpm/xcode
builtin-create-build-directory /Users/admin/builder/spi-builder-workspace/.derivedData/Build/Intermediates.noindex/ExplicitPrecompiledModules
CreateBuildDirectory /Users/admin/builder/spi-builder-workspace/.derivedData/Build/Products/Debug-appletvos
cd /Users/admin/builder/spi-builder-workspace/.swiftpm/xcode
builtin-create-build-directory /Users/admin/builder/spi-builder-workspace/.derivedData/Build/Products/Debug-appletvos
CreateBuildDirectory /Users/admin/builder/spi-builder-workspace/.derivedData/Build/Intermediates.noindex/EagerLinkingTBDs/Debug-appletvos
cd /Users/admin/builder/spi-builder-workspace/.swiftpm/xcode
builtin-create-build-directory /Users/admin/builder/spi-builder-workspace/.derivedData/Build/Intermediates.noindex/EagerLinkingTBDs/Debug-appletvos
CreateBuildDirectory /Users/admin/builder/spi-builder-workspace/.derivedData/Build/Products/Debug-appletvos/PackageFrameworks
cd /Users/admin/builder/spi-builder-workspace/.swiftpm/xcode
builtin-create-build-directory /Users/admin/builder/spi-builder-workspace/.derivedData/Build/Products/Debug-appletvos/PackageFrameworks
WriteAuxiliaryFile /Users/admin/builder/spi-builder-workspace/.derivedData/Build/Intermediates.noindex/InSwifted.build/Debug-appletvos/InSwifted.build/InSwifted.modulemap (in target 'InSwifted' from project 'InSwifted')
cd /Users/admin/builder/spi-builder-workspace/.dependencies/checkouts/inswifted
write-file /Users/admin/builder/spi-builder-workspace/.derivedData/Build/Intermediates.noindex/InSwifted.build/Debug-appletvos/InSwifted.build/InSwifted.modulemap
WriteAuxiliaryFile /Users/admin/builder/spi-builder-workspace/.derivedData/Build/Intermediates.noindex/Prelude.build/Debug-appletvos/Prelude.build/Prelude.modulemap (in target 'Prelude' from project 'Prelude')
cd /Users/admin/builder/spi-builder-workspace/.dependencies/checkouts/prelude
write-file /Users/admin/builder/spi-builder-workspace/.derivedData/Build/Intermediates.noindex/Prelude.build/Debug-appletvos/Prelude.build/Prelude.modulemap
WriteAuxiliaryFile /Users/admin/builder/spi-builder-workspace/.derivedData/Build/Intermediates.noindex/Prelude.build/Debug-appletvos/Prelude.build/Prelude.DependencyMetadataFileList (in target 'Prelude' from project 'Prelude')
cd /Users/admin/builder/spi-builder-workspace/.dependencies/checkouts/prelude
write-file /Users/admin/builder/spi-builder-workspace/.derivedData/Build/Intermediates.noindex/Prelude.build/Debug-appletvos/Prelude.build/Prelude.DependencyMetadataFileList
WriteAuxiliaryFile /Users/admin/builder/spi-builder-workspace/.derivedData/Build/Intermediates.noindex/Prelude.build/Debug-appletvos/Prelude.build/Prelude.DependencyStaticMetadataFileList (in target 'Prelude' from project 'Prelude')
cd /Users/admin/builder/spi-builder-workspace/.dependencies/checkouts/prelude
write-file /Users/admin/builder/spi-builder-workspace/.derivedData/Build/Intermediates.noindex/Prelude.build/Debug-appletvos/Prelude.build/Prelude.DependencyStaticMetadataFileList
WriteAuxiliaryFile /Users/admin/builder/spi-builder-workspace/.derivedData/Build/Intermediates.noindex/InSwifted.build/Debug-appletvos/InSwifted.build/Objects-normal/arm64/InSwifted_const_extract_protocols.json (in target 'InSwifted' from project 'InSwifted')
cd /Users/admin/builder/spi-builder-workspace/.dependencies/checkouts/inswifted
write-file /Users/admin/builder/spi-builder-workspace/.derivedData/Build/Intermediates.noindex/InSwifted.build/Debug-appletvos/InSwifted.build/Objects-normal/arm64/InSwifted_const_extract_protocols.json
WriteAuxiliaryFile /Users/admin/builder/spi-builder-workspace/.derivedData/Build/Intermediates.noindex/InSwifted.build/Debug-appletvos/InSwifted.build/Objects-normal/arm64/InSwifted-OutputFileMap.json (in target 'InSwifted' from project 'InSwifted')
cd /Users/admin/builder/spi-builder-workspace/.dependencies/checkouts/inswifted
write-file /Users/admin/builder/spi-builder-workspace/.derivedData/Build/Intermediates.noindex/InSwifted.build/Debug-appletvos/InSwifted.build/Objects-normal/arm64/InSwifted-OutputFileMap.json
WriteAuxiliaryFile /Users/admin/builder/spi-builder-workspace/.derivedData/Build/Intermediates.noindex/Prelude.build/Debug-appletvos/Prelude.build/Objects-normal/arm64/Prelude_const_extract_protocols.json (in target 'Prelude' from project 'Prelude')
cd /Users/admin/builder/spi-builder-workspace/.dependencies/checkouts/prelude
write-file /Users/admin/builder/spi-builder-workspace/.derivedData/Build/Intermediates.noindex/Prelude.build/Debug-appletvos/Prelude.build/Objects-normal/arm64/Prelude_const_extract_protocols.json
WriteAuxiliaryFile /Users/admin/builder/spi-builder-workspace/.derivedData/Build/Intermediates.noindex/Prelude.build/Debug-appletvos/Prelude.build/Objects-normal/arm64/Prelude.SwiftFileList (in target 'Prelude' from project 'Prelude')
cd /Users/admin/builder/spi-builder-workspace/.dependencies/checkouts/prelude
write-file /Users/admin/builder/spi-builder-workspace/.derivedData/Build/Intermediates.noindex/Prelude.build/Debug-appletvos/Prelude.build/Objects-normal/arm64/Prelude.SwiftFileList
WriteAuxiliaryFile /Users/admin/builder/spi-builder-workspace/.derivedData/Build/Intermediates.noindex/Prelude.build/Debug-appletvos/Prelude.build/Objects-normal/arm64/Prelude.SwiftConstValuesFileList (in target 'Prelude' from project 'Prelude')
cd /Users/admin/builder/spi-builder-workspace/.dependencies/checkouts/prelude
write-file /Users/admin/builder/spi-builder-workspace/.derivedData/Build/Intermediates.noindex/Prelude.build/Debug-appletvos/Prelude.build/Objects-normal/arm64/Prelude.SwiftConstValuesFileList
WriteAuxiliaryFile /Users/admin/builder/spi-builder-workspace/.derivedData/Build/Intermediates.noindex/Prelude.build/Debug-appletvos/Prelude.build/Objects-normal/arm64/Prelude.LinkFileList (in target 'Prelude' from project 'Prelude')
cd /Users/admin/builder/spi-builder-workspace/.dependencies/checkouts/prelude
write-file /Users/admin/builder/spi-builder-workspace/.derivedData/Build/Intermediates.noindex/Prelude.build/Debug-appletvos/Prelude.build/Objects-normal/arm64/Prelude.LinkFileList
WriteAuxiliaryFile /Users/admin/builder/spi-builder-workspace/.derivedData/Build/Intermediates.noindex/Prelude.build/Debug-appletvos/Prelude.build/Objects-normal/arm64/Prelude-OutputFileMap.json (in target 'Prelude' from project 'Prelude')
cd /Users/admin/builder/spi-builder-workspace/.dependencies/checkouts/prelude
write-file /Users/admin/builder/spi-builder-workspace/.derivedData/Build/Intermediates.noindex/Prelude.build/Debug-appletvos/Prelude.build/Objects-normal/arm64/Prelude-OutputFileMap.json
WriteAuxiliaryFile /Users/admin/builder/spi-builder-workspace/.derivedData/Build/Intermediates.noindex/InSwifted-Addons.build/Debug-appletvos/InTabs.build/InTabs.modulemap (in target 'InTabs' from project 'InSwifted-Addons')
cd /Users/admin/builder/spi-builder-workspace
write-file /Users/admin/builder/spi-builder-workspace/.derivedData/Build/Intermediates.noindex/InSwifted-Addons.build/Debug-appletvos/InTabs.build/InTabs.modulemap
WriteAuxiliaryFile /Users/admin/builder/spi-builder-workspace/.derivedData/Build/Intermediates.noindex/InSwifted-Addons.build/Debug-appletvos/InTabs.build/Objects-normal/arm64/InTabs.LinkFileList (in target 'InTabs' from project 'InSwifted-Addons')
cd /Users/admin/builder/spi-builder-workspace
write-file /Users/admin/builder/spi-builder-workspace/.derivedData/Build/Intermediates.noindex/InSwifted-Addons.build/Debug-appletvos/InTabs.build/Objects-normal/arm64/InTabs.LinkFileList
WriteAuxiliaryFile /Users/admin/builder/spi-builder-workspace/.derivedData/Build/Intermediates.noindex/InSwifted-Addons.build/Debug-appletvos/InTabs.build/Objects-normal/arm64/InTabs.SwiftFileList (in target 'InTabs' from project 'InSwifted-Addons')
cd /Users/admin/builder/spi-builder-workspace
write-file /Users/admin/builder/spi-builder-workspace/.derivedData/Build/Intermediates.noindex/InSwifted-Addons.build/Debug-appletvos/InTabs.build/Objects-normal/arm64/InTabs.SwiftFileList
WriteAuxiliaryFile /Users/admin/builder/spi-builder-workspace/.derivedData/Build/Intermediates.noindex/InSwifted-Addons.build/Debug-appletvos/InTabs.build/Objects-normal/arm64/InTabs.SwiftConstValuesFileList (in target 'InTabs' from project 'InSwifted-Addons')
cd /Users/admin/builder/spi-builder-workspace
write-file /Users/admin/builder/spi-builder-workspace/.derivedData/Build/Intermediates.noindex/InSwifted-Addons.build/Debug-appletvos/InTabs.build/Objects-normal/arm64/InTabs.SwiftConstValuesFileList
WriteAuxiliaryFile /Users/admin/builder/spi-builder-workspace/.derivedData/Build/Intermediates.noindex/InSwifted-Addons.build/Debug-appletvos/InTabs.build/Objects-normal/arm64/InTabs_const_extract_protocols.json (in target 'InTabs' from project 'InSwifted-Addons')
cd /Users/admin/builder/spi-builder-workspace
write-file /Users/admin/builder/spi-builder-workspace/.derivedData/Build/Intermediates.noindex/InSwifted-Addons.build/Debug-appletvos/InTabs.build/Objects-normal/arm64/InTabs_const_extract_protocols.json
WriteAuxiliaryFile /Users/admin/builder/spi-builder-workspace/.derivedData/Build/Intermediates.noindex/InSwifted-Addons.build/Debug-appletvos/InTabs.build/Objects-normal/arm64/InTabs-OutputFileMap.json (in target 'InTabs' from project 'InSwifted-Addons')
cd /Users/admin/builder/spi-builder-workspace
write-file /Users/admin/builder/spi-builder-workspace/.derivedData/Build/Intermediates.noindex/InSwifted-Addons.build/Debug-appletvos/InTabs.build/Objects-normal/arm64/InTabs-OutputFileMap.json
Copy /Users/admin/builder/spi-builder-workspace/.derivedData/Build/Intermediates.noindex/GeneratedModuleMaps-appletvos/Prelude.modulemap /Users/admin/builder/spi-builder-workspace/.derivedData/Build/Intermediates.noindex/Prelude.build/Debug-appletvos/Prelude.build/Prelude.modulemap (in target 'Prelude' from project 'Prelude')
cd /Users/admin/builder/spi-builder-workspace/.dependencies/checkouts/prelude
builtin-copy -exclude .DS_Store -exclude CVS -exclude .svn -exclude .git -exclude .hg -resolve-src-symlinks /Users/admin/builder/spi-builder-workspace/.derivedData/Build/Intermediates.noindex/Prelude.build/Debug-appletvos/Prelude.build/Prelude.modulemap /Users/admin/builder/spi-builder-workspace/.derivedData/Build/Intermediates.noindex/GeneratedModuleMaps-appletvos
WriteAuxiliaryFile /Users/admin/builder/spi-builder-workspace/.derivedData/Build/Intermediates.noindex/InSwifted-Addons.build/Debug-appletvos/InTabs.build/InTabs.DependencyStaticMetadataFileList (in target 'InTabs' from project 'InSwifted-Addons')
cd /Users/admin/builder/spi-builder-workspace
write-file /Users/admin/builder/spi-builder-workspace/.derivedData/Build/Intermediates.noindex/InSwifted-Addons.build/Debug-appletvos/InTabs.build/InTabs.DependencyStaticMetadataFileList
WriteAuxiliaryFile /Users/admin/builder/spi-builder-workspace/.derivedData/Build/Intermediates.noindex/InSwifted-Addons.build/Debug-appletvos/InTabs.build/InTabs.DependencyMetadataFileList (in target 'InTabs' from project 'InSwifted-Addons')
cd /Users/admin/builder/spi-builder-workspace
write-file /Users/admin/builder/spi-builder-workspace/.derivedData/Build/Intermediates.noindex/InSwifted-Addons.build/Debug-appletvos/InTabs.build/InTabs.DependencyMetadataFileList
WriteAuxiliaryFile /Users/admin/builder/spi-builder-workspace/.derivedData/Build/Intermediates.noindex/InSwifted.build/Debug-appletvos/InSwifted.build/Objects-normal/arm64/InSwifted.SwiftFileList (in target 'InSwifted' from project 'InSwifted')
cd /Users/admin/builder/spi-builder-workspace/.dependencies/checkouts/inswifted
write-file /Users/admin/builder/spi-builder-workspace/.derivedData/Build/Intermediates.noindex/InSwifted.build/Debug-appletvos/InSwifted.build/Objects-normal/arm64/InSwifted.SwiftFileList
WriteAuxiliaryFile /Users/admin/builder/spi-builder-workspace/.derivedData/Build/Intermediates.noindex/InSwifted.build/Debug-appletvos/InSwifted.build/Objects-normal/arm64/InSwifted.SwiftConstValuesFileList (in target 'InSwifted' from project 'InSwifted')
cd /Users/admin/builder/spi-builder-workspace/.dependencies/checkouts/inswifted
write-file /Users/admin/builder/spi-builder-workspace/.derivedData/Build/Intermediates.noindex/InSwifted.build/Debug-appletvos/InSwifted.build/Objects-normal/arm64/InSwifted.SwiftConstValuesFileList
Copy /Users/admin/builder/spi-builder-workspace/.derivedData/Build/Intermediates.noindex/GeneratedModuleMaps-appletvos/InTabs.modulemap /Users/admin/builder/spi-builder-workspace/.derivedData/Build/Intermediates.noindex/InSwifted-Addons.build/Debug-appletvos/InTabs.build/InTabs.modulemap (in target 'InTabs' from project 'InSwifted-Addons')
cd /Users/admin/builder/spi-builder-workspace
builtin-copy -exclude .DS_Store -exclude CVS -exclude .svn -exclude .git -exclude .hg -resolve-src-symlinks /Users/admin/builder/spi-builder-workspace/.derivedData/Build/Intermediates.noindex/InSwifted-Addons.build/Debug-appletvos/InTabs.build/InTabs.modulemap /Users/admin/builder/spi-builder-workspace/.derivedData/Build/Intermediates.noindex/GeneratedModuleMaps-appletvos
WriteAuxiliaryFile /Users/admin/builder/spi-builder-workspace/.derivedData/Build/Intermediates.noindex/InSwifted.build/Debug-appletvos/InSwifted.build/Objects-normal/arm64/InSwifted.LinkFileList (in target 'InSwifted' from project 'InSwifted')
cd /Users/admin/builder/spi-builder-workspace/.dependencies/checkouts/inswifted
write-file /Users/admin/builder/spi-builder-workspace/.derivedData/Build/Intermediates.noindex/InSwifted.build/Debug-appletvos/InSwifted.build/Objects-normal/arm64/InSwifted.LinkFileList
WriteAuxiliaryFile /Users/admin/builder/spi-builder-workspace/.derivedData/Build/Intermediates.noindex/InSwifted.build/Debug-appletvos/InSwifted.build/InSwifted.DependencyStaticMetadataFileList (in target 'InSwifted' from project 'InSwifted')
cd /Users/admin/builder/spi-builder-workspace/.dependencies/checkouts/inswifted
write-file /Users/admin/builder/spi-builder-workspace/.derivedData/Build/Intermediates.noindex/InSwifted.build/Debug-appletvos/InSwifted.build/InSwifted.DependencyStaticMetadataFileList
WriteAuxiliaryFile /Users/admin/builder/spi-builder-workspace/.derivedData/Build/Intermediates.noindex/InSwifted.build/Debug-appletvos/InSwifted.build/InSwifted.DependencyMetadataFileList (in target 'InSwifted' from project 'InSwifted')
cd /Users/admin/builder/spi-builder-workspace/.dependencies/checkouts/inswifted
write-file /Users/admin/builder/spi-builder-workspace/.derivedData/Build/Intermediates.noindex/InSwifted.build/Debug-appletvos/InSwifted.build/InSwifted.DependencyMetadataFileList
Copy /Users/admin/builder/spi-builder-workspace/.derivedData/Build/Intermediates.noindex/GeneratedModuleMaps-appletvos/InSwifted.modulemap /Users/admin/builder/spi-builder-workspace/.derivedData/Build/Intermediates.noindex/InSwifted.build/Debug-appletvos/InSwifted.build/InSwifted.modulemap (in target 'InSwifted' from project 'InSwifted')
cd /Users/admin/builder/spi-builder-workspace/.dependencies/checkouts/inswifted
builtin-copy -exclude .DS_Store -exclude CVS -exclude .svn -exclude .git -exclude .hg -resolve-src-symlinks /Users/admin/builder/spi-builder-workspace/.derivedData/Build/Intermediates.noindex/InSwifted.build/Debug-appletvos/InSwifted.build/InSwifted.modulemap /Users/admin/builder/spi-builder-workspace/.derivedData/Build/Intermediates.noindex/GeneratedModuleMaps-appletvos
WriteAuxiliaryFile /Users/admin/builder/spi-builder-workspace/.derivedData/Build/Intermediates.noindex/InSwifted-Addons.build/Debug-appletvos/InModules.build/Objects-normal/arm64/InModules.SwiftConstValuesFileList (in target 'InModules' from project 'InSwifted-Addons')
cd /Users/admin/builder/spi-builder-workspace
write-file /Users/admin/builder/spi-builder-workspace/.derivedData/Build/Intermediates.noindex/InSwifted-Addons.build/Debug-appletvos/InModules.build/Objects-normal/arm64/InModules.SwiftConstValuesFileList
WriteAuxiliaryFile /Users/admin/builder/spi-builder-workspace/.derivedData/Build/Intermediates.noindex/InSwifted-Addons.build/Debug-appletvos/InModules.build/Objects-normal/arm64/InModules.SwiftFileList (in target 'InModules' from project 'InSwifted-Addons')
cd /Users/admin/builder/spi-builder-workspace
write-file /Users/admin/builder/spi-builder-workspace/.derivedData/Build/Intermediates.noindex/InSwifted-Addons.build/Debug-appletvos/InModules.build/Objects-normal/arm64/InModules.SwiftFileList
WriteAuxiliaryFile /Users/admin/builder/spi-builder-workspace/.derivedData/Build/Intermediates.noindex/InSwifted-Addons.build/Debug-appletvos/InModules.build/Objects-normal/arm64/InModules-OutputFileMap.json (in target 'InModules' from project 'InSwifted-Addons')
cd /Users/admin/builder/spi-builder-workspace
write-file /Users/admin/builder/spi-builder-workspace/.derivedData/Build/Intermediates.noindex/InSwifted-Addons.build/Debug-appletvos/InModules.build/Objects-normal/arm64/InModules-OutputFileMap.json
WriteAuxiliaryFile /Users/admin/builder/spi-builder-workspace/.derivedData/Build/Intermediates.noindex/InSwifted-Addons.build/Debug-appletvos/InModules.build/Objects-normal/arm64/InModules.LinkFileList (in target 'InModules' from project 'InSwifted-Addons')
cd /Users/admin/builder/spi-builder-workspace
write-file /Users/admin/builder/spi-builder-workspace/.derivedData/Build/Intermediates.noindex/InSwifted-Addons.build/Debug-appletvos/InModules.build/Objects-normal/arm64/InModules.LinkFileList
WriteAuxiliaryFile /Users/admin/builder/spi-builder-workspace/.derivedData/Build/Intermediates.noindex/InSwifted-Addons.build/Debug-appletvos/InModules.build/Objects-normal/arm64/InModules_const_extract_protocols.json (in target 'InModules' from project 'InSwifted-Addons')
cd /Users/admin/builder/spi-builder-workspace
write-file /Users/admin/builder/spi-builder-workspace/.derivedData/Build/Intermediates.noindex/InSwifted-Addons.build/Debug-appletvos/InModules.build/Objects-normal/arm64/InModules_const_extract_protocols.json
WriteAuxiliaryFile /Users/admin/builder/spi-builder-workspace/.derivedData/Build/Intermediates.noindex/InSwifted-Addons.build/Debug-appletvos/InModules.build/InModules.modulemap (in target 'InModules' from project 'InSwifted-Addons')
cd /Users/admin/builder/spi-builder-workspace
write-file /Users/admin/builder/spi-builder-workspace/.derivedData/Build/Intermediates.noindex/InSwifted-Addons.build/Debug-appletvos/InModules.build/InModules.modulemap
WriteAuxiliaryFile /Users/admin/builder/spi-builder-workspace/.derivedData/Build/Intermediates.noindex/InSwifted-Addons.build/Debug-appletvos/InModules.build/InModules.DependencyStaticMetadataFileList (in target 'InModules' from project 'InSwifted-Addons')
cd /Users/admin/builder/spi-builder-workspace
write-file /Users/admin/builder/spi-builder-workspace/.derivedData/Build/Intermediates.noindex/InSwifted-Addons.build/Debug-appletvos/InModules.build/InModules.DependencyStaticMetadataFileList
WriteAuxiliaryFile /Users/admin/builder/spi-builder-workspace/.derivedData/Build/Intermediates.noindex/InSwifted-Addons.build/Debug-appletvos/InModules.build/InModules.DependencyMetadataFileList (in target 'InModules' from project 'InSwifted-Addons')
cd /Users/admin/builder/spi-builder-workspace
write-file /Users/admin/builder/spi-builder-workspace/.derivedData/Build/Intermediates.noindex/InSwifted-Addons.build/Debug-appletvos/InModules.build/InModules.DependencyMetadataFileList
WriteAuxiliaryFile /Users/admin/builder/spi-builder-workspace/.derivedData/Build/Intermediates.noindex/InSwifted-Addons.build/Debug-appletvos/InConfig.build/Objects-normal/arm64/InConfig_const_extract_protocols.json (in target 'InConfig' from project 'InSwifted-Addons')
cd /Users/admin/builder/spi-builder-workspace
write-file /Users/admin/builder/spi-builder-workspace/.derivedData/Build/Intermediates.noindex/InSwifted-Addons.build/Debug-appletvos/InConfig.build/Objects-normal/arm64/InConfig_const_extract_protocols.json
WriteAuxiliaryFile /Users/admin/builder/spi-builder-workspace/.derivedData/Build/Intermediates.noindex/InSwifted-Addons.build/Debug-appletvos/InConfig.build/Objects-normal/arm64/InConfig.SwiftConstValuesFileList (in target 'InConfig' from project 'InSwifted-Addons')
cd /Users/admin/builder/spi-builder-workspace
write-file /Users/admin/builder/spi-builder-workspace/.derivedData/Build/Intermediates.noindex/InSwifted-Addons.build/Debug-appletvos/InConfig.build/Objects-normal/arm64/InConfig.SwiftConstValuesFileList
WriteAuxiliaryFile /Users/admin/builder/spi-builder-workspace/.derivedData/Build/Intermediates.noindex/InSwifted-Addons.build/Debug-appletvos/InConfig.build/Objects-normal/arm64/InConfig.SwiftFileList (in target 'InConfig' from project 'InSwifted-Addons')
cd /Users/admin/builder/spi-builder-workspace
write-file /Users/admin/builder/spi-builder-workspace/.derivedData/Build/Intermediates.noindex/InSwifted-Addons.build/Debug-appletvos/InConfig.build/Objects-normal/arm64/InConfig.SwiftFileList
WriteAuxiliaryFile /Users/admin/builder/spi-builder-workspace/.derivedData/Build/Intermediates.noindex/InSwifted-Addons.build/Debug-appletvos/InConfig.build/Objects-normal/arm64/InConfig-OutputFileMap.json (in target 'InConfig' from project 'InSwifted-Addons')
cd /Users/admin/builder/spi-builder-workspace
write-file /Users/admin/builder/spi-builder-workspace/.derivedData/Build/Intermediates.noindex/InSwifted-Addons.build/Debug-appletvos/InConfig.build/Objects-normal/arm64/InConfig-OutputFileMap.json
WriteAuxiliaryFile /Users/admin/builder/spi-builder-workspace/.derivedData/Build/Intermediates.noindex/InSwifted-Addons.build/Debug-appletvos/InConfig.build/Objects-normal/arm64/InConfig.LinkFileList (in target 'InConfig' from project 'InSwifted-Addons')
cd /Users/admin/builder/spi-builder-workspace
write-file /Users/admin/builder/spi-builder-workspace/.derivedData/Build/Intermediates.noindex/InSwifted-Addons.build/Debug-appletvos/InConfig.build/Objects-normal/arm64/InConfig.LinkFileList
WriteAuxiliaryFile /Users/admin/builder/spi-builder-workspace/.derivedData/Build/Intermediates.noindex/InSwifted-Addons.build/Debug-appletvos/InConfig.build/InConfig.modulemap (in target 'InConfig' from project 'InSwifted-Addons')
cd /Users/admin/builder/spi-builder-workspace
write-file /Users/admin/builder/spi-builder-workspace/.derivedData/Build/Intermediates.noindex/InSwifted-Addons.build/Debug-appletvos/InConfig.build/InConfig.modulemap
WriteAuxiliaryFile /Users/admin/builder/spi-builder-workspace/.derivedData/Build/Intermediates.noindex/InSwifted-Addons.build/Debug-appletvos/InConfig.build/InConfig.DependencyStaticMetadataFileList (in target 'InConfig' from project 'InSwifted-Addons')
cd /Users/admin/builder/spi-builder-workspace
write-file /Users/admin/builder/spi-builder-workspace/.derivedData/Build/Intermediates.noindex/InSwifted-Addons.build/Debug-appletvos/InConfig.build/InConfig.DependencyStaticMetadataFileList
Copy /Users/admin/builder/spi-builder-workspace/.derivedData/Build/Intermediates.noindex/GeneratedModuleMaps-appletvos/InModules.modulemap /Users/admin/builder/spi-builder-workspace/.derivedData/Build/Intermediates.noindex/InSwifted-Addons.build/Debug-appletvos/InModules.build/InModules.modulemap (in target 'InModules' from project 'InSwifted-Addons')
cd /Users/admin/builder/spi-builder-workspace
builtin-copy -exclude .DS_Store -exclude CVS -exclude .svn -exclude .git -exclude .hg -resolve-src-symlinks /Users/admin/builder/spi-builder-workspace/.derivedData/Build/Intermediates.noindex/InSwifted-Addons.build/Debug-appletvos/InModules.build/InModules.modulemap /Users/admin/builder/spi-builder-workspace/.derivedData/Build/Intermediates.noindex/GeneratedModuleMaps-appletvos
WriteAuxiliaryFile /Users/admin/builder/spi-builder-workspace/.derivedData/Build/Intermediates.noindex/InSwifted-Addons.build/Debug-appletvos/InConfig.build/InConfig.DependencyMetadataFileList (in target 'InConfig' from project 'InSwifted-Addons')
cd /Users/admin/builder/spi-builder-workspace
write-file /Users/admin/builder/spi-builder-workspace/.derivedData/Build/Intermediates.noindex/InSwifted-Addons.build/Debug-appletvos/InConfig.build/InConfig.DependencyMetadataFileList
Copy /Users/admin/builder/spi-builder-workspace/.derivedData/Build/Intermediates.noindex/GeneratedModuleMaps-appletvos/InConfig.modulemap /Users/admin/builder/spi-builder-workspace/.derivedData/Build/Intermediates.noindex/InSwifted-Addons.build/Debug-appletvos/InConfig.build/InConfig.modulemap (in target 'InConfig' from project 'InSwifted-Addons')
cd /Users/admin/builder/spi-builder-workspace
builtin-copy -exclude .DS_Store -exclude CVS -exclude .svn -exclude .git -exclude .hg -resolve-src-symlinks /Users/admin/builder/spi-builder-workspace/.derivedData/Build/Intermediates.noindex/InSwifted-Addons.build/Debug-appletvos/InConfig.build/InConfig.modulemap /Users/admin/builder/spi-builder-workspace/.derivedData/Build/Intermediates.noindex/GeneratedModuleMaps-appletvos
SwiftDriver InSwifted normal arm64 com.apple.xcode.tools.swift.compiler (in target 'InSwifted' from project 'InSwifted')
cd /Users/admin/builder/spi-builder-workspace/.swiftpm/xcode
builtin-SwiftDriver -- /Applications/Xcode-26.3.0.app/Contents/Developer/Toolchains/XcodeDefault.xctoolchain/usr/bin/swiftc -module-name InSwifted -Onone -enforce-exclusivity\=checked @/Users/admin/builder/spi-builder-workspace/.derivedData/Build/Intermediates.noindex/InSwifted.build/Debug-appletvos/InSwifted.build/Objects-normal/arm64/InSwifted.SwiftFileList -DSWIFT_PACKAGE -DDEBUG -DSWIFT_MODULE_RESOURCE_BUNDLE_UNAVAILABLE -DXcode -plugin-path /Applications/Xcode-26.3.0.app/Contents/Developer/Toolchains/XcodeDefault.xctoolchain/usr/lib/swift/host/plugins/testing -enable-experimental-feature DebugDescriptionMacro -sdk /Applications/Xcode-26.3.0.app/Contents/Developer/Platforms/AppleTVOS.platform/Developer/SDKs/AppleTVOS26.2.sdk -target arm64-apple-tvos12.0 -g -module-cache-path /Users/admin/builder/spi-builder-workspace/.derivedData/ModuleCache.noindex -Xfrontend -serialize-debugging-options -profile-coverage-mapping -profile-generate -enable-testing -suppress-warnings -index-store-path /Users/admin/builder/spi-builder-workspace/.derivedData/Index.noindex/DataStore -Xcc -D_LIBCPP_HARDENING_MODE\=_LIBCPP_HARDENING_MODE_DEBUG -swift-version 5 -I /Users/admin/builder/spi-builder-workspace/.derivedData/Build/Products/Debug-appletvos -Isystem /Applications/Xcode-26.3.0.app/Contents/Developer/Platforms/AppleTVOS.platform/Developer/usr/lib -F /Users/admin/builder/spi-builder-workspace/.derivedData/Build/Products/Debug-appletvos -F /Applications/Xcode-26.3.0.app/Contents/Developer/Platforms/AppleTVOS.platform/Developer/Library/Frameworks -F /Applications/Xcode-26.3.0.app/Contents/Developer/Platforms/AppleTVOS.platform/Developer/SDKs/AppleTVOS26.2.sdk/Developer/Library/Frameworks -c -j10 -enable-batch-mode -incremental -Xcc -ivfsstatcache -Xcc /Users/admin/builder/spi-builder-workspace/.derivedData/SDKStatCaches.noindex/appletvos26.2-23K50-dc75598d0054f22ec865fa860f139d72c1feacec85df2e04b9fa10f95e757c08.sdkstatcache -output-file-map /Users/admin/builder/spi-builder-workspace/.derivedData/Build/Intermediates.noindex/InSwifted.build/Debug-appletvos/InSwifted.build/Objects-normal/arm64/InSwifted-OutputFileMap.json -use-frontend-parseable-output -save-temps -no-color-diagnostics -explicit-module-build -module-cache-path /Users/admin/builder/spi-builder-workspace/.derivedData/Build/Intermediates.noindex/SwiftExplicitPrecompiledModules -clang-scanner-module-cache-path /Users/admin/builder/spi-builder-workspace/.derivedData/ModuleCache.noindex -sdk-module-cache-path /Users/admin/builder/spi-builder-workspace/.derivedData/ModuleCache.noindex -serialize-diagnostics -emit-dependencies -emit-module -emit-module-path /Users/admin/builder/spi-builder-workspace/.derivedData/Build/Intermediates.noindex/InSwifted.build/Debug-appletvos/InSwifted.build/Objects-normal/arm64/InSwifted.swiftmodule -validate-clang-modules-once -clang-build-session-file /Users/admin/builder/spi-builder-workspace/.derivedData/ModuleCache.noindex/Session.modulevalidation -Xcc -I/Users/admin/builder/spi-builder-workspace/.derivedData/Build/Intermediates.noindex/InSwifted.build/Debug-appletvos/InSwifted.build/swift-overrides.hmap -emit-const-values -Xfrontend -const-gather-protocols-file -Xfrontend /Users/admin/builder/spi-builder-workspace/.derivedData/Build/Intermediates.noindex/InSwifted.build/Debug-appletvos/InSwifted.build/Objects-normal/arm64/InSwifted_const_extract_protocols.json -Xcc -I/Users/admin/builder/spi-builder-workspace/.derivedData/Build/Products/Debug-appletvos/include -Xcc -I/Users/admin/builder/spi-builder-workspace/.derivedData/Build/Intermediates.noindex/InSwifted.build/Debug-appletvos/InSwifted.build/DerivedSources-normal/arm64 -Xcc -I/Users/admin/builder/spi-builder-workspace/.derivedData/Build/Intermediates.noindex/InSwifted.build/Debug-appletvos/InSwifted.build/DerivedSources/arm64 -Xcc -I/Users/admin/builder/spi-builder-workspace/.derivedData/Build/Intermediates.noindex/InSwifted.build/Debug-appletvos/InSwifted.build/DerivedSources -Xcc -DSWIFT_PACKAGE -Xcc -DDEBUG\=1 -emit-objc-header -emit-objc-header-path /Users/admin/builder/spi-builder-workspace/.derivedData/Build/Intermediates.noindex/InSwifted.build/Debug-appletvos/InSwifted.build/Objects-normal/arm64/InSwifted-Swift.h -working-directory /Users/admin/builder/spi-builder-workspace/.swiftpm/xcode -experimental-emit-module-separately -disable-cmo
SwiftDriver Prelude normal arm64 com.apple.xcode.tools.swift.compiler (in target 'Prelude' from project 'Prelude')
cd /Users/admin/builder/spi-builder-workspace/.swiftpm/xcode
builtin-SwiftDriver -- /Applications/Xcode-26.3.0.app/Contents/Developer/Toolchains/XcodeDefault.xctoolchain/usr/bin/swiftc -module-name Prelude -Onone -enforce-exclusivity\=checked @/Users/admin/builder/spi-builder-workspace/.derivedData/Build/Intermediates.noindex/Prelude.build/Debug-appletvos/Prelude.build/Objects-normal/arm64/Prelude.SwiftFileList -DSWIFT_PACKAGE -DDEBUG -DSWIFT_MODULE_RESOURCE_BUNDLE_UNAVAILABLE -DXcode -plugin-path /Applications/Xcode-26.3.0.app/Contents/Developer/Toolchains/XcodeDefault.xctoolchain/usr/lib/swift/host/plugins/testing -enable-experimental-feature DebugDescriptionMacro -sdk /Applications/Xcode-26.3.0.app/Contents/Developer/Platforms/AppleTVOS.platform/Developer/SDKs/AppleTVOS26.2.sdk -target arm64-apple-tvos12.0 -g -module-cache-path /Users/admin/builder/spi-builder-workspace/.derivedData/ModuleCache.noindex -Xfrontend -serialize-debugging-options -profile-coverage-mapping -profile-generate -enable-testing -suppress-warnings -index-store-path /Users/admin/builder/spi-builder-workspace/.derivedData/Index.noindex/DataStore -Xcc -D_LIBCPP_HARDENING_MODE\=_LIBCPP_HARDENING_MODE_DEBUG -swift-version 5 -I /Users/admin/builder/spi-builder-workspace/.derivedData/Build/Products/Debug-appletvos -Isystem /Applications/Xcode-26.3.0.app/Contents/Developer/Platforms/AppleTVOS.platform/Developer/usr/lib -F /Users/admin/builder/spi-builder-workspace/.derivedData/Build/Products/Debug-appletvos -F /Applications/Xcode-26.3.0.app/Contents/Developer/Platforms/AppleTVOS.platform/Developer/Library/Frameworks -F /Applications/Xcode-26.3.0.app/Contents/Developer/Platforms/AppleTVOS.platform/Developer/SDKs/AppleTVOS26.2.sdk/Developer/Library/Frameworks -c -j10 -enable-batch-mode -incremental -Xcc -ivfsstatcache -Xcc /Users/admin/builder/spi-builder-workspace/.derivedData/SDKStatCaches.noindex/appletvos26.2-23K50-dc75598d0054f22ec865fa860f139d72c1feacec85df2e04b9fa10f95e757c08.sdkstatcache -output-file-map /Users/admin/builder/spi-builder-workspace/.derivedData/Build/Intermediates.noindex/Prelude.build/Debug-appletvos/Prelude.build/Objects-normal/arm64/Prelude-OutputFileMap.json -use-frontend-parseable-output -save-temps -no-color-diagnostics -explicit-module-build -module-cache-path /Users/admin/builder/spi-builder-workspace/.derivedData/Build/Intermediates.noindex/SwiftExplicitPrecompiledModules -clang-scanner-module-cache-path /Users/admin/builder/spi-builder-workspace/.derivedData/ModuleCache.noindex -sdk-module-cache-path /Users/admin/builder/spi-builder-workspace/.derivedData/ModuleCache.noindex -serialize-diagnostics -emit-dependencies -emit-module -emit-module-path /Users/admin/builder/spi-builder-workspace/.derivedData/Build/Intermediates.noindex/Prelude.build/Debug-appletvos/Prelude.build/Objects-normal/arm64/Prelude.swiftmodule -validate-clang-modules-once -clang-build-session-file /Users/admin/builder/spi-builder-workspace/.derivedData/ModuleCache.noindex/Session.modulevalidation -Xcc -I/Users/admin/builder/spi-builder-workspace/.derivedData/Build/Intermediates.noindex/Prelude.build/Debug-appletvos/Prelude.build/swift-overrides.hmap -emit-const-values -Xfrontend -const-gather-protocols-file -Xfrontend /Users/admin/builder/spi-builder-workspace/.derivedData/Build/Intermediates.noindex/Prelude.build/Debug-appletvos/Prelude.build/Objects-normal/arm64/Prelude_const_extract_protocols.json -Xcc -I/Users/admin/builder/spi-builder-workspace/.derivedData/Build/Products/Debug-appletvos/include -Xcc -I/Users/admin/builder/spi-builder-workspace/.derivedData/Build/Intermediates.noindex/Prelude.build/Debug-appletvos/Prelude.build/DerivedSources-normal/arm64 -Xcc -I/Users/admin/builder/spi-builder-workspace/.derivedData/Build/Intermediates.noindex/Prelude.build/Debug-appletvos/Prelude.build/DerivedSources/arm64 -Xcc -I/Users/admin/builder/spi-builder-workspace/.derivedData/Build/Intermediates.noindex/Prelude.build/Debug-appletvos/Prelude.build/DerivedSources -Xcc -DSWIFT_PACKAGE -Xcc -DDEBUG\=1 -emit-objc-header -emit-objc-header-path /Users/admin/builder/spi-builder-workspace/.derivedData/Build/Intermediates.noindex/Prelude.build/Debug-appletvos/Prelude.build/Objects-normal/arm64/Prelude-Swift.h -working-directory /Users/admin/builder/spi-builder-workspace/.swiftpm/xcode -experimental-emit-module-separately -disable-cmo
SwiftExplicitDependencyGeneratePcm arm64 /Users/admin/builder/spi-builder-workspace/.derivedData/ModuleCache.noindex/_Builtin_stdbool-EAYCD616FQ0RDYYOEFYO1BMV1.pcm
SwiftExplicitDependencyGeneratePcm arm64 /Users/admin/builder/spi-builder-workspace/.derivedData/ModuleCache.noindex/_SwiftConcurrencyShims-3NXAGF6DBLF3LKTFUNVFWKWNL.pcm
SwiftExplicitDependencyGeneratePcm arm64 /Users/admin/builder/spi-builder-workspace/.derivedData/ModuleCache.noindex/ptrcheck-A262UIO72NZ44KOOUHYVTVD34.pcm
SwiftExplicitDependencyGeneratePcm arm64 /Users/admin/builder/spi-builder-workspace/.derivedData/ModuleCache.noindex/ptrauth-C7ZNRUUC7QC8O8GNT7R7A8QTZ.pcm
SwiftExplicitDependencyGeneratePcm arm64 /Users/admin/builder/spi-builder-workspace/.derivedData/ModuleCache.noindex/_Builtin_float-ET5C1L7ONVBB23WGY8RHPACZN.pcm
SwiftExplicitDependencyGeneratePcm arm64 /Users/admin/builder/spi-builder-workspace/.derivedData/ModuleCache.noindex/_Builtin_stdarg-A18228RMTOUB0VOFXESBRN21U.pcm
SwiftExplicitDependencyGeneratePcm arm64 /Users/admin/builder/spi-builder-workspace/.derivedData/ModuleCache.noindex/_AvailabilityInternal-7Z5BXIW8MVEC0EU944AVMJ6RG.pcm
SwiftExplicitDependencyGeneratePcm arm64 /Users/admin/builder/spi-builder-workspace/.derivedData/ModuleCache.noindex/_Builtin_stddef-A57D84N7A2Q4CVJV245Y9GGPK.pcm
SwiftExplicitDependencyGeneratePcm arm64 /Users/admin/builder/spi-builder-workspace/.derivedData/ModuleCache.noindex/SwiftShims-CUB1TEDTB8JJWCJBYK0EW7HWD.pcm
SwiftExplicitDependencyGeneratePcm arm64 /Users/admin/builder/spi-builder-workspace/.derivedData/ModuleCache.noindex/_DarwinFoundation1-E448SFMHAYNCYJ90LFJKGGUMT.pcm
SwiftExplicitDependencyGeneratePcm arm64 /Users/admin/builder/spi-builder-workspace/.derivedData/ModuleCache.noindex/_DarwinFoundation2-7MGFTKQ0OUDR1C72INHLA4BE.pcm
SwiftExplicitDependencyGeneratePcm arm64 /Users/admin/builder/spi-builder-workspace/.derivedData/ModuleCache.noindex/_Builtin_limits-BN0867716FZWZWJB23IHOUFY5.pcm
SwiftExplicitDependencyGeneratePcm arm64 /Users/admin/builder/spi-builder-workspace/.derivedData/ModuleCache.noindex/sys_types-1XFO68C1O9POTJSZ7ROIU30GG.pcm
SwiftExplicitDependencyGeneratePcm arm64 /Users/admin/builder/spi-builder-workspace/.derivedData/ModuleCache.noindex/_Builtin_stdint-7DORIFH0ZITTV4JODPMB69RV5.pcm
SwiftExplicitDependencyGeneratePcm arm64 /Users/admin/builder/spi-builder-workspace/.derivedData/ModuleCache.noindex/_DarwinFoundation3-4HXAW79ZF68GE3HPQ3JFIKEN1.pcm
SwiftExplicitDependencyGeneratePcm arm64 /Users/admin/builder/spi-builder-workspace/.derivedData/ModuleCache.noindex/_Builtin_inttypes-R227UYNR87N7HXSJ0SI7N4S2.pcm
SwiftExplicitDependencyGeneratePcm arm64 /Users/admin/builder/spi-builder-workspace/.derivedData/ModuleCache.noindex/Darwin-A13RNMYMYUMU4Q8WZT7O0VTD0.pcm
SwiftExplicitDependencyGeneratePcm arm64 /Users/admin/builder/spi-builder-workspace/.derivedData/ModuleCache.noindex/ObjectiveC-364JM390UZ0K2LTG52PF6POJQ.pcm
SwiftExplicitDependencyGeneratePcm arm64 /Users/admin/builder/spi-builder-workspace/.derivedData/ModuleCache.noindex/os_object-4K7P301X1OJT48ALUBN64GT9C.pcm
SwiftExplicitDependencyGeneratePcm arm64 /Users/admin/builder/spi-builder-workspace/.derivedData/ModuleCache.noindex/os_workgroup-6PLG1EA9WQAOU683M7F7AY01O.pcm
SwiftExplicitDependencyGeneratePcm arm64 /Users/admin/builder/spi-builder-workspace/.derivedData/ModuleCache.noindex/Dispatch-E0BNAXPW36UE3MS5CDDD6KDH2.pcm
SwiftExplicitDependencyGeneratePcm arm64 /Users/admin/builder/spi-builder-workspace/.derivedData/ModuleCache.noindex/CoreFoundation-5J4SIZCW68BHIY7F5M1KSQ9HB.pcm
SwiftExplicitDependencyGeneratePcm arm64 /Users/admin/builder/spi-builder-workspace/.derivedData/ModuleCache.noindex/CFNetwork-6L1G3F5CHOB23JDHSD9JLQRKP.pcm
SwiftExplicitDependencyGeneratePcm arm64 /Users/admin/builder/spi-builder-workspace/.derivedData/ModuleCache.noindex/Security-BQZXUCN4ENBGM0IVTT1TCS5E4.pcm
SwiftExplicitDependencyGeneratePcm arm64 /Users/admin/builder/spi-builder-workspace/.derivedData/ModuleCache.noindex/Foundation-36RNFA2UNUZB7F30GQWLJSFJV.pcm
SwiftEmitModule normal arm64 Emitting\ module\ for\ Prelude (in target 'Prelude' from project 'Prelude')
EmitSwiftModule normal arm64 (in target 'Prelude' from project 'Prelude')
cd /Users/admin/builder/spi-builder-workspace/.swiftpm/xcode
/Users/admin/builder/spi-builder-workspace/.dependencies/checkouts/prelude/Sources/Prelude/Extensions/Sequence.swift:8:74: error: concurrency is only available in tvOS 13.0.0 or newer
func flatMap<T>(_ transform: @escaping (Element) async throws -> T?) async rethrows -> [T] {
^
/Users/admin/builder/spi-builder-workspace/.dependencies/checkouts/prelude/Sources/Prelude/Extensions/Sequence.swift:8:10: note: add '@available' attribute to enclosing instance method
func flatMap<T>(_ transform: @escaping (Element) async throws -> T?) async rethrows -> [T] {
^
/Users/admin/builder/spi-builder-workspace/.dependencies/checkouts/prelude/Sources/Prelude/Extensions/Sequence.swift:6:8: note: add '@available' attribute to enclosing extension
public extension Sequence {
^
/Users/admin/builder/spi-builder-workspace/.dependencies/checkouts/prelude/Sources/Prelude/Extensions/Sequence.swift:27:75: error: concurrency is only available in tvOS 13.0.0 or newer
func flatMap<T>(_ transform: @escaping (Element) async throws -> [T]) async rethrows -> [T] {
^
/Users/admin/builder/spi-builder-workspace/.dependencies/checkouts/prelude/Sources/Prelude/Extensions/Sequence.swift:27:10: note: add '@available' attribute to enclosing instance method
func flatMap<T>(_ transform: @escaping (Element) async throws -> [T]) async rethrows -> [T] {
^
/Users/admin/builder/spi-builder-workspace/.dependencies/checkouts/prelude/Sources/Prelude/Extensions/Sequence.swift:6:8: note: add '@available' attribute to enclosing extension
public extension Sequence {
^
Failed frontend command:
/Applications/Xcode-26.3.0.app/Contents/Developer/Toolchains/XcodeDefault.xctoolchain/usr/bin/swift-frontend -frontend -emit-module -experimental-skip-non-inlinable-function-bodies-without-types /Users/admin/builder/spi-builder-workspace/.dependencies/checkouts/prelude/Sources/Prelude/Extensions/Array.swift /Users/admin/builder/spi-builder-workspace/.dependencies/checkouts/prelude/Sources/Prelude/Extensions/Date.swift /Users/admin/builder/spi-builder-workspace/.dependencies/checkouts/prelude/Sources/Prelude/Extensions/Sequence.swift /Users/admin/builder/spi-builder-workspace/.dependencies/checkouts/prelude/Sources/Prelude/Extensions/String.swift /Users/admin/builder/spi-builder-workspace/.dependencies/checkouts/prelude/Sources/Prelude/Extensions/UIDevice.swift /Users/admin/builder/spi-builder-workspace/.dependencies/checkouts/prelude/Sources/Prelude/PropertyWrappers/Default/Default.swift /Users/admin/builder/spi-builder-workspace/.dependencies/checkouts/prelude/Sources/Prelude/PropertyWrappers/Default/DefaultArray.swift /Users/admin/builder/spi-builder-workspace/.dependencies/checkouts/prelude/Sources/Prelude/PropertyWrappers/Default/DefaultBool.swift /Users/admin/builder/spi-builder-workspace/.dependencies/checkouts/prelude/Sources/Prelude/PropertyWrappers/Default/DefaultCodable.swift /Users/admin/builder/spi-builder-workspace/.dependencies/checkouts/prelude/Sources/Prelude/Utilities/XMLDecoder/XMLDecoder.swift /Users/admin/builder/spi-builder-workspace/.dependencies/checkouts/prelude/Sources/Prelude/Utilities/XMLDecoder/XMLDecoderKeyedDecodingContainer.swift /Users/admin/builder/spi-builder-workspace/.dependencies/checkouts/prelude/Sources/Prelude/Utilities/XMLDecoder/XMLDecoderSingleValueDecodingContainer.swift /Users/admin/builder/spi-builder-workspace/.dependencies/checkouts/prelude/Sources/Prelude/Utilities/XMLDecoder/XMLDecoderUnkeyedDecodingContainer.swift /Users/admin/builder/spi-builder-workspace/.dependencies/checkouts/prelude/Sources/Prelude/Utilities/XMLDecoder/XMLElement.swift /Users/admin/builder/spi-builder-workspace/.dependencies/checkouts/prelude/Sources/Prelude/Utilities/XMLDecoder/XMLParser.swift -target arm64-apple-tvos12.0 -module-can-import-version UIKit 9126.2.4.1 9126.2.4 -load-resolved-plugin /Applications/Xcode-26.3.0.app/Contents/Developer/Platforms/AppleTVOS.platform/Developer/usr/lib/swift/host/plugins/libFoundationMacros.dylib\#/Applications/Xcode-26.3.0.app/Contents/Developer/Platforms/AppleTVOS.platform/Developer/usr/bin/swift-plugin-server\#FoundationMacros -load-resolved-plugin /Applications/Xcode-26.3.0.app/Contents/Developer/Platforms/AppleTVOS.platform/Developer/usr/lib/swift/host/plugins/libObservationMacros.dylib\#/Applications/Xcode-26.3.0.app/Contents/Developer/Platforms/AppleTVOS.platform/Developer/usr/bin/swift-plugin-server\#ObservationMacros -load-resolved-plugin /Applications/Xcode-26.3.0.app/Contents/Developer/Platforms/AppleTVOS.platform/Developer/usr/lib/swift/host/plugins/libSwiftMacros.dylib\#/Applications/Xcode-26.3.0.app/Contents/Developer/Platforms/AppleTVOS.platform/Developer/usr/bin/swift-plugin-server\#SwiftMacros -disable-implicit-swift-modules -Xcc -fno-implicit-modules -Xcc -fno-implicit-module-maps -explicit-swift-module-map-file /Users/admin/builder/spi-builder-workspace/.derivedData/Build/Intermediates.noindex/Prelude.build/Debug-appletvos/Prelude.build/Objects-normal/arm64/Prelude-dependencies-1.json -Xllvm -aarch64-use-tbi -enable-objc-interop -sdk /Applications/Xcode-26.3.0.app/Contents/Developer/Platforms/AppleTVOS.platform/Developer/SDKs/AppleTVOS26.2.sdk -I /Users/admin/builder/spi-builder-workspace/.derivedData/Build/Products/Debug-appletvos -Isystem /Applications/Xcode-26.3.0.app/Contents/Developer/Platforms/AppleTVOS.platform/Developer/usr/lib -F /Users/admin/builder/spi-builder-workspace/.derivedData/Build/Products/Debug-appletvos -F /Applications/Xcode-26.3.0.app/Contents/Developer/Platforms/AppleTVOS.platform/Developer/Library/Frameworks -F /Applications/Xcode-26.3.0.app/Contents/Developer/Platforms/AppleTVOS.platform/Developer/SDKs/AppleTVOS26.2.sdk/Developer/Library/Frameworks -no-color-diagnostics -Xcc -fno-color-diagnostics -enable-testing -g -debug-info-format\=dwarf -dwarf-version\=4 -module-cache-path /Users/admin/builder/spi-builder-workspace/.derivedData/Build/Intermediates.noindex/SwiftExplicitPrecompiledModules -suppress-warnings -profile-generate -profile-coverage-mapping -swift-version 5 -enforce-exclusivity\=checked -Onone -D SWIFT_PACKAGE -D DEBUG -D SWIFT_MODULE_RESOURCE_BUNDLE_UNAVAILABLE -D Xcode -serialize-debugging-options -const-gather-protocols-file /Users/admin/builder/spi-builder-workspace/.derivedData/Build/Intermediates.noindex/Prelude.build/Debug-appletvos/Prelude.build/Objects-normal/arm64/Prelude_const_extract_protocols.json -enable-experimental-feature DebugDescriptionMacro -empty-abi-descriptor -validate-clang-modules-once -clang-build-session-file /Users/admin/builder/spi-builder-workspace/.derivedData/ModuleCache.noindex/Session.modulevalidation -Xcc -working-directory -Xcc /Users/admin/builder/spi-builder-workspace/.swiftpm/xcode -enable-anonymous-context-mangled-names -file-compilation-dir /Users/admin/builder/spi-builder-workspace/.swiftpm/xcode -Xcc -D_LIBCPP_HARDENING_MODE\=_LIBCPP_HARDENING_MODE_DEBUG -Xcc -ivfsstatcache -Xcc /Users/admin/builder/spi-builder-workspace/.derivedData/SDKStatCaches.noindex/appletvos26.2-23K50-dc75598d0054f22ec865fa860f139d72c1feacec85df2e04b9fa10f95e757c08.sdkstatcache -Xcc -I/Users/admin/builder/spi-builder-workspace/.derivedData/Build/Intermediates.noindex/Prelude.build/Debug-appletvos/Prelude.build/swift-overrides.hmap -Xcc -I/Users/admin/builder/spi-builder-workspace/.derivedData/Build/Products/Debug-appletvos/include -Xcc -I/Users/admin/builder/spi-builder-workspace/.derivedData/Build/Intermediates.noindex/Prelude.build/Debug-appletvos/Prelude.build/DerivedSources-normal/arm64 -Xcc -I/Users/admin/builder/spi-builder-workspace/.derivedData/Build/Intermediates.noindex/Prelude.build/Debug-appletvos/Prelude.build/DerivedSources/arm64 -Xcc -I/Users/admin/builder/spi-builder-workspace/.derivedData/Build/Intermediates.noindex/Prelude.build/Debug-appletvos/Prelude.build/DerivedSources -Xcc -DSWIFT_PACKAGE -Xcc -DDEBUG\=1 -no-auto-bridging-header-chaining -module-name Prelude -frontend-parseable-output -disable-clang-spi -target-sdk-version 26.2 -target-sdk-name appletvos26.2 -clang-target arm64-apple-tvos26.2 -in-process-plugin-server-path /Applications/Xcode-26.3.0.app/Contents/Developer/Toolchains/XcodeDefault.xctoolchain/usr/lib/swift/host/libSwiftInProcPluginServer.dylib -emit-module-doc-path /Users/admin/builder/spi-builder-workspace/.derivedData/Build/Intermediates.noindex/Prelude.build/Debug-appletvos/Prelude.build/Objects-normal/arm64/Prelude.swiftdoc -emit-module-source-info-path /Users/admin/builder/spi-builder-workspace/.derivedData/Build/Intermediates.noindex/Prelude.build/Debug-appletvos/Prelude.build/Objects-normal/arm64/Prelude.swiftsourceinfo -emit-objc-header-path /Users/admin/builder/spi-builder-workspace/.derivedData/Build/Intermediates.noindex/Prelude.build/Debug-appletvos/Prelude.build/Objects-normal/arm64/Prelude-Swift.h -serialize-diagnostics-path /Users/admin/builder/spi-builder-workspace/.derivedData/Build/Intermediates.noindex/Prelude.build/Debug-appletvos/Prelude.build/Objects-normal/arm64/Prelude-primary-emit-module.dia -emit-dependencies-path /Users/admin/builder/spi-builder-workspace/.derivedData/Build/Intermediates.noindex/Prelude.build/Debug-appletvos/Prelude.build/Objects-normal/arm64/Prelude-primary-emit-module.d -o /Users/admin/builder/spi-builder-workspace/.derivedData/Build/Intermediates.noindex/Prelude.build/Debug-appletvos/Prelude.build/Objects-normal/arm64/Prelude.swiftmodule -emit-abi-descriptor-path /Users/admin/builder/spi-builder-workspace/.derivedData/Build/Intermediates.noindex/Prelude.build/Debug-appletvos/Prelude.build/Objects-normal/arm64/Prelude.abi.json
SwiftCompile normal arm64 Compiling\ DefaultCodable.swift,\ XMLDecoder.swift /Users/admin/builder/spi-builder-workspace/.dependencies/checkouts/prelude/Sources/Prelude/PropertyWrappers/Default/DefaultCodable.swift /Users/admin/builder/spi-builder-workspace/.dependencies/checkouts/prelude/Sources/Prelude/Utilities/XMLDecoder/XMLDecoder.swift (in target 'Prelude' from project 'Prelude')
SwiftCompile normal arm64 /Users/admin/builder/spi-builder-workspace/.dependencies/checkouts/prelude/Sources/Prelude/PropertyWrappers/Default/DefaultCodable.swift (in target 'Prelude' from project 'Prelude')
cd /Users/admin/builder/spi-builder-workspace/.swiftpm/xcode
SwiftCompile normal arm64 /Users/admin/builder/spi-builder-workspace/.dependencies/checkouts/prelude/Sources/Prelude/Utilities/XMLDecoder/XMLDecoder.swift (in target 'Prelude' from project 'Prelude')
cd /Users/admin/builder/spi-builder-workspace/.swiftpm/xcode
SwiftCompile normal arm64 Compiling\ XMLDecoderKeyedDecodingContainer.swift /Users/admin/builder/spi-builder-workspace/.dependencies/checkouts/prelude/Sources/Prelude/Utilities/XMLDecoder/XMLDecoderKeyedDecodingContainer.swift (in target 'Prelude' from project 'Prelude')
SwiftCompile normal arm64 /Users/admin/builder/spi-builder-workspace/.dependencies/checkouts/prelude/Sources/Prelude/Utilities/XMLDecoder/XMLDecoderKeyedDecodingContainer.swift (in target 'Prelude' from project 'Prelude')
cd /Users/admin/builder/spi-builder-workspace/.swiftpm/xcode
SwiftCompile normal arm64 Compiling\ DefaultArray.swift,\ DefaultBool.swift /Users/admin/builder/spi-builder-workspace/.dependencies/checkouts/prelude/Sources/Prelude/PropertyWrappers/Default/DefaultArray.swift /Users/admin/builder/spi-builder-workspace/.dependencies/checkouts/prelude/Sources/Prelude/PropertyWrappers/Default/DefaultBool.swift (in target 'Prelude' from project 'Prelude')
SwiftCompile normal arm64 /Users/admin/builder/spi-builder-workspace/.dependencies/checkouts/prelude/Sources/Prelude/PropertyWrappers/Default/DefaultArray.swift (in target 'Prelude' from project 'Prelude')
cd /Users/admin/builder/spi-builder-workspace/.swiftpm/xcode
SwiftCompile normal arm64 /Users/admin/builder/spi-builder-workspace/.dependencies/checkouts/prelude/Sources/Prelude/PropertyWrappers/Default/DefaultBool.swift (in target 'Prelude' from project 'Prelude')
cd /Users/admin/builder/spi-builder-workspace/.swiftpm/xcode
SwiftCompile normal arm64 Compiling\ Sequence.swift,\ String.swift /Users/admin/builder/spi-builder-workspace/.dependencies/checkouts/prelude/Sources/Prelude/Extensions/Sequence.swift /Users/admin/builder/spi-builder-workspace/.dependencies/checkouts/prelude/Sources/Prelude/Extensions/String.swift (in target 'Prelude' from project 'Prelude')
SwiftCompile normal arm64 /Users/admin/builder/spi-builder-workspace/.dependencies/checkouts/prelude/Sources/Prelude/Extensions/Sequence.swift (in target 'Prelude' from project 'Prelude')
cd /Users/admin/builder/spi-builder-workspace/.swiftpm/xcode
SwiftCompile normal arm64 /Users/admin/builder/spi-builder-workspace/.dependencies/checkouts/prelude/Sources/Prelude/Extensions/String.swift (in target 'Prelude' from project 'Prelude')
cd /Users/admin/builder/spi-builder-workspace/.swiftpm/xcode
SwiftCompile normal arm64 Compiling\ XMLParser.swift /Users/admin/builder/spi-builder-workspace/.dependencies/checkouts/prelude/Sources/Prelude/Utilities/XMLDecoder/XMLParser.swift (in target 'Prelude' from project 'Prelude')
SwiftCompile normal arm64 /Users/admin/builder/spi-builder-workspace/.dependencies/checkouts/prelude/Sources/Prelude/Utilities/XMLDecoder/XMLParser.swift (in target 'Prelude' from project 'Prelude')
cd /Users/admin/builder/spi-builder-workspace/.swiftpm/xcode
SwiftEmitModule normal arm64 Emitting\ module\ for\ InSwifted (in target 'InSwifted' from project 'InSwifted')
EmitSwiftModule normal arm64 (in target 'InSwifted' from project 'InSwifted')
cd /Users/admin/builder/spi-builder-workspace/.swiftpm/xcode
SwiftCompile normal arm64 Compiling\ XMLDecoderSingleValueDecodingContainer.swift /Users/admin/builder/spi-builder-workspace/.dependencies/checkouts/prelude/Sources/Prelude/Utilities/XMLDecoder/XMLDecoderSingleValueDecodingContainer.swift (in target 'Prelude' from project 'Prelude')
SwiftCompile normal arm64 /Users/admin/builder/spi-builder-workspace/.dependencies/checkouts/prelude/Sources/Prelude/Utilities/XMLDecoder/XMLDecoderSingleValueDecodingContainer.swift (in target 'Prelude' from project 'Prelude')
cd /Users/admin/builder/spi-builder-workspace/.swiftpm/xcode
SwiftCompile normal arm64 Compiling\ XMLDecoderUnkeyedDecodingContainer.swift /Users/admin/builder/spi-builder-workspace/.dependencies/checkouts/prelude/Sources/Prelude/Utilities/XMLDecoder/XMLDecoderUnkeyedDecodingContainer.swift (in target 'Prelude' from project 'Prelude')
SwiftCompile normal arm64 /Users/admin/builder/spi-builder-workspace/.dependencies/checkouts/prelude/Sources/Prelude/Utilities/XMLDecoder/XMLDecoderUnkeyedDecodingContainer.swift (in target 'Prelude' from project 'Prelude')
cd /Users/admin/builder/spi-builder-workspace/.swiftpm/xcode
SwiftCompile normal arm64 Compiling\ XMLElement.swift /Users/admin/builder/spi-builder-workspace/.dependencies/checkouts/prelude/Sources/Prelude/Utilities/XMLDecoder/XMLElement.swift (in target 'Prelude' from project 'Prelude')
SwiftCompile normal arm64 /Users/admin/builder/spi-builder-workspace/.dependencies/checkouts/prelude/Sources/Prelude/Utilities/XMLDecoder/XMLElement.swift (in target 'Prelude' from project 'Prelude')
cd /Users/admin/builder/spi-builder-workspace/.swiftpm/xcode
SwiftCompile normal arm64 Compiling\ UIDevice.swift,\ Default.swift /Users/admin/builder/spi-builder-workspace/.dependencies/checkouts/prelude/Sources/Prelude/Extensions/UIDevice.swift /Users/admin/builder/spi-builder-workspace/.dependencies/checkouts/prelude/Sources/Prelude/PropertyWrappers/Default/Default.swift (in target 'Prelude' from project 'Prelude')
2026-07-23 03:51:26.984 xcodebuild[742:4591] [MT] IDERunDestination: Supported platforms for the buildables in the current scheme is empty.
** BUILD FAILED **
The following build commands failed:
EmitSwiftModule normal arm64 (in target 'Prelude' from project 'Prelude')
SwiftEmitModule normal arm64 Emitting\ module\ for\ Prelude (in target 'Prelude' from project 'Prelude')
Building workspace spi-builder-workspace with scheme InSwifted-Addons-Package
(3 failures)
Command line invocation:
/Applications/Xcode-26.3.0.app/Contents/Developer/usr/bin/xcodebuild -IDEClonedSourcePackagesDirPathOverride=/Users/admin/builder/spi-builder-workspace/.dependencies -resolvePackageDependencies
Resolve Package Graph
Resolved source packages:
InSwifted: https://github.com/JustinGuedes/inswifted.git @ 0.1.0
InSwifted-Addons: /Users/admin/builder/spi-builder-workspace
Prelude: https://github.com/JustinGuedes/prelude.git @ 0.0.6
resolved source packages: InSwifted, InSwifted-Addons, Prelude
2026-07-23 03:51:32.924 xcodebuild[809:4955] [MT] IDERunDestination: Supported platforms for the buildables in the current scheme is empty.
{
"dependencies" : [
{
"identity" : "inswifted",
"requirement" : {
"range" : [
{
"lower_bound" : "0.1.0",
"upper_bound" : "1.0.0"
}
]
},
"type" : "sourceControl",
"url" : "https://github.com/JustinGuedes/inswifted.git"
},
{
"identity" : "prelude",
"requirement" : {
"range" : [
{
"lower_bound" : "0.0.1",
"upper_bound" : "0.1.0"
}
]
},
"type" : "sourceControl",
"url" : "https://github.com/JustinGuedes/prelude.git"
}
],
"manifest_display_name" : "InSwifted-Addons",
"name" : "InSwifted-Addons",
"path" : "/Users/admin/builder/spi-builder-workspace",
"platforms" : [
{
"name" : "ios",
"version" : "14.0"
},
{
"name" : "macos",
"version" : "11.0"
}
],
"products" : [
{
"name" : "InModules",
"targets" : [
"InModules"
],
"type" : {
"library" : [
"automatic"
]
}
},
{
"name" : "InConfig",
"targets" : [
"InConfig"
],
"type" : {
"library" : [
"automatic"
]
}
},
{
"name" : "InTabs",
"targets" : [
"InTabs"
],
"type" : {
"library" : [
"automatic"
]
}
}
],
"targets" : [
{
"c99name" : "InTabsTests",
"module_type" : "SwiftTarget",
"name" : "InTabsTests",
"path" : "Tests/InTabsTests",
"sources" : [
"InTabsTests.swift"
],
"target_dependencies" : [
"InTabs"
],
"type" : "test"
},
{
"c99name" : "InTabs",
"module_type" : "SwiftTarget",
"name" : "InTabs",
"path" : "Sources/InTabs",
"product_dependencies" : [
"InSwifted",
"Prelude"
],
"product_memberships" : [
"InTabs"
],
"sources" : [
"Models/Tab.swift",
"Models/TabBarStyle.swift",
"Models/TabBuilder.swift",
"Models/TabImage.swift",
"Models/TabProvider.swift",
"Views/Bar/InTabBar.swift",
"Views/Defaults/DefaultLoadingView.swift",
"Views/Defaults/DefaultNoTabsView.swift",
"Views/Tab/InTabView.swift",
"Views/Tab/InTabViewModel.swift"
],
"type" : "library"
},
{
"c99name" : "InModulesTests",
"module_type" : "SwiftTarget",
"name" : "InModulesTests",
"path" : "Tests/InModulesTests",
"sources" : [
"InModulesTests.swift"
],
"target_dependencies" : [
"InModules"
],
"type" : "test"
},
{
"c99name" : "InModules",
"module_type" : "SwiftTarget",
"name" : "InModules",
"path" : "Sources/InModules",
"product_dependencies" : [
"InSwifted"
],
"product_memberships" : [
"InModules"
],
"sources" : [
"App/ModularApp.swift",
"Container/Container.swift",
"Container/ContainerGroup.swift",
"Module/Module.swift",
"Module/ModuleBuilder.swift"
],
"type" : "library"
},
{
"c99name" : "InConfigTests",
"module_type" : "SwiftTarget",
"name" : "InConfigTests",
"path" : "Tests/InConfigTests",
"sources" : [
"InConfigTests.swift"
],
"target_dependencies" : [
"InConfig"
],
"type" : "test"
},
{
"c99name" : "InConfig",
"module_type" : "SwiftTarget",
"name" : "InConfig",
"path" : "Sources/InConfig",
"product_dependencies" : [
"InSwifted"
],
"product_memberships" : [
"InConfig"
],
"sources" : [
"Config.swift",
"ConfigProvider.swift",
"Providers/PropertyListConfigProvider.swift"
],
"type" : "library"
}
],
"tools_version" : "5.6"
}
{
"workspace" : {
"name" : "spi-builder-workspace",
"schemes" : [
"InConfig",
"InModules",
"InSwifted-Addons-Package",
"InTabs"
]
}
}
2026-07-23 03:51:34.060 xcodebuild[817:5025] [MT] IDERunDestination: Supported platforms for the buildables in the current scheme is empty.
Running build ...
env DEVELOPER_DIR=/Applications/Xcode-26.3.0.app xcrun xcodebuild -IDEClonedSourcePackagesDirPathOverride=$PWD/.dependencies -skipMacroValidation -skipPackagePluginValidation -derivedDataPath $PWD/.derivedData build -scheme InSwifted-Addons-Package -destination generic/platform=tvOS
Command line invocation:
/Applications/Xcode-26.3.0.app/Contents/Developer/usr/bin/xcodebuild -IDEClonedSourcePackagesDirPathOverride=/Users/admin/builder/spi-builder-workspace/.dependencies -skipMacroValidation -skipPackagePluginValidation -derivedDataPath /Users/admin/builder/spi-builder-workspace/.derivedData build -scheme InSwifted-Addons-Package -destination generic/platform=tvOS
Resolve Package Graph
Resolved source packages:
Prelude: https://github.com/JustinGuedes/prelude.git @ 0.0.6
InSwifted: https://github.com/JustinGuedes/inswifted.git @ 0.1.0
InSwifted-Addons: /Users/admin/builder/spi-builder-workspace
ComputePackagePrebuildTargetDependencyGraph
Prepare packages
CreateBuildRequest
SendProjectDescription
CreateBuildOperation
ComputeTargetDependencyGraph
note: Building targets in dependency order
note: Target dependency graph (10 targets)
Target 'InTabs' in project 'InSwifted-Addons'
➜ Explicit dependency on target 'InTabs' in project 'InSwifted-Addons'
➜ Explicit dependency on target 'InSwifted' in project 'InSwifted'
➜ Explicit dependency on target 'Prelude' in project 'Prelude'
Target 'InTabs' in project 'InSwifted-Addons'
➜ Explicit dependency on target 'InSwifted' in project 'InSwifted'
➜ Explicit dependency on target 'Prelude' in project 'Prelude'
Target 'Prelude' in project 'Prelude'
➜ Explicit dependency on target 'Prelude' in project 'Prelude'
Target 'Prelude' in project 'Prelude' (no dependencies)
Target 'InModules' in project 'InSwifted-Addons'
➜ Explicit dependency on target 'InModules' in project 'InSwifted-Addons'
➜ Explicit dependency on target 'InSwifted' in project 'InSwifted'
Target 'InModules' in project 'InSwifted-Addons'
➜ Explicit dependency on target 'InSwifted' in project 'InSwifted'
Target 'InConfig' in project 'InSwifted-Addons'
➜ Explicit dependency on target 'InConfig' in project 'InSwifted-Addons'
➜ Explicit dependency on target 'InSwifted' in project 'InSwifted'
Target 'InConfig' in project 'InSwifted-Addons'
➜ Explicit dependency on target 'InSwifted' in project 'InSwifted'
Target 'InSwifted' in project 'InSwifted'
➜ Explicit dependency on target 'InSwifted' in project 'InSwifted'
Target 'InSwifted' in project 'InSwifted' (no dependencies)
GatherProvisioningInputs
CreateBuildDescription
ClangStatCache /Applications/Xcode-26.3.0.app/Contents/Developer/Toolchains/XcodeDefault.xctoolchain/usr/bin/clang-stat-cache /Applications/Xcode-26.3.0.app/Contents/Developer/Platforms/AppleTVOS.platform/Developer/SDKs/AppleTVOS26.2.sdk /Users/admin/builder/spi-builder-workspace/.derivedData/SDKStatCaches.noindex/appletvos26.2-23K50-dc75598d0054f22ec865fa860f139d72c1feacec85df2e04b9fa10f95e757c08.sdkstatcache
cd /Users/admin/builder/spi-builder-workspace/.swiftpm/xcode
/Applications/Xcode-26.3.0.app/Contents/Developer/Toolchains/XcodeDefault.xctoolchain/usr/bin/clang-stat-cache /Applications/Xcode-26.3.0.app/Contents/Developer/Platforms/AppleTVOS.platform/Developer/SDKs/AppleTVOS26.2.sdk -o /Users/admin/builder/spi-builder-workspace/.derivedData/SDKStatCaches.noindex/appletvos26.2-23K50-dc75598d0054f22ec865fa860f139d72c1feacec85df2e04b9fa10f95e757c08.sdkstatcache
SwiftDriver Prelude normal arm64 com.apple.xcode.tools.swift.compiler (in target 'Prelude' from project 'Prelude')
cd /Users/admin/builder/spi-builder-workspace/.swiftpm/xcode
builtin-SwiftDriver -- /Applications/Xcode-26.3.0.app/Contents/Developer/Toolchains/XcodeDefault.xctoolchain/usr/bin/swiftc -module-name Prelude -Onone -enforce-exclusivity\=checked @/Users/admin/builder/spi-builder-workspace/.derivedData/Build/Intermediates.noindex/Prelude.build/Debug-appletvos/Prelude.build/Objects-normal/arm64/Prelude.SwiftFileList -DSWIFT_PACKAGE -DDEBUG -DSWIFT_MODULE_RESOURCE_BUNDLE_UNAVAILABLE -DXcode -plugin-path /Applications/Xcode-26.3.0.app/Contents/Developer/Toolchains/XcodeDefault.xctoolchain/usr/lib/swift/host/plugins/testing -enable-experimental-feature DebugDescriptionMacro -sdk /Applications/Xcode-26.3.0.app/Contents/Developer/Platforms/AppleTVOS.platform/Developer/SDKs/AppleTVOS26.2.sdk -target arm64-apple-tvos12.0 -g -module-cache-path /Users/admin/builder/spi-builder-workspace/.derivedData/ModuleCache.noindex -Xfrontend -serialize-debugging-options -profile-coverage-mapping -profile-generate -enable-testing -suppress-warnings -index-store-path /Users/admin/builder/spi-builder-workspace/.derivedData/Index.noindex/DataStore -Xcc -D_LIBCPP_HARDENING_MODE\=_LIBCPP_HARDENING_MODE_DEBUG -swift-version 5 -I /Users/admin/builder/spi-builder-workspace/.derivedData/Build/Products/Debug-appletvos -Isystem /Applications/Xcode-26.3.0.app/Contents/Developer/Platforms/AppleTVOS.platform/Developer/usr/lib -F /Users/admin/builder/spi-builder-workspace/.derivedData/Build/Products/Debug-appletvos -F /Applications/Xcode-26.3.0.app/Contents/Developer/Platforms/AppleTVOS.platform/Developer/Library/Frameworks -F /Applications/Xcode-26.3.0.app/Contents/Developer/Platforms/AppleTVOS.platform/Developer/SDKs/AppleTVOS26.2.sdk/Developer/Library/Frameworks -c -j10 -enable-batch-mode -incremental -Xcc -ivfsstatcache -Xcc /Users/admin/builder/spi-builder-workspace/.derivedData/SDKStatCaches.noindex/appletvos26.2-23K50-dc75598d0054f22ec865fa860f139d72c1feacec85df2e04b9fa10f95e757c08.sdkstatcache -output-file-map /Users/admin/builder/spi-builder-workspace/.derivedData/Build/Intermediates.noindex/Prelude.build/Debug-appletvos/Prelude.build/Objects-normal/arm64/Prelude-OutputFileMap.json -use-frontend-parseable-output -save-temps -no-color-diagnostics -explicit-module-build -module-cache-path /Users/admin/builder/spi-builder-workspace/.derivedData/Build/Intermediates.noindex/SwiftExplicitPrecompiledModules -clang-scanner-module-cache-path /Users/admin/builder/spi-builder-workspace/.derivedData/ModuleCache.noindex -sdk-module-cache-path /Users/admin/builder/spi-builder-workspace/.derivedData/ModuleCache.noindex -serialize-diagnostics -emit-dependencies -emit-module -emit-module-path /Users/admin/builder/spi-builder-workspace/.derivedData/Build/Intermediates.noindex/Prelude.build/Debug-appletvos/Prelude.build/Objects-normal/arm64/Prelude.swiftmodule -validate-clang-modules-once -clang-build-session-file /Users/admin/builder/spi-builder-workspace/.derivedData/ModuleCache.noindex/Session.modulevalidation -Xcc -I/Users/admin/builder/spi-builder-workspace/.derivedData/Build/Intermediates.noindex/Prelude.build/Debug-appletvos/Prelude.build/swift-overrides.hmap -emit-const-values -Xfrontend -const-gather-protocols-file -Xfrontend /Users/admin/builder/spi-builder-workspace/.derivedData/Build/Intermediates.noindex/Prelude.build/Debug-appletvos/Prelude.build/Objects-normal/arm64/Prelude_const_extract_protocols.json -Xcc -I/Users/admin/builder/spi-builder-workspace/.derivedData/Build/Products/Debug-appletvos/include -Xcc -I/Users/admin/builder/spi-builder-workspace/.derivedData/Build/Intermediates.noindex/Prelude.build/Debug-appletvos/Prelude.build/DerivedSources-normal/arm64 -Xcc -I/Users/admin/builder/spi-builder-workspace/.derivedData/Build/Intermediates.noindex/Prelude.build/Debug-appletvos/Prelude.build/DerivedSources/arm64 -Xcc -I/Users/admin/builder/spi-builder-workspace/.derivedData/Build/Intermediates.noindex/Prelude.build/Debug-appletvos/Prelude.build/DerivedSources -Xcc -DSWIFT_PACKAGE -Xcc -DDEBUG\=1 -emit-objc-header -emit-objc-header-path /Users/admin/builder/spi-builder-workspace/.derivedData/Build/Intermediates.noindex/Prelude.build/Debug-appletvos/Prelude.build/Objects-normal/arm64/Prelude-Swift.h -working-directory /Users/admin/builder/spi-builder-workspace/.swiftpm/xcode -experimental-emit-module-separately -disable-cmo
SwiftDriver InSwifted normal arm64 com.apple.xcode.tools.swift.compiler (in target 'InSwifted' from project 'InSwifted')
cd /Users/admin/builder/spi-builder-workspace/.swiftpm/xcode
builtin-SwiftDriver -- /Applications/Xcode-26.3.0.app/Contents/Developer/Toolchains/XcodeDefault.xctoolchain/usr/bin/swiftc -module-name InSwifted -Onone -enforce-exclusivity\=checked @/Users/admin/builder/spi-builder-workspace/.derivedData/Build/Intermediates.noindex/InSwifted.build/Debug-appletvos/InSwifted.build/Objects-normal/arm64/InSwifted.SwiftFileList -DSWIFT_PACKAGE -DDEBUG -DSWIFT_MODULE_RESOURCE_BUNDLE_UNAVAILABLE -DXcode -plugin-path /Applications/Xcode-26.3.0.app/Contents/Developer/Toolchains/XcodeDefault.xctoolchain/usr/lib/swift/host/plugins/testing -enable-experimental-feature DebugDescriptionMacro -sdk /Applications/Xcode-26.3.0.app/Contents/Developer/Platforms/AppleTVOS.platform/Developer/SDKs/AppleTVOS26.2.sdk -target arm64-apple-tvos12.0 -g -module-cache-path /Users/admin/builder/spi-builder-workspace/.derivedData/ModuleCache.noindex -Xfrontend -serialize-debugging-options -profile-coverage-mapping -profile-generate -enable-testing -suppress-warnings -index-store-path /Users/admin/builder/spi-builder-workspace/.derivedData/Index.noindex/DataStore -Xcc -D_LIBCPP_HARDENING_MODE\=_LIBCPP_HARDENING_MODE_DEBUG -swift-version 5 -I /Users/admin/builder/spi-builder-workspace/.derivedData/Build/Products/Debug-appletvos -Isystem /Applications/Xcode-26.3.0.app/Contents/Developer/Platforms/AppleTVOS.platform/Developer/usr/lib -F /Users/admin/builder/spi-builder-workspace/.derivedData/Build/Products/Debug-appletvos -F /Applications/Xcode-26.3.0.app/Contents/Developer/Platforms/AppleTVOS.platform/Developer/Library/Frameworks -F /Applications/Xcode-26.3.0.app/Contents/Developer/Platforms/AppleTVOS.platform/Developer/SDKs/AppleTVOS26.2.sdk/Developer/Library/Frameworks -c -j10 -enable-batch-mode -incremental -Xcc -ivfsstatcache -Xcc /Users/admin/builder/spi-builder-workspace/.derivedData/SDKStatCaches.noindex/appletvos26.2-23K50-dc75598d0054f22ec865fa860f139d72c1feacec85df2e04b9fa10f95e757c08.sdkstatcache -output-file-map /Users/admin/builder/spi-builder-workspace/.derivedData/Build/Intermediates.noindex/InSwifted.build/Debug-appletvos/InSwifted.build/Objects-normal/arm64/InSwifted-OutputFileMap.json -use-frontend-parseable-output -save-temps -no-color-diagnostics -explicit-module-build -module-cache-path /Users/admin/builder/spi-builder-workspace/.derivedData/Build/Intermediates.noindex/SwiftExplicitPrecompiledModules -clang-scanner-module-cache-path /Users/admin/builder/spi-builder-workspace/.derivedData/ModuleCache.noindex -sdk-module-cache-path /Users/admin/builder/spi-builder-workspace/.derivedData/ModuleCache.noindex -serialize-diagnostics -emit-dependencies -emit-module -emit-module-path /Users/admin/builder/spi-builder-workspace/.derivedData/Build/Intermediates.noindex/InSwifted.build/Debug-appletvos/InSwifted.build/Objects-normal/arm64/InSwifted.swiftmodule -validate-clang-modules-once -clang-build-session-file /Users/admin/builder/spi-builder-workspace/.derivedData/ModuleCache.noindex/Session.modulevalidation -Xcc -I/Users/admin/builder/spi-builder-workspace/.derivedData/Build/Intermediates.noindex/InSwifted.build/Debug-appletvos/InSwifted.build/swift-overrides.hmap -emit-const-values -Xfrontend -const-gather-protocols-file -Xfrontend /Users/admin/builder/spi-builder-workspace/.derivedData/Build/Intermediates.noindex/InSwifted.build/Debug-appletvos/InSwifted.build/Objects-normal/arm64/InSwifted_const_extract_protocols.json -Xcc -I/Users/admin/builder/spi-builder-workspace/.derivedData/Build/Products/Debug-appletvos/include -Xcc -I/Users/admin/builder/spi-builder-workspace/.derivedData/Build/Intermediates.noindex/InSwifted.build/Debug-appletvos/InSwifted.build/DerivedSources-normal/arm64 -Xcc -I/Users/admin/builder/spi-builder-workspace/.derivedData/Build/Intermediates.noindex/InSwifted.build/Debug-appletvos/InSwifted.build/DerivedSources/arm64 -Xcc -I/Users/admin/builder/spi-builder-workspace/.derivedData/Build/Intermediates.noindex/InSwifted.build/Debug-appletvos/InSwifted.build/DerivedSources -Xcc -DSWIFT_PACKAGE -Xcc -DDEBUG\=1 -emit-objc-header -emit-objc-header-path /Users/admin/builder/spi-builder-workspace/.derivedData/Build/Intermediates.noindex/InSwifted.build/Debug-appletvos/InSwifted.build/Objects-normal/arm64/InSwifted-Swift.h -working-directory /Users/admin/builder/spi-builder-workspace/.swiftpm/xcode -experimental-emit-module-separately -disable-cmo
SwiftCompile normal arm64 Compiling\ DependencyRegisterer.swift /Users/admin/builder/spi-builder-workspace/.dependencies/checkouts/inswifted/Sources/InSwifted/Dependencies/DependencyRegisterer.swift (in target 'InSwifted' from project 'InSwifted')
SwiftCompile normal arm64 /Users/admin/builder/spi-builder-workspace/.dependencies/checkouts/inswifted/Sources/InSwifted/Dependencies/DependencyRegisterer.swift (in target 'InSwifted' from project 'InSwifted')
cd /Users/admin/builder/spi-builder-workspace/.swiftpm/xcode
SwiftCompile normal arm64 Compiling\ DependencyContainer.swift /Users/admin/builder/spi-builder-workspace/.dependencies/checkouts/inswifted/Sources/InSwifted/Container/DependencyContainer.swift (in target 'InSwifted' from project 'InSwifted')
SwiftCompile normal arm64 /Users/admin/builder/spi-builder-workspace/.dependencies/checkouts/inswifted/Sources/InSwifted/Container/DependencyContainer.swift (in target 'InSwifted' from project 'InSwifted')
cd /Users/admin/builder/spi-builder-workspace/.swiftpm/xcode
SwiftCompile normal arm64 Compiling\ InstanceDependencyFactory.swift /Users/admin/builder/spi-builder-workspace/.dependencies/checkouts/inswifted/Sources/InSwifted/Factories/InstanceDependencyFactory.swift (in target 'InSwifted' from project 'InSwifted')
SwiftCompile normal arm64 /Users/admin/builder/spi-builder-workspace/.dependencies/checkouts/inswifted/Sources/InSwifted/Factories/InstanceDependencyFactory.swift (in target 'InSwifted' from project 'InSwifted')
cd /Users/admin/builder/spi-builder-workspace/.swiftpm/xcode
SwiftCompile normal arm64 Compiling\ DependencyFactory.swift /Users/admin/builder/spi-builder-workspace/.dependencies/checkouts/inswifted/Sources/InSwifted/Factories/DependencyFactory.swift (in target 'InSwifted' from project 'InSwifted')
SwiftCompile normal arm64 /Users/admin/builder/spi-builder-workspace/.dependencies/checkouts/inswifted/Sources/InSwifted/Factories/DependencyFactory.swift (in target 'InSwifted' from project 'InSwifted')
cd /Users/admin/builder/spi-builder-workspace/.swiftpm/xcode
SwiftCompile normal arm64 Compiling\ DependencyError.swift /Users/admin/builder/spi-builder-workspace/.dependencies/checkouts/inswifted/Sources/InSwifted/Dependencies/DependencyError.swift (in target 'InSwifted' from project 'InSwifted')
SwiftCompile normal arm64 /Users/admin/builder/spi-builder-workspace/.dependencies/checkouts/inswifted/Sources/InSwifted/Dependencies/DependencyError.swift (in target 'InSwifted' from project 'InSwifted')
cd /Users/admin/builder/spi-builder-workspace/.swiftpm/xcode
SwiftCompile normal arm64 Compiling\ InSwifted.swift /Users/admin/builder/spi-builder-workspace/.dependencies/checkouts/inswifted/Sources/InSwifted/InSwifted.swift (in target 'InSwifted' from project 'InSwifted')
SwiftCompile normal arm64 /Users/admin/builder/spi-builder-workspace/.dependencies/checkouts/inswifted/Sources/InSwifted/InSwifted.swift (in target 'InSwifted' from project 'InSwifted')
cd /Users/admin/builder/spi-builder-workspace/.swiftpm/xcode
SwiftEmitModule normal arm64 Emitting\ module\ for\ InSwifted (in target 'InSwifted' from project 'InSwifted')
EmitSwiftModule normal arm64 (in target 'InSwifted' from project 'InSwifted')
cd /Users/admin/builder/spi-builder-workspace/.swiftpm/xcode
SwiftCompile normal arm64 Compiling\ SingletonDependencyFactory.swift /Users/admin/builder/spi-builder-workspace/.dependencies/checkouts/inswifted/Sources/InSwifted/Factories/SingletonDependencyFactory.swift (in target 'InSwifted' from project 'InSwifted')
SwiftCompile normal arm64 /Users/admin/builder/spi-builder-workspace/.dependencies/checkouts/inswifted/Sources/InSwifted/Factories/SingletonDependencyFactory.swift (in target 'InSwifted' from project 'InSwifted')
cd /Users/admin/builder/spi-builder-workspace/.swiftpm/xcode
SwiftCompile normal arm64 Compiling\ DependencyResolver.swift /Users/admin/builder/spi-builder-workspace/.dependencies/checkouts/inswifted/Sources/InSwifted/Dependencies/DependencyResolver.swift (in target 'InSwifted' from project 'InSwifted')
SwiftCompile normal arm64 /Users/admin/builder/spi-builder-workspace/.dependencies/checkouts/inswifted/Sources/InSwifted/Dependencies/DependencyResolver.swift (in target 'InSwifted' from project 'InSwifted')
cd /Users/admin/builder/spi-builder-workspace/.swiftpm/xcode
SwiftCompile normal arm64 Compiling\ Injected.swift /Users/admin/builder/spi-builder-workspace/.dependencies/checkouts/inswifted/Sources/InSwifted/PropertyWrappers/Injected.swift (in target 'InSwifted' from project 'InSwifted')
SwiftCompile normal arm64 /Users/admin/builder/spi-builder-workspace/.dependencies/checkouts/inswifted/Sources/InSwifted/PropertyWrappers/Injected.swift (in target 'InSwifted' from project 'InSwifted')
cd /Users/admin/builder/spi-builder-workspace/.swiftpm/xcode
SwiftEmitModule normal arm64 Emitting\ module\ for\ Prelude (in target 'Prelude' from project 'Prelude')
Failed frontend command:
/Applications/Xcode-26.3.0.app/Contents/Developer/Toolchains/XcodeDefault.xctoolchain/usr/bin/swift-frontend -frontend -emit-module -experimental-skip-non-inlinable-function-bodies-without-types /Users/admin/builder/spi-builder-workspace/.dependencies/checkouts/prelude/Sources/Prelude/Extensions/Array.swift /Users/admin/builder/spi-builder-workspace/.dependencies/checkouts/prelude/Sources/Prelude/Extensions/Date.swift /Users/admin/builder/spi-builder-workspace/.dependencies/checkouts/prelude/Sources/Prelude/Extensions/Sequence.swift /Users/admin/builder/spi-builder-workspace/.dependencies/checkouts/prelude/Sources/Prelude/Extensions/String.swift /Users/admin/builder/spi-builder-workspace/.dependencies/checkouts/prelude/Sources/Prelude/Extensions/UIDevice.swift /Users/admin/builder/spi-builder-workspace/.dependencies/checkouts/prelude/Sources/Prelude/PropertyWrappers/Default/Default.swift /Users/admin/builder/spi-builder-workspace/.dependencies/checkouts/prelude/Sources/Prelude/PropertyWrappers/Default/DefaultArray.swift /Users/admin/builder/spi-builder-workspace/.dependencies/checkouts/prelude/Sources/Prelude/PropertyWrappers/Default/DefaultBool.swift /Users/admin/builder/spi-builder-workspace/.dependencies/checkouts/prelude/Sources/Prelude/PropertyWrappers/Default/DefaultCodable.swift /Users/admin/builder/spi-builder-workspace/.dependencies/checkouts/prelude/Sources/Prelude/Utilities/XMLDecoder/XMLDecoder.swift /Users/admin/builder/spi-builder-workspace/.dependencies/checkouts/prelude/Sources/Prelude/Utilities/XMLDecoder/XMLDecoderKeyedDecodingContainer.swift /Users/admin/builder/spi-builder-workspace/.dependencies/checkouts/prelude/Sources/Prelude/Utilities/XMLDecoder/XMLDecoderSingleValueDecodingContainer.swift /Users/admin/builder/spi-builder-workspace/.dependencies/checkouts/prelude/Sources/Prelude/Utilities/XMLDecoder/XMLDecoderUnkeyedDecodingContainer.swift /Users/admin/builder/spi-builder-workspace/.dependencies/checkouts/prelude/Sources/Prelude/Utilities/XMLDecoder/XMLElement.swift /Users/admin/builder/spi-builder-workspace/.dependencies/checkouts/prelude/Sources/Prelude/Utilities/XMLDecoder/XMLParser.swift -target arm64-apple-tvos12.0 -module-can-import-version UIKit 9126.2.4.1 9126.2.4 -load-resolved-plugin /Applications/Xcode-26.3.0.app/Contents/Developer/Platforms/AppleTVOS.platform/Developer/usr/lib/swift/host/plugins/libFoundationMacros.dylib\#/Applications/Xcode-26.3.0.app/Contents/Developer/Platforms/AppleTVOS.platform/Developer/usr/bin/swift-plugin-server\#FoundationMacros -load-resolved-plugin /Applications/Xcode-26.3.0.app/Contents/Developer/Platforms/AppleTVOS.platform/Developer/usr/lib/swift/host/plugins/libObservationMacros.dylib\#/Applications/Xcode-26.3.0.app/Contents/Developer/Platforms/AppleTVOS.platform/Developer/usr/bin/swift-plugin-server\#ObservationMacros -load-resolved-plugin /Applications/Xcode-26.3.0.app/Contents/Developer/Platforms/AppleTVOS.platform/Developer/usr/lib/swift/host/plugins/libSwiftMacros.dylib\#/Applications/Xcode-26.3.0.app/Contents/Developer/Platforms/AppleTVOS.platform/Developer/usr/bin/swift-plugin-server\#SwiftMacros -disable-implicit-swift-modules -Xcc -fno-implicit-modules -Xcc -fno-implicit-module-maps -explicit-swift-module-map-file /Users/admin/builder/spi-builder-workspace/.derivedData/Build/Intermediates.noindex/Prelude.build/Debug-appletvos/Prelude.build/Objects-normal/arm64/Prelude-dependencies-1.json -Xllvm -aarch64-use-tbi -enable-objc-interop -sdk /Applications/Xcode-26.3.0.app/Contents/Developer/Platforms/AppleTVOS.platform/Developer/SDKs/AppleTVOS26.2.sdk -I /Users/admin/builder/spi-builder-workspace/.derivedData/Build/Products/Debug-appletvos -Isystem /Applications/Xcode-26.3.0.app/Contents/Developer/Platforms/AppleTVOS.platform/Developer/usr/lib -F /Users/admin/builder/spi-builder-workspace/.derivedData/Build/Products/Debug-appletvos -F /Applications/Xcode-26.3.0.app/Contents/Developer/Platforms/AppleTVOS.platform/Developer/Library/Frameworks -F /Applications/Xcode-26.3.0.app/Contents/Developer/Platforms/AppleTVOS.platform/Developer/SDKs/AppleTVOS26.2.sdk/Developer/Library/Frameworks -no-color-diagnostics -Xcc -fno-color-diagnostics -enable-testing -g -debug-info-format\=dwarf -dwarf-version\=4 -module-cache-path /Users/admin/builder/spi-builder-workspace/.derivedData/Build/Intermediates.noindex/SwiftExplicitPrecompiledModules -suppress-warnings -profile-generate -profile-coverage-mapping -swift-version 5 -enforce-exclusivity\=checked -Onone -D SWIFT_PACKAGE -D DEBUG -D SWIFT_MODULE_RESOURCE_BUNDLE_UNAVAILABLE -D Xcode -serialize-debugging-options -const-gather-protocols-file /Users/admin/builder/spi-builder-workspace/.derivedData/Build/Intermediates.noindex/Prelude.build/Debug-appletvos/Prelude.build/Objects-normal/arm64/Prelude_const_extract_protocols.json -enable-experimental-feature DebugDescriptionMacro -empty-abi-descriptor -validate-clang-modules-once -clang-build-session-file /Users/admin/builder/spi-builder-workspace/.derivedData/ModuleCache.noindex/Session.modulevalidation -Xcc -working-directory -Xcc /Users/admin/builder/spi-builder-workspace/.swiftpm/xcode -enable-anonymous-context-mangled-names -file-compilation-dir /Users/admin/builder/spi-builder-workspace/.swiftpm/xcode -Xcc -D_LIBCPP_HARDENING_MODE\=_LIBCPP_HARDENING_MODE_DEBUG -Xcc -ivfsstatcache -Xcc /Users/admin/builder/spi-builder-workspace/.derivedData/SDKStatCaches.noindex/appletvos26.2-23K50-dc75598d0054f22ec865fa860f139d72c1feacec85df2e04b9fa10f95e757c08.sdkstatcache -Xcc -I/Users/admin/builder/spi-builder-workspace/.derivedData/Build/Intermediates.noindex/Prelude.build/Debug-appletvos/Prelude.build/swift-overrides.hmap -Xcc -I/Users/admin/builder/spi-builder-workspace/.derivedData/Build/Products/Debug-appletvos/include -Xcc -I/Users/admin/builder/spi-builder-workspace/.derivedData/Build/Intermediates.noindex/Prelude.build/Debug-appletvos/Prelude.build/DerivedSources-normal/arm64 -Xcc -I/Users/admin/builder/spi-builder-workspace/.derivedData/Build/Intermediates.noindex/Prelude.build/Debug-appletvos/Prelude.build/DerivedSources/arm64 -Xcc -I/Users/admin/builder/spi-builder-workspace/.derivedData/Build/Intermediates.noindex/Prelude.build/Debug-appletvos/Prelude.build/DerivedSources -Xcc -DSWIFT_PACKAGE -Xcc -DDEBUG\=1 -no-auto-bridging-header-chaining -module-name Prelude -frontend-parseable-output -disable-clang-spi -target-sdk-version 26.2 -target-sdk-name appletvos26.2 -clang-target arm64-apple-tvos26.2 -in-process-plugin-server-path /Applications/Xcode-26.3.0.app/Contents/Developer/Toolchains/XcodeDefault.xctoolchain/usr/lib/swift/host/libSwiftInProcPluginServer.dylib -emit-module-doc-path /Users/admin/builder/spi-builder-workspace/.derivedData/Build/Intermediates.noindex/Prelude.build/Debug-appletvos/Prelude.build/Objects-normal/arm64/Prelude.swiftdoc -emit-module-source-info-path /Users/admin/builder/spi-builder-workspace/.derivedData/Build/Intermediates.noindex/Prelude.build/Debug-appletvos/Prelude.build/Objects-normal/arm64/Prelude.swiftsourceinfo -emit-objc-header-path /Users/admin/builder/spi-builder-workspace/.derivedData/Build/Intermediates.noindex/Prelude.build/Debug-appletvos/Prelude.build/Objects-normal/arm64/Prelude-Swift.h -serialize-diagnostics-path /Users/admin/builder/spi-builder-workspace/.derivedData/Build/Intermediates.noindex/Prelude.build/Debug-appletvos/Prelude.build/Objects-normal/arm64/Prelude-primary-emit-module.dia -emit-dependencies-path /Users/admin/builder/spi-builder-workspace/.derivedData/Build/Intermediates.noindex/Prelude.build/Debug-appletvos/Prelude.build/Objects-normal/arm64/Prelude-primary-emit-module.d -o /Users/admin/builder/spi-builder-workspace/.derivedData/Build/Intermediates.noindex/Prelude.build/Debug-appletvos/Prelude.build/Objects-normal/arm64/Prelude.swiftmodule -emit-abi-descriptor-path /Users/admin/builder/spi-builder-workspace/.derivedData/Build/Intermediates.noindex/Prelude.build/Debug-appletvos/Prelude.build/Objects-normal/arm64/Prelude.abi.json
EmitSwiftModule normal arm64 (in target 'Prelude' from project 'Prelude')
cd /Users/admin/builder/spi-builder-workspace/.swiftpm/xcode
/Users/admin/builder/spi-builder-workspace/.dependencies/checkouts/prelude/Sources/Prelude/Extensions/Sequence.swift:8:74: error: concurrency is only available in tvOS 13.0.0 or newer
func flatMap<T>(_ transform: @escaping (Element) async throws -> T?) async rethrows -> [T] {
^
/Users/admin/builder/spi-builder-workspace/.dependencies/checkouts/prelude/Sources/Prelude/Extensions/Sequence.swift:8:10: note: add '@available' attribute to enclosing instance method
func flatMap<T>(_ transform: @escaping (Element) async throws -> T?) async rethrows -> [T] {
^
/Users/admin/builder/spi-builder-workspace/.dependencies/checkouts/prelude/Sources/Prelude/Extensions/Sequence.swift:6:8: note: add '@available' attribute to enclosing extension
public extension Sequence {
^
/Users/admin/builder/spi-builder-workspace/.dependencies/checkouts/prelude/Sources/Prelude/Extensions/Sequence.swift:27:75: error: concurrency is only available in tvOS 13.0.0 or newer
func flatMap<T>(_ transform: @escaping (Element) async throws -> [T]) async rethrows -> [T] {
^
/Users/admin/builder/spi-builder-workspace/.dependencies/checkouts/prelude/Sources/Prelude/Extensions/Sequence.swift:27:10: note: add '@available' attribute to enclosing instance method
func flatMap<T>(_ transform: @escaping (Element) async throws -> [T]) async rethrows -> [T] {
^
/Users/admin/builder/spi-builder-workspace/.dependencies/checkouts/prelude/Sources/Prelude/Extensions/Sequence.swift:6:8: note: add '@available' attribute to enclosing extension
public extension Sequence {
^
SwiftDriverJobDiscovery normal arm64 Emitting module for InSwifted (in target 'InSwifted' from project 'InSwifted')
SwiftDriver\ Compilation\ Requirements InSwifted normal arm64 com.apple.xcode.tools.swift.compiler (in target 'InSwifted' from project 'InSwifted')
cd /Users/admin/builder/spi-builder-workspace/.swiftpm/xcode
builtin-Swift-Compilation-Requirements -- /Applications/Xcode-26.3.0.app/Contents/Developer/Toolchains/XcodeDefault.xctoolchain/usr/bin/swiftc -module-name InSwifted -Onone -enforce-exclusivity\=checked @/Users/admin/builder/spi-builder-workspace/.derivedData/Build/Intermediates.noindex/InSwifted.build/Debug-appletvos/InSwifted.build/Objects-normal/arm64/InSwifted.SwiftFileList -DSWIFT_PACKAGE -DDEBUG -DSWIFT_MODULE_RESOURCE_BUNDLE_UNAVAILABLE -DXcode -plugin-path /Applications/Xcode-26.3.0.app/Contents/Developer/Toolchains/XcodeDefault.xctoolchain/usr/lib/swift/host/plugins/testing -enable-experimental-feature DebugDescriptionMacro -sdk /Applications/Xcode-26.3.0.app/Contents/Developer/Platforms/AppleTVOS.platform/Developer/SDKs/AppleTVOS26.2.sdk -target arm64-apple-tvos12.0 -g -module-cache-path /Users/admin/builder/spi-builder-workspace/.derivedData/ModuleCache.noindex -Xfrontend -serialize-debugging-options -profile-coverage-mapping -profile-generate -enable-testing -suppress-warnings -index-store-path /Users/admin/builder/spi-builder-workspace/.derivedData/Index.noindex/DataStore -Xcc -D_LIBCPP_HARDENING_MODE\=_LIBCPP_HARDENING_MODE_DEBUG -swift-version 5 -I /Users/admin/builder/spi-builder-workspace/.derivedData/Build/Products/Debug-appletvos -Isystem /Applications/Xcode-26.3.0.app/Contents/Developer/Platforms/AppleTVOS.platform/Developer/usr/lib -F /Users/admin/builder/spi-builder-workspace/.derivedData/Build/Products/Debug-appletvos -F /Applications/Xcode-26.3.0.app/Contents/Developer/Platforms/AppleTVOS.platform/Developer/Library/Frameworks -F /Applications/Xcode-26.3.0.app/Contents/Developer/Platforms/AppleTVOS.platform/Developer/SDKs/AppleTVOS26.2.sdk/Developer/Library/Frameworks -c -j10 -enable-batch-mode -incremental -Xcc -ivfsstatcache -Xcc /Users/admin/builder/spi-builder-workspace/.derivedData/SDKStatCaches.noindex/appletvos26.2-23K50-dc75598d0054f22ec865fa860f139d72c1feacec85df2e04b9fa10f95e757c08.sdkstatcache -output-file-map /Users/admin/builder/spi-builder-workspace/.derivedData/Build/Intermediates.noindex/InSwifted.build/Debug-appletvos/InSwifted.build/Objects-normal/arm64/InSwifted-OutputFileMap.json -use-frontend-parseable-output -save-temps -no-color-diagnostics -explicit-module-build -module-cache-path /Users/admin/builder/spi-builder-workspace/.derivedData/Build/Intermediates.noindex/SwiftExplicitPrecompiledModules -clang-scanner-module-cache-path /Users/admin/builder/spi-builder-workspace/.derivedData/ModuleCache.noindex -sdk-module-cache-path /Users/admin/builder/spi-builder-workspace/.derivedData/ModuleCache.noindex -serialize-diagnostics -emit-dependencies -emit-module -emit-module-path /Users/admin/builder/spi-builder-workspace/.derivedData/Build/Intermediates.noindex/InSwifted.build/Debug-appletvos/InSwifted.build/Objects-normal/arm64/InSwifted.swiftmodule -validate-clang-modules-once -clang-build-session-file /Users/admin/builder/spi-builder-workspace/.derivedData/ModuleCache.noindex/Session.modulevalidation -Xcc -I/Users/admin/builder/spi-builder-workspace/.derivedData/Build/Intermediates.noindex/InSwifted.build/Debug-appletvos/InSwifted.build/swift-overrides.hmap -emit-const-values -Xfrontend -const-gather-protocols-file -Xfrontend /Users/admin/builder/spi-builder-workspace/.derivedData/Build/Intermediates.noindex/InSwifted.build/Debug-appletvos/InSwifted.build/Objects-normal/arm64/InSwifted_const_extract_protocols.json -Xcc -I/Users/admin/builder/spi-builder-workspace/.derivedData/Build/Products/Debug-appletvos/include -Xcc -I/Users/admin/builder/spi-builder-workspace/.derivedData/Build/Intermediates.noindex/InSwifted.build/Debug-appletvos/InSwifted.build/DerivedSources-normal/arm64 -Xcc -I/Users/admin/builder/spi-builder-workspace/.derivedData/Build/Intermediates.noindex/InSwifted.build/Debug-appletvos/InSwifted.build/DerivedSources/arm64 -Xcc -I/Users/admin/builder/spi-builder-workspace/.derivedData/Build/Intermediates.noindex/InSwifted.build/Debug-appletvos/InSwifted.build/DerivedSources -Xcc -DSWIFT_PACKAGE -Xcc -DDEBUG\=1 -emit-objc-header -emit-objc-header-path /Users/admin/builder/spi-builder-workspace/.derivedData/Build/Intermediates.noindex/InSwifted.build/Debug-appletvos/InSwifted.build/Objects-normal/arm64/InSwifted-Swift.h -working-directory /Users/admin/builder/spi-builder-workspace/.swiftpm/xcode -experimental-emit-module-separately -disable-cmo
2026-07-23 03:51:34.979 xcodebuild[819:5055] [MT] IDERunDestination: Supported platforms for the buildables in the current scheme is empty.
** BUILD FAILED **
The following build commands failed:
SwiftEmitModule normal arm64 Emitting\ module\ for\ Prelude (in target 'Prelude' from project 'Prelude')
EmitSwiftModule normal arm64 (in target 'Prelude' from project 'Prelude')
Building workspace spi-builder-workspace with scheme InSwifted-Addons-Package
(3 failures)
BUILD FAILURE 6.2 tvOS