The Swift Package Index logo.Swift Package Index

Build Information

Failed to build opencode-sdk-swift, reference main (dc59af), with Swift 6.4 for Linux on 23 Sep 2026 20:13:55 UTC.

Build Command

bash -c docker run --pull=always --rm -v "checkouts-53886770-0":/host -w "$PWD" -e JAVA_HOME="/root/.sdkman/candidates/java/current" -e SPI_BUILD="1" -e SPI_PROCESSING="1" registry.gitlab.com/saguaro1/spi-images:basic-6.4-latest swift build --triple x86_64-unknown-linux-gnu 2>&1

Build Log

========================================
RunAll
========================================
Builder version: 5.1.0
Interrupt handler set up.
========================================
Checkout
========================================
Clone URL: https://github.com/dl-alexandre/opencode-sdk-swift.git
Reference: main
Initialized empty Git repository in /host/spi-builder-workspace/.git/
hint: Using 'master' as the name for the initial branch. This default branch name
hint: is subject to change. To configure the initial branch name to use in all
hint: of your new repositories, which will suppress this warning, call:
hint:
hint: 	git config --global init.defaultBranch <name>
hint:
hint: Names commonly chosen instead of 'master' are 'main', 'trunk' and
hint: 'development'. The just-created branch can be renamed via this command:
hint:
hint: 	git branch -m <name>
From https://github.com/dl-alexandre/opencode-sdk-swift
 * branch            main       -> FETCH_HEAD
 * [new branch]      main       -> origin/main
HEAD is now at dc59af9 Remove SECURITY.md file as it is no longer needed for the project. This simplifies the documentation and focuses on essential resources.
Cloned https://github.com/dl-alexandre/opencode-sdk-swift.git
Revision (git rev-parse @):
dc59af9e52759e8bf590addd6f3008332e34fd21
SUCCESS checkout https://github.com/dl-alexandre/opencode-sdk-swift.git at main
========================================
Build
========================================
Selected platform:         linux
Swift version:             6.4
Building package at path:  $PWD
https://github.com/dl-alexandre/opencode-sdk-swift.git
Running build ...
bash -c docker run --pull=always --rm -v "checkouts-53886770-0":/host -w "$PWD" -e JAVA_HOME="/root/.sdkman/candidates/java/current" -e SPI_BUILD="1" -e SPI_PROCESSING="1" registry.gitlab.com/saguaro1/spi-images:basic-6.4-latest swift build --triple x86_64-unknown-linux-gnu 2>&1
basic-6.4-latest: Pulling from saguaro1/spi-images
Digest: sha256:c77fcce225e223ac0fafed844619173fc6de8d62dd560eeb28db3182af6a282b
Status: Image is up to date for registry.gitlab.com/saguaro1/spi-images:basic-6.4-latest
Building for debugging...
[Planning deferred tasks]
error: SwiftCompile normal x86_64 failed with a nonzero exit code. Command line:     cd /host

/host/spi-builder-workspace/Sources/opencode-sdk-swift/Core/Client.swift:7:5: error: 'nonisolated' can not be applied to variable with non-'Sendable' type 'URLSession' (aka 'AnyObject')
  5 |     public let configuration: OpenCodeConfiguration
  6 |
  7 |     nonisolated private let urlSession: URLSession
    |     `- error: 'nonisolated' can not be applied to variable with non-'Sendable' type 'URLSession' (aka 'AnyObject')
  8 |     private let encoder: JSONEncoder
  9 |     private let decoder: JSONDecoder
/host/spi-builder-workspace/Sources/opencode-sdk-swift/Core/Client.swift:7:41: error: 'URLSession' is unavailable: This type has moved to the FoundationNetworking module. Import that module to use it.
  5 |     public let configuration: OpenCodeConfiguration
  6 |
  7 |     nonisolated private let urlSession: URLSession
    |                                         `- error: 'URLSession' is unavailable: This type has moved to the FoundationNetworking module. Import that module to use it.
  8 |     private let encoder: JSONEncoder
  9 |     private let decoder: JSONDecoder
Foundation.URLSession:2:18: note: 'URLSession' has been explicitly marked unavailable here
1 | @available(*, unavailable, message: "This type has moved to the FoundationNetworking module. Import that module to use it.")
2 | public typealias URLSession = AnyObject
  |                  `- note: 'URLSession' has been explicitly marked unavailable here
/host/spi-builder-workspace/Sources/opencode-sdk-swift/Core/Client.swift:13:18: error: 'URLSession' is unavailable: This type has moved to the FoundationNetworking module. Import that module to use it.
 11 |     public init(
 12 |         configuration: OpenCodeConfiguration,
 13 |         session: URLSession = .shared,
    |                  `- error: 'URLSession' is unavailable: This type has moved to the FoundationNetworking module. Import that module to use it.
 14 |         encoder: JSONEncoder = JSONEncoder(),
 15 |         decoder: JSONDecoder = JSONDecoder()
Foundation.URLSession:2:18: note: 'URLSession' has been explicitly marked unavailable here
1 | @available(*, unavailable, message: "This type has moved to the FoundationNetworking module. Import that module to use it.")
2 | public typealias URLSession = AnyObject
  |                  `- note: 'URLSession' has been explicitly marked unavailable here
/host/spi-builder-workspace/Sources/opencode-sdk-swift/Core/Client.swift:13:32: error: type 'URLSession' (aka 'AnyObject') has no member 'shared'
 11 |     public init(
 12 |         configuration: OpenCodeConfiguration,
 13 |         session: URLSession = .shared,
    |                                `- error: type 'URLSession' (aka 'AnyObject') has no member 'shared'
 14 |         encoder: JSONEncoder = JSONEncoder(),
 15 |         decoder: JSONDecoder = JSONDecoder()
/host/spi-builder-workspace/Sources/opencode-sdk-swift/Core/Client.swift:13:32: error: value of type '_' expected to be instance of class or class-constrained type
 11 |     public init(
 12 |         configuration: OpenCodeConfiguration,
 13 |         session: URLSession = .shared,
    |                                `- error: value of type '_' expected to be instance of class or class-constrained type
 14 |         encoder: JSONEncoder = JSONEncoder(),
 15 |         decoder: JSONDecoder = JSONDecoder()
/host/spi-builder-workspace/Sources/opencode-sdk-swift/Core/Client.swift:154:17: error: cannot find type 'URLRequest' in scope
152 |         from request: OpenCodeRequest<Response>,
153 |         bodyData: Data?
154 |     ) throws -> URLRequest {
    |                 `- error: cannot find type 'URLRequest' in scope
155 |         var urlComponents = URLComponents(
156 |             url: configuration.baseURL,
Failed frontend command:
/usr/bin/swift-frontend -frontend -emit-module -experimental-skip-non-inlinable-function-bodies-without-types /host/spi-builder-workspace/Sources/opencode-sdk-swift/Core/Client.swift /host/spi-builder-workspace/Sources/opencode-sdk-swift/Core/Configuration.swift /host/spi-builder-workspace/Sources/opencode-sdk-swift/Core/Error.swift /host/spi-builder-workspace/Sources/opencode-sdk-swift/Core/Request.swift /host/spi-builder-workspace/Sources/opencode-sdk-swift/Models/agentModels.swift /host/spi-builder-workspace/Sources/opencode-sdk-swift/Models/appModels.swift /host/spi-builder-workspace/Sources/opencode-sdk-swift/Models/authModels.swift /host/spi-builder-workspace/Sources/opencode-sdk-swift/Models/commandModels.swift /host/spi-builder-workspace/Sources/opencode-sdk-swift/Models/configModels.swift /host/spi-builder-workspace/Sources/opencode-sdk-swift/Models/errorModels.swift /host/spi-builder-workspace/Sources/opencode-sdk-swift/Models/fileModels.swift /host/spi-builder-workspace/Sources/opencode-sdk-swift/Models/globalModels.swift /host/spi-builder-workspace/Sources/opencode-sdk-swift/Models/lspModels.swift /host/spi-builder-workspace/Sources/opencode-sdk-swift/Models/mcpModels.swift /host/spi-builder-workspace/Sources/opencode-sdk-swift/Models/messageModels.swift /host/spi-builder-workspace/Sources/opencode-sdk-swift/Models/partModels.swift /host/spi-builder-workspace/Sources/opencode-sdk-swift/Models/partinputModels.swift /host/spi-builder-workspace/Sources/opencode-sdk-swift/Models/pathModels.swift /host/spi-builder-workspace/Sources/opencode-sdk-swift/Models/permissionModels.swift /host/spi-builder-workspace/Sources/opencode-sdk-swift/Models/projectModels.swift /host/spi-builder-workspace/Sources/opencode-sdk-swift/Models/providerModels.swift /host/spi-builder-workspace/Sources/opencode-sdk-swift/Models/ptyModels.swift /host/spi-builder-workspace/Sources/opencode-sdk-swift/Models/questionModels.swift /host/spi-builder-workspace/Sources/opencode-sdk-swift/Models/sessionModels.swift /host/spi-builder-workspace/Sources/opencode-sdk-swift/Models/todoModels.swift /host/spi-builder-workspace/Sources/opencode-sdk-swift/Models/tuiModels.swift /host/spi-builder-workspace/Sources/opencode-sdk-swift/Resources/app.swift /host/spi-builder-workspace/Sources/opencode-sdk-swift/Resources/auth.swift /host/spi-builder-workspace/Sources/opencode-sdk-swift/Resources/batch.swift /host/spi-builder-workspace/Sources/opencode-sdk-swift/Resources/command.swift /host/spi-builder-workspace/Sources/opencode-sdk-swift/Resources/config.swift /host/spi-builder-workspace/Sources/opencode-sdk-swift/Resources/event.swift /host/spi-builder-workspace/Sources/opencode-sdk-swift/Resources/experimental.swift /host/spi-builder-workspace/Sources/opencode-sdk-swift/Resources/file.swift /host/spi-builder-workspace/Sources/opencode-sdk-swift/Resources/find.swift /host/spi-builder-workspace/Sources/opencode-sdk-swift/Resources/formatter.swift /host/spi-builder-workspace/Sources/opencode-sdk-swift/Resources/global.swift /host/spi-builder-workspace/Sources/opencode-sdk-swift/Resources/instance.swift /host/spi-builder-workspace/Sources/opencode-sdk-swift/Resources/lsp.swift /host/spi-builder-workspace/Sources/opencode-sdk-swift/Resources/mcp.swift /host/spi-builder-workspace/Sources/opencode-sdk-swift/Resources/part.swift /host/spi-builder-workspace/Sources/opencode-sdk-swift/Resources/path.swift /host/spi-builder-workspace/Sources/opencode-sdk-swift/Resources/permission.swift /host/spi-builder-workspace/Sources/opencode-sdk-swift/Resources/project.swift /host/spi-builder-workspace/Sources/opencode-sdk-swift/Resources/provider.swift /host/spi-builder-workspace/Sources/opencode-sdk-swift/Resources/pty.swift /host/spi-builder-workspace/Sources/opencode-sdk-swift/Resources/question.swift /host/spi-builder-workspace/Sources/opencode-sdk-swift/Resources/session.swift /host/spi-builder-workspace/Sources/opencode-sdk-swift/Resources/tool.swift /host/spi-builder-workspace/Sources/opencode-sdk-swift/Resources/tui.swift /host/spi-builder-workspace/Sources/opencode-sdk-swift/Resources/vcs.swift /host/spi-builder-workspace/Sources/opencode-sdk-swift/Resources/worktree.swift /host/spi-builder-workspace/Sources/opencode-sdk-swift/opencode_sdk_swift.swift -target x86_64-unknown-linux-gnu -disable-objc-interop -I /host/spi-builder-workspace/.build/out/Products/Debug-linux-x86_64 -module-cache-path /host/spi-builder-workspace/.build/out/ModuleCache.noindex -color-diagnostics -Xcc -fcolor-diagnostics -enable-testing -g -debug-info-format\=dwarf -dwarf-version\=4 -swift-version 6 -Onone -D SWIFT_PACKAGE -D DEBUG -D SWIFT_MODULE_RESOURCE_BUNDLE_UNAVAILABLE -D Xcode -serialize-debugging-options -enable-experimental-feature DebugDescriptionMacro -empty-abi-descriptor -external-plugin-path /usr/lib/swift/host/plugins/testing\#/usr/bin/swift-plugin-server -validate-clang-modules-once -clang-build-session-file /host/spi-builder-workspace/.build/out/ModuleCache.noindex/Session.modulevalidation -Xcc -working-directory -Xcc /host -enable-anonymous-context-mangled-names -file-compilation-dir /host -Xcc -fno-omit-frame-pointer -Xcc -D_LIBCPP_HARDENING_MODE\=_LIBCPP_HARDENING_MODE_DEBUG -Xcc -fmodules-prune-interval\=86400 -Xcc -fmodules-prune-after\=345600 -Xcc -I/host/spi-builder-workspace/.build/out/Products/Debug-linux-x86_64/include -Xcc -I/host/spi-builder-workspace/.build/out/Intermediates.noindex/opencode-sdk-swift.build/Debug-linux-x86_64/opencode-sdk-swift-t.build/DerivedSources-normal/x86_64 -Xcc -I/host/spi-builder-workspace/.build/out/Intermediates.noindex/opencode-sdk-swift.build/Debug-linux-x86_64/opencode-sdk-swift-t.build/DerivedSources/x86_64 -Xcc -I/host/spi-builder-workspace/.build/out/Intermediates.noindex/opencode-sdk-swift.build/Debug-linux-x86_64/opencode-sdk-swift-t.build/DerivedSources -Xcc -DSWIFT_PACKAGE -Xcc -DDEBUG\=1 -no-auto-bridging-header-chaining -module-name opencode_sdk_swift -package-name spi_builder_workspace -const-gather-protocols-file /host/spi-builder-workspace/.build/out/Intermediates.noindex/opencode-sdk-swift.build/Debug-linux-x86_64/opencode-sdk-swift-t.build/Objects-normal/x86_64/opencode-sdk-swift_const_extract_protocols.json -in-process-plugin-server-path /usr/lib/swift/host/libSwiftInProcPluginServer.so -plugin-path /usr/lib/swift/host/plugins -plugin-path /usr/local/lib/swift/host/plugins -emit-module-doc-path /host/spi-builder-workspace/.build/out/Intermediates.noindex/opencode-sdk-swift.build/Debug-linux-x86_64/opencode-sdk-swift-t.build/Objects-normal/x86_64/Modules/opencode_sdk_swift.swiftdoc -emit-module-source-info-path /host/spi-builder-workspace/.build/out/Intermediates.noindex/opencode-sdk-swift.build/Debug-linux-x86_64/opencode-sdk-swift-t.build/Objects-normal/x86_64/Modules/opencode_sdk_swift.swiftsourceinfo -emit-objc-header-path /host/spi-builder-workspace/.build/out/Intermediates.noindex/opencode-sdk-swift.build/Debug-linux-x86_64/opencode-sdk-swift-t.build/Objects-normal/x86_64/opencode-sdk-swift-Swift.h -serialize-diagnostics-path /host/spi-builder-workspace/.build/out/Intermediates.noindex/opencode-sdk-swift.build/Debug-linux-x86_64/opencode-sdk-swift-t.build/Objects-normal/x86_64/opencode-sdk-swift-primary-emit-module.dia -emit-dependencies-path /host/spi-builder-workspace/.build/out/Intermediates.noindex/opencode-sdk-swift.build/Debug-linux-x86_64/opencode-sdk-swift-t.build/Objects-normal/x86_64/opencode-sdk-swift-primary-emit-module.d -parse-as-library -o /host/spi-builder-workspace/.build/out/Intermediates.noindex/opencode-sdk-swift.build/Debug-linux-x86_64/opencode-sdk-swift-t.build/Objects-normal/x86_64/Modules/opencode_sdk_swift.swiftmodule
error: Build failed
BUILD FAILURE 6.4 linux