The Swift Package Index logo.Swift Package Index

Build Information

Failed to build HelpView, reference main (40dc04), with Swift 6.1 for macOS (SPM) on 27 Jun 2026 05:30:32 UTC.

Build Command

env DEVELOPER_DIR=/Applications/Xcode-16.3.0.app xcrun swift build --arch arm64

Build Log

========================================
RunAll
========================================
Builder version: undefined version: run 'make version' to update
Interrupt handler set up.
========================================
Checkout
========================================
Clone URL: https://github.com/hayek/HelpView.git
Reference: main
Initialized empty Git repository in /Users/admin/builder/spi-builder-workspace/.git/
From https://github.com/hayek/HelpView
 * branch            main       -> FETCH_HEAD
 * [new branch]      main       -> origin/main
HEAD is now at 40dc041 feat(ai): add optional appContext + soften refusal heuristic
Cloned https://github.com/hayek/HelpView.git
Revision (git rev-parse @):
40dc04153dfccbf59a1f4871666e9ec500898503
SUCCESS checkout https://github.com/hayek/HelpView.git at main
========================================
Build
========================================
Selected platform:         macosSpm
Swift version:             6.1
Building package at path:  $PWD
https://github.com/hayek/HelpView.git
https://github.com/hayek/HelpView.git
{
  "dependencies" : [
  ],
  "manifest_display_name" : "HelpView",
  "name" : "HelpView",
  "path" : "/Users/admin/builder/spi-builder-workspace",
  "platforms" : [
    {
      "name" : "ios",
      "version" : "17.0"
    },
    {
      "name" : "macos",
      "version" : "14.0"
    },
    {
      "name" : "visionos",
      "version" : "26.0"
    }
  ],
  "products" : [
    {
      "name" : "HelpView",
      "targets" : [
        "HelpView"
      ],
      "type" : {
        "library" : [
          "automatic"
        ]
      }
    }
  ],
  "targets" : [
    {
      "c99name" : "HelpViewTests",
      "module_type" : "SwiftTarget",
      "name" : "HelpViewTests",
      "path" : "Tests/HelpViewTests",
      "resources" : [
        {
          "path" : "/Users/admin/builder/spi-builder-workspace/Tests/HelpViewTests/Resources",
          "rule" : {
            "copy" : {
            }
          }
        }
      ],
      "sources" : [
        "AIHelperTests.swift",
        "FAQListViewModelTests.swift",
        "FAQLoaderTests.swift",
        "LocalizationTests.swift",
        "MarkdownParserTests.swift",
        "ModelsTests.swift"
      ],
      "target_dependencies" : [
        "HelpView"
      ],
      "type" : "test"
    },
    {
      "c99name" : "HelpView",
      "module_type" : "SwiftTarget",
      "name" : "HelpView",
      "path" : "Sources/HelpView",
      "product_memberships" : [
        "HelpView"
      ],
      "resources" : [
        {
          "path" : "/Users/admin/builder/spi-builder-workspace/Sources/HelpView/Resources/Localizable.xcstrings",
          "rule" : {
            "process" : {
            }
          }
        }
      ],
      "sources" : [
        "HelpContentView.swift",
        "HelpViewButton.swift",
        "Internal/AIHelper.swift",
        "Internal/AppleIntelligenceLoader.swift",
        "Internal/FAQListViewModel.swift",
        "Internal/FAQLoader.swift",
        "Internal/Localization.swift",
        "Internal/Models.swift",
        "Internal/ViewComponents.swift"
      ],
      "type" : "library"
    }
  ],
  "tools_version" : "6.0"
}
Running build ...
env DEVELOPER_DIR=/Applications/Xcode-16.3.0.app xcrun swift build --arch arm64 -Xswiftc -Xfrontend -Xswiftc -stats-output-dir -Xswiftc -Xfrontend -Xswiftc .stats
Building for debugging...
[0/3] Write sources
[0/3] Copying Localizable.xcstrings
[2/3] Write swift-version-2F0A5646E1D333AE.txt
[4/13] Compiling HelpView Models.swift
[5/14] Compiling HelpView resource_bundle_accessor.swift
[6/14] Compiling HelpView FAQLoader.swift
[7/14] Compiling HelpView HelpContentView.swift
[8/14] Compiling HelpView HelpViewButton.swift
[9/14] Compiling HelpView AIHelper.swift
[10/14] Compiling HelpView FAQListViewModel.swift
[11/14] Compiling HelpView Localization.swift
[12/14] Emitting module HelpView
[13/14] Compiling HelpView AppleIntelligenceLoader.swift
[14/14] Compiling HelpView ViewComponents.swift
/Users/admin/builder/spi-builder-workspace/Sources/HelpView/Internal/ViewComponents.swift:488:39: error: reference to member 'glass' cannot be resolved without a contextual type
486 |                         .padding()
487 |                         .buttonBorderShape(.circle)
488 |                         .buttonStyle(.glass)
    |                                       `- error: reference to member 'glass' cannot be resolved without a contextual type
489 |                     } else {
490 |                         Button {
Running build ...
env DEVELOPER_DIR=/Applications/Xcode-16.3.0.app xcrun swift build --arch arm64
[0/1] Planning build
Building for debugging...
[0/1] Write swift-version-2F0A5646E1D333AE.txt
[2/11] Compiling HelpView Models.swift
[3/11] Compiling HelpView FAQLoader.swift
[4/11] Compiling HelpView AppleIntelligenceLoader.swift
[5/11] Compiling HelpView AIHelper.swift
[6/11] Compiling HelpView Localization.swift
[7/11] Compiling HelpView FAQListViewModel.swift
[8/11] Compiling HelpView HelpContentView.swift
[9/11] Emitting module HelpView
[10/11] Compiling HelpView HelpViewButton.swift
[11/11] Compiling HelpView ViewComponents.swift
/Users/admin/builder/spi-builder-workspace/Sources/HelpView/Internal/ViewComponents.swift:488:39: error: reference to member 'glass' cannot be resolved without a contextual type
486 |                         .padding()
487 |                         .buttonBorderShape(.circle)
488 |                         .buttonStyle(.glass)
    |                                       `- error: reference to member 'glass' cannot be resolved without a contextual type
489 |                     } else {
490 |                         Button {
[12/12] Compiling HelpView resource_bundle_accessor.swift
BUILD FAILURE 6.1 macosSpm