Build Information
Failed to build GoogleCloudCertificateManagerV1, reference main (45d667), with Swift 6.2 for Android on 11 Oct 2026 09:45:08 UTC.
Build Command
bash -c docker run --pull=always --rm -v "checkouts-53886768-2":/host -w "$PWD" -e JAVA_HOME="/root/.sdkman/candidates/java/current" -e SPI_BUILD="1" -e SPI_PROCESSING="1" registry.gitlab.com/saguaro1/spi-images:android-6.2-latest swift build --swift-sdk aarch64-unknown-linux-android28 2>&1Build Log
========================================
RunAll
========================================
Builder version: 5.1.1
Interrupt handler set up.
========================================
Checkout
========================================
Clone URL: https://github.com/googleapis/swift-google-cloud-certificatemanager-v1.git
Reference: main
Initialized empty Git repository in /host/spi-builder-workspace/.git/
hint: Using 'master' as the name for the initial branch. This default branch name
hint: is subject to change. To configure the initial branch name to use in all
hint: of your new repositories, which will suppress this warning, call:
hint:
hint: git config --global init.defaultBranch <name>
hint:
hint: Names commonly chosen instead of 'master' are 'main', 'trunk' and
hint: 'development'. The just-created branch can be renamed via this command:
hint:
hint: git branch -m <name>
From https://github.com/googleapis/swift-google-cloud-certificatemanager-v1
* branch main -> FETCH_HEAD
* [new branch] main -> origin/main
HEAD is now at 45d667c chore: release circa 2026-10-07 (#1382)
Cloned https://github.com/googleapis/swift-google-cloud-certificatemanager-v1.git
Revision (git rev-parse @):
45d667c20d2f434c2d935b104ca405271be4703f
SPI manifest file found: $PWD/.spi.yml
SUCCESS checkout https://github.com/googleapis/swift-google-cloud-certificatemanager-v1.git at main
========================================
Build
========================================
Selected platform: android
Swift version: 6.2
Building package at path: $PWD
https://github.com/googleapis/swift-google-cloud-certificatemanager-v1.git
Running build ...
bash -c docker run --pull=always --rm -v "checkouts-53886768-2":/host -w "$PWD" -e JAVA_HOME="/root/.sdkman/candidates/java/current" -e SPI_BUILD="1" -e SPI_PROCESSING="1" registry.gitlab.com/saguaro1/spi-images:android-6.2-latest swift build --swift-sdk aarch64-unknown-linux-android28 2>&1
android-6.2-latest: Pulling from saguaro1/spi-images
Digest: sha256:a839c9ce201f1dacc8eb056626ec7ab0a1c6d53d7b77c83feda395f4507c51be
Status: Image is up to date for registry.gitlab.com/saguaro1/spi-images:android-6.2-latest
Fetching https://github.com/googleapis/swift-google-gax
Fetching https://github.com/googleapis/swift-google-wkt
Fetching https://github.com/googleapis/swift-google-rpc
Fetching https://github.com/googleapis/swift-google-cloud-location
Fetching https://github.com/googleapis/swift-google-longrunning
Fetching https://github.com/apple/swift-log
[1/8257] Fetching swift-log
[84/8809] Fetching swift-log, swift-google-cloud-location
[101/9428] Fetching swift-log, swift-google-cloud-location, swift-google-longrunning
[962/9850] Fetching swift-log, swift-google-cloud-location, swift-google-longrunning, swift-google-rpc
[1765/10873] Fetching swift-log, swift-google-cloud-location, swift-google-longrunning, swift-google-rpc, swift-google-wkt
[5048/12621] Fetching swift-log, swift-google-cloud-location, swift-google-longrunning, swift-google-rpc, swift-google-wkt, swift-google-gax
Fetched https://github.com/googleapis/swift-google-rpc from cache (0.39s)
Fetched https://github.com/googleapis/swift-google-cloud-location from cache (0.39s)
Fetched https://github.com/googleapis/swift-google-longrunning from cache (0.39s)
[4974/11028] Fetching swift-log, swift-google-wkt, swift-google-gax
Fetching https://github.com/googleapis/swift-google-auth
Fetched https://github.com/googleapis/swift-google-gax from cache (0.46s)
Fetched https://github.com/googleapis/swift-google-wkt from cache (0.49s)
Fetched https://github.com/apple/swift-log from cache (0.49s)
[1/1023] Fetching swift-google-auth
Fetched https://github.com/googleapis/swift-google-auth from cache (0.42s)
Computing version for https://github.com/googleapis/swift-google-wkt
Computed https://github.com/googleapis/swift-google-wkt at 0.5.0 (0.96s)
Fetching https://github.com/swift-extras/swift-extras-base64
[1/954] Fetching swift-extras-base64
Fetched https://github.com/swift-extras/swift-extras-base64 from cache (0.45s)
Computing version for https://github.com/googleapis/swift-google-rpc
Computed https://github.com/googleapis/swift-google-rpc at 0.5.0 (0.61s)
Computing version for https://github.com/googleapis/swift-google-longrunning
Computed https://github.com/googleapis/swift-google-longrunning at 0.5.0 (0.15s)
Computing version for https://github.com/googleapis/swift-google-gax
Computed https://github.com/googleapis/swift-google-gax at 0.5.0 (0.17s)
Fetching https://github.com/swift-server/async-http-client.git
Fetching https://github.com/apple/swift-nio
[1/16464] Fetching async-http-client
[16465/102838] Fetching async-http-client, swift-nio
Fetched https://github.com/swift-server/async-http-client.git from cache (3.25s)
Fetched https://github.com/apple/swift-nio from cache (3.29s)
Computing version for https://github.com/googleapis/swift-google-cloud-location
Computed https://github.com/googleapis/swift-google-cloud-location at 0.5.0 (3.46s)
Computing version for https://github.com/googleapis/swift-google-auth
Computed https://github.com/googleapis/swift-google-auth at 0.5.0 (0.14s)
Fetching https://github.com/vapor/jwt-kit.git
Fetching https://github.com/apple/swift-system.git
[1/7241] Fetching swift-system
[5939/17495] Fetching swift-system, jwt-kit
Fetched https://github.com/apple/swift-system.git from cache (0.91s)
Fetched https://github.com/vapor/jwt-kit.git from cache (0.91s)
Computing version for https://github.com/swift-extras/swift-extras-base64
Computed https://github.com/swift-extras/swift-extras-base64 at 1.2.0 (1.06s)
Computing version for https://github.com/swift-server/async-http-client.git
Computed https://github.com/swift-server/async-http-client.git at 1.36.2 (0.17s)
Fetching https://github.com/apple/swift-distributed-tracing.git
Fetching https://github.com/apple/swift-service-context.git
Fetching https://github.com/apple/swift-nio-http2.git
Fetching https://github.com/apple/swift-nio-extras.git
Fetching https://github.com/apple/swift-nio-transport-services.git
[1/1500] Fetching swift-service-context
[76/4367] Fetching swift-service-context, swift-nio-transport-services
[4368/10918] Fetching swift-service-context, swift-nio-transport-services, swift-distributed-tracing
[4434/17621] Fetching swift-service-context, swift-nio-transport-services, swift-distributed-tracing, swift-nio-extras
Fetched https://github.com/apple/swift-nio-transport-services.git from cache (0.44s)
[2560/14754] Fetching swift-service-context, swift-distributed-tracing, swift-nio-extras
Fetching https://github.com/apple/swift-algorithms.git
[14755/27048] Fetching swift-service-context, swift-distributed-tracing, swift-nio-extras, swift-nio-http2
Fetched https://github.com/apple/swift-distributed-tracing.git from cache (0.55s)
Fetching https://github.com/apple/swift-configuration.git
[8818/20497] Fetching swift-service-context, swift-nio-extras, swift-nio-http2
[20498/24425] Fetching swift-service-context, swift-nio-extras, swift-nio-http2, swift-configuration
[21441/30589] Fetching swift-service-context, swift-nio-extras, swift-nio-http2, swift-configuration, swift-algorithms
Fetching https://github.com/apple/swift-nio-ssl.git
Fetched https://github.com/apple/swift-service-context.git from cache (0.99s)
Fetched https://github.com/apple/swift-nio-extras.git from cache (0.99s)
Fetching https://github.com/apple/swift-atomics.git
[16531/22386] Fetching swift-nio-http2, swift-configuration, swift-algorithms
Fetched https://github.com/apple/swift-nio-http2.git from cache (1.00s)
Fetched https://github.com/apple/swift-configuration.git from cache (0.45s)
[370/6164] Fetching swift-algorithms
Fetched https://github.com/apple/swift-algorithms.git from cache (0.75s)
[1/1889] Fetching swift-atomics
[587/18760] Fetching swift-atomics, swift-nio-ssl
Fetched https://github.com/apple/swift-atomics.git from cache (0.46s)
[1013/16871] Fetching swift-nio-ssl
Fetched https://github.com/apple/swift-nio-ssl.git from cache (1.25s)
Computing version for https://github.com/apple/swift-service-context.git
Computed https://github.com/apple/swift-service-context.git at 1.3.0 (2.38s)
Computing version for https://github.com/apple/swift-algorithms.git
Computed https://github.com/apple/swift-algorithms.git at 1.2.1 (0.87s)
Fetching https://github.com/apple/swift-numerics.git
[1/6733] Fetching swift-numerics
Fetched https://github.com/apple/swift-numerics.git from cache (0.52s)
Computing version for https://github.com/apple/swift-log
Computed https://github.com/apple/swift-log at 1.16.1 (0.69s)
Computing version for https://github.com/apple/swift-distributed-tracing.git
Computed https://github.com/apple/swift-distributed-tracing.git at 1.5.0 (0.15s)
Computing version for https://github.com/apple/swift-atomics.git
Computed https://github.com/apple/swift-atomics.git at 1.3.1 (0.15s)
Computing version for https://github.com/apple/swift-numerics.git
Computed https://github.com/apple/swift-numerics.git at 1.1.1 (0.15s)
Computing version for https://github.com/apple/swift-nio
Computed https://github.com/apple/swift-nio at 2.104.0 (0.35s)
Fetching https://github.com/apple/swift-collections.git
[1/28703] Fetching swift-collections
Fetched https://github.com/apple/swift-collections.git from cache (1.31s)
Computing version for https://github.com/apple/swift-configuration.git
Computed https://github.com/apple/swift-configuration.git at 1.2.2 (2.11s)
Fetching https://github.com/swift-server/swift-service-lifecycle
[1/2867] Fetching swift-service-lifecycle
Fetched https://github.com/swift-server/swift-service-lifecycle from cache (0.44s)
Computing version for https://github.com/apple/swift-nio-transport-services.git
Computed https://github.com/apple/swift-nio-transport-services.git at 1.28.0 (0.61s)
Computing version for https://github.com/swift-server/swift-service-lifecycle
Computed https://github.com/swift-server/swift-service-lifecycle at 2.12.1 (0.15s)
Fetching https://github.com/apple/swift-async-algorithms.git
[1/6820] Fetching swift-async-algorithms
Fetched https://github.com/apple/swift-async-algorithms.git from cache (0.58s)
Computing version for https://github.com/apple/swift-async-algorithms.git
Computed https://github.com/apple/swift-async-algorithms.git at 1.1.7 (0.78s)
Computing version for https://github.com/apple/swift-collections.git
Computed https://github.com/apple/swift-collections.git at 1.7.2 (0.25s)
Computing version for https://github.com/apple/swift-nio-http2.git
Computed https://github.com/apple/swift-nio-http2.git at 1.46.0 (0.17s)
Computing version for https://github.com/vapor/jwt-kit.git
Computed https://github.com/vapor/jwt-kit.git at 5.7.1 (0.15s)
Fetching https://github.com/apple/swift-certificates.git
Fetching https://github.com/apple/swift-crypto.git
[1/18629] Fetching swift-crypto
[2/26238] Fetching swift-crypto, swift-certificates
Fetched https://github.com/apple/swift-certificates.git from cache (1.22s)
Fetched https://github.com/apple/swift-crypto.git from cache (1.23s)
Computing version for https://github.com/apple/swift-crypto.git
Computed https://github.com/apple/swift-crypto.git at 4.5.2 (1.85s)
Fetching https://github.com/apple/swift-asn1.git
[1/2009] Fetching swift-asn1
Fetched https://github.com/apple/swift-asn1.git from cache (0.42s)
Computing version for https://github.com/apple/swift-asn1.git
Computed https://github.com/apple/swift-asn1.git at 1.7.3 (0.60s)
Computing version for https://github.com/apple/swift-certificates.git
Computed https://github.com/apple/swift-certificates.git at 1.21.0 (0.21s)
Computing version for https://github.com/apple/swift-nio-ssl.git
Computed https://github.com/apple/swift-nio-ssl.git at 2.37.5 (0.19s)
Computing version for https://github.com/apple/swift-system.git
Computed https://github.com/apple/swift-system.git at 1.8.1 (0.19s)
Computing version for https://github.com/apple/swift-nio-extras.git
Computed https://github.com/apple/swift-nio-extras.git at 1.35.1 (0.27s)
Fetching https://github.com/apple/swift-http-types.git
Fetching https://github.com/apple/swift-http-structured-headers.git
[1/1939] Fetching swift-http-types
[2/3192] Fetching swift-http-types, swift-http-structured-headers
Fetched https://github.com/apple/swift-http-structured-headers.git from cache (0.40s)
Fetched https://github.com/apple/swift-http-types.git from cache (0.41s)
Computing version for https://github.com/apple/swift-http-structured-headers.git
Computed https://github.com/apple/swift-http-structured-headers.git at 1.7.0 (0.57s)
Computing version for https://github.com/apple/swift-http-types.git
Computed https://github.com/apple/swift-http-types.git at 1.8.0 (0.19s)
Creating working copy for https://github.com/apple/swift-algorithms.git
Working copy of https://github.com/apple/swift-algorithms.git resolved at 1.2.1
Creating working copy for https://github.com/googleapis/swift-google-wkt
Working copy of https://github.com/googleapis/swift-google-wkt resolved at 0.5.0
Creating working copy for https://github.com/apple/swift-atomics.git
Working copy of https://github.com/apple/swift-atomics.git resolved at 1.3.1
Creating working copy for https://github.com/apple/swift-system.git
Working copy of https://github.com/apple/swift-system.git resolved at 1.8.1
Creating working copy for https://github.com/vapor/jwt-kit.git
Working copy of https://github.com/vapor/jwt-kit.git resolved at 5.7.1
Creating working copy for https://github.com/apple/swift-http-structured-headers.git
Working copy of https://github.com/apple/swift-http-structured-headers.git resolved at 1.7.0
Creating working copy for https://github.com/apple/swift-nio
Working copy of https://github.com/apple/swift-nio resolved at 2.104.0
Creating working copy for https://github.com/apple/swift-async-algorithms.git
Working copy of https://github.com/apple/swift-async-algorithms.git resolved at 1.1.7
Creating working copy for https://github.com/apple/swift-http-types.git
Working copy of https://github.com/apple/swift-http-types.git resolved at 1.8.0
Creating working copy for https://github.com/googleapis/swift-google-auth
Working copy of https://github.com/googleapis/swift-google-auth resolved at 0.5.0
Creating working copy for https://github.com/apple/swift-crypto.git
Working copy of https://github.com/apple/swift-crypto.git resolved at 4.5.2
Creating working copy for https://github.com/apple/swift-nio-extras.git
Working copy of https://github.com/apple/swift-nio-extras.git resolved at 1.35.1
Creating working copy for https://github.com/swift-server/swift-service-lifecycle
Working copy of https://github.com/swift-server/swift-service-lifecycle resolved at 2.12.1
Creating working copy for https://github.com/swift-server/async-http-client.git
Working copy of https://github.com/swift-server/async-http-client.git resolved at 1.36.2
Creating working copy for https://github.com/apple/swift-service-context.git
Working copy of https://github.com/apple/swift-service-context.git resolved at 1.3.0
Creating working copy for https://github.com/apple/swift-numerics.git
Working copy of https://github.com/apple/swift-numerics.git resolved at 1.1.1
Creating working copy for https://github.com/apple/swift-log
Working copy of https://github.com/apple/swift-log resolved at 1.16.1
Creating working copy for https://github.com/apple/swift-distributed-tracing.git
Working copy of https://github.com/apple/swift-distributed-tracing.git resolved at 1.5.0
Creating working copy for https://github.com/apple/swift-certificates.git
Working copy of https://github.com/apple/swift-certificates.git resolved at 1.21.0
Creating working copy for https://github.com/apple/swift-configuration.git
Working copy of https://github.com/apple/swift-configuration.git resolved at 1.2.2
Creating working copy for https://github.com/apple/swift-asn1.git
Working copy of https://github.com/apple/swift-asn1.git resolved at 1.7.3
Creating working copy for https://github.com/apple/swift-nio-ssl.git
Working copy of https://github.com/apple/swift-nio-ssl.git resolved at 2.37.5
Creating working copy for https://github.com/apple/swift-nio-transport-services.git
Working copy of https://github.com/apple/swift-nio-transport-services.git resolved at 1.28.0
Creating working copy for https://github.com/googleapis/swift-google-longrunning
Working copy of https://github.com/googleapis/swift-google-longrunning resolved at 0.5.0
Creating working copy for https://github.com/swift-extras/swift-extras-base64
Working copy of https://github.com/swift-extras/swift-extras-base64 resolved at 1.2.0
Creating working copy for https://github.com/googleapis/swift-google-cloud-location
Working copy of https://github.com/googleapis/swift-google-cloud-location resolved at 0.5.0
Creating working copy for https://github.com/apple/swift-collections.git
Working copy of https://github.com/apple/swift-collections.git resolved at 1.7.2
Creating working copy for https://github.com/apple/swift-nio-http2.git
Working copy of https://github.com/apple/swift-nio-http2.git resolved at 1.46.0
Creating working copy for https://github.com/googleapis/swift-google-gax
Working copy of https://github.com/googleapis/swift-google-gax resolved at 0.5.0
Creating working copy for https://github.com/googleapis/swift-google-rpc
Working copy of https://github.com/googleapis/swift-google-rpc resolved at 0.5.0
Building for debugging...
[0/1030] Compiling a_i2d_fp.cc
[1/1030] Compiling a_dup.cc
[1/1030] Compiling a_d2i_fp.cc
[1/1030] Compiling asn_pack.cc
[1/1030] Write sources
[81/1030] Compiling _NumericsShims _NumericsShims.c
[82/1030] Compiling CXKCPShims shims.c
[83/1030] Compiling _AtomicsShims.c
[84/1030] Compiling SimpleFIPS202.c
[85/1030] Compiling KeccakSponge.c
[86/1030] Compiling KeccakHash.c
[87/1030] Write swift-version--11D90AFD9DD3AB2.txt
[88/1030] Compiling a_gentm.cc
[89/1030] Compiling a_mbstr.cc
[89/1030] Compiling CNIOWindows shim.c
[91/1030] Compiling CSystem shims.c
[92/1032] Compiling a_int.cc
[93/1095] Compiling t_crl.cc
[95/1106] Emitting module _CertificateInternals
[95/1106] Compiling KeccakP-1600-opt64.c
[97/1117] Emitting module SystemPackage
[98/1122] Compiling SystemPackage SystemString.swift
[99/1122] Compiling SystemPackage Util+StringArray.swift
[100/1122] Compiling SystemPackage Util.swift
[101/1122] Compiling SystemPackage UtilConsumers.swift
[102/1122] Compiling SystemPackage WinSDK+Overlay.swift
[103/1122] Compiling SystemPackage IOCompletion.swift
[104/1122] Compiling SystemPackage IORequest.swift
[105/1122] Compiling SystemPackage IORing+Util.swift
[106/1122] Compiling SystemPackage IORing.swift
[107/1122] Compiling SystemPackage RawIORequest.swift
[108/1122] Compiling SystemPackage Identifiers.swift
[109/1122] Compiling SystemPackage Stat.swift
[110/1124] Compiling _NIODataStructures PriorityQueue.swift
[111/1124] Compiling Logging LogEvent.swift
[112/1124] Compiling Logging LogHandler.swift
[113/1125] Compiling Logging LoggingSystem.swift
[114/1125] Compiling Logging SwiftLogNoOpLogHandler.swift
[115/1125] Compiling Logging Locks.swift
[116/1125] Emitting module RealModule
[117/1125] Compiling Logging MultiplexLogHandler.swift
[118/1125] Compiling Logging StreamLogHandler.swift
[119/1126] Compiling SystemPackage ErrnoWindows.swift
[120/1126] Compiling SystemPackage FileDescriptor.swift
[121/1126] Emitting module ServiceContextModule
[122/1126] Compiling ServiceContextModule ServiceContextKey.swift
[123/1126] Compiling ServiceContextModule ServiceContext.swift
[124/1126] Compiling _NIODataStructures _TinyArray.swift
[125/1127] Emitting module _NIODataStructures
[126/1127] Compiling _NIODataStructures Heap.swift
[128/1128] Compiling RealModule Real.swift
[129/1128] Compiling RealModule Float16+Real.swift
[130/1128] Compiling RealModule Float80+Real.swift
[131/1128] Compiling RealModule RealFunctions.swift
[132/1128] Compiling RealModule RelaxedArithmetic.swift
[134/1129] Emitting module _NIOBase64
[135/1129] Compiling _NIOBase64 Base64.swift
[143/1130] Compiling Logging Logger.swift
[145/1130] Compiling Logging Logger+With.swift
[146/1143] Compiling _CertificateInternals _TinyArray.swift
[147/1151] Compiling Logging Logger+Attributes.swift
[148/1151] Compiling InternalCollectionsUtilities Iterable+CopyContents.swift
[149/1151] Compiling InternalCollectionsUtilities Iterable+Equality.swift
[150/1165] Wrapping AST for _NIODataStructures for debugging
[151/1170] Wrapping AST for _CertificateInternals for debugging
[152/1170] Wrapping AST for _NIOBase64 for debugging
[154/1170] Compiling Instrumentation NoOpInstrument.swift
[155/1170] Compiling InternalCollectionsUtilities BorrowingIteratorProtocol+Equality.swift
[156/1170] Compiling InternalCollectionsUtilities BorrowingIteratorProtocol+Extras.swift
[157/1170] Compiling InternalCollectionsUtilities Debugging.swift
[158/1170] Compiling InternalCollectionsUtilities Descriptions.swift
[158/1170] Wrapping AST for ServiceContextModule for debugging
[159/1173] Compiling CNIOWindows WSAStartup.c
[160/1173] Compiling CNIOWASI CNIOWASI.c
[161/1173] Wrapping AST for RealModule for debugging
[163/1173] Emitting module Instrumentation
[163/1173] Compiling CNIOPosix event_loop_id.c
[164/1173] Compiling CNIOOpenBSD shim.c
[166/1173] Compiling Instrumentation MultiplexInstrument.swift
[167/1173] Compiling InternalCollectionsUtilities UnsafeMutablePointer+Extras.swift
[168/1173] Compiling InternalCollectionsUtilities UnsafeMutableRawBufferPointer+Extras.swift
[169/1173] Compiling InternalCollectionsUtilities UnsafePointer+Extras.swift
[169/1173] Compiling CNIOLinux liburing_shims.c
[171/1173] Compiling InternalCollectionsUtilities UnsafeRawBufferPointer+Extras.swift
[172/1173] Compiling InternalCollectionsUtilities _SortedCollection.swift
[173/1173] Compiling InternalCollectionsUtilities _UniqueCollection.swift
[173/1173] Compiling CNIOLinux shim.c
[175/1173] Compiling ExtrasBase64 Base32+Span.swift
[176/1173] Compiling ExtrasBase64 Base64+Span.swift
[176/1173] Compiling CNIOLLHTTP c_nio_http.c
[177/1173] Compiling CNIOLLHTTP c_nio_api.c
[179/1173] Emitting module SwiftASN1
[179/1173] Compiling CNIOFreeBSD shim.c
[180/1173] Compiling CNIOExtrasZlib zutil.c
[181/1173] Compiling CNIOLLHTTP c_nio_llhttp.c
[182/1173] Compiling CNIOExtrasZlib inftrees.c
[183/1173] Compiling CNIOExtrasZlib trees.c
[187/1173] Compiling InternalCollectionsUtilities LifetimeOverride.swift
[188/1173] Compiling InternalCollectionsUtilities MutableRef.swift
[189/1173] Compiling InternalCollectionsUtilities FixedWidthInteger+roundUpToPowerOfTwo.swift
[190/1173] Compiling InternalCollectionsUtilities Integer rank.swift
[191/1173] Compiling InternalCollectionsUtilities UInt+first and last set bit.swift
[192/1173] Compiling InternalCollectionsUtilities UInt+reversed.swift
[192/1173] Compiling CNIOExtrasZlib inffast.c
[193/1173] Compiling CNIOExtrasZlib inflate.c
[194/1173] Compiling CNIOExtrasZlib deflate.c
[194/1173] Compiling CNIOExtrasZlib crc32.c
[196/1173] Compiling CNIODarwin shim.c
[197/1173] Compiling CNIOExtrasZlib adler32.c
[198/1173] Compiling fiat_p256_adx_sqr.S
[200/1173] Compiling InternalCollectionsUtilities _UnsafeBitSet+_Word.swift
[201/1173] Compiling InternalCollectionsUtilities _UnsafeBitSet.swift
[201/1173] Compiling fiat_p256_adx_mul.S
[202/1173] Compiling fiat_curve25519_adx_square.S
[203/1173] Compiling fiat_curve25519_adx_mul.S
[204/1173] Compiling CNIOBoringSSLShims shims.c
[206/1173] Emitting module InternalCollectionsUtilities
[211/1173] Compiling SystemPackage PlatformString.swift
[212/1173] Compiling SystemPackage Backcompat.swift
[213/1173] Compiling SystemPackage CInterop.swift
[214/1173] Compiling SystemPackage Constants.swift
[215/1173] Compiling SystemPackage Exports.swift
[216/1173] Compiling SystemPackage Mocking.swift
[221/1173] Emitting module Logging
[224/1173] Compiling InternalCollectionsUtilities UnsafeBufferPointer+Extras.swift
[225/1173] Compiling InternalCollectionsUtilities UnsafeMutableBufferPointer+Extras.swift
[226/1173] Compiling InternalCollectionsUtilities Strideable+LimitHelpers.swift
[227/1173] Compiling InternalCollectionsUtilities String+Padding.swift
[228/1173] Compiling InternalCollectionsUtilities TemporaryAllocation.swift
[229/1173] Compiling InternalCollectionsUtilities _UnsafeBitSet+Index.swift
[230/1173] Compiling InternalCollectionsUtilities MutableSpan+Extras.swift
[231/1173] Compiling InternalCollectionsUtilities OutputSpan+Extras.swift
[232/1173] Compiling InternalCollectionsUtilities RandomAccessCollection+Offsets.swift
[233/1173] Compiling InternalCollectionsUtilities Span+Extras.swift
[264/1176] Compiling Logging MetadataProvider.swift
[265/1177] Compiling ExtrasBase64 Base32.swift
[266/1177] Compiling Instrumentation Instrument.swift
[267/1177] Compiling Instrumentation Locks.swift
[268/1177] Compiling Instrumentation InstrumentationSystem.swift
[269/1178] Wrapping AST for SwiftASN1 for debugging
[271/1182] Wrapping AST for SystemPackage for debugging
[273/1182] Emitting module SpanPreview
[273/1182] Wrapping AST for Logging for debugging
[274/1182] Wrapping AST for InternalCollectionsUtilities for debugging
[276/1182] Compiling SpanPreview OutputSpan+InputSpanHelpers.swift
[277/1182] Compiling SpanPreview MutableSpan+InputSpanHelpers.swift
[278/1182] Compiling SpanPreview InputSpan.swift
[278/1191] Wrapping AST for Instrumentation for debugging
[281/1191] Compiling Tracing TracerProtocol.swift
[282/1192] Compiling Tracing TracingTime.swift
[283/1192] Compiling Tracing Tracer.swift
[284/1192] Compiling Tracing WithTracer.swift
[285/1192] Compiling Tracing TracerProtocol+Legacy.swift
[286/1192] Compiling Tracing InstrumentationSystem+Tracing.swift
[287/1192] Emitting module Tracing
[288/1192] Compiling Tracing NoOpTracer.swift
[289/1192] Compiling Tracing SpanProtocol.swift
[290/1193] Compiling tls_record.cc
[291/1193] Compiling tls_method.cc
[292/1193] Wrapping AST for SpanPreview for debugging
[293/1193] Wrapping AST for Tracing for debugging
[294/1235] Compiling tls13_client.cc
[296/1235] Compiling DequeModule UniqueDeque+Initializers.swift
[297/1235] Compiling DequeModule UniqueDeque+Insertions.swift
[298/1235] Compiling DequeModule UniqueDeque+Iterable.swift
[299/1235] Compiling DequeModule UniqueDeque+Prepend.swift
[300/1235] Compiling DequeModule UniqueDeque+Removals.swift
[301/1235] Compiling DequeModule UniqueDeque+Consumption.swift
[302/1235] Compiling DequeModule UniqueDeque+ContainerOperations.swift
[303/1235] Compiling DequeModule UniqueDeque+Deprecations.swift
[304/1235] Compiling DequeModule UniqueDeque+Descriptions.swift
[305/1235] Compiling DequeModule UniqueDeque+Equatable.swift
[306/1235] Compiling DequeModule UniqueDeque+Hashable.swift
[306/1240] Compiling tls13_enc.cc
[308/1240] Compiling DequeModule _DequeBuffer.swift
[309/1240] Compiling DequeModule _DequeBufferHeader.swift
[310/1240] Compiling DequeModule RigidDeque+Append.swift
[311/1240] Compiling DequeModule RigidDeque+Consumption.swift
[312/1240] Compiling DequeModule RigidDeque+ContainerOperations.swift
[313/1240] Compiling DequeModule RigidDeque+Deprecations.swift
[313/1240] Compiling tls13_both.cc
[314/1240] Compiling tls13_server.cc
[316/1240] Compiling DequeModule RigidDeque+Descriptions.swift
[317/1240] Compiling DequeModule RigidDeque+Equatable.swift
[318/1240] Compiling DequeModule RigidDeque+Hashable.swift
[319/1240] Compiling DequeModule RigidDeque+Initializers.swift
[320/1240] Compiling DequeModule RigidDeque+Insertions.swift
[321/1240] Compiling DequeModule RigidDeque+Iterable.swift
[322/1240] Compiling DequeModule RigidDeque+Prepend.swift
[323/1240] Compiling DequeModule RigidDeque+Removals.swift
[324/1240] Compiling DequeModule RigidDeque+Replacements.swift
[325/1240] Compiling DequeModule RigidDeque+Testing.swift
[326/1240] Compiling DequeModule RigidDeque.swift
[327/1240] Compiling DequeModule UniqueDeque+Append.swift
[328/1240] Compiling DequeModule Deque+Codable.swift
[329/1240] Compiling DequeModule Deque+Collection.swift
[330/1240] Compiling DequeModule Deque+CustomReflectable.swift
[331/1240] Compiling DequeModule Deque+Descriptions.swift
[332/1240] Compiling DequeModule Deque+Equatable.swift
[333/1240] Compiling DequeModule Deque+ExpressibleByArrayLiteral.swift
[334/1240] Compiling DequeModule Deque+Extras.swift
[335/1240] Compiling DequeModule Deque+Hashable.swift
[336/1240] Compiling DequeModule Deque+Testing.swift
[337/1240] Compiling DequeModule Deque._Storage.swift
[338/1240] Compiling DequeModule Deque._UnsafeHandle.swift
[339/1240] Compiling DequeModule Deque.swift
[339/1240] Compiling t1_enc.cc
[340/1240] Compiling ssl_x509.cc
[341/1240] Compiling ssl_versions.cc
[342/1240] Compiling ssl_transcript.cc
[343/1240] Compiling ssl_stat.cc
[344/1240] Compiling ssl_session.cc
[345/1240] Compiling ssl_privkey.cc
[346/1240] Compiling ssl_key_share.cc
[347/1240] Compiling ssl_file.cc
[349/1240] Emitting module DequeModule
[349/1240] Compiling ssl_credential.cc
[351/1240] Compiling DequeModule UniqueDeque+Replacements.swift
[352/1240] Compiling DequeModule UniqueDeque.swift
[353/1240] Compiling DequeModule _DequeSlot.swift
[354/1240] Compiling DequeModule _UnsafeDequeHandle.swift
[355/1240] Compiling DequeModule _UnsafeDequeSegments.swift
[356/1241] Compiling ssl_lib.cc
[357/1241] Compiling ssl_cipher.cc
[359/1284] Emitting module ExtrasBase64
[360/1284] Compiling ExtrasBase64 Base64.swift
[361/1285] Wrapping AST for DequeModule for debugging
[362/1285] Compiling ssl_cert.cc
[363/1316] Wrapping AST for ExtrasBase64 for debugging
[364/1316] Compiling ssl_buffer.cc
[365/1316] Compiling s3_pkt.cc
[366/1316] Compiling s3_lib.cc
[367/1316] Compiling ssl_asn1.cc
[368/1316] Compiling ssl_aead_ctx.cc
[370/1316] Compiling GoogleWKT WKTEnum.swift
[371/1316] Compiling GoogleWKT WKTEnumValue.swift
[372/1316] Compiling GoogleWKT WKTField.swift
[373/1316] Compiling GoogleWKT WKTMethod.swift
[374/1316] Compiling GoogleWKT WKTMixin.swift
[375/1316] Compiling GoogleWKT WKTOption.swift
[375/1321] Compiling s3_both.cc
[377/1321] Compiling GoogleWKT WKTFloatValue.swift
[378/1321] Compiling GoogleWKT WKTInt32Value.swift
[379/1321] Compiling GoogleWKT WKTInt64Value.swift
[380/1321] Compiling GoogleWKT WKTRecursive.swift
[381/1325] Compiling GoogleWKT WKTDoubleValue.swift
[382/1325] Compiling GoogleWKT WKTDuration.swift
[383/1325] Compiling GoogleWKT WKTEmpty.swift
[384/1325] Compiling GoogleWKT WKTFieldMask.swift
[389/1325] Compiling GoogleWKT UnknownFields.swift
[390/1325] Compiling GoogleWKT WKTAny.swift
[391/1325] Compiling GoogleWKT WKTAnyError.swift
[392/1325] Compiling GoogleWKT WKTBoolValue.swift
[393/1325] Compiling GoogleWKT WKTBytesValue.swift
[393/1325] Compiling handshake_server.cc
[395/1325] Compiling GoogleWKT WKTStringValue.swift
[396/1325] Compiling GoogleWKT WKTTimestamp.swift
[397/1325] Compiling GoogleWKT WKTUInt32Value.swift
[398/1325] Compiling GoogleWKT WKTUInt64Value.swift
[399/1325] Compiling GoogleWKT WKTValue.swift
[400/1325] Compiling GoogleWKT WKTApi.swift
[402/1325] Compiling handshake_client.cc
[404/1325] Compiling GoogleWKT AnyPackable.swift
[405/1325] Compiling GoogleWKT DecodeToDefault.swift
[406/1325] Compiling GoogleWKT DiscoveryBase64.swift
[407/1325] Compiling GoogleWKT ProtoJSONDecoder.swift
[408/1325] Compiling GoogleWKT ProtoJSONEncoder.swift
[409/1325] Emitting module GoogleWKT
[410/1325] Compiling GoogleWKT WKTSourceContext.swift
[411/1325] Compiling GoogleWKT WKTSyntax.swift
[412/1325] Compiling GoogleWKT WKTType.swift
[413/1325] Compiling GoogleWKT PackageVersion.swift
[414/1326] Compiling handoff.cc
[415/1326] Compiling handshake.cc
[416/1326] Wrapping AST for GoogleWKT for debugging
[424/1341] Compiling Configuration CombineLatestManyStorage.swift
[425/1341] Compiling Configuration AsyncSequences.swift
[426/1341] Compiling Configuration FoundationExtensions.swift
[427/1341] Compiling Configuration Span.swift
[428/1341] Compiling Configuration ConfigBytesFromStringDecoder.swift
[433/1341] Compiling Configuration AsyncCombineLatestManySequence.swift
[434/1341] Compiling Configuration CombineLatestManyStateMachine.swift
[435/1341] Compiling Configuration JSONSnapshot.swift
[436/1341] Compiling Configuration PropertyListSnapshot.swift
[437/1341] Compiling Configuration ReloadingFileProvider.swift
[438/1341] Compiling Configuration ReloadingFileProviderMetrics.swift
[439/1341] Compiling Configuration YAMLSnapshot.swift
[440/1341] Compiling Configuration InMemoryProvider.swift
[441/1341] Emitting module Configuration
[442/1341] Compiling GoogleRpc DebugInfo.swift
[443/1341] Compiling GoogleRpc ErrorInfo.swift
[444/1341] Compiling GoogleRpc Help.swift
[445/1341] Compiling GoogleRpc HttpHeader.swift
[446/1341] Compiling GoogleRpc BadRequest.swift
[447/1341] Compiling GoogleRpc Code.swift
[447/1341] Compiling extensions.cc
[449/1341] Compiling GoogleRpc LocalizedMessage.swift
[450/1341] Compiling GoogleRpc PackageVersion.swift
[455/1343] Compiling GoogleRpc RequestInfo.swift
[456/1343] Compiling GoogleRpc ResourceInfo.swift
[456/1343] Compiling encrypted_client_hello.cc
[458/1343] Compiling GoogleRpc HttpRequest.swift
[459/1343] Compiling GoogleRpc HttpResponse.swift
[462/1343] Emitting module GoogleRpc
[463/1343] Compiling GoogleRpc PreconditionFailure.swift
[464/1343] Compiling GoogleRpc QuotaFailure.swift
[465/1343] Compiling GoogleRpc RetryInfo.swift
[466/1343] Compiling GoogleRpc Status.swift
[466/1343] Compiling dtls_record.cc
[467/1344] Compiling dtls_method.cc
[469/1344] Compiling md5-x86_64-linux.S
[470/1344] Compiling md5-x86_64-apple.S
[471/1344] Wrapping AST for GoogleRpc for debugging
[472/1344] Compiling md5-586-linux.S
[473/1344] Compiling md5-586-apple.S
[474/1344] Compiling chacha20_poly1305_x86_64-linux.S
[487/1344] Compiling d1_srtp.cc
[488/1345] Compiling chacha20_poly1305_x86_64-apple.S
[489/1345] Compiling chacha20_poly1305_armv8-win.S
[491/1345] Compiling chacha20_poly1305_armv8-apple.S
[492/1345] Compiling chacha-x86_64-linux.S
[493/1345] Compiling chacha20_poly1305_armv8-linux.S
[494/1345] Compiling chacha-x86_64-apple.S
[495/1345] Compiling chacha-x86-linux.S
[496/1345] Wrapping AST for Configuration for debugging
[497/1345] Compiling chacha-x86-apple.S
[498/1345] Compiling chacha-armv8-win.S
[499/1345] Compiling chacha-armv4-linux.S
[500/1345] Compiling chacha-armv8-linux.S
[501/1345] Compiling chacha-armv8-apple.S
[502/1345] Compiling aes128gcmsiv-x86_64-linux.S
[503/1345] Compiling x86_64-mont5-linux.S
[504/1345] Compiling aes128gcmsiv-x86_64-apple.S
[505/1345] Compiling err_data.cc
[506/1345] Compiling d1_pkt.cc
[507/1345] Compiling x86_64-mont-linux.S
[508/1345] Compiling x86_64-mont5-apple.S
[509/1345] Compiling x86_64-mont-apple.S
[510/1345] Compiling x86-mont-apple.S
[511/1345] Compiling x86-mont-linux.S
[512/1345] Compiling vpaes-x86_64-linux.S
[513/1345] Compiling vpaes-x86_64-apple.S
[514/1345] Compiling vpaes-x86-linux.S
[515/1345] Compiling vpaes-armv8-win.S
[516/1345] Compiling vpaes-armv8-linux.S
[517/1345] Compiling vpaes-x86-apple.S
[518/1345] Compiling vpaes-armv8-apple.S
[519/1345] Compiling vpaes-armv7-linux.S
[520/1345] Compiling sha512-x86_64-apple.S
[521/1345] Compiling sha512-x86_64-linux.S
[522/1345] Compiling sha512-armv8-win.S
[523/1345] Compiling d1_lib.cc
[524/1345] Compiling sha512-armv4-linux.S
[525/1345] Compiling sha512-armv8-linux.S
[526/1345] Compiling sha512-armv8-apple.S
[527/1345] Compiling sha512-586-apple.S
[528/1345] Compiling sha512-586-linux.S
[529/1345] Compiling sha256-x86_64-linux.S
[530/1345] Compiling sha256-x86_64-apple.S
[531/1345] Compiling sha256-armv8-win.S
[532/1345] Compiling sha256-armv4-linux.S
[533/1345] Compiling sha256-armv8-apple.S
[533/1345] Compiling sha256-armv8-linux.S
[533/1345] Compiling sha256-586-linux.S
[536/1345] Compiling sha256-586-apple.S
[537/1345] Compiling sha1-x86_64-linux.S
[538/1345] Compiling sha1-armv8-win.S
[538/1345] Compiling sha1-x86_64-apple.S
[540/1345] Compiling sha1-armv8-apple.S
[541/1345] Compiling sha1-armv4-large-linux.S
[542/1345] Compiling rsaz-avx2-apple.S
[542/1345] Compiling sha1-586-linux.S
[544/1345] Compiling sha1-armv8-linux.S
[545/1345] Compiling rsaz-avx2-linux.S
[546/1345] Compiling sha1-586-apple.S
[547/1345] Compiling rdrand-x86_64-apple.S
[548/1345] Compiling rdrand-x86_64-linux.S
[548/1345] Compiling p256_beeu-x86_64-asm-linux.S
[550/1345] Compiling p256_beeu-x86_64-asm-apple.S
[551/1345] Compiling p256_beeu-armv8-asm-win.S
[552/1345] Compiling p256_beeu-armv8-asm-linux.S
[553/1345] Compiling p256_beeu-armv8-asm-apple.S
[554/1345] Compiling p256-x86_64-asm-apple.S
[555/1345] Compiling p256-armv8-asm-win.S
[556/1345] Compiling p256-armv8-asm-apple.S
[557/1345] Compiling p256-x86_64-asm-linux.S
[558/1345] Compiling p256-armv8-asm-linux.S
[559/1345] Compiling ghashv8-armv8-win.S
[560/1345] Compiling ghashv8-armv7-linux.S
[561/1345] Compiling ghashv8-armv8-apple.S
[562/1345] Compiling ghashv8-armv8-linux.S
[563/1345] Compiling ghash-x86_64-linux.S
[564/1345] Compiling ghash-ssse3-x86_64-linux.S
[565/1345] Compiling ghash-x86_64-apple.S
[566/1345] Compiling ghash-x86-apple.S
[566/1345] Compiling ghash-ssse3-x86_64-apple.S
[568/1345] Compiling ghash-x86-linux.S
[569/1345] Compiling ghash-ssse3-x86-linux.S
[570/1345] Compiling ghash-ssse3-x86-apple.S
[571/1345] Compiling ghash-neon-armv8-win.S
[572/1345] Compiling ghash-neon-armv8-linux.S
[573/1345] Compiling ghash-neon-armv8-apple.S
[573/1345] Compiling co-586-linux.S
[575/1345] Compiling ghash-armv4-linux.S
[576/1345] Compiling bn-armv8-win.S
[576/1345] Compiling co-586-apple.S
[578/1345] Compiling bn-armv8-apple.S
[579/1345] Compiling bsaes-armv7-linux.S
[580/1345] Compiling d1_both.cc
[581/1345] Compiling bn-armv8-linux.S
[582/1345] Compiling armv8-mont-win.S
[583/1345] Compiling bn-586-apple.S
[584/1345] Compiling bn-586-linux.S
[585/1345] Compiling armv8-mont-apple.S
[586/1345] Compiling armv4-mont-linux.S
[587/1345] Compiling armv8-mont-linux.S
[588/1345] Compiling aesv8-gcm-armv8-apple.S
[589/1345] Compiling aesv8-gcm-armv8-win.S
[590/1345] Compiling aesv8-gcm-armv8-linux.S
[591/1345] Compiling aesv8-armv8-apple.S
[592/1345] Compiling aesv8-armv8-linux.S
[593/1345] Compiling aesv8-armv8-win.S
[594/1345] Compiling aesv8-armv7-linux.S
[595/1345] Compiling aesni-x86_64-linux.S
[596/1345] Compiling bio_ssl.cc
[597/1345] Compiling aesni-x86-linux.S
[598/1345] Compiling aesni-x86_64-apple.S
[599/1345] Compiling aesni-x86-apple.S
[600/1345] Compiling aesni-gcm-x86_64-linux.S
[601/1345] Compiling aesni-gcm-x86_64-apple.S
[602/1345] Compiling aes-gcm-avx2-x86_64-apple.S
[602/1345] Compiling aes-gcm-avx10-x86_64-linux.S
[604/1345] Compiling aes-gcm-avx2-x86_64-linux.S
[605/1345] Compiling aes-gcm-avx10-x86_64-apple.S
[606/1345] Compiling x_sig.cc
[607/1345] Compiling x_val.cc
[608/1345] Compiling x_req.cc
[609/1345] Compiling x_spki.cc
[610/1345] Compiling x_x509.cc
[611/1345] Compiling x_x509a.cc
[612/1345] Compiling x_pubkey.cc
[613/1345] Compiling x_name.cc
[614/1345] Compiling x509spki.cc
[615/1345] Compiling x_exten.cc
[616/1345] Compiling x_crl.cc
[617/1345] Compiling x_attrib.cc
[618/1345] Compiling x509rset.cc
[619/1345] Compiling x_all.cc
[620/1345] Compiling x_algor.cc
[621/1345] Compiling x509name.cc
[622/1345] Compiling x509_txt.cc
[623/1345] Compiling x509_set.cc
[624/1345] Compiling x509_v3.cc
[625/1345] Compiling x509_vpm.cc
[626/1345] Compiling x509_vfy.cc
[627/1345] Compiling x509cset.cc
[628/1345] Compiling x509_trs.cc
[629/1345] Compiling x509_req.cc
[630/1345] Compiling x509_obj.cc
[631/1345] Compiling x509_ext.cc
[632/1345] Compiling x509_def.cc
[633/1345] Compiling x509_lu.cc
[634/1345] Compiling x509_cmp.cc
[635/1345] Compiling x509_d2.cc
[636/1345] Compiling x509.cc
[637/1345] Compiling x509_att.cc
[638/1345] Compiling v3_utl.cc
[639/1345] Compiling v3_prn.cc
[640/1345] Compiling v3_purp.cc
[641/1345] Compiling v3_skey.cc
[642/1345] Compiling v3_ocsp.cc
[643/1345] Compiling v3_pcons.cc
[644/1345] Compiling v3_pmaps.cc
[645/1345] Compiling v3_ncons.cc
[646/1345] Compiling v3_lib.cc
[647/1345] Compiling v3_int.cc
[648/1345] Compiling v3_info.cc
[649/1345] Compiling v3_ia5.cc
[650/1345] Compiling v3_extku.cc
[651/1345] Compiling v3_genn.cc
[652/1345] Compiling v3_enum.cc
[653/1345] Compiling v3_crld.cc
[654/1345] Compiling v3_bitst.cc
[655/1345] Compiling v3_akeya.cc
[656/1345] Compiling v3_cpols.cc
[657/1345] Compiling v3_conf.cc
[658/1345] Compiling t_x509a.cc
[659/1345] Compiling v3_bcons.cc
[660/1345] Compiling v3_alt.cc
[661/1345] Compiling v3_akey.cc
[662/1345] Compiling i2d_pr.cc
[663/1345] Compiling rsa_pss.cc
[664/1345] Compiling t_x509.cc
[665/1345] Compiling name_print.cc
[666/1345] Compiling t_crl.cc
[667/1345] Compiling t_req.cc
[668/1345] Compiling policy.cc
[669/1345] Compiling by_file.cc
[670/1345] Compiling asn1_gen.cc
[671/1345] Compiling by_dir.cc
[672/1345] Compiling algorithm.cc
[673/1345] Compiling a_digest.cc
[674/1345] Compiling a_verify.cc
[674/1345] Compiling voprf.cc
[676/1345] Compiling a_sign.cc
[677/1345] Compiling trust_token.cc
[678/1345] Compiling thread_win.cc
[679/1345] Compiling thread_pthread.cc
[680/1345] Compiling thread_none.cc
[681/1345] Compiling stack.cc
[682/1345] Compiling thread.cc
[683/1345] Compiling pmbtoken.cc
[684/1345] Compiling spake2plus.cc
[685/1345] Compiling siphash.cc
[686/1345] Compiling rsa_extra.cc
[687/1345] Compiling sha1.cc
[688/1345] Compiling sha512.cc
[689/1345] Compiling slhdsa.cc
[690/1345] Compiling sha256.cc
[691/1345] Compiling rsa_print.cc
[692/1345] Compiling trusty.cc
[693/1345] Compiling rc4.cc
[694/1345] Compiling refcount.cc
[695/1345] Compiling rsa_crypt.cc
[696/1345] Compiling urandom.cc
[697/1345] Compiling windows.cc
[698/1345] Compiling rand.cc
[699/1345] Compiling rsa_asn1.cc
[700/1345] Compiling passive.cc
[701/1345] Compiling ios.cc
[702/1345] Compiling getentropy.cc
[703/1345] Compiling poly1305_arm_asm.S
[704/1345] Compiling forkunsafe.cc
[705/1345] Compiling deterministic.cc
[706/1345] Compiling fork_detect.cc
[707/1345] Compiling poly1305_vec.cc
[708/1345] Compiling poly1305.cc
[709/1345] Compiling poly1305_arm.cc
[710/1345] Compiling pool.cc
[711/1345] Compiling pkcs8_x509.cc
[712/1345] Compiling pkcs8.cc
[713/1345] Compiling pkcs7.cc
[714/1345] Compiling p5_pbev2.cc
[715/1345] Compiling pem_xaux.cc
[716/1345] Compiling pkcs7_x509.cc
[717/1345] Compiling pem_x509.cc
[718/1345] Compiling pem_pkey.cc
[719/1345] Compiling pem_pk8.cc
[720/1345] Compiling pem_info.cc
[721/1345] Compiling pem_lib.cc
[722/1345] Compiling pem_oth.cc
[723/1345] Compiling mlkem.cc
[724/1345] Compiling obj_xref.cc
[725/1345] Compiling pem_all.cc
[726/1345] Compiling mldsa.cc
[727/1345] Compiling poly_rq_mul.S
[728/1345] Compiling obj.cc
[729/1345] Compiling fips_shared_support.cc
[730/1345] Compiling mem.cc
[731/1345] Compiling lhash.cc
[732/1345] Compiling md4.cc
[733/1345] Compiling md5.cc
[734/1345] Compiling ex_data.cc
[735/1345] Compiling kyber.cc
[736/1345] Compiling sign.cc
[737/1345] Compiling hrss.cc
[738/1345] Compiling scrypt.cc
[739/1345] Compiling hpke.cc
[740/1345] Compiling print.cc
[741/1345] Compiling pbkdf.cc
[742/1345] Compiling p_x25519.cc
[743/1345] Compiling p_x25519_asn1.cc
[744/1345] Compiling p_rsa_asn1.cc
[745/1345] Compiling p_rsa.cc
[746/1345] Compiling p_ed25519.cc
[747/1345] Compiling p_ed25519_asn1.cc
[748/1345] Compiling p_hkdf.cc
[749/1345] Compiling p_ec_asn1.cc
[750/1345] Compiling p_ec.cc
[751/1345] Compiling evp_ctx.cc
[752/1345] Compiling p_dh_asn1.cc
[753/1345] Compiling p_dh.cc
[754/1345] Compiling p_dsa_asn1.cc
[755/1345] Compiling evp.cc
[756/1345] Compiling err.cc
[757/1345] Compiling evp_asn1.cc
[758/1345] Compiling ecdh.cc
[759/1345] Compiling engine.cc
[760/1345] Compiling ecdsa_asn1.cc
[761/1345] Compiling hash_to_curve.cc
[762/1345] Compiling ec_derive.cc
[763/1345] Compiling dsa.cc
[764/1345] Compiling ec_asn1.cc
[765/1345] Compiling bcm.cc
[766/1345] Compiling dsa_asn1.cc
[767/1345] Compiling digest_extra.cc
[768/1345] Compiling x25519-asm-arm.S
[769/1345] Compiling params.cc
[770/1345] Compiling des.cc
[771/1345] Compiling dh_asn1.cc
[772/1345] Compiling spake25519.cc
[773/1345] Compiling curve25519_64_adx.cc
[774/1345] Compiling curve25519.cc
[775/1345] Compiling cpu_intel.cc
[776/1345] Compiling crypto.cc
[777/1345] Compiling cpu_arm_linux.cc
[778/1345] Compiling cpu_arm_freebsd.cc
[779/1345] Compiling cpu_aarch64_sysreg.cc
[780/1345] Compiling cpu_aarch64_win.cc
[781/1345] Compiling cpu_aarch64_linux.cc
[782/1345] Compiling cpu_aarch64_openbsd.cc
[783/1345] Compiling cpu_aarch64_fuchsia.cc
[784/1345] Compiling cpu_aarch64_apple.cc
[785/1345] Compiling conf.cc
[786/1345] Compiling tls_cbc.cc
[787/1345] Compiling get_cipher.cc
[788/1345] Compiling e_tls.cc
[789/1345] Compiling e_rc4.cc
[790/1345] Compiling e_des.cc
[791/1345] Compiling e_rc2.cc
[792/1345] Compiling e_aesgcmsiv.cc
[793/1345] Compiling e_chacha20poly1305.cc
[794/1345] Compiling e_null.cc
[795/1345] Compiling derive_key.cc
[796/1345] Compiling e_aesctrhmac.cc
[797/1345] Compiling chacha.cc
[798/1345] Compiling unicode.cc
[799/1345] Compiling buf.cc
[800/1345] Compiling ber.cc
[801/1345] Compiling cbb.cc
[802/1345] Compiling asn1_compat.cc
[803/1345] Compiling cbs.cc
[804/1345] Compiling bn_asn1.cc
[805/1345] Compiling blake2.cc
[806/1345] Compiling convert.cc
[807/1345] Compiling socket_helper.cc
[808/1345] Compiling pair.cc
[809/1345] Compiling printf.cc
[810/1345] Compiling socket.cc
[811/1345] Compiling hexdump.cc
[812/1345] Compiling file.cc
[813/1345] Compiling fd.cc
[814/1345] Compiling connect.cc
[815/1345] Compiling errno.cc
[816/1345] Compiling bio_mem.cc
[817/1345] Compiling bio.cc
[818/1345] Compiling base64.cc
[819/1345] Compiling tasn_typ.cc
[820/1345] Compiling tasn_utl.cc
[821/1345] Compiling tasn_fre.cc
[822/1345] Compiling tasn_enc.cc
[823/1345] Compiling tasn_new.cc
[824/1345] Compiling posix_time.cc
[825/1345] Compiling f_int.cc
[826/1345] Compiling f_string.cc
[827/1345] Compiling asn1_par.cc
[828/1345] Compiling asn_pack.cc
[829/1345] Compiling tasn_dec.cc
[830/1345] Compiling asn1_lib.cc
[831/1345] Compiling a_utctm.cc
[832/1345] Compiling a_type.cc
[833/1345] Compiling a_octet.cc
[834/1345] Compiling a_time.cc
[835/1345] Compiling a_strex.cc
[836/1345] Compiling a_strnid.cc
[837/1345] Compiling a_object.cc
[838/1345] Compiling a_i2d_fp.cc
[839/1345] Compiling a_dup.cc
[840/1345] Compiling a_d2i_fp.cc
[841/1345] Compiling CGoogleGaxCRC32C CGoogleGaxCRC32C.c
[842/1345] Compiling a_mbstr.cc
[843/1345] Compiling fiat_p256_adx_sqr.S
[844/1345] Compiling a_int.cc
[845/1345] Compiling fiat_p256_adx_mul.S
[846/1345] Compiling a_gentm.cc
[847/1345] Compiling fiat_curve25519_adx_square.S
[848/1345] Compiling md5-x86_64-linux.S
[849/1345] Compiling a_bool.cc
[850/1345] Compiling fiat_curve25519_adx_mul.S
[851/1345] Compiling md5-586-linux.S
[852/1345] Compiling md5-x86_64-apple.S
[853/1345] Compiling md5-586-apple.S
[854/1345] Compiling chacha20_poly1305_x86_64-apple.S
[855/1345] Compiling chacha20_poly1305_x86_64-linux.S
[856/1345] Compiling a_bitstr.cc
[857/1345] Compiling chacha-x86_64-linux.S
[858/1345] Compiling CCryptoBoringSSLShims shims.c
[859/1345] Compiling chacha20_poly1305_armv8-win.S
[860/1345] Compiling chacha20_poly1305_armv8-apple.S
[860/1345] Compiling chacha20_poly1305_armv8-linux.S
[862/1345] Compiling chacha-x86_64-apple.S
[862/1345] Compiling chacha-x86-linux.S
[862/1345] Compiling chacha-x86-apple.S
[865/1345] Compiling chacha-armv8-win.S
[866/1345] Compiling chacha-armv8-apple.S
[867/1345] Compiling chacha-armv8-linux.S
[868/1345] Compiling chacha-armv4-linux.S
[869/1345] Compiling aes128gcmsiv-x86_64-linux.S
[870/1345] Compiling aes128gcmsiv-x86_64-apple.S
[871/1345] Compiling x86_64-mont-linux.S
[872/1345] Compiling x86_64-mont-apple.S
[873/1345] Compiling x86_64-mont5-linux.S
[874/1345] Compiling x86_64-mont5-apple.S
[875/1345] Compiling x86-mont-linux.S
[876/1345] Compiling x86-mont-apple.S
[877/1345] Compiling vpaes-x86_64-apple.S
[878/1345] Compiling vpaes-x86_64-linux.S
[879/1345] Compiling vpaes-x86-linux.S
[880/1345] Compiling vpaes-armv8-win.S
[881/1345] Compiling vpaes-armv8-apple.S
[882/1345] Compiling vpaes-x86-apple.S
[883/1345] Compiling vpaes-armv7-linux.S
[884/1345] Compiling vpaes-armv8-linux.S
[884/1345] Compiling sha512-x86_64-apple.S
[886/1345] Compiling sha512-x86_64-linux.S
[886/1345] Compiling sha512-armv8-win.S
[888/1345] Compiling sha512-armv8-apple.S
[889/1345] Compiling sha512-586-linux.S
[890/1345] Compiling sha512-armv4-linux.S
[891/1345] Compiling sha512-586-apple.S
[892/1345] Compiling sha512-armv8-linux.S
[893/1345] Compiling sha256-x86_64-linux.S
[894/1345] Compiling err_data.cc
[895/1345] Compiling sha256-x86_64-apple.S
[896/1345] Compiling sha256-armv8-apple.S
[897/1345] Compiling sha256-armv8-win.S
[898/1345] Compiling sha256-armv4-linux.S
[899/1345] Compiling sha256-armv8-linux.S
[900/1345] Compiling sha1-armv8-win.S
[901/1345] Compiling sha1-x86_64-linux.S
[902/1345] Compiling sha256-586-linux.S
[903/1345] Compiling sha256-586-apple.S
[904/1345] Compiling sha1-x86_64-apple.S
[905/1345] Compiling sha1-armv8-linux.S
[906/1345] Compiling sha1-armv4-large-linux.S
[907/1345] Compiling sha1-586-linux.S
[908/1345] Compiling sha1-586-apple.S
[909/1345] Compiling sha1-armv8-apple.S
[909/1345] Compiling rsaz-avx2-linux.S
[911/1345] Compiling rsaz-avx2-apple.S
[912/1345] Compiling rdrand-x86_64-linux.S
[913/1345] Compiling p256_beeu-x86_64-asm-linux.S
[914/1345] Compiling p256_beeu-armv8-asm-apple.S
[915/1345] Compiling p256_beeu-armv8-asm-win.S
[916/1345] Compiling rdrand-x86_64-apple.S
[917/1345] Compiling p256_beeu-x86_64-asm-apple.S
[918/1345] Compiling p256_beeu-armv8-asm-linux.S
[919/1345] Compiling p256-armv8-asm-win.S
[920/1345] Compiling p256-x86_64-asm-linux.S
[921/1345] Compiling p256-x86_64-asm-apple.S
[922/1345] Compiling ghashv8-armv8-win.S
[923/1345] Compiling ghashv8-armv8-linux.S
[924/1345] Compiling p256-armv8-asm-linux.S
[925/1345] Compiling p256-armv8-asm-apple.S
[926/1345] Compiling ghashv8-armv8-apple.S
[927/1345] Compiling ghashv8-armv7-linux.S
[928/1345] Compiling ghash-x86_64-apple.S
[929/1345] Compiling ghash-x86-linux.S
[930/1345] Compiling ghash-x86_64-linux.S
[931/1345] Compiling ghash-x86-apple.S
[932/1345] Compiling ghash-ssse3-x86_64-apple.S
[933/1345] Compiling ghash-ssse3-x86-linux.S
[934/1345] Compiling ghash-ssse3-x86_64-linux.S
[935/1345] Compiling ghash-ssse3-x86-apple.S
[936/1345] Compiling co-586-linux.S
[937/1345] Compiling ghash-neon-armv8-apple.S
[938/1345] Compiling ghash-neon-armv8-win.S
[939/1345] Compiling ghash-armv4-linux.S
[940/1345] Compiling ghash-neon-armv8-linux.S
[941/1345] Compiling co-586-apple.S
[942/1345] Compiling bsaes-armv7-linux.S
[943/1345] Compiling bn-armv8-win.S
[944/1345] Compiling bn-armv8-linux.S
[945/1345] Compiling bn-armv8-apple.S
[945/1345] Compiling bn-586-linux.S
[947/1345] Compiling armv8-mont-win.S
[947/1345] Compiling bn-586-apple.S
[949/1345] Compiling armv8-mont-apple.S
[950/1345] Compiling armv8-mont-linux.S
[951/1345] Compiling armv4-mont-linux.S
[952/1345] Compiling aesv8-gcm-armv8-win.S
[953/1345] Compiling aesv8-armv8-win.S
[954/1345] Compiling aesv8-gcm-armv8-apple.S
[955/1345] Compiling aesv8-armv7-linux.S
[956/1345] Compiling aesv8-armv8-linux.S
[957/1345] Compiling aesni-x86_64-linux.S
[958/1345] Compiling aesv8-gcm-armv8-linux.S
[959/1345] Compiling aesni-x86_64-apple.S
[960/1345] Compiling aesv8-armv8-apple.S
[961/1345] Compiling aesni-x86-linux.S
[961/1345] Compiling aesni-gcm-x86_64-linux.S
[963/1345] Compiling aesni-gcm-x86_64-apple.S
[964/1345] Compiling aesni-x86-apple.S
[965/1345] Compiling aes-gcm-avx512-x86_64-linux.S
[966/1345] Compiling aes-gcm-avx2-x86_64-linux.S
[967/1345] Compiling aes-gcm-avx512-x86_64-apple.S
[967/1345] Compiling aes-gcm-avx2-x86_64-apple.S
[969/1345] Compiling x_x509.cc
[970/1345] Compiling xwing.cc
[971/1345] Compiling x_sig.cc
[972/1345] Compiling x_spki.cc
[973/1345] Compiling x_req.cc
[974/1345] Compiling x_x509a.cc
[975/1345] Compiling c-nioatomics.c
[976/1345] Compiling x_name.cc
[977/1345] Compiling x_pubkey.cc
[978/1345] Compiling c-atomics.c
[979/1345] Compiling x_attrib.cc
[980/1352] Compiling x_crl.cc
[981/1352] Compiling x_exten.cc
[983/1352] Compiling NIOConcurrencyHelpers NIOLockedValueBox.swift
[983/1352] Compiling x_all.cc
[985/1352] Compiling NIOConcurrencyHelpers NIOThreadPoolWorkAvailable.swift
[986/1352] Compiling NIOConcurrencyHelpers NIOLock.swift
[986/1352] Compiling x_algor.cc
[988/1352] Compiling NIOConcurrencyHelpers NIOAtomic.swift
[989/1352] Compiling NIOConcurrencyHelpers lock.swift
[990/1352] Compiling NIOConcurrencyHelpers atomics.swift
[991/1352] Emitting module NIOConcurrencyHelpers
[992/1353] Compiling x509rset.cc
[993/1353] Wrapping AST for NIOConcurrencyHelpers for debugging
[994/1353] Compiling x509spki.cc
[995/1353] Compiling x509name.cc
[996/1353] Compiling x509cset.cc
[997/1353] Compiling x509_vpm.cc
[998/1353] Compiling x509_vfy.cc
[999/1353] Compiling x509_v3.cc
[1000/1353] Compiling x509_txt.cc
[1001/1353] Compiling x509_trs.cc
[1002/1353] Compiling x509_req.cc
[1003/1353] Compiling x509_set.cc
[1004/1353] Compiling x509_obj.cc
[1005/1353] Compiling x509_lu.cc
[1006/1353] Compiling x509_ext.cc
[1007/1353] Compiling x509_def.cc
[1008/1353] Compiling x509_d2.cc
[1009/1353] Compiling x509_cmp.cc
[1010/1353] Compiling x509_att.cc
[1011/1353] Compiling x509.cc
[1012/1353] Compiling v3_skey.cc
[1013/1353] Compiling v3_utl.cc
[1014/1353] Compiling v3_purp.cc
[1015/1353] Compiling v3_prn.cc
[1016/1353] Compiling v3_pmaps.cc
[1017/1353] Compiling v3_ocsp.cc
[1018/1353] Compiling v3_pcons.cc
[1019/1353] Compiling v3_lib.cc
[1020/1353] Compiling v3_int.cc
[1021/1353] Compiling v3_ncons.cc
[1022/1353] Compiling v3_genn.cc
[1023/1353] Compiling v3_info.cc
[1024/1353] Compiling v3_ia5.cc
[1025/1353] Compiling v3_extku.cc
[1026/1353] Compiling v3_enum.cc
[1027/1353] Compiling v3_cpols.cc
[1028/1353] Compiling v3_crld.cc
[1029/1353] Compiling v3_conf.cc
[1030/1353] Compiling v3_bitst.cc
[1031/1353] Compiling v3_bcons.cc
[1032/1353] Compiling v3_alt.cc
[1033/1353] Compiling t_x509.cc
[1034/1353] Compiling v3_akeya.cc
[1035/1353] Compiling v3_akey.cc
[1036/1353] Compiling t_x509a.cc
[1037/1353] Compiling t_req.cc
[1038/1353] Compiling policy.cc
[1039/1353] Compiling rsa_pss.cc
[1040/1353] Compiling name_print.cc
[1041/1353] Compiling i2d_pr.cc
[1042/1353] Compiling by_file.cc
[1043/1353] Compiling algorithm.cc
[1044/1353] Compiling by_dir.cc
[1045/1353] Compiling asn1_gen.cc
[1046/1353] Compiling voprf.cc
[1047/1353] Compiling a_digest.cc
[1048/1353] Compiling a_verify.cc
[1049/1353] Compiling thread_win.cc
[1050/1353] Compiling a_sign.cc
[1051/1353] Compiling trust_token.cc
[1052/1353] Compiling thread_pthread.cc
[1053/1353] Compiling thread_none.cc
[1054/1353] Compiling thread.cc
[1055/1353] Compiling stack.cc
[1056/1353] Compiling siphash.cc
[1057/1353] Compiling pmbtoken.cc
[1058/1353] Compiling sha512.cc
[1059/1353] Compiling sha1.cc
[1060/1353] Compiling rsa_print.cc
[1061/1353] Compiling slhdsa.cc
[1062/1353] Compiling spake2plus.cc
[1063/1353] Compiling sha256.cc
[1064/1353] Compiling rsa_crypt.cc
[1065/1353] Compiling rsa_extra.cc
[1066/1353] Compiling urandom.cc
[1067/1353] Compiling refcount.cc
[1068/1353] Compiling windows.cc
[1069/1353] Compiling rc4.cc
[1070/1353] Compiling rand.cc
[1071/1353] Compiling trusty.cc
[1072/1353] Compiling passive.cc
[1073/1353] Compiling rsa_asn1.cc
[1074/1353] Compiling poly1305_arm_asm.S
[1075/1353] Compiling getentropy.cc
[1076/1353] Compiling ios.cc
[1077/1353] Compiling deterministic.cc
[1078/1353] Compiling forkunsafe.cc
[1079/1353] Compiling poly1305_vec.cc
[1080/1353] Compiling fork_detect.cc
[1081/1353] Compiling poly1305_arm.cc
[1082/1353] Compiling poly1305.cc
[1083/1353] Compiling pool.cc
[1084/1353] Compiling pkcs7.cc
[1085/1353] Compiling pkcs8.cc
[1086/1353] Compiling p5_pbev2.cc
[1087/1353] Compiling pkcs8_x509.cc
[1088/1353] Compiling pem_x509.cc
[1089/1353] Compiling pkcs7_x509.cc
[1090/1353] Compiling pem_xaux.cc
[1091/1353] Compiling pem_pkey.cc
[1092/1353] Compiling pem_pk8.cc
[1093/1353] Compiling pem_oth.cc
[1094/1353] Compiling mlkem.cc
[1095/1353] Compiling pem_lib.cc
[1096/1353] Compiling pem_info.cc
[1096/1353] Compiling obj_xref.cc
[1098/1353] Compiling obj.cc
[1099/1353] Compiling pem_all.cc
[1100/1353] Compiling mem.cc
[1101/1353] Compiling poly_rq_mul.S
[1102/1353] Compiling mldsa.cc
[1103/1353] Compiling fips_shared_support.cc
[1104/1353] Compiling lhash.cc
[1105/1353] Compiling md4.cc
[1106/1353] Compiling fuzzer_mode.cc
[1107/1353] Compiling md5.cc
[1108/1353] Compiling kyber.cc
[1109/1353] Compiling ex_data.cc
[1110/1353] Compiling scrypt.cc
[1111/1353] Compiling hrss.cc
[1112/1353] Compiling hpke.cc
[1113/1353] Compiling print.cc
[1114/1353] Compiling pbkdf.cc
[1115/1353] Compiling sign.cc
[1116/1353] Compiling p_x25519.cc
[1117/1353] Compiling p_x25519_asn1.cc
[1118/1353] Compiling p_rsa_asn1.cc
[1119/1353] Compiling p_rsa.cc
[1120/1353] Compiling p_hkdf.cc
[1121/1353] Compiling p_ed25519_asn1.cc
[1122/1353] Compiling p_ed25519.cc
[1123/1353] Compiling p_ec.cc
[1124/1353] Compiling p_ec_asn1.cc
[1125/1353] Compiling p_dh.cc
[1126/1353] Compiling p_dh_asn1.cc
[1127/1353] Compiling p_dsa_asn1.cc
[1128/1353] Compiling evp_ctx.cc
[1129/1353] Compiling evp_asn1.cc
[1130/1353] Compiling evp.cc
[1131/1353] Compiling engine.cc
[1132/1353] Compiling err.cc
[1133/1353] Compiling ecdh.cc
[1134/1353] Compiling ecdsa_p1363.cc
[1135/1353] Compiling ecdsa_asn1.cc
[1136/1353] Compiling hash_to_curve.cc
[1137/1353] Compiling ec_derive.cc
[1138/1353] Compiling dsa.cc
[1139/1353] Compiling digest_extra.cc
[1140/1353] Compiling dsa_asn1.cc
[1141/1353] Compiling des.cc
[1142/1353] Compiling x25519-asm-arm.S
[1143/1353] Compiling params.cc
[1144/1353] Compiling ec_asn1.cc
[1145/1353] Compiling curve25519_64_adx.cc
[1146/1353] Compiling dh_asn1.cc
[1147/1353] Compiling crypto.cc
[1148/1353] Compiling spake25519.cc
[1149/1353] Compiling cpu_intel.cc
[1150/1353] Compiling cpu_arm_linux.cc
[1151/1353] Compiling cpu_arm_freebsd.cc
[1152/1353] Compiling curve25519.cc
[1153/1353] Compiling cpu_aarch64_win.cc
[1154/1353] Compiling cpu_aarch64_sysreg.cc
[1155/1353] Compiling cpu_aarch64_linux.cc
[1156/1353] Compiling cpu_aarch64_openbsd.cc
[1157/1353] Compiling cpu_aarch64_fuchsia.cc
[1158/1353] Compiling cpu_aarch64_apple.cc
[1159/1353] Compiling conf.cc
[1160/1353] Compiling get_cipher.cc
[1161/1353] Compiling tls_cbc.cc
[1162/1353] Compiling e_tls.cc
[1163/1353] Compiling e_rc2.cc
[1164/1353] Compiling e_rc4.cc
[1165/1353] Compiling e_null.cc
[1166/1353] Compiling cms.cc
[1167/1353] Compiling e_des.cc
[1168/1353] Compiling e_aeseax.cc
[1169/1353] Compiling e_chacha20poly1305.cc
[1170/1353] Compiling e_aesgcmsiv.cc
[1171/1353] Compiling e_aesctrhmac.cc
[1172/1353] Compiling derive_key.cc
[1173/1353] Compiling chacha.cc
[1174/1353] Compiling cbb.cc
[1175/1353] Compiling unicode.cc
[1176/1353] Compiling cbs.cc
[1177/1353] Compiling sqrt.cc
[1178/1353] Compiling buf.cc
[1179/1353] Compiling ber.cc
[1180/1353] Compiling asn1_compat.cc
[1181/1353] Compiling div.cc
[1182/1353] Compiling exponentiation.cc
[1183/1353] Compiling printf.cc
[1184/1353] Compiling blake2.cc
[1185/1353] Compiling hexdump.cc
[1186/1353] Compiling bn_asn1.cc
[1187/1353] Compiling pair.cc
[1188/1353] Compiling convert.cc
[1189/1353] Compiling file.cc
[1190/1353] Compiling fd.cc
[1191/1353] Compiling base64.cc
[1192/1353] Compiling tasn_typ.cc
[1193/1353] Compiling errno.cc
[1194/1353] Compiling bio_mem.cc
[1195/1353] Compiling bio.cc
[1196/1353] Compiling tasn_utl.cc
[1197/1353] Compiling tasn_fre.cc
[1198/1353] Compiling posix_time.cc
[1199/1353] Compiling tasn_enc.cc
[1200/1353] Compiling f_string.cc
[1201/1353] Compiling f_int.cc
[1202/1353] Compiling tasn_new.cc
[1203/1353] Compiling tasn_dec.cc
[1204/1353] Compiling asn1_par.cc
[1205/1353] Compiling a_utctm.cc
[1206/1353] Compiling a_type.cc
[1207/1353] Compiling asn1_lib.cc
[1208/1353] Compiling bcm.cc
[1209/1353] Compiling a_octet.cc
[1210/1353] Compiling a_time.cc
[1210/1353] Write sources
[1214/1353] Compiling CAsyncHTTPClient CAsyncHTTPClient.c
[1215/1396] Compiling a_strnid.cc
[1216/1396] Compiling a_strex.cc
[1217/1396] Compiling aes.cc
[1219/1396] Compiling Algorithms Combinations.swift
[1220/1396] Compiling Algorithms Compacted.swift
[1221/1396] Compiling Algorithms Grouped.swift
[1222/1396] Compiling Algorithms Indexed.swift
[1223/1396] Compiling Algorithms Product.swift
[1224/1396] Compiling Algorithms FlattenCollection.swift
[1224/1398] Compiling a_object.cc
[1225/1398] Compiling a_bool.cc
[1227/1398] Compiling Algorithms AdjacentPairs.swift
[1228/1398] Compiling Algorithms Chain.swift
[1229/1398] Compiling Algorithms Chunked.swift
[1229/1398] Compiling a_bitstr.cc
[1231/1406] Compiling Atomics IntegerOperations.swift
[1232/1406] Compiling Atomics Unmanaged extensions.swift
[1234/1406] Compiling Algorithms Reductions.swift
[1235/1406] Compiling Algorithms Rotate.swift
[1236/1406] Compiling Algorithms Split.swift
[1237/1406] Compiling Algorithms Stride.swift
[1238/1406] Compiling Algorithms Suffix.swift
[1239/1409] Emitting module CryptoBoringWrapper
[1240/1409] Compiling CryptoBoringWrapper RandomBytes.swift
[1241/1409] Compiling Algorithms Partition.swift
[1242/1409] Compiling Algorithms Permutations.swift
[1244/1409] Compiling Algorithms Joined.swift
[1245/1409] Compiling Algorithms Keyed.swift
[1246/1409] Compiling Algorithms MinMax.swift
[1252/1409] Compiling Algorithms Cycle.swift
[1253/1409] Compiling Algorithms EitherSequence.swift
[1254/1409] Compiling Algorithms FirstNonNil.swift
[1255/1409] Compiling CryptoBoringWrapper FiniteFieldArithmeticContext.swift
[1256/1409] Compiling Algorithms Trim.swift
[1257/1409] Compiling Algorithms Unique.swift
[1258/1409] Compiling Algorithms Windows.swift
[1259/1409] Compiling CryptoBoringWrapper EllipticCurvePoint.swift
[1260/1409] Compiling CryptoBoringWrapper ArbitraryPrecisionInteger.swift
[1261/1409] Compiling CryptoBoringWrapper CryptoKitErrors_boring.swift
[1262/1409] Compiling CryptoBoringWrapper EllipticCurve.swift
[1263/1409] Compiling CryptoBoringWrapper BoringSSLAEAD.swift
[1264/1410] Wrapping AST for CryptoBoringWrapper for debugging
[1266/1494] Compiling Crypto ASN1Null.swift
[1267/1494] Compiling Crypto ASN1OctetString.swift
[1268/1494] Compiling Crypto ASN1Strings.swift
[1269/1494] Compiling Crypto ArraySliceBigint.swift
[1270/1494] Emitting module Atomics
[1271/1494] Compiling Crypto SubjectPublicKeyInfo.swift
[1272/1494] Compiling Crypto CryptoError_boring.swift
[1273/1494] Compiling Crypto AES-GCM.swift
[1274/1494] Compiling Crypto PEMDocument.swift
[1275/1494] Compiling Crypto PKCS8PrivateKey.swift
[1276/1494] Compiling Crypto SEC1PrivateKey.swift
[1277/1494] Compiling Crypto ObjectIdentifier.swift
[1278/1494] Compiling Crypto ECDSASignature.swift
[1279/1495] Wrapping AST for Atomics for debugging
[1281/1536] Emitting module Algorithms
[1282/1560] Wrapping AST for Algorithms for debugging
[1284/1560] Compiling NIOCore NIOCoreSendableMetatype.swift
[1285/1560] Compiling NIOCore NIODecodedAsyncSequence.swift
[1286/1560] Compiling NIOCore NIOLoopBound.swift
[1287/1560] Compiling NIOCore NIOPooledRecvBufferAllocator.swift
[1288/1560] Compiling NIOCore NIOScheduledCallback.swift
[1289/1560] Compiling NIOCore NIOSendable.swift
[1290/1560] Compiling NIOCore NIOSplitLinesMessageDecoder.swift
[1291/1560] Compiling NIOCore NIOTransportAccessibleChannelCore.swift
[1292/1560] Compiling NIOCore RecvByteBufferAllocator.swift
[1293/1568] Compiling NIOCore EventLoop+SerialExecutor.swift
[1294/1568] Compiling NIOCore EventLoop.swift
[1295/1568] Compiling NIOCore EventLoopFuture+AssumeIsolated.swift
[1296/1568] Compiling NIOCore SingleStepByteToMessageDecoder.swift
[1297/1568] Compiling NIOCore SocketAddresses.swift
[1298/1568] Compiling NIOCore SocketOptionProvider.swift
[1299/1568] Compiling NIOCore SystemCallHelpers.swift
[1300/1568] Compiling NIOCore TimeAmount+Duration.swift
[1301/1568] Compiling NIOCore TypeAssistedChannelHandler.swift
[1302/1568] Compiling NIOCore UniversalBootstrapSupport.swift
[1303/1568] Compiling NIOCore Utilities.swift
[1304/1568] Compiling Crypto HMAC.swift
[1311/1579] Compiling NIOCore IPProtocol.swift
[1312/1579] Compiling NIOCore IntegerBitPacking.swift
[1313/1579] Compiling NIOCore IntegerTypes.swift
[1314/1579] Compiling NIOCore Interfaces.swift
[1315/1579] Compiling NIOCore Linux.swift
[1316/1579] Compiling NIOCore MarkedCircularBuffer.swift
[1317/1579] Compiling NIOCore AddressedEnvelope.swift
[1318/1579] Compiling NIOCore AsyncAwaitSupport.swift
[1319/1579] Compiling NIOCore AsyncChannel.swift
[1320/1579] Compiling NIOCore AsyncChannelHandler.swift
[1321/1579] Compiling NIOCore AsyncChannelInboundStream.swift
[1322/1579] Compiling NIOCore AsyncChannelOutboundWriter.swift
[1323/1579] Compiling NIOCore NIOAsyncSequenceProducer.swift
[1324/1579] Compiling NIOCore NIOAsyncSequenceProducerStrategies.swift
[1325/1579] Compiling NIOCore NIOAsyncWriter.swift
[1329/1579] Emitting module Crypto
[1330/1579] Compiling Crypto MACFunctions.swift
[1331/1579] Compiling Crypto MessageAuthenticationCode.swift
[1332/1579] Compiling Crypto AES.swift
[1333/1579] Compiling Crypto ECDSASignature_boring.swift
[1334/1579] Compiling Crypto ECDSA_boring.swift
[1335/1579] Compiling Crypto EdDSA_boring.swift
[1336/1579] Compiling Crypto MLDSA_boring.swift
[1337/1579] Compiling Crypto MLDSA_wrapper.swift
[1338/1579] Compiling Crypto ECDSA.swift
[1339/1579] Compiling Crypto Ed25519.swift
[1340/1579] Compiling Crypto MLDSA.swift
[1341/1579] Compiling NIOCore EventLoopFuture+Deprecated.swift
[1342/1579] Compiling NIOCore EventLoopFuture+WithEventLoop.swift
[1343/1579] Compiling NIOCore EventLoopFuture.swift
[1344/1579] Compiling NIOCore FileDescriptor.swift
[1345/1579] Compiling NIOCore FileHandle.swift
[1346/1579] Compiling NIOCore FileRegion.swift
[1347/1579] Compiling NIOCore GlobalSingletons.swift
[1348/1579] Compiling NIOCore IO.swift
[1349/1579] Compiling NIOCore IOData.swift
[1356/1579] Compiling NIOCore MulticastChannel.swift
[1357/1579] Compiling NIOCore NIOAny.swift
[1358/1579] Compiling NIOCore NIOCloseOnErrorHandler.swift
[1359/1579] Compiling Crypto Signature.swift
[1360/1579] Compiling Crypto CryptoKitErrors_boring.swift
[1361/1579] Compiling Crypto Optional+withUnsafeBytes_boring.swift
[1362/1579] Compiling Crypto RNG_boring.swift
[1363/1579] Compiling Crypto SafeCompare_boring.swift
[1364/1579] Compiling Crypto Zeroization_boring.swift
[1365/1579] Compiling Crypto _CryptoModuleAnchor.swift
[1366/1579] Compiling Crypto PrettyBytes.swift
[1367/1579] Compiling Crypto SafeCompare.swift
[1368/1579] Compiling Crypto SecureBytes.swift
[1369/1579] Compiling Crypto Zeroization.swift
[1373/1579] Compiling NIOCore NIOThrowingAsyncSequenceProducer.swift
[1374/1579] Compiling NIOCore BSDSocketAPI.swift
[1375/1579] Compiling NIOCore ByteBuffer-aux.swift
[1376/1579] Compiling NIOCore ByteBuffer-binaryEncodedLengthPrefix.swift
[1377/1579] Compiling NIOCore ByteBuffer-conversions.swift
[1378/1579] Compiling NIOCore ByteBuffer-core.swift
[1379/1579] Compiling NIOCore ByteBuffer-hex.swift
[1380/1579] Compiling NIOCore ByteBuffer-int.swift
[1381/1579] Compiling NIOCore ByteBuffer-lengthPrefix.swift
[1388/1579] Compiling NIOCore CircularBuffer.swift
[1389/1579] Compiling NIOCore Codec.swift
[1390/1579] Compiling NIOCore ConvenienceOptionSupport.swift
[1391/1579] Compiling NIOCore DeadChannel.swift
[1392/1579] Compiling NIOCore DispatchQueue+WithFuture.swift
[1393/1579] Compiling NIOCore EventLoop+Deprecated.swift
[1394/1579] Compiling NIOCore ByteBuffer-multi-int.swift
[1395/1579] Compiling NIOCore ByteBuffer-quicBinaryEncodingStrategy.swift
[1396/1579] Compiling NIOCore ByteBuffer-views.swift
[1397/1579] Compiling NIOCore Channel.swift
[1398/1579] Compiling NIOCore ChannelHandler.swift
[1399/1579] Compiling NIOCore ChannelHandlers.swift
[1400/1579] Compiling NIOCore ChannelInvoker.swift
[1401/1579] Compiling NIOCore ChannelOption.swift
[1402/1579] Compiling NIOCore ChannelPipeline.swift
[1415/1580] Wrapping AST for Crypto for debugging
[1417/1642] Compiling CryptoExtras Scrypt.swift
[1418/1642] Compiling CryptoExtras OPRF.swift
[1419/1642] Compiling CryptoExtras OPRFClient.swift
[1420/1642] Compiling CryptoExtras OPRFServer.swift
[1421/1642] Compiling CryptoExtras VOPRF+API.swift
[1422/1642] Compiling CryptoExtras VOPRFClient.swift
[1423/1642] Compiling CryptoExtras VOPRFServer.swift
[1434/1642] Compiling CryptoExtras Data+Extensions.swift
[1435/1642] Compiling CryptoExtras DigestType.swift
[1436/1642] Compiling CryptoExtras Error.swift
[1437/1642] Compiling CryptoExtras I2OSP.swift
[1438/1642] Compiling CryptoExtras IntegerEncoding.swift
[1439/1642] Compiling CryptoExtras PEMDocument.swift
[1440/1642] Compiling CryptoExtras PrettyBytes.swift
[1441/1642] Compiling CryptoExtras SubjectPublicKeyInfo.swift
[1442/1650] Emitting module CryptoExtras
[1443/1650] Compiling CryptoExtras ThreadOps.swift
[1444/1650] Compiling CryptoExtras ThreadPosix.swift
[1445/1650] Compiling CryptoExtras ThreadSpecific.swift
[1446/1650] Compiling CryptoExtras ThreadWindows.swift
[1447/1650] Compiling CryptoExtras DLEQ.swift
[1448/1650] Compiling CryptoExtras Prover.swift
[1449/1650] Compiling CryptoExtras Verifier.swift
[1450/1650] Compiling CryptoExtras ZKPToolbox.swift
[1451/1650] Compiling CryptoExtras AES_CBC.swift
[1452/1650] Compiling CryptoExtras AES_CFB.swift
[1453/1650] Compiling CryptoExtras AES_CTR.swift
[1454/1650] Compiling CryptoExtras AES_GCM_SIV.swift
[1455/1650] Compiling CryptoExtras Block Function.swift
[1456/1650] Compiling CryptoExtras AES_CBC_boring.swift
[1457/1650] Compiling CryptoExtras AES_CFB_boring.swift
[1458/1650] Compiling CryptoExtras AES_CTR_boring.swift
[1459/1650] Compiling CryptoExtras AES_GCM_SIV_boring.swift
[1460/1650] Compiling CryptoExtras CMAC.swift
[1461/1650] Compiling CryptoExtras ARC+API.swift
[1462/1650] Compiling CryptoExtras ARC.swift
[1463/1650] Compiling CryptoExtras ARCCredential.swift
[1464/1650] Compiling CryptoExtras ARCEncoding.swift
[1465/1650] Compiling CryptoExtras ARCPrecredential.swift
[1466/1650] Compiling CryptoExtras ARCPresentation.swift
[1467/1650] Compiling CryptoExtras ARCRequest.swift
[1468/1650] Compiling CryptoExtras ARCResponse.swift
[1469/1650] Compiling CryptoExtras PKCS8DERRepresentation.swift
[1470/1650] Compiling CryptoExtras PKCS8PrivateKey.swift
[1471/1650] Compiling CryptoExtras RFC8410AlgorithmIdentifier.swift
[1472/1650] Compiling CryptoExtras ECToolbox_boring.swift
[1473/1650] Compiling CryptoExtras ECToolbox.swift
[1474/1650] Compiling CryptoExtras HashToField.swift
[1475/1650] Compiling CryptoExtras KDF.swift
[1476/1650] Compiling CryptoExtras PBKDF2_boring.swift
[1477/1650] Compiling CryptoExtras PBKDF2_commoncrypto.swift
[1478/1650] Compiling CryptoExtras ARCServer.swift
[1479/1650] Compiling CryptoExtras ChaCha20CTR_boring.swift
[1480/1650] Compiling CryptoExtras ChaCha20CTR.swift
[1481/1650] Compiling CryptoExtras BoringSSLSHA512256Context.swift
[1482/1650] Compiling CryptoExtras BoringSSLSHA512256HashFunction.swift
[1483/1650] Compiling CryptoExtras SHA512256.swift
[1484/1650] Compiling CryptoExtras SHA512256Digest.swift
[1485/1650] Compiling CryptoExtras Curve25519+PEM.swift
[1486/1650] Compiling CryptoExtras ObjectIdentifier.swift
[1487/1650] Compiling CryptoExtras BoringSSLPassphraseCallbackManager.swift
[1488/1650] Compiling CryptoExtras RSA+BlindSigning.swift
[1489/1650] Compiling CryptoExtras RSA.swift
[1490/1650] Compiling CryptoExtras RSA_boring.swift
[1491/1650] Compiling CryptoExtras Reexport.swift
[1492/1650] Compiling CryptoExtras Zeroization_boring.swift
[1493/1650] Compiling CryptoExtras BoringSSLHelpers.swift
[1494/1650] Compiling CryptoExtras CryptoKitErrors_boring.swift
[1495/1650] Compiling CryptoExtras PBKDF2.swift
[1496/1650] Compiling CryptoExtras Scrypt_boring.swift
[1504/1651] Wrapping AST for CryptoExtras for debugging
[1506/1653] Emitting module _CryptoExtras
[1507/1653] Compiling _CryptoExtras Exports.swift
[1508/1654] Wrapping AST for _CryptoExtras for debugging
[1510/1749] Compiling X509 DNBuilder.swift
[1511/1749] Compiling X509 DomainComponent.swift
[1512/1749] Compiling X509 EmailAddress.swift
[1513/1749] Compiling X509 LocalityName.swift
[1514/1749] Compiling X509 OrganizationName.swift
[1515/1749] Compiling X509 OrganizationalUnitName.swift
[1516/1749] Compiling X509 StateOrProvinceName.swift
[1517/1749] Compiling X509 StreetAddress.swift
[1518/1749] Compiling X509 Error.swift
[1519/1749] Compiling X509 AuthorityInformationAccess.swift
[1520/1749] Compiling X509 AuthorityKeyIdentifier.swift
[1521/1749] Compiling X509 BasicConstraints.swift
[1522/1749] Compiling X509 ExtendedKeyUsage.swift
[1523/1749] Compiling X509 ExtensionIdentifiers.swift
[1524/1749] Compiling X509 KeyUsage.swift
[1525/1749] Compiling X509 NameConstraints.swift
[1526/1749] Compiling X509 SubjectAlternativeName.swift
[1527/1749] Compiling X509 SubjectKeyIdentifier.swift
[1528/1749] Emitting module NIOCore
[1529/1783] Wrapping AST for NIOCore for debugging
[1531/1807] Compiling NIOFoundationEssentialsCompat Codable+ByteBuffer.swift
[1532/1807] Compiling NIOPosix BaseStreamSocketChannel.swift
[1533/1807] Compiling NIOPosix Bootstrap.swift
[1534/1807] Compiling NIOPosix ControlMessage.swift
[1535/1807] Compiling NIOPosix DatagramVectorReadManager.swift
[1536/1807] Compiling NIOPosix Errors+Any.swift
[1537/1807] Compiling NIOPosix FileDescriptor.swift
[1538/1807] Compiling NIOPosix GetaddrinfoResolver.swift
[1539/1807] Compiling NIOPosix BSDSocketAPICommon.swift
[1540/1807] Compiling NIOPosix BSDSocketAPIPosix.swift
[1541/1807] Compiling NIOPosix BSDSocketAPIWindows.swift
[1542/1807] Compiling NIOPosix BaseSocket.swift
[1543/1807] Compiling NIOPosix BaseSocketChannel+AccessibleTransport.swift
[1544/1807] Compiling NIOPosix BaseSocketChannel+SocketOptionProvider.swift
[1545/1807] Compiling NIOPosix BaseSocketChannel.swift
[1546/1807] Compiling NIOPosix HappyEyeballs.swift
[1547/1807] Compiling NIOPosix IO.swift
[1548/1807] Compiling NIOPosix IntegerBitPacking.swift
[1549/1807] Compiling NIOPosix IntegerTypes.swift
[1550/1807] Compiling NIOPosix Linux.swift
[1551/1807] Compiling NIOPosix LinuxCPUSet.swift
[1552/1807] Compiling NIOPosix LinuxUring.swift
[1553/1807] Compiling NIOPosix MultiThreadedEventLoopGroup.swift
[1554/1807] Compiling NIOPosix NIOPosixSendableMetatype.swift
[1555/1807] Compiling NIOPosix NIORandomizedDNSResolver.swift
[1556/1807] Compiling NIOPosix NIOThreadPool.swift
[1557/1807] Compiling NIOPosix NonBlockingFileIO.swift
[1558/1807] Compiling NIOPosix PendingDatagramWritesManager.swift
[1559/1807] Compiling NIOPosix PendingWritesManager.swift
[1560/1820] Compiling NIOEmbedded AsyncTestingEventLoop.swift
[1561/1820] Emitting module NIOFoundationEssentialsCompat
[1562/1820] Compiling NIOFoundationEssentialsCompat ByteBuffer-foundation.swift
[1563/1821] Compiling X509 OneOfPolicies.swift
[1564/1821] Compiling X509 PolicyBuilder.swift
[1565/1821] Compiling X509 BasicConstraintsPolicy.swift
[1566/1821] Compiling X509 DNSNames.swift
[1567/1821] Compiling X509 ExpiryPolicy.swift
[1568/1821] Compiling X509 IPConstraints.swift
[1569/1821] Compiling X509 NameConstraintsPolicy.swift
[1570/1821] Compiling X509 RFC5280Policy.swift
[1571/1821] Compiling X509 URIConstraints.swift
[1572/1821] Compiling X509 VersionPolicy.swift
[1573/1821] Compiling X509 ServerIdentityPolicy.swift
[1574/1821] Compiling X509 TrustRootLoading.swift
[1575/1821] Compiling X509 UnverifiedChain.swift
[1577/1821] Compiling X509 PKCS8PrivateKey.swift
[1578/1821] Compiling X509 PromiseAndFuture.swift
[1579/1821] Compiling X509 RDNAttribute.swift
[1580/1821] Compiling X509 RandomNumberGenerator+bytes.swift
[1581/1821] Compiling X509 RelativeDistinguishedName.swift
[1582/1821] Compiling X509 SEC1PrivateKey.swift
[1583/1821] Compiling X509 SecKeyWrapper.swift
[1584/1821] Compiling X509 Signature.swift
[1585/1821] Compiling X509 SignatureAlgorithm.swift
[1586/1821] Compiling X509 AllOfPolicies.swift
[1587/1821] Compiling X509 AnyPolicy.swift
[1588/1821] Compiling X509 CertificateStore.swift
[1589/1821] Compiling X509 CustomCertificateStore.swift
[1589/1821] Wrapping AST for NIOFoundationEssentialsCompat for debugging
[1591/1821] Compiling X509 OCSPExtensionID.swift
[1592/1821] Compiling X509 OCSPNonce.swift
[1593/1821] Compiling X509 OCSPPolicy.swift
[1594/1821] Compiling X509 OCSPRequest.swift
[1595/1821] Compiling X509 OCSPResponse.swift
[1596/1821] Compiling X509 OCSPResponseBytes.swift
[1597/1821] Compiling X509 OCSPResponseData.swift
[1598/1821] Compiling X509 OCSPResponseStatus.swift
[1599/1821] Compiling X509 OCSPSignature.swift
[1600/1821] Compiling X509 OCSPSingleRequest.swift
[1601/1821] Compiling X509 OCSPSingleResponse.swift
[1602/1821] Compiling X509 OCSPTBSRequest.swift
[1603/1821] Compiling X509 OCSPVersion.swift
[1604/1821] Emitting module NIOEmbedded
[1605/1821] Compiling NIOEmbedded AsyncTestingChannel.swift
[1606/1821] Compiling NIOEmbedded Embedded.swift
[1607/1822] Wrapping AST for NIOEmbedded for debugging
[1609/1822] Compiling NIOPosix PipeChannel.swift
[1610/1822] Compiling NIOPosix PipePair.swift
[1611/1822] Compiling NIOPosix Pool.swift
[1612/1822] Compiling NIOPosix PosixSingletons+ConcurrencyTakeOver.swift
[1613/1822] Compiling NIOPosix PosixSingletons.swift
[1614/1822] Compiling NIOPosix RawSocketBootstrap.swift
[1615/1822] Compiling NIOPosix Resolver.swift
[1616/1822] Compiling NIOPosix Selectable.swift
[1617/1822] Compiling NIOPosix SelectableChannel.swift
[1618/1822] Compiling NIOPosix SelectableEventLoop.swift
[1619/1822] Compiling NIOPosix SelectorEpoll.swift
[1620/1822] Compiling NIOPosix SelectorGeneric.swift
[1621/1822] Compiling NIOPosix SelectorKqueue.swift
[1622/1822] Compiling NIOPosix SelectorUring.swift
[1623/1822] Compiling NIOPosix SelectorWSAPoll.swift
[1624/1822] Compiling NIOPosix ServerSocket.swift
[1625/1822] Compiling NIOPosix Socket.swift
[1626/1822] Compiling NIOPosix SocketChannel.swift
[1627/1822] Compiling NIOPosix SocketProtocols.swift
[1628/1822] Compiling NIOPosix StructuredConcurrencyHelpers.swift
[1629/1822] Compiling NIOPosix System.swift
[1630/1822] Compiling X509 Lock.swift
[1631/1822] Compiling X509 LockedValueBox.swift
[1632/1822] Compiling X509 BasicOCSPResponse.swift
[1633/1822] Compiling X509 DirectoryString.swift
[1634/1822] Compiling X509 OCSPCertID.swift
[1635/1822] Compiling X509 OCSPCertStatus.swift
[1657/1829] Emitting module NIOPosix
[1658/1829] Emitting module X509
[1673/1829] Compiling NIOPosix Thread.swift
[1674/1829] Compiling NIOPosix ThreadPosix.swift
[1675/1829] Compiling NIOPosix ThreadWindows.swift
[1676/1829] Compiling NIOPosix Utilities.swift
[1677/1829] Compiling NIOPosix VsockAddress.swift
[1678/1829] Compiling NIOPosix VsockChannelEvents.swift
[1679/1829] Compiling NIOPosix Windows.swift
[1694/1829] Compiling X509 ValidatedCertificateChain.swift
[1695/1829] Compiling X509 VerificationDiagnostic.swift
[1696/1829] Compiling X509 Verifier.swift
[1697/1829] Compiling X509 VerifierPolicy.swift
[1698/1829] Compiling X509 AlgorithmIdentifier.swift
[1699/1829] Compiling X509 ECDSASignature.swift
[1700/1829] Compiling X509 RSAPKCS1PublicKey.swift
[1701/1829] Compiling X509 SubjectPublicKeyInfo.swift
[1702/1829] Compiling X509 TBSCertificate.swift
[1703/1829] Compiling X509 Time.swift
[1704/1829] Compiling X509 TimeCalculations.swift
[1705/1829] Compiling X509 Validity.swift
[1706/1829] Compiling X509 X509SendableMetatype.swift
[1708/1831] Wrapping AST for NIOPosix for debugging
[1709/1833] Wrapping AST for X509 for debugging
[1711/1900] Compiling NIO Exports.swift
[1712/1900] Emitting module NIO
[1713/1903] Wrapping AST for NIO for debugging
[1715/1940] Emitting module NIOSOCKS
[1716/1941] Compiling NIOFoundationCompat Exports.swift
[1717/1941] Compiling NIOSOCKS SelectedAuthenticationMethod.swift
[1718/1941] Compiling NIOTLS TLSEvents.swift
[1719/1941] Emitting module NIOFoundationCompat
[1720/1941] Compiling NIOFoundationCompat JSONSerialization+ByteBuffer.swift
[1721/1941] Compiling NIOFoundationCompat WaitSpinningRunLoop.swift
[1723/1942] Compiling NIOSOCKS ClientStateMachine.swift
[1724/1942] Emitting module NIOTLS
[1725/1942] Compiling NIOTLS ApplicationProtocolNegotiationHandler.swift
[1726/1942] Compiling NIOSOCKS SOCKSResponse.swift
[1727/1942] Compiling NIOTLS NIOTypedApplicationProtocolNegotiationHandler.swift
[1727/1942] Wrapping AST for NIOFoundationCompat for debugging
[1729/1942] Compiling NIOSOCKS Errors.swift
[1730/1942] Compiling NIOSOCKS Helpers.swift
[1731/1942] Compiling NIOSOCKS AuthenticationMethod.swift
[1732/1942] Compiling NIOSOCKS ClientGreeting.swift
[1733/1942] Compiling NIOHTTP1 NIOTypedHTTPClientUpgradeHandler.swift
[1734/1942] Compiling NIOHTTP1 NIOTypedHTTPClientUpgraderStateMachine.swift
[1735/1944] Compiling JWTKit JWTSerializer.swift
[1736/1944] Compiling JWTKit JWTSigner.swift
[1737/1944] Compiling JWTKit JWTKeyCollection+MLDSA.swift
[1738/1944] Compiling JWTKit MLDSA.swift
[1739/1944] Compiling JWTKit MLDSA65+MLDSAKey.swift
[1740/1944] Compiling JWTKit MLDSA87+MLDSAKey.swift
[1741/1944] Compiling JWTKit MLDSAError.swift
[1742/1944] Compiling JWTKit MLDSAKey.swift
[1743/1944] Compiling JWTKit MLDSASigner.swift
[1744/1953] Compiling JWTKit ECDSASigningAlgorithm.swift
[1745/1953] Compiling JWTKit JWTKeyCollection+ECDSA.swift
[1746/1953] Compiling JWTKit P256+CurveType.swift
[1747/1953] Compiling JWTKit P384+CurveType.swift
[1748/1953] Compiling JWTKit P521+CurveType.swift
[1749/1953] Compiling JWTKit EdDSA.swift
[1750/1953] Compiling JWTKit EdDSACurve.swift
[1751/1953] Compiling JWTKit EdDSAError.swift
[1752/1953] Compiling JWTKit EdDSASigner.swift
[1753/1953] Compiling JWTKit JWTKeyCollection+EdDSA.swift
[1754/1953] Compiling NIOSOCKS ServerStateMachine.swift
[1755/1953] Compiling NIOSOCKS SOCKSClientHandler.swift
[1756/1953] Compiling NIOSOCKS SOCKSServerHandshakeHandler.swift
[1757/1953] Emitting module JWTKit
[1758/1953] Compiling NIOHTTP1 NIOHTTPClientUpgradeHandler.swift
[1759/1953] Compiling NIOHTTP1 NIOHTTPObjectAggregator.swift
[1760/1953] Compiling NIOHTTP1 HTTPTypedPipelineSetup.swift
[1761/1953] Compiling NIOHTTP1 HTTPTypes.swift
[1764/1953] Compiling NIOHTTP1 NIOTypedHTTPServerUpgradeHandler.swift
[1765/1953] Compiling NIOHTTP1 NIOTypedHTTPServerUpgraderStateMachine.swift
[1766/1953] Compiling JWTKit CryptoSigner.swift
[1773/1953] Compiling NIOSOCKS Messages.swift
[1774/1953] Compiling NIOSOCKS SOCKSRequest.swift
[1775/1953] Compiling NIOHTTP1 HTTPServerPipelineHandler.swift
[1776/1953] Compiling NIOHTTP1 HTTPServerProtocolErrorHandler.swift
[1779/1954] Wrapping AST for NIOSOCKS for debugging
[1781/1954] Compiling NIOTLS ProtocolNegotiationHandlerStateMachine.swift
[1782/1954] Compiling NIOTLS SNIHandler.swift
[1788/1955] Wrapping AST for NIOTLS for debugging
[1790/1985] Compiling JWTKit HMAC.swift
[1791/1985] Compiling JWTKit HMACError.swift
[1792/1985] Compiling JWTKit HMACSigner.swift
[1793/1985] Compiling JWTKit JWTKeyCollection+HMAC.swift
[1794/1985] Compiling JWTKit Insecure.swift
[1795/1985] Compiling JWTKit JWK.swift
[1796/1985] Compiling JWTKit JWKIdentifier.swift
[1797/1985] Compiling JWTKit JWKS.swift
[1798/1985] Compiling JWTKit JWKSigner.swift
[1799/1985] Compiling JWTKit JWTAlgorithm.swift
[1800/1985] Compiling JWTKit JWTError.swift
[1801/1985] Compiling JWTKit JWTHeader+CommonFields.swift
[1802/1985] Compiling JWTKit JWTHeader.swift
[1803/1985] Compiling JWTKit JWTHeaderField.swift
[1804/1985] Compiling JWTKit JWTKeyCollection.swift
[1805/1985] Compiling JWTKit JWTParser+MandatoryVerificationFields.swift
[1806/1985] Compiling JWTKit JWTParser.swift
[1807/1985] Compiling JWTKit JWTPayload.swift
[1808/1985] Compiling NIOSSL SSLCallbacks.swift
[1809/1985] Compiling NIOSSL AndroidCABundle.swift
[1810/1985] Compiling NIOSSL ByteBufferBIO.swift
[1811/1985] Compiling NIOSSL CustomPrivateKey.swift
[1812/1985] Compiling NIOSSL FreeBSDCABundle.swift
[1813/1985] Compiling NIOSSL IdentityVerification.swift
[1814/1985] Compiling NIOSSL SSLContext.swift
[1815/1985] Compiling NIOSSL SSLErrors.swift
[1816/1985] Compiling NIOSSL SSLInit.swift
[1817/1985] Compiling NIOSSL SSLPKCS12Bundle.swift
[1818/1985] Compiling NIOSSL NIOSSLServerHandler.swift
[1819/1985] Compiling NIOSSL ObjectIdentifier.swift
[1820/1985] Compiling NIOSSL String+unsafeUninitializedCapacity.swift
[1821/1985] Compiling NIOSSL SubjectAlternativeName.swift
[1822/1985] Compiling NIOSSL LinuxCABundle.swift
[1823/1985] Compiling NIOSSL NIOSSLClientHandler.swift
[1824/1985] Compiling NIOSSL SSLCertificate.swift
[1825/1985] Compiling NIOSSL SSLCertificateExtensions.swift
[1826/1985] Emitting module NIOHTTP1
[1827/1985] Compiling NIOSSL NIOSSLSecureBytes.swift
[1828/1985] Compiling NIOSSL RNG.swift
[1829/1985] Compiling NIOSSL SafeCompare.swift
[1830/1985] Compiling JWTKit CustomizedJSONCoders.swift
[1831/1985] Compiling JWTKit Utilities.swift
[1832/1985] Compiling JWTKit AppleIdentityToken.swift
[1833/1985] Compiling JWTKit FirebaseAuthIdentityToken.swift
[1834/1985] Compiling JWTKit GoogleIdentityToken.swift
[1835/1985] Compiling JWTKit MicrosoftIdentityToken.swift
[1836/1985] Compiling JWTKit EmptyPolicy.swift
[1837/1985] Compiling JWTKit ValidationTimePayload.swift
[1838/1985] Compiling JWTKit X5CVerifier.swift
[1840/1992] Wrapping AST for JWTKit for debugging
[1841/1993] Wrapping AST for NIOHTTP1 for debugging
[1843/2004] Emitting module NIOHTTPCompression
[1844/2004] Compiling NIOHPACK IntegerCoding.swift
[1845/2004] Compiling NIOHPACK IndexedHeaderTable.swift
[1851/2009] Compiling NIOHTTPCompression HTTPResponseCompressor.swift
[1852/2009] Compiling NIOHTTPCompression HTTPDecompressor.swift
[1853/2009] Compiling NIOHTTPCompression HTTPRequestCompressor.swift
[1854/2009] Compiling NIOHTTPCompression HTTPDecompression.swift
[1855/2009] Compiling NIOHTTPCompression HTTPCompression.swift
[1857/2010] Compiling NIOHPACK StaticHeaderTable.swift
[1858/2010] Compiling NIOHPACK HPACKHeader.swift
[1859/2010] Compiling NIOHPACK HeaderTables.swift
[1862/2010] Compiling NIOHPACK DynamicHeaderTable.swift
[1863/2010] Compiling NIOHPACK HPACKDecoder.swift
[1864/2010] Compiling NIOHPACK HPACKEncoder.swift
[1865/2010] Compiling NIOHPACK HPACKErrors.swift
[1865/2010] Wrapping AST for NIOHTTPCompression for debugging
[1867/2010] Compiling NIOHPACK HuffmanCoding.swift
[1868/2010] Compiling NIOHPACK HuffmanTables.swift
[1875/2010] Emitting module NIOHPACK
[1876/2011] Wrapping AST for NIOHPACK for debugging
[1880/2013] Compiling NIOSSL PosixPort.swift
[1882/2017] Emitting module NIOSSL
[1885/2020] Compiling NIOSSL NIOSSLHandler+Configuration.swift
[1886/2020] Compiling NIOSSL NIOSSLHandler.swift
[1889/2020] Compiling NIOSSL SSLCertificateName.swift
[1890/2020] Compiling NIOSSL SSLConnection.swift
[1891/2074] Compiling NIOHTTP2 StateMachineResult.swift
[1892/2074] Compiling NIOHTTP2 ContentLengthVerifier.swift
[1893/2074] Compiling NIOHTTP2 DOSHeuristics.swift
[1894/2074] Compiling NIOHTTP2 Error+Any.swift
[1895/2074] Compiling NIOHTTP2 ConcurrentStreamBuffer.swift
[1896/2074] Compiling NIOHTTP2 ControlFrameBuffer.swift
[1897/2074] Compiling NIOHTTP2 OutboundFlowControlBuffer.swift
[1898/2074] Compiling NIOHTTP2 OutboundFrameBuffer.swift
[1899/2075] Compiling NIOHTTP2 MaySendFrames.swift
[1901/2075] Compiling NIOHTTP2 SendingDataState.swift
[1902/2075] Compiling NIOHTTP2 SendingGoawayState.swift
[1903/2075] Compiling NIOHTTP2 SendingHeadersState.swift
[1904/2075] Compiling NIOHTTP2 SendingPushPromiseState.swift
[1905/2075] Compiling NIOHTTP2 SendingRstStreamState.swift
[1906/2075] Compiling NIOHTTP2 SendingWindowUpdateState.swift
[1907/2075] Compiling NIOHTTP2 HTTP2SettingsState.swift
[1908/2075] Compiling NIOHTTP2 HasExtendedConnectSettings.swift
[1908/2083] Wrapping AST for NIOSSL for debugging
[1910/2083] Compiling NIOHTTP2 HasFlowControlWindows.swift
[1911/2083] Compiling NIOHTTP2 HasLocalSettings.swift
[1912/2083] Compiling NIOHTTP2 HasRemoteSettings.swift
[1913/2083] Compiling NIOHTTP2 LocallyQuiescingState.swift
[1914/2083] Compiling NIOHTTP2 QuiescingState.swift
[1915/2083] Compiling NIOHTTP2 RemotelyQuiescingState.swift
[1916/2083] Compiling NIOHTTP2 SendAndReceiveGoawayState.swift
[1919/2083] Emitting module NIOHTTP2
[1920/2083] Compiling NIOHTTP2 ConnectionStateMachine.swift
[1921/2083] Compiling NIOHTTP2 ConnectionStreamsState.swift
[1922/2083] Compiling NIOHTTP2 MayReceiveFrames.swift
[1923/2083] Compiling NIOHTTP2 ReceivingDataState.swift
[1924/2083] Compiling NIOHTTP2 ReceivingGoAwayState.swift
[1925/2083] Compiling NIOHTTP2 ReceivingHeadersState.swift
[1926/2083] Compiling NIOHTTP2 ReceivingPushPromiseState.swift
[1927/2083] Compiling NIOHTTP2 ReceivingRstStreamState.swift
[1928/2083] Compiling NIOHTTP2 ReceivingWindowUpdateState.swift
[1935/2083] Compiling NIOHTTP2 GlitchesMonitor.swift
[1936/2083] Compiling NIOHTTP2 HPACKHeaders+Validation.swift
[1937/2083] Compiling NIOHTTP2 HTTP2ChannelHandler+InboundStreamMultiplexer.swift
[1938/2083] Compiling NIOHTTP2 NIOHTTP2ServerConnectionManagementHandler.swift
[1939/2083] Compiling NIOHTTP2 StreamChannelFlowController.swift
[1940/2083] Compiling NIOHTTP2 StreamChannelList.swift
[1941/2083] Compiling NIOHTTP2 StreamMap.swift
[1942/2083] Compiling NIOHTTP2 StreamStateMachine.swift
[1943/2083] Compiling NIOHTTP2 Timer.swift
[1944/2083] Compiling NIOHTTP2 UnsafeTransfer.swift
[1945/2083] Compiling NIOHTTP2 WatermarkedFlowController.swift
[1946/2083] Compiling NIOHTTP2 HTTP2FrameParser.swift
[1947/2083] Compiling NIOHTTP2 HTTP2PingData.swift
[1948/2083] Compiling NIOHTTP2 HTTP2PipelineHelpers.swift
[1949/2083] Compiling NIOHTTP2 HTTP2Settings.swift
[1950/2083] Compiling NIOHTTP2 HTTP2Stream.swift
[1951/2083] Compiling NIOHTTP2 HTTP2StreamChannel+OutboundStreamMultiplexer.swift
[1952/2083] Compiling NIOHTTP2 HTTP2StreamChannel.swift
[1953/2083] Compiling NIOHTTP2 HTTP2StreamDelegate.swift
[1954/2083] Compiling NIOHTTP2 HTTP2StreamID.swift
[1955/2083] Compiling NIOHTTP2 HTTP2StreamMultiplexer.swift
[1956/2083] Compiling NIOHTTP2 HTTP2ToHTTP1Codec.swift
[1957/2083] Compiling NIOHTTP2 HTTP2UserEvents.swift
[1958/2083] Compiling NIOHTTP2 InboundEventBuffer.swift
[1959/2083] Compiling NIOHTTP2 InboundWindowManager.swift
[1960/2083] Compiling NIOHTTP2 MultiplexerAbstractChannel.swift
[1961/2083] Compiling NIOHTTP2 NIOHTTP2FrameDelegate.swift
[1962/2083] Compiling NIOHTTP2 NIOHTTP2ServerConnectionManagementHandler+StateMachine.swift
[1963/2083] Compiling NIOHTTP2 HTTP2ChannelHandler+InlineStreamMultiplexer.swift
[1964/2083] Compiling NIOHTTP2 HTTP2ChannelHandler.swift
[1965/2083] Compiling NIOHTTP2 HTTP2CommonInboundStreamMultiplexer.swift
[1966/2083] Compiling NIOHTTP2 HTTP2ConnectionStateChange.swift
[1967/2083] Compiling NIOHTTP2 HTTP2Error.swift
[1968/2083] Compiling NIOHTTP2 HTTP2ErrorCode.swift
[1969/2083] Compiling NIOHTTP2 HTTP2FlowControlWindow.swift
[1970/2083] Compiling NIOHTTP2 HTTP2Frame.swift
[1971/2083] Compiling NIOHTTP2 HTTP2FrameEncoder.swift
[1972/2084] Wrapping AST for NIOHTTP2 for debugging
[1974/2148] Compiling AsyncHTTPClient LRUCache.swift
[1975/2148] Compiling AsyncHTTPClient NIOLoopBound+Execute.swift
[1976/2148] Compiling AsyncHTTPClient NWErrorHandler.swift
[1977/2148] Compiling AsyncHTTPClient NWWaitingHandler.swift
[1978/2148] Compiling AsyncHTTPClient TLSConfiguration.swift
[1979/2148] Compiling AsyncHTTPClient RedirectState.swift
[1980/2148] Compiling AsyncHTTPClient RequestBag+StateMachine.swift
[1981/2148] Compiling AsyncHTTPClient RequestBag+Tracing.swift
[1982/2148] Compiling AsyncHTTPClient RequestBag.swift
[1983/2156] Compiling AsyncHTTPClient HTTPClientResponse.swift
[1984/2156] Compiling AsyncHTTPClient SingleIteratorPrecondition.swift
[1985/2156] Compiling AsyncHTTPClient Transaction+StateMachine.swift
[1986/2156] Compiling AsyncHTTPClient Transaction.swift
[1987/2156] Compiling AsyncHTTPClient Base64.swift
[1988/2156] Compiling AsyncHTTPClient BasicAuth.swift
[1989/2156] Compiling AsyncHTTPClient BestEffortHashableTLSConfiguration.swift
[1990/2156] Compiling AsyncHTTPClient Configuration+BrowserLike.swift
[1991/2156] Compiling AsyncHTTPClient ConnectionPool.swift
[1992/2156] Compiling AsyncHTTPClient HTTPConnectionEvent.swift
[1993/2156] Compiling AsyncHTTPClient HTTPConnectionPool+Factory.swift
[1994/2156] Compiling AsyncHTTPClient HTTPConnectionPool+Manager.swift
[1995/2156] Compiling AsyncHTTPClient HTTPConnectionPool.swift
[1996/2156] Compiling AsyncHTTPClient HTTPExecutableRequest.swift
[1997/2156] Compiling AsyncHTTPClient HTTPRequestStateMachine+Demand.swift
[1998/2156] Compiling AsyncHTTPClient HTTPRequestStateMachine.swift
[1999/2156] Compiling AsyncHTTPClient RequestBodyLength.swift
[2000/2156] Compiling AsyncHTTPClient RequestFramingMetadata.swift
[2001/2156] Emitting module AsyncHTTPClient
[2002/2156] Compiling AsyncHTTPClient HTTP1ProxyConnectHandler.swift
[2003/2156] Compiling AsyncHTTPClient SOCKSEventsHandler.swift
[2004/2156] Compiling AsyncHTTPClient TLSEventsHandler.swift
[2005/2156] Compiling AsyncHTTPClient HTTP1ClientChannelHandler.swift
[2006/2156] Compiling AsyncHTTPClient HTTP1Connection.swift
[2007/2156] Compiling AsyncHTTPClient HTTP1ConnectionStateMachine.swift
[2008/2156] Compiling AsyncHTTPClient HTTP2ClientRequestHandler.swift
[2009/2156] Compiling AsyncHTTPClient HTTP2Connection.swift
[2010/2156] Compiling AsyncHTTPClient HTTP2IdleHandler.swift
[2011/2156] Compiling AsyncHTTPClient RequestValidation.swift
[2012/2156] Compiling AsyncHTTPClient SSLContextCache.swift
[2013/2156] Compiling AsyncHTTPClient Scheme.swift
[2014/2156] Compiling AsyncHTTPClient Singleton.swift
[2015/2156] Compiling AsyncHTTPClient StringConvertibleInstances.swift
[2016/2156] Compiling AsyncHTTPClient StructuredConcurrencyHelpers.swift
[2017/2156] Compiling AsyncHTTPClient TracingSupport.swift
[2018/2156] Compiling AsyncHTTPClient Utils.swift
[2019/2156] Compiling AsyncHTTPClient RequestOptions.swift
[2020/2156] Compiling AsyncHTTPClient HTTPConnectionPool+Backoff.swift
[2021/2156] Compiling AsyncHTTPClient HTTPConnectionPool+HTTP1Connections.swift
[2022/2156] Compiling AsyncHTTPClient HTTPConnectionPool+HTTP1StateMachine.swift
[2023/2156] Compiling AsyncHTTPClient HTTPConnectionPool+HTTP2Connections.swift
[2024/2156] Compiling AsyncHTTPClient HTTPConnectionPool+HTTP2StateMachine.swift
[2025/2156] Compiling AsyncHTTPClient HTTPConnectionPool+RequestQueue.swift
[2026/2156] Compiling AsyncHTTPClient HTTPConnectionPool+StateMachine.swift
[2027/2156] Compiling AsyncHTTPClient ConnectionTarget.swift
[2028/2156] Compiling AsyncHTTPClient DeconstructedURL.swift
[2029/2156] Compiling AsyncHTTPClient FileDownloadDelegate.swift
[2030/2156] Compiling AsyncHTTPClient FoundationExtensions.swift
[2031/2156] Compiling AsyncHTTPClient HTTPClient+HTTPCookie.swift
[2032/2156] Compiling AsyncHTTPClient HTTPClient+Proxy.swift
[2033/2156] Compiling AsyncHTTPClient HTTPClient+StructuredConcurrency.swift
[2034/2156] Compiling AsyncHTTPClient HTTPClient.swift
[2035/2156] Compiling AsyncHTTPClient HTTPClientConfiguration+SwiftConfiguration.swift
[2036/2156] Compiling AsyncHTTPClient HTTPHandler.swift
[2037/2156] Compiling AsyncHTTPClient AnyAsyncSequence.swift
[2038/2156] Compiling AsyncHTTPClient AnyAsyncSequenceProucerDelete.swift
[2039/2156] Compiling AsyncHTTPClient AsyncLazySequence.swift
[2040/2156] Compiling AsyncHTTPClient HTTPClient+execute.swift
[2041/2156] Compiling AsyncHTTPClient HTTPClient+shutdown.swift
[2042/2156] Compiling AsyncHTTPClient HTTPClient+tracing.swift
[2043/2156] Compiling AsyncHTTPClient HTTPClientRequest+Prepared.swift
[2044/2156] Compiling AsyncHTTPClient HTTPClientRequest+auth.swift
[2045/2156] Compiling AsyncHTTPClient HTTPClientRequest.swift
[2046/2157] Wrapping AST for AsyncHTTPClient for debugging
[2048/2180] Compiling GoogleAuth AuthHTTPClient.swift
[2049/2180] Compiling GoogleAuth AuthHTTPError.swift
[2050/2180] Compiling GoogleAuth RetryEngine.swift
[2051/2180] Compiling GoogleAuth AnonymousCredentials.swift
[2052/2180] Compiling GoogleAuth ApiKeyCredentials.swift
[2053/2180] Compiling GoogleAuth ExternalAccountCredentials.swift
[2054/2180] Emitting module GoogleAuth
[2055/2183] Compiling GoogleAuth CredentialParserRegistry.swift
[2056/2183] Compiling GoogleAuth Credentials.swift
[2057/2183] Compiling GoogleAuth CredentialsError.swift
[2058/2183] Compiling GoogleAuth UserAccountData.swift
[2059/2183] Compiling GoogleAuth UserAccountTokenProvider.swift
[2060/2183] Compiling GoogleAuth UserCredentials.swift
[2061/2183] Compiling GoogleAuth ADC.swift
[2062/2183] Compiling GoogleAuth ADCPath.swift
[2063/2183] Compiling GoogleAuth ADCResolver.swift
[2064/2183] Compiling GoogleAuth AuthHeaders.swift
[2065/2183] Compiling GoogleAuth SubjectTokenProvider.swift
[2066/2183] Compiling GoogleAuth MDSAccessTokenProvider.swift
[2067/2183] Compiling GoogleAuth MDSCredentials.swift
[2068/2183] Compiling GoogleAuth ServiceAccountCredentials.swift
[2069/2183] Compiling GoogleAuth ServiceAccountData.swift
[2070/2183] Compiling GoogleAuth ServiceAccountTokenProvider.swift
[2071/2183] Compiling GoogleAuth STSHandler.swift
[2072/2183] Compiling GoogleAuth TokenCache.swift
[2073/2183] Compiling GoogleAuth PackageVersion.swift
[2074/2184] Wrapping AST for GoogleAuth for debugging
[2076/2242] Compiling GoogleGax AIP194+PollingErrorPolicy.swift
[2077/2242] Compiling GoogleGax AIP194+RetryPolicy.swift
[2078/2242] Compiling GoogleGax AIP194.swift
[2079/2242] Compiling GoogleGax AdaptiveThrottler.swift
[2080/2242] Compiling GoogleGax AlwaysPoll.swift
[2081/2242] Compiling GoogleGax AlwaysRetry.swift
[2082/2242] Compiling GoogleGax ApiClientHeader.swift
[2083/2242] Compiling GoogleGax BackoffPolicy.swift
[2084/2242] Compiling GoogleGax BasePollingErrorPolicy.swift
[2085/2250] Emitting module GoogleGax
[2086/2250] Compiling GoogleGax LimitedAttemptCount+PollingErrorPolicy.swift
[2087/2250] Compiling GoogleGax LimitedAttemptCount+RetryPolicy.swift
[2088/2250] Compiling GoogleGax LimitedAttemptCount.swift
[2089/2250] Compiling GoogleGax LimitedElapsedTime+PollingErrorPolicy.swift
[2090/2250] Compiling GoogleGax LimitedElapsedTime+RetryPolicy.swift
[2091/2250] Compiling GoogleGax LimitedElapsedTime.swift
[2092/2250] Compiling GoogleGax LongRunningOperations.swift
[2093/2250] Compiling GoogleGax NeverRetry.swift
[2094/2250] Compiling GoogleGax BaseRetryPolicy.swift
[2095/2250] Compiling GoogleGax BindingError.swift
[2096/2250] Compiling GoogleGax CRC32C.swift
[2097/2250] Compiling GoogleGax CircuitBreaker.swift
[2098/2250] Compiling GoogleGax ClientError.swift
[2099/2250] Compiling GoogleGax ClientOptions.swift
[2100/2250] Compiling GoogleGax ContinueOnIO+PollingErrorPolicy.swift
[2101/2250] Compiling GoogleGax ContinueOnIO+RetryPolicy.swift
[2102/2250] Compiling GoogleGax ContinueOnIO.swift
[2103/2250] Compiling GoogleGax CredentialsProtocol.swift
[2104/2250] Compiling GoogleGax ErrorWrapper.swift
[2105/2250] Compiling GoogleGax ExponentialBackoff+BackoffPolicy.swift
[2106/2250] Compiling GoogleGax ExponentialBackoff+PollingBackoffPolicy.swift
[2107/2250] Compiling GoogleGax ExponentialBackoff.swift
[2108/2250] Compiling GoogleGax HTTPClient.swift
[2109/2250] Compiling GoogleGax HTTPClientHolder.swift
[2110/2250] Compiling GoogleGax HTTPClientProtocol.swift
[2111/2250] Compiling GoogleGax HTTPClientRequest.swift
[2112/2250] Compiling GoogleGax HTTPClientResponse.swift
[2113/2250] Compiling GoogleGax HTTPHeaders.swift
[2114/2250] Compiling GoogleGax HTTPResponseBody.swift
[2115/2250] Compiling GoogleGax HeaderNames.swift
[2116/2250] Compiling GoogleGax Host.swift
[2117/2250] Compiling GoogleGax InProgressResult.swift
[2118/2250] Compiling GoogleGax RequestOptions.swift
[2119/2250] Compiling GoogleGax RetryLoop.swift
[2120/2250] Compiling GoogleGax RetryPolicy.swift
[2121/2250] Compiling GoogleGax RetryResult.swift
[2122/2250] Compiling GoogleGax RetryState.swift
[2123/2250] Compiling GoogleGax RetryThrottler.swift
[2124/2250] Compiling GoogleGax RetryThrottlerError.swift
[2125/2250] Compiling GoogleGax RoutingMatcher.swift
[2126/2250] Compiling GoogleGax Pagination.swift
/host/spi-builder-workspace/.build/checkouts/swift-google-gax/Sources/GoogleGax/Pagination.swift:44:22: error: cannot convert '@Sendable (String) async throws -> (response: ResponseType, items: [Item], nextToken: String)' to 'nonisolated(nonsending) @Sendable (String) async throws -> (response: ResponseType, items: [Item], nextToken: String)' because crossing of an isolation boundary requires parameter and result types to conform to 'Sendable' protocol
42 | ) where ResponseType: _PaginatedResponse<Item> {
43 | self.initialPageToken = initialPageToken ?? ""
44 | self.fetchPage = { token in
| |- error: cannot convert '@Sendable (String) async throws -> (response: ResponseType, items: [Item], nextToken: String)' to 'nonisolated(nonsending) @Sendable (String) async throws -> (response: ResponseType, items: [Item], nextToken: String)' because crossing of an isolation boundary requires parameter and result types to conform to 'Sendable' protocol
| `- note: type 'Item' does not conform to 'Sendable' protocol
45 | let response = try await listRpc(token)
46 | return (response, response._getPaginatedItems(), response._nextPageToken())
[2127/2250] Compiling GoogleGax PollingBackoffPolicy.swift
/host/spi-builder-workspace/.build/checkouts/swift-google-gax/Sources/GoogleGax/Pagination.swift:44:22: error: cannot convert '@Sendable (String) async throws -> (response: ResponseType, items: [Item], nextToken: String)' to 'nonisolated(nonsending) @Sendable (String) async throws -> (response: ResponseType, items: [Item], nextToken: String)' because crossing of an isolation boundary requires parameter and result types to conform to 'Sendable' protocol
42 | ) where ResponseType: _PaginatedResponse<Item> {
43 | self.initialPageToken = initialPageToken ?? ""
44 | self.fetchPage = { token in
| |- error: cannot convert '@Sendable (String) async throws -> (response: ResponseType, items: [Item], nextToken: String)' to 'nonisolated(nonsending) @Sendable (String) async throws -> (response: ResponseType, items: [Item], nextToken: String)' because crossing of an isolation boundary requires parameter and result types to conform to 'Sendable' protocol
| `- note: type 'Item' does not conform to 'Sendable' protocol
45 | let response = try await listRpc(token)
46 | return (response, response._getPaginatedItems(), response._nextPageToken())
[2128/2250] Compiling GoogleGax PollingErrorPolicy.swift
/host/spi-builder-workspace/.build/checkouts/swift-google-gax/Sources/GoogleGax/Pagination.swift:44:22: error: cannot convert '@Sendable (String) async throws -> (response: ResponseType, items: [Item], nextToken: String)' to 'nonisolated(nonsending) @Sendable (String) async throws -> (response: ResponseType, items: [Item], nextToken: String)' because crossing of an isolation boundary requires parameter and result types to conform to 'Sendable' protocol
42 | ) where ResponseType: _PaginatedResponse<Item> {
43 | self.initialPageToken = initialPageToken ?? ""
44 | self.fetchPage = { token in
| |- error: cannot convert '@Sendable (String) async throws -> (response: ResponseType, items: [Item], nextToken: String)' to 'nonisolated(nonsending) @Sendable (String) async throws -> (response: ResponseType, items: [Item], nextToken: String)' because crossing of an isolation boundary requires parameter and result types to conform to 'Sendable' protocol
| `- note: type 'Item' does not conform to 'Sendable' protocol
45 | let response = try await listRpc(token)
46 | return (response, response._getPaginatedItems(), response._nextPageToken())
[2129/2250] Compiling GoogleGax PollingResult.swift
/host/spi-builder-workspace/.build/checkouts/swift-google-gax/Sources/GoogleGax/Pagination.swift:44:22: error: cannot convert '@Sendable (String) async throws -> (response: ResponseType, items: [Item], nextToken: String)' to 'nonisolated(nonsending) @Sendable (String) async throws -> (response: ResponseType, items: [Item], nextToken: String)' because crossing of an isolation boundary requires parameter and result types to conform to 'Sendable' protocol
42 | ) where ResponseType: _PaginatedResponse<Item> {
43 | self.initialPageToken = initialPageToken ?? ""
44 | self.fetchPage = { token in
| |- error: cannot convert '@Sendable (String) async throws -> (response: ResponseType, items: [Item], nextToken: String)' to 'nonisolated(nonsending) @Sendable (String) async throws -> (response: ResponseType, items: [Item], nextToken: String)' because crossing of an isolation boundary requires parameter and result types to conform to 'Sendable' protocol
| `- note: type 'Item' does not conform to 'Sendable' protocol
45 | let response = try await listRpc(token)
46 | return (response, response._getPaginatedItems(), response._nextPageToken())
[2130/2250] Compiling GoogleGax PollingState.swift
/host/spi-builder-workspace/.build/checkouts/swift-google-gax/Sources/GoogleGax/Pagination.swift:44:22: error: cannot convert '@Sendable (String) async throws -> (response: ResponseType, items: [Item], nextToken: String)' to 'nonisolated(nonsending) @Sendable (String) async throws -> (response: ResponseType, items: [Item], nextToken: String)' because crossing of an isolation boundary requires parameter and result types to conform to 'Sendable' protocol
42 | ) where ResponseType: _PaginatedResponse<Item> {
43 | self.initialPageToken = initialPageToken ?? ""
44 | self.fetchPage = { token in
| |- error: cannot convert '@Sendable (String) async throws -> (response: ResponseType, items: [Item], nextToken: String)' to 'nonisolated(nonsending) @Sendable (String) async throws -> (response: ResponseType, items: [Item], nextToken: String)' because crossing of an isolation boundary requires parameter and result types to conform to 'Sendable' protocol
| `- note: type 'Item' does not conform to 'Sendable' protocol
45 | let response = try await listRpc(token)
46 | return (response, response._getPaginatedItems(), response._nextPageToken())
[2131/2250] Compiling GoogleGax ProtobufConversionError.swift
/host/spi-builder-workspace/.build/checkouts/swift-google-gax/Sources/GoogleGax/Pagination.swift:44:22: error: cannot convert '@Sendable (String) async throws -> (response: ResponseType, items: [Item], nextToken: String)' to 'nonisolated(nonsending) @Sendable (String) async throws -> (response: ResponseType, items: [Item], nextToken: String)' because crossing of an isolation boundary requires parameter and result types to conform to 'Sendable' protocol
42 | ) where ResponseType: _PaginatedResponse<Item> {
43 | self.initialPageToken = initialPageToken ?? ""
44 | self.fetchPage = { token in
| |- error: cannot convert '@Sendable (String) async throws -> (response: ResponseType, items: [Item], nextToken: String)' to 'nonisolated(nonsending) @Sendable (String) async throws -> (response: ResponseType, items: [Item], nextToken: String)' because crossing of an isolation boundary requires parameter and result types to conform to 'Sendable' protocol
| `- note: type 'Item' does not conform to 'Sendable' protocol
45 | let response = try await listRpc(token)
46 | return (response, response._getPaginatedItems(), response._nextPageToken())
[2132/2250] Compiling GoogleGax QueryParameter.swift
/host/spi-builder-workspace/.build/checkouts/swift-google-gax/Sources/GoogleGax/Pagination.swift:44:22: error: cannot convert '@Sendable (String) async throws -> (response: ResponseType, items: [Item], nextToken: String)' to 'nonisolated(nonsending) @Sendable (String) async throws -> (response: ResponseType, items: [Item], nextToken: String)' because crossing of an isolation boundary requires parameter and result types to conform to 'Sendable' protocol
42 | ) where ResponseType: _PaginatedResponse<Item> {
43 | self.initialPageToken = initialPageToken ?? ""
44 | self.fetchPage = { token in
| |- error: cannot convert '@Sendable (String) async throws -> (response: ResponseType, items: [Item], nextToken: String)' to 'nonisolated(nonsending) @Sendable (String) async throws -> (response: ResponseType, items: [Item], nextToken: String)' because crossing of an isolation boundary requires parameter and result types to conform to 'Sendable' protocol
| `- note: type 'Item' does not conform to 'Sendable' protocol
45 | let response = try await listRpc(token)
46 | return (response, response._getPaginatedItems(), response._nextPageToken())
[2133/2250] Compiling GoogleGax RequestError.swift
/host/spi-builder-workspace/.build/checkouts/swift-google-gax/Sources/GoogleGax/Pagination.swift:44:22: error: cannot convert '@Sendable (String) async throws -> (response: ResponseType, items: [Item], nextToken: String)' to 'nonisolated(nonsending) @Sendable (String) async throws -> (response: ResponseType, items: [Item], nextToken: String)' because crossing of an isolation boundary requires parameter and result types to conform to 'Sendable' protocol
42 | ) where ResponseType: _PaginatedResponse<Item> {
43 | self.initialPageToken = initialPageToken ?? ""
44 | self.fetchPage = { token in
| |- error: cannot convert '@Sendable (String) async throws -> (response: ResponseType, items: [Item], nextToken: String)' to 'nonisolated(nonsending) @Sendable (String) async throws -> (response: ResponseType, items: [Item], nextToken: String)' because crossing of an isolation boundary requires parameter and result types to conform to 'Sendable' protocol
| `- note: type 'Item' does not conform to 'Sendable' protocol
45 | let response = try await listRpc(token)
46 | return (response, response._getPaginatedItems(), response._nextPageToken())
[2134/2250] Compiling GoogleGax ServiceError.swift
[2135/2250] Compiling GoogleGax StatusDetail.swift
[2136/2250] Compiling GoogleGax StrictIdempotency.swift
[2137/2250] Compiling GoogleGax ThrottleResult.swift
[2138/2250] Compiling GoogleGax TooManyRequests+PollingErrorPolicy.swift
[2139/2250] Compiling GoogleGax TooManyRequests+RetryPolicy.swift
[2140/2250] Compiling GoogleGax TooManyRequests.swift
[2141/2250] Compiling GoogleGax PackageVersion.swift
BUILD FAILURE 6.2 android