Build Information
Failed to build XPCConnectionSession, reference main (7286e3), with Swift 6.4 for watchOS using Xcode 27.0 on 19 Sep 2026 15:36:21 UTC.
Build Command
env DEVELOPER_DIR=/Applications/Xcode-27.0.0-Release.Candidate.app xcrun xcodebuild -IDEClonedSourcePackagesDirPathOverride=$PWD/.dependencies -skipMacroValidation -skipPackagePluginValidation -derivedDataPath $PWD/.derivedData build -scheme XPCConnectionSession -destination generic/platform=watchOSBuild Log
========================================
RunAll
========================================
Builder version: 5.1.0
Interrupt handler set up.
========================================
Checkout
========================================
Clone URL: https://github.com/ChimeHQ/XPCConnectionSession.git
Reference: main
Initialized empty Git repository in /Users/admin/builder/spi-builder-workspace/.git/
From https://github.com/ChimeHQ/XPCConnectionSession
* branch main -> FETCH_HEAD
* [new branch] main -> origin/main
HEAD is now at 7286e38 funding
Cloned https://github.com/ChimeHQ/XPCConnectionSession.git
Revision (git rev-parse @):
7286e38e7c8a6abb2b2dea5c172509c55f470409
SUCCESS checkout https://github.com/ChimeHQ/XPCConnectionSession.git at main
========================================
Build
========================================
Selected platform: watchOS
Swift version: 6.4
Building package at path: $PWD
https://github.com/ChimeHQ/XPCConnectionSession.git
Command line invocation:
/Applications/Xcode-27.0.0-Release.Candidate.app/Contents/Developer/usr/bin/xcodebuild -IDEClonedSourcePackagesDirPathOverride=/Users/admin/builder/spi-builder-workspace/.dependencies -resolvePackageDependencies
Resolve Package Graph
Resolve Package Graph
Resolved source packages:
XPCConnectionSession: /Users/admin/builder/spi-builder-workspace
resolved source packages: XPCConnectionSession
2026-09-19 11:35:30.662 xcodebuild[529:3028] [MT] IDERunDestination: Supported platforms for the buildables in the current scheme is empty.
{
"dependencies" : [
],
"manifest_display_name" : "XPCConnectionSession",
"name" : "XPCConnectionSession",
"path" : "/Users/admin/builder/spi-builder-workspace",
"platforms" : [
{
"name" : "macos",
"version" : "11.0"
},
{
"name" : "ios",
"version" : "14.0"
}
],
"products" : [
{
"name" : "XPCConnectionSession",
"targets" : [
"XPCConnectionSession"
],
"type" : {
"library" : [
"automatic"
]
}
}
],
"targets" : [
{
"c99name" : "XPCConnectionSessionTests",
"module_type" : "SwiftTarget",
"name" : "XPCConnectionSessionTests",
"path" : "Tests/XPCConnectionSessionTests",
"sources" : [
"XPCConnectionSessionTests.swift"
],
"target_dependencies" : [
"XPCConnectionSession"
],
"type" : "test"
},
{
"c99name" : "XPCConnectionSession",
"module_type" : "SwiftTarget",
"name" : "XPCConnectionSession",
"path" : "Sources/XPCConnectionSession",
"product_memberships" : [
"XPCConnectionSession"
],
"sources" : [
"XPCConnectionSession.swift",
"XPCReceivedConnectionMessage.swift",
"XPCSession+Async.swift"
],
"type" : "library"
}
],
"tools_version" : "5.6"
}
{
"workspace" : {
"name" : "XPCConnectionSession",
"schemes" : [
"XPCConnectionSession"
]
}
}
2026-09-19 11:36:11.815 xcodebuild[647:4130] [MT] IDERunDestination: Supported platforms for the buildables in the current scheme is empty.
Running build ...
env DEVELOPER_DIR=/Applications/Xcode-27.0.0-Release.Candidate.app xcrun xcodebuild -IDEClonedSourcePackagesDirPathOverride=$PWD/.dependencies -skipMacroValidation -skipPackagePluginValidation -derivedDataPath $PWD/.derivedData build -scheme XPCConnectionSession -destination generic/platform=watchOS
Command line invocation:
/Applications/Xcode-27.0.0-Release.Candidate.app/Contents/Developer/usr/bin/xcodebuild -IDEClonedSourcePackagesDirPathOverride=/Users/admin/builder/spi-builder-workspace/.dependencies -skipMacroValidation -skipPackagePluginValidation -derivedDataPath /Users/admin/builder/spi-builder-workspace/.derivedData build -scheme XPCConnectionSession -destination generic/platform=watchOS
Resolve Package Graph
Resolved source packages:
XPCConnectionSession: /Users/admin/builder/spi-builder-workspace
ComputePackagePrebuildTargetDependencyGraph
Prepare packages
CreateBuildRequest
SendProjectDescription
CreateBuildOperation
ComputeTargetDependencyGraph
note: Building targets in dependency order
note: Target dependency graph (2 targets)
Target 'XPCConnectionSession-product' in project 'XPCConnectionSession'
➜ Explicit dependency on target 'XPCConnectionSession' in project 'XPCConnectionSession'
Target 'XPCConnectionSession' in project 'XPCConnectionSession' (no dependencies)
GatherProvisioningInputs
CreateBuildDescription
ExecuteExternalTool /Applications/Xcode-27.0.0-Release.Candidate.app/Contents/Developer/Toolchains/XcodeDefault.xctoolchain/usr/bin/clang -v -E -dM -isysroot /Applications/Xcode-27.0.0-Release.Candidate.app/Contents/Developer/Platforms/WatchOS.platform/Developer/SDKs/WatchOS27.0.sdk -x c -c /dev/null
ExecuteExternalTool /Applications/Xcode-27.0.0-Release.Candidate.app/Contents/Developer/Toolchains/XcodeDefault.xctoolchain/usr/bin/swiftc --version
ExecuteExternalTool /Applications/Xcode-27.0.0-Release.Candidate.app/Contents/Developer/Toolchains/XcodeDefault.xctoolchain/usr/bin/ld -version_details
Build description signature: 301afe1b72456a70fd317f110e0625f5
Build description path: /Users/admin/builder/spi-builder-workspace/.derivedData/Build/Intermediates.noindex/XCBuildData/301afe1b72456a70fd317f110e0625f5.xcbuilddata
CreateBuildDirectory /Users/admin/builder/spi-builder-workspace/.derivedData/SDKExplicitPrecompiledModules
cd /Users/admin/builder/spi-builder-workspace/.swiftpm/xcode
builtin-create-build-directory /Users/admin/builder/spi-builder-workspace/.derivedData/SDKExplicitPrecompiledModules
CreateBuildDirectory /Users/admin/builder/spi-builder-workspace/.derivedData/ModuleCache.noindex
cd /Users/admin/builder/spi-builder-workspace/.swiftpm/xcode
builtin-create-build-directory /Users/admin/builder/spi-builder-workspace/.derivedData/ModuleCache.noindex
CreateBuildDirectory /Users/admin/builder/spi-builder-workspace/.derivedData/CompilationCache.noindex
cd /Users/admin/builder/spi-builder-workspace/.swiftpm/xcode
builtin-create-build-directory /Users/admin/builder/spi-builder-workspace/.derivedData/CompilationCache.noindex
CreateBuildDirectory /Users/admin/builder/spi-builder-workspace/.derivedData/Build/Products
cd /Users/admin/builder/spi-builder-workspace/.swiftpm/xcode
builtin-create-build-directory /Users/admin/builder/spi-builder-workspace/.derivedData/Build/Products
CreateBuildDirectory /Users/admin/builder/spi-builder-workspace/.derivedData/Build/Intermediates.noindex
cd /Users/admin/builder/spi-builder-workspace/.swiftpm/xcode
builtin-create-build-directory /Users/admin/builder/spi-builder-workspace/.derivedData/Build/Intermediates.noindex
ClangStatCache /Applications/Xcode-27.0.0-Release.Candidate.app/Contents/Developer/Toolchains/XcodeDefault.xctoolchain/usr/bin/clang-stat-cache /Applications/Xcode-27.0.0-Release.Candidate.app/Contents/Developer/Platforms/WatchOS.platform/Developer/SDKs/WatchOS27.0.sdk /Users/admin/builder/spi-builder-workspace/.derivedData/SDKStatCaches.noindex/watchos27.0-24R360-e829b21a6f8c9b70876ba0858053c04477534ef55a1706bf4c1112bbb242f0a2.sdkstatcache
cd /Users/admin/builder/spi-builder-workspace/.swiftpm/xcode
/Applications/Xcode-27.0.0-Release.Candidate.app/Contents/Developer/Toolchains/XcodeDefault.xctoolchain/usr/bin/clang-stat-cache /Applications/Xcode-27.0.0-Release.Candidate.app/Contents/Developer/Platforms/WatchOS.platform/Developer/SDKs/WatchOS27.0.sdk -o /Users/admin/builder/spi-builder-workspace/.derivedData/SDKStatCaches.noindex/watchos27.0-24R360-e829b21a6f8c9b70876ba0858053c04477534ef55a1706bf4c1112bbb242f0a2.sdkstatcache
CreateBuildDirectory /Users/admin/builder/spi-builder-workspace/.derivedData/Build/Intermediates.noindex/SwiftExplicitPrecompiledModules
cd /Users/admin/builder/spi-builder-workspace/.swiftpm/xcode
builtin-create-build-directory /Users/admin/builder/spi-builder-workspace/.derivedData/Build/Intermediates.noindex/SwiftExplicitPrecompiledModules
CreateBuildDirectory /Users/admin/builder/spi-builder-workspace/.derivedData/Build/Intermediates.noindex/PrecompiledHeaders
cd /Users/admin/builder/spi-builder-workspace/.swiftpm/xcode
builtin-create-build-directory /Users/admin/builder/spi-builder-workspace/.derivedData/Build/Intermediates.noindex/PrecompiledHeaders
CreateBuildDirectory /Users/admin/builder/spi-builder-workspace/.derivedData/Build/Intermediates.noindex/ExplicitPrecompiledModules
cd /Users/admin/builder/spi-builder-workspace/.swiftpm/xcode
builtin-create-build-directory /Users/admin/builder/spi-builder-workspace/.derivedData/Build/Intermediates.noindex/ExplicitPrecompiledModules
CreateBuildDirectory /Users/admin/builder/spi-builder-workspace/.derivedData/Build/Products/Debug-watchos
cd /Users/admin/builder/spi-builder-workspace/.swiftpm/xcode
builtin-create-build-directory /Users/admin/builder/spi-builder-workspace/.derivedData/Build/Products/Debug-watchos
CreateBuildDirectory /Users/admin/builder/spi-builder-workspace/.derivedData/Build/Intermediates.noindex/EagerLinkingTBDs/Debug-watchos
cd /Users/admin/builder/spi-builder-workspace/.swiftpm/xcode
builtin-create-build-directory /Users/admin/builder/spi-builder-workspace/.derivedData/Build/Intermediates.noindex/EagerLinkingTBDs/Debug-watchos
CreateBuildDirectory /Users/admin/builder/spi-builder-workspace/.derivedData/Build/Products/Debug-watchos/PackageFrameworks
cd /Users/admin/builder/spi-builder-workspace/.swiftpm/xcode
builtin-create-build-directory /Users/admin/builder/spi-builder-workspace/.derivedData/Build/Products/Debug-watchos/PackageFrameworks
WriteAuxiliaryFile /Users/admin/builder/spi-builder-workspace/.derivedData/Build/Intermediates.noindex/XPCConnectionSession.build/Debug-watchos/XPCConnectionSession-t.build/XPCConnectionSession.modulemap (in target 'XPCConnectionSession' from project 'XPCConnectionSession')
cd /Users/admin/builder/spi-builder-workspace
write-file /Users/admin/builder/spi-builder-workspace/.derivedData/Build/Intermediates.noindex/XPCConnectionSession.build/Debug-watchos/XPCConnectionSession-t.build/XPCConnectionSession.modulemap
WriteAuxiliaryFile /Users/admin/builder/spi-builder-workspace/.derivedData/Build/Intermediates.noindex/XPCConnectionSession.build/Debug-watchos/XPCConnectionSession-t.build/XPCConnectionSession.DependencyStaticMetadataFileList (in target 'XPCConnectionSession' from project 'XPCConnectionSession')
cd /Users/admin/builder/spi-builder-workspace
write-file /Users/admin/builder/spi-builder-workspace/.derivedData/Build/Intermediates.noindex/XPCConnectionSession.build/Debug-watchos/XPCConnectionSession-t.build/XPCConnectionSession.DependencyStaticMetadataFileList
WriteAuxiliaryFile /Users/admin/builder/spi-builder-workspace/.derivedData/Build/Intermediates.noindex/XPCConnectionSession.build/Debug-watchos/XPCConnectionSession-t.build/Objects-normal/arm64_32/XPCConnectionSession_const_extract_protocols.json (in target 'XPCConnectionSession' from project 'XPCConnectionSession')
cd /Users/admin/builder/spi-builder-workspace
write-file /Users/admin/builder/spi-builder-workspace/.derivedData/Build/Intermediates.noindex/XPCConnectionSession.build/Debug-watchos/XPCConnectionSession-t.build/Objects-normal/arm64_32/XPCConnectionSession_const_extract_protocols.json
WriteAuxiliaryFile /Users/admin/builder/spi-builder-workspace/.derivedData/Build/Intermediates.noindex/XPCConnectionSession.build/Debug-watchos/XPCConnectionSession-t.build/Objects-normal/arm64_32/XPCConnectionSession-OutputFileMap.json (in target 'XPCConnectionSession' from project 'XPCConnectionSession')
cd /Users/admin/builder/spi-builder-workspace
write-file /Users/admin/builder/spi-builder-workspace/.derivedData/Build/Intermediates.noindex/XPCConnectionSession.build/Debug-watchos/XPCConnectionSession-t.build/Objects-normal/arm64_32/XPCConnectionSession-OutputFileMap.json
WriteAuxiliaryFile /Users/admin/builder/spi-builder-workspace/.derivedData/Build/Intermediates.noindex/XPCConnectionSession.build/Debug-watchos/XPCConnectionSession-t.build/Objects-normal/arm64_32/XPCConnectionSession.SwiftFileList (in target 'XPCConnectionSession' from project 'XPCConnectionSession')
cd /Users/admin/builder/spi-builder-workspace
write-file /Users/admin/builder/spi-builder-workspace/.derivedData/Build/Intermediates.noindex/XPCConnectionSession.build/Debug-watchos/XPCConnectionSession-t.build/Objects-normal/arm64_32/XPCConnectionSession.SwiftFileList
WriteAuxiliaryFile /Users/admin/builder/spi-builder-workspace/.derivedData/Build/Intermediates.noindex/XPCConnectionSession.build/Debug-watchos/XPCConnectionSession-t.build/Objects-normal/arm64_32/XPCConnectionSession.LinkFileList (in target 'XPCConnectionSession' from project 'XPCConnectionSession')
cd /Users/admin/builder/spi-builder-workspace
write-file /Users/admin/builder/spi-builder-workspace/.derivedData/Build/Intermediates.noindex/XPCConnectionSession.build/Debug-watchos/XPCConnectionSession-t.build/Objects-normal/arm64_32/XPCConnectionSession.LinkFileList
WriteAuxiliaryFile /Users/admin/builder/spi-builder-workspace/.derivedData/Build/Intermediates.noindex/XPCConnectionSession.build/Debug-watchos/XPCConnectionSession-t.build/Objects-normal/arm64_32/XPCConnectionSession.SwiftConstValuesFileList (in target 'XPCConnectionSession' from project 'XPCConnectionSession')
cd /Users/admin/builder/spi-builder-workspace
write-file /Users/admin/builder/spi-builder-workspace/.derivedData/Build/Intermediates.noindex/XPCConnectionSession.build/Debug-watchos/XPCConnectionSession-t.build/Objects-normal/arm64_32/XPCConnectionSession.SwiftConstValuesFileList
WriteAuxiliaryFile /Users/admin/builder/spi-builder-workspace/.derivedData/Build/Intermediates.noindex/XPCConnectionSession.build/Debug-watchos/XPCConnectionSession-t.build/Objects-normal/arm64/XPCConnectionSession_const_extract_protocols.json (in target 'XPCConnectionSession' from project 'XPCConnectionSession')
cd /Users/admin/builder/spi-builder-workspace
write-file /Users/admin/builder/spi-builder-workspace/.derivedData/Build/Intermediates.noindex/XPCConnectionSession.build/Debug-watchos/XPCConnectionSession-t.build/Objects-normal/arm64/XPCConnectionSession_const_extract_protocols.json
WriteAuxiliaryFile /Users/admin/builder/spi-builder-workspace/.derivedData/Build/Intermediates.noindex/XPCConnectionSession.build/Debug-watchos/XPCConnectionSession-t.build/Objects-normal/arm64/XPCConnectionSession.LinkFileList (in target 'XPCConnectionSession' from project 'XPCConnectionSession')
cd /Users/admin/builder/spi-builder-workspace
write-file /Users/admin/builder/spi-builder-workspace/.derivedData/Build/Intermediates.noindex/XPCConnectionSession.build/Debug-watchos/XPCConnectionSession-t.build/Objects-normal/arm64/XPCConnectionSession.LinkFileList
WriteAuxiliaryFile /Users/admin/builder/spi-builder-workspace/.derivedData/Build/Intermediates.noindex/XPCConnectionSession.build/Debug-watchos/XPCConnectionSession-t.build/XPCConnectionSession.DependencyMetadataFileList (in target 'XPCConnectionSession' from project 'XPCConnectionSession')
cd /Users/admin/builder/spi-builder-workspace
write-file /Users/admin/builder/spi-builder-workspace/.derivedData/Build/Intermediates.noindex/XPCConnectionSession.build/Debug-watchos/XPCConnectionSession-t.build/XPCConnectionSession.DependencyMetadataFileList
WriteAuxiliaryFile /Users/admin/builder/spi-builder-workspace/.derivedData/Build/Intermediates.noindex/XPCConnectionSession.build/Debug-watchos/XPCConnectionSession-t.build/Objects-normal/arm64/XPCConnectionSession.SwiftConstValuesFileList (in target 'XPCConnectionSession' from project 'XPCConnectionSession')
cd /Users/admin/builder/spi-builder-workspace
write-file /Users/admin/builder/spi-builder-workspace/.derivedData/Build/Intermediates.noindex/XPCConnectionSession.build/Debug-watchos/XPCConnectionSession-t.build/Objects-normal/arm64/XPCConnectionSession.SwiftConstValuesFileList
WriteAuxiliaryFile /Users/admin/builder/spi-builder-workspace/.derivedData/Build/Intermediates.noindex/XPCConnectionSession.build/Debug-watchos/XPCConnectionSession-t.build/Objects-normal/arm64/XPCConnectionSession.SwiftFileList (in target 'XPCConnectionSession' from project 'XPCConnectionSession')
cd /Users/admin/builder/spi-builder-workspace
write-file /Users/admin/builder/spi-builder-workspace/.derivedData/Build/Intermediates.noindex/XPCConnectionSession.build/Debug-watchos/XPCConnectionSession-t.build/Objects-normal/arm64/XPCConnectionSession.SwiftFileList
WriteAuxiliaryFile /Users/admin/builder/spi-builder-workspace/.derivedData/Build/Intermediates.noindex/XPCConnectionSession.build/Debug-watchos/XPCConnectionSession-t.build/Objects-normal/arm64/XPCConnectionSession-OutputFileMap.json (in target 'XPCConnectionSession' from project 'XPCConnectionSession')
cd /Users/admin/builder/spi-builder-workspace
write-file /Users/admin/builder/spi-builder-workspace/.derivedData/Build/Intermediates.noindex/XPCConnectionSession.build/Debug-watchos/XPCConnectionSession-t.build/Objects-normal/arm64/XPCConnectionSession-OutputFileMap.json
Copy /Users/admin/builder/spi-builder-workspace/.derivedData/Build/Intermediates.noindex/GeneratedModuleMaps-watchos/XPCConnectionSession.modulemap /Users/admin/builder/spi-builder-workspace/.derivedData/Build/Intermediates.noindex/XPCConnectionSession.build/Debug-watchos/XPCConnectionSession-t.build/XPCConnectionSession.modulemap (in target 'XPCConnectionSession' from project 'XPCConnectionSession')
cd /Users/admin/builder/spi-builder-workspace
builtin-copy -exclude .DS_Store -exclude CVS -exclude .svn -exclude .git -exclude .hg -resolve-src-symlinks /Users/admin/builder/spi-builder-workspace/.derivedData/Build/Intermediates.noindex/XPCConnectionSession.build/Debug-watchos/XPCConnectionSession-t.build/XPCConnectionSession.modulemap /Users/admin/builder/spi-builder-workspace/.derivedData/Build/Intermediates.noindex/GeneratedModuleMaps-watchos
SwiftDriver XPCConnectionSession normal arm64_32 com.apple.xcode.tools.swift.compiler (in target 'XPCConnectionSession' from project 'XPCConnectionSession')
cd /Users/admin/builder/spi-builder-workspace/.swiftpm/xcode
builtin-SwiftDriver -- /Applications/Xcode-27.0.0-Release.Candidate.app/Contents/Developer/Toolchains/XcodeDefault.xctoolchain/usr/bin/swiftc -parse-as-library -module-name XPCConnectionSession -Onone @/Users/admin/builder/spi-builder-workspace/.derivedData/Build/Intermediates.noindex/XPCConnectionSession.build/Debug-watchos/XPCConnectionSession-t.build/Objects-normal/arm64_32/XPCConnectionSession.SwiftFileList -DSWIFT_PACKAGE -DDEBUG -DSWIFT_MODULE_RESOURCE_BUNDLE_UNAVAILABLE -DXcode -plugin-path /Applications/Xcode-27.0.0-Release.Candidate.app/Contents/Developer/Toolchains/XcodeDefault.xctoolchain/usr/lib/swift/host/plugins/testing -enable-experimental-feature DebugDescriptionMacro -sdk /Applications/Xcode-27.0.0-Release.Candidate.app/Contents/Developer/Platforms/WatchOS.platform/Developer/SDKs/WatchOS27.0.sdk -target arm64_32-apple-watchos9.0 -g -module-cache-path /Users/admin/builder/spi-builder-workspace/.derivedData/ModuleCache.noindex -Xfrontend -serialize-debugging-options -profile-coverage-mapping -profile-generate -enable-testing -index-store-path /Users/admin/builder/spi-builder-workspace/.derivedData/Index.noindex/DataStore -Xcc -D_LIBCPP_HARDENING_MODE\=_LIBCPP_HARDENING_MODE_DEBUG -swift-version 5 -I /Users/admin/builder/spi-builder-workspace/.derivedData/Build/Products/Debug-watchos -Isystem /Applications/Xcode-27.0.0-Release.Candidate.app/Contents/Developer/Platforms/WatchOS.platform/Developer/usr/lib -F /Users/admin/builder/spi-builder-workspace/.derivedData/Build/Products/Debug-watchos -F /Applications/Xcode-27.0.0-Release.Candidate.app/Contents/Developer/Platforms/WatchOS.platform/Developer/Library/Frameworks -F /Applications/Xcode-27.0.0-Release.Candidate.app/Contents/Developer/Platforms/WatchOS.platform/Developer/SDKs/WatchOS27.0.sdk/Developer/Library/Frameworks -c -j10 -enable-batch-mode -incremental -Xcc -ivfsstatcache -Xcc /Users/admin/builder/spi-builder-workspace/.derivedData/SDKStatCaches.noindex/watchos27.0-24R360-e829b21a6f8c9b70876ba0858053c04477534ef55a1706bf4c1112bbb242f0a2.sdkstatcache -output-file-map /Users/admin/builder/spi-builder-workspace/.derivedData/Build/Intermediates.noindex/XPCConnectionSession.build/Debug-watchos/XPCConnectionSession-t.build/Objects-normal/arm64_32/XPCConnectionSession-OutputFileMap.json -save-temps -no-color-diagnostics -explicit-module-build -module-cache-path /Users/admin/builder/spi-builder-workspace/.derivedData/Build/Intermediates.noindex/SwiftExplicitPrecompiledModules -clang-scanner-module-cache-path /Users/admin/builder/spi-builder-workspace/.derivedData/ModuleCache.noindex -sdk-module-cache-path /Users/admin/builder/spi-builder-workspace/.derivedData/SDKExplicitPrecompiledModules -emit-dependencies -emit-module -emit-module-path /Users/admin/builder/spi-builder-workspace/.derivedData/Build/Intermediates.noindex/XPCConnectionSession.build/Debug-watchos/XPCConnectionSession-t.build/Objects-normal/arm64_32/XPCConnectionSession.swiftmodule -serialize-diagnostics -dependency-scan-serialize-diagnostics-path /Users/admin/builder/spi-builder-workspace/.derivedData/Build/Intermediates.noindex/XPCConnectionSession.build/Debug-watchos/XPCConnectionSession-t.build/Objects-normal/arm64_32/XPCConnectionSession-dependency-scan.dia -validate-clang-modules-once -clang-build-session-file /Users/admin/builder/spi-builder-workspace/.derivedData/ModuleCache.noindex/Session.modulevalidation -Xcc -fmodules-prune-interval\=86400 -Xcc -fmodules-prune-after\=345600 -emit-const-values -const-gather-protocols-list /Users/admin/builder/spi-builder-workspace/.derivedData/Build/Intermediates.noindex/XPCConnectionSession.build/Debug-watchos/XPCConnectionSession-t.build/Objects-normal/arm64_32/XPCConnectionSession_const_extract_protocols.json -Xcc -I/Users/admin/builder/spi-builder-workspace/.derivedData/Build/Products/Debug-watchos/include -Xcc -I/Users/admin/builder/spi-builder-workspace/.derivedData/Build/Intermediates.noindex/XPCConnectionSession.build/Debug-watchos/XPCConnectionSession-t.build/DerivedSources-normal/arm64_32 -Xcc -I/Users/admin/builder/spi-builder-workspace/.derivedData/Build/Intermediates.noindex/XPCConnectionSession.build/Debug-watchos/XPCConnectionSession-t.build/DerivedSources/arm64_32 -Xcc -I/Users/admin/builder/spi-builder-workspace/.derivedData/Build/Intermediates.noindex/XPCConnectionSession.build/Debug-watchos/XPCConnectionSession-t.build/DerivedSources -Xcc -DSWIFT_PACKAGE -Xcc -DDEBUG\=1 -emit-objc-header -emit-objc-header-path /Users/admin/builder/spi-builder-workspace/.derivedData/Build/Intermediates.noindex/XPCConnectionSession.build/Debug-watchos/XPCConnectionSession-t.build/Objects-normal/arm64_32/XPCConnectionSession-Swift.h -working-directory /Users/admin/builder/spi-builder-workspace/.swiftpm/xcode -experimental-emit-module-separately -disable-cmo
SwiftDriver XPCConnectionSession normal arm64 com.apple.xcode.tools.swift.compiler (in target 'XPCConnectionSession' from project 'XPCConnectionSession')
cd /Users/admin/builder/spi-builder-workspace/.swiftpm/xcode
builtin-SwiftDriver -- /Applications/Xcode-27.0.0-Release.Candidate.app/Contents/Developer/Toolchains/XcodeDefault.xctoolchain/usr/bin/swiftc -parse-as-library -module-name XPCConnectionSession -Onone @/Users/admin/builder/spi-builder-workspace/.derivedData/Build/Intermediates.noindex/XPCConnectionSession.build/Debug-watchos/XPCConnectionSession-t.build/Objects-normal/arm64/XPCConnectionSession.SwiftFileList -DSWIFT_PACKAGE -DDEBUG -DSWIFT_MODULE_RESOURCE_BUNDLE_UNAVAILABLE -DXcode -plugin-path /Applications/Xcode-27.0.0-Release.Candidate.app/Contents/Developer/Toolchains/XcodeDefault.xctoolchain/usr/lib/swift/host/plugins/testing -enable-experimental-feature DebugDescriptionMacro -sdk /Applications/Xcode-27.0.0-Release.Candidate.app/Contents/Developer/Platforms/WatchOS.platform/Developer/SDKs/WatchOS27.0.sdk -target arm64-apple-watchos9.0 -g -module-cache-path /Users/admin/builder/spi-builder-workspace/.derivedData/ModuleCache.noindex -Xfrontend -serialize-debugging-options -profile-coverage-mapping -profile-generate -enable-testing -index-store-path /Users/admin/builder/spi-builder-workspace/.derivedData/Index.noindex/DataStore -Xcc -D_LIBCPP_HARDENING_MODE\=_LIBCPP_HARDENING_MODE_DEBUG -swift-version 5 -I /Users/admin/builder/spi-builder-workspace/.derivedData/Build/Products/Debug-watchos -Isystem /Applications/Xcode-27.0.0-Release.Candidate.app/Contents/Developer/Platforms/WatchOS.platform/Developer/usr/lib -F /Users/admin/builder/spi-builder-workspace/.derivedData/Build/Products/Debug-watchos -F /Applications/Xcode-27.0.0-Release.Candidate.app/Contents/Developer/Platforms/WatchOS.platform/Developer/Library/Frameworks -F /Applications/Xcode-27.0.0-Release.Candidate.app/Contents/Developer/Platforms/WatchOS.platform/Developer/SDKs/WatchOS27.0.sdk/Developer/Library/Frameworks -c -j10 -enable-batch-mode -incremental -Xcc -ivfsstatcache -Xcc /Users/admin/builder/spi-builder-workspace/.derivedData/SDKStatCaches.noindex/watchos27.0-24R360-e829b21a6f8c9b70876ba0858053c04477534ef55a1706bf4c1112bbb242f0a2.sdkstatcache -output-file-map /Users/admin/builder/spi-builder-workspace/.derivedData/Build/Intermediates.noindex/XPCConnectionSession.build/Debug-watchos/XPCConnectionSession-t.build/Objects-normal/arm64/XPCConnectionSession-OutputFileMap.json -save-temps -no-color-diagnostics -explicit-module-build -module-cache-path /Users/admin/builder/spi-builder-workspace/.derivedData/Build/Intermediates.noindex/SwiftExplicitPrecompiledModules -clang-scanner-module-cache-path /Users/admin/builder/spi-builder-workspace/.derivedData/ModuleCache.noindex -sdk-module-cache-path /Users/admin/builder/spi-builder-workspace/.derivedData/SDKExplicitPrecompiledModules -emit-dependencies -emit-module -emit-module-path /Users/admin/builder/spi-builder-workspace/.derivedData/Build/Intermediates.noindex/XPCConnectionSession.build/Debug-watchos/XPCConnectionSession-t.build/Objects-normal/arm64/XPCConnectionSession.swiftmodule -serialize-diagnostics -dependency-scan-serialize-diagnostics-path /Users/admin/builder/spi-builder-workspace/.derivedData/Build/Intermediates.noindex/XPCConnectionSession.build/Debug-watchos/XPCConnectionSession-t.build/Objects-normal/arm64/XPCConnectionSession-dependency-scan.dia -validate-clang-modules-once -clang-build-session-file /Users/admin/builder/spi-builder-workspace/.derivedData/ModuleCache.noindex/Session.modulevalidation -Xcc -fmodules-prune-interval\=86400 -Xcc -fmodules-prune-after\=345600 -emit-const-values -const-gather-protocols-list /Users/admin/builder/spi-builder-workspace/.derivedData/Build/Intermediates.noindex/XPCConnectionSession.build/Debug-watchos/XPCConnectionSession-t.build/Objects-normal/arm64/XPCConnectionSession_const_extract_protocols.json -Xcc -I/Users/admin/builder/spi-builder-workspace/.derivedData/Build/Products/Debug-watchos/include -Xcc -I/Users/admin/builder/spi-builder-workspace/.derivedData/Build/Intermediates.noindex/XPCConnectionSession.build/Debug-watchos/XPCConnectionSession-t.build/DerivedSources-normal/arm64 -Xcc -I/Users/admin/builder/spi-builder-workspace/.derivedData/Build/Intermediates.noindex/XPCConnectionSession.build/Debug-watchos/XPCConnectionSession-t.build/DerivedSources/arm64 -Xcc -I/Users/admin/builder/spi-builder-workspace/.derivedData/Build/Intermediates.noindex/XPCConnectionSession.build/Debug-watchos/XPCConnectionSession-t.build/DerivedSources -Xcc -DSWIFT_PACKAGE -Xcc -DDEBUG\=1 -emit-objc-header -emit-objc-header-path /Users/admin/builder/spi-builder-workspace/.derivedData/Build/Intermediates.noindex/XPCConnectionSession.build/Debug-watchos/XPCConnectionSession-t.build/Objects-normal/arm64/XPCConnectionSession-Swift.h -working-directory /Users/admin/builder/spi-builder-workspace/.swiftpm/xcode -experimental-emit-module-separately -disable-cmo
SwiftExplicitDependencyGeneratePcm arm64_32 /Users/admin/builder/spi-builder-workspace/.derivedData/SDKExplicitPrecompiledModules/_Builtin_float-6KO8O3PEWRCA4WC6PPLOYO6WJ.pcm
SwiftExplicitDependencyGeneratePcm arm64_32 /Users/admin/builder/spi-builder-workspace/.derivedData/SDKExplicitPrecompiledModules/_AvailabilityInternal-244WAN3Z1QBT7PIA64EZEFY1R.pcm
SwiftExplicitDependencyGeneratePcm arm64 /Users/admin/builder/spi-builder-workspace/.derivedData/SDKExplicitPrecompiledModules/ptrauth-3TZ9WJCGLYD25HQPWH4968ONX.pcm
SwiftExplicitDependencyGeneratePcm arm64_32 /Users/admin/builder/spi-builder-workspace/.derivedData/SDKExplicitPrecompiledModules/_SwiftConcurrencyShims-6RTBPQ03V7BM9SPRK8SUE055H.pcm
SwiftExplicitDependencyGeneratePcm arm64 /Users/admin/builder/spi-builder-workspace/.derivedData/SDKExplicitPrecompiledModules/_Builtin_stddef-1FU30Y8SWFB7OUUHMJQH5J6FM.pcm
SwiftExplicitDependencyGeneratePcm arm64_32 /Users/admin/builder/spi-builder-workspace/.derivedData/SDKExplicitPrecompiledModules/_Builtin_stdarg-D305JG44A2WPI6CJY37X3QJE8.pcm
SwiftExplicitDependencyGeneratePcm arm64 /Users/admin/builder/spi-builder-workspace/.derivedData/SDKExplicitPrecompiledModules/_AvailabilityInternal-BUNV3UXM65NT37THI4W1AM0SF.pcm
SwiftExplicitDependencyGeneratePcm arm64_32 /Users/admin/builder/spi-builder-workspace/.derivedData/SDKExplicitPrecompiledModules/ptrcheck-7ELIH9BTIGVKX3UBITM9N72WD.pcm
SwiftExplicitDependencyGeneratePcm arm64 /Users/admin/builder/spi-builder-workspace/.derivedData/SDKExplicitPrecompiledModules/_SwiftConcurrencyShims-659N52XSKR5F0QSB880BH2FJR.pcm
SwiftExplicitDependencyGeneratePcm arm64 /Users/admin/builder/spi-builder-workspace/.derivedData/SDKExplicitPrecompiledModules/_Builtin_stdarg-A7UU8LE6MP85SM26YO7PBZNUQ.pcm
SwiftExplicitDependencyGeneratePcm arm64 /Users/admin/builder/spi-builder-workspace/.derivedData/SDKExplicitPrecompiledModules/_Builtin_float-C0CW5Q4HGBQYKE77TC42IAFB5.pcm
SwiftExplicitDependencyGeneratePcm arm64_32 /Users/admin/builder/spi-builder-workspace/.derivedData/SDKExplicitPrecompiledModules/SwiftShims-9CQQGWTSNTN9EB5NSHDWUJICH.pcm
SwiftExplicitDependencyGeneratePcm arm64_32 /Users/admin/builder/spi-builder-workspace/.derivedData/SDKExplicitPrecompiledModules/_Builtin_stdbool-A967K8W8YUYEC9SN52KJ7OO88.pcm
SwiftExplicitDependencyGeneratePcm arm64 /Users/admin/builder/spi-builder-workspace/.derivedData/SDKExplicitPrecompiledModules/SwiftShims-4MXFZPV6FEB0XBYXCGPWAMQGL.pcm
SwiftExplicitDependencyGeneratePcm arm64_32 /Users/admin/builder/spi-builder-workspace/.derivedData/SDKExplicitPrecompiledModules/_Builtin_stddef-H44EFHQX6XSS5MZ7QP6YJZ76.pcm
SwiftExplicitDependencyGeneratePcm arm64 /Users/admin/builder/spi-builder-workspace/.derivedData/SDKExplicitPrecompiledModules/ptrcheck-AIF0NDOYZ8ORBNHQAQR5NNB8M.pcm
SwiftExplicitDependencyGeneratePcm arm64 /Users/admin/builder/spi-builder-workspace/.derivedData/SDKExplicitPrecompiledModules/_Builtin_stdbool-83J96QSOFE9VX04AAS6310UAE.pcm
SwiftExplicitDependencyGeneratePcm arm64_32 /Users/admin/builder/spi-builder-workspace/.derivedData/SDKExplicitPrecompiledModules/ptrauth-BFXF358ME5AK535N5A9Z766WU.pcm
SwiftExplicitDependencyGeneratePcm arm64_32 /Users/admin/builder/spi-builder-workspace/.derivedData/SDKExplicitPrecompiledModules/_DarwinFoundation1-2GWF9RFMPLQW4PDHS3NARVI3G.pcm
SwiftExplicitDependencyGeneratePcm arm64 /Users/admin/builder/spi-builder-workspace/.derivedData/SDKExplicitPrecompiledModules/_DarwinFoundation1-7SPX3MD0HMP55E4OLNCPNDQ53.pcm
SwiftExplicitDependencyGeneratePcm arm64_32 /Users/admin/builder/spi-builder-workspace/.derivedData/SDKExplicitPrecompiledModules/_Builtin_limits-3VKBU2AFTD65PAJZ5CJ3LHFM2.pcm
SwiftExplicitDependencyGeneratePcm arm64_32 /Users/admin/builder/spi-builder-workspace/.derivedData/SDKExplicitPrecompiledModules/_DarwinFoundation2-9MY8GOSYRO0M9MKNXF6D3MBNK.pcm
SwiftExplicitDependencyGeneratePcm arm64 /Users/admin/builder/spi-builder-workspace/.derivedData/SDKExplicitPrecompiledModules/_Builtin_limits-9GWPA2B0H20DYUNYHYCWKABJG.pcm
SwiftExplicitDependencyGeneratePcm arm64 /Users/admin/builder/spi-builder-workspace/.derivedData/SDKExplicitPrecompiledModules/_DarwinFoundation2-D0XAPJU49S5E9XMKYOFGSTB1Q.pcm
SwiftExplicitDependencyGeneratePcm arm64_32 /Users/admin/builder/spi-builder-workspace/.derivedData/SDKExplicitPrecompiledModules/_Builtin_stdint-1HMXWI3V0V4TXHRWZOMZGZ80Y.pcm
SwiftExplicitDependencyGeneratePcm arm64_32 /Users/admin/builder/spi-builder-workspace/.derivedData/SDKExplicitPrecompiledModules/string_h-BFVLUQUSBZWYMLCU9QI7VZALW.pcm
SwiftExplicitDependencyGeneratePcm arm64_32 /Users/admin/builder/spi-builder-workspace/.derivedData/SDKExplicitPrecompiledModules/sys_types-8TLLMW08ZJWDGIIPKOYFGHHZW.pcm
SwiftExplicitDependencyGeneratePcm arm64 /Users/admin/builder/spi-builder-workspace/.derivedData/SDKExplicitPrecompiledModules/_Builtin_stdint-8XMILLJZEGRN2XG7XZUXZ5RLX.pcm
SwiftExplicitDependencyGeneratePcm arm64 /Users/admin/builder/spi-builder-workspace/.derivedData/SDKExplicitPrecompiledModules/sys_types-2KXQLI78OUCDP779AE68GZJ2.pcm
SwiftExplicitDependencyGeneratePcm arm64 /Users/admin/builder/spi-builder-workspace/.derivedData/SDKExplicitPrecompiledModules/string_h-E6PRXK75PHIPCZFWOFCQ3QBMK.pcm
SwiftExplicitDependencyGeneratePcm arm64_32 /Users/admin/builder/spi-builder-workspace/.derivedData/SDKExplicitPrecompiledModules/_DarwinFoundation3-3DUTYQDQSD9HUAAVY947NMWOI.pcm
SwiftExplicitDependencyGeneratePcm arm64 /Users/admin/builder/spi-builder-workspace/.derivedData/SDKExplicitPrecompiledModules/_DarwinFoundation3-B97LRG0E9GON2NUE65TVG81HU.pcm
SwiftExplicitDependencyGeneratePcm arm64_32 /Users/admin/builder/spi-builder-workspace/.derivedData/SDKExplicitPrecompiledModules/_Builtin_inttypes-D2KPCR4PEX9AQA33NGLUT5SBR.pcm
SwiftExplicitDependencyGeneratePcm arm64 /Users/admin/builder/spi-builder-workspace/.derivedData/SDKExplicitPrecompiledModules/_Builtin_inttypes-3UQSCM7WNM9EK4HZML8TY5J3D.pcm
SwiftExplicitDependencyGeneratePcm arm64_32 /Users/admin/builder/spi-builder-workspace/.derivedData/SDKExplicitPrecompiledModules/Darwin-3FVT1SKLN2ZQ5RVOABMTQBB34.pcm
SwiftExplicitDependencyGeneratePcm arm64 /Users/admin/builder/spi-builder-workspace/.derivedData/SDKExplicitPrecompiledModules/Darwin-3984OXKFNSPE77NT743WK8SEX.pcm
SwiftExplicitDependencyGeneratePcm arm64_32 /Users/admin/builder/spi-builder-workspace/.derivedData/SDKExplicitPrecompiledModules/ObjectiveC-6IJNELR2E80E7LUKESVCP2KET.pcm
SwiftExplicitDependencyGeneratePcm arm64 /Users/admin/builder/spi-builder-workspace/.derivedData/SDKExplicitPrecompiledModules/ObjectiveC-72IVD3VS2RS8Q28D9PIMY0KQP.pcm
SwiftExplicitDependencyGeneratePcm arm64_32 /Users/admin/builder/spi-builder-workspace/.derivedData/SDKExplicitPrecompiledModules/os_object-5YWTC6L4756IWSTPGXS5NM0D0.pcm
SwiftExplicitDependencyGeneratePcm arm64_32 /Users/admin/builder/spi-builder-workspace/.derivedData/SDKExplicitPrecompiledModules/os_workgroup-5JHTPDMNBUNHLJI8LPHKQK1JK.pcm
SwiftExplicitDependencyGeneratePcm arm64 /Users/admin/builder/spi-builder-workspace/.derivedData/SDKExplicitPrecompiledModules/os_object-3SDKD7F87FTZ26OON37DRYT6O.pcm
SwiftExplicitDependencyGeneratePcm arm64 /Users/admin/builder/spi-builder-workspace/.derivedData/SDKExplicitPrecompiledModules/os_workgroup-89GG5G7YC2D0ZTK6AZXXQ20DH.pcm
SwiftExplicitDependencyGeneratePcm arm64_32 /Users/admin/builder/spi-builder-workspace/.derivedData/SDKExplicitPrecompiledModules/Dispatch-2P62F1T4XV63S4P99TUDTOK2Q.pcm
SwiftExplicitDependencyGeneratePcm arm64 /Users/admin/builder/spi-builder-workspace/.derivedData/SDKExplicitPrecompiledModules/Dispatch-1NLJOVAK60XP0DUB05XA59EIM.pcm
SwiftExplicitDependencyGeneratePcm arm64_32 /Users/admin/builder/spi-builder-workspace/.derivedData/SDKExplicitPrecompiledModules/XPC-81Y45QFY96XYYFCW2GT6FY8S4.pcm
SwiftExplicitDependencyGeneratePcm arm64_32 /Users/admin/builder/spi-builder-workspace/.derivedData/SDKExplicitPrecompiledModules/CoreFoundation-8E6Y4BA3EXYKUGJ24GT9LGV3N.pcm
SwiftExplicitDependencyGeneratePcm arm64 /Users/admin/builder/spi-builder-workspace/.derivedData/SDKExplicitPrecompiledModules/CoreFoundation-8T2L24YC5NU7WO6WQJWRY7W08.pcm
SwiftExplicitDependencyGeneratePcm arm64 /Users/admin/builder/spi-builder-workspace/.derivedData/SDKExplicitPrecompiledModules/XPC-40DR0X1DHKGCV4J1IOLFS8MOU.pcm
SwiftExplicitDependencyGeneratePcm arm64_32 /Users/admin/builder/spi-builder-workspace/.derivedData/SDKExplicitPrecompiledModules/Security-D7TOWF88VWF67TB9HAFP5UWB1.pcm
SwiftExplicitDependencyGeneratePcm arm64 /Users/admin/builder/spi-builder-workspace/.derivedData/SDKExplicitPrecompiledModules/Security-6RZ6YBRU8WCUHRFFRVUK5WKMM.pcm
SwiftExplicitDependencyGeneratePcm arm64_32 /Users/admin/builder/spi-builder-workspace/.derivedData/SDKExplicitPrecompiledModules/Foundation-BJ2VQGI3OGR34500MEQ1VKHPH.pcm
SwiftExplicitDependencyGeneratePcm arm64 /Users/admin/builder/spi-builder-workspace/.derivedData/SDKExplicitPrecompiledModules/Foundation-DLBKUSGXN8QHAT8W0OARR9S8A.pcm
SwiftEmitModule normal arm64_32 Emitting\ module\ for\ XPCConnectionSession (in target 'XPCConnectionSession' from project 'XPCConnectionSession')
SwiftCompile normal arm64_32 (in target 'XPCConnectionSession' from project 'XPCConnectionSession')
cd /Users/admin/builder/spi-builder-workspace/.swiftpm/xcode
/Users/admin/builder/spi-builder-workspace/Sources/XPCConnectionSession/XPCConnectionSession.swift:145:14: warning: '@_unsafeInheritExecutor' is deprecated; consider an 'isolated' parameter defaulted to '#isolation' instead; this is an error in the Swift 6 language mode
143 | /// Sends a message to the remote service.
144 | @_unsafeInheritExecutor
145 | public func send<Message: Encodable, Reply: Decodable & Sendable>(_ message: Message) async throws -> Reply {
| `- warning: '@_unsafeInheritExecutor' is deprecated; consider an 'isolated' parameter defaulted to '#isolation' instead; this is an error in the Swift 6 language mode
146 | try await withCheckedThrowingContinuation { (continuation: CheckedContinuation<Reply, any Error>) in
147 | do {
/Users/admin/builder/spi-builder-workspace/Sources/XPCConnectionSession/XPCSession+Async.swift:9:14: warning: '@_unsafeInheritExecutor' is deprecated; consider an 'isolated' parameter defaulted to '#isolation' instead; this is an error in the Swift 6 language mode
7 | /// Sends a message over the session to the destination service asynchronously and returns the reply.
8 | @_unsafeInheritExecutor
9 | public func send<Message: Encodable, Reply: Decodable>(_ message: Message) async throws -> Reply {
| `- warning: '@_unsafeInheritExecutor' is deprecated; consider an 'isolated' parameter defaulted to '#isolation' instead; this is an error in the Swift 6 language mode
10 | try await withCheckedThrowingContinuation { (continuation: CheckedContinuation<Reply, any Error>) in
11 | do {
SwiftCompile normal arm64_32 Compiling\ XPCReceivedConnectionMessage.swift /Users/admin/builder/spi-builder-workspace/Sources/XPCConnectionSession/XPCReceivedConnectionMessage.swift (in target 'XPCConnectionSession' from project 'XPCConnectionSession')
SwiftCompile normal arm64_32 /Users/admin/builder/spi-builder-workspace/Sources/XPCConnectionSession/XPCReceivedConnectionMessage.swift (in target 'XPCConnectionSession' from project 'XPCConnectionSession')
cd /Users/admin/builder/spi-builder-workspace/.swiftpm/xcode
builtin-SwiftPerFileCompile XPCReceivedConnectionMessage.swift
SwiftCompile normal arm64_32 Compiling\ XPCSession+Async.swift /Users/admin/builder/spi-builder-workspace/Sources/XPCConnectionSession/XPCSession+Async.swift (in target 'XPCConnectionSession' from project 'XPCConnectionSession')
/Users/admin/builder/spi-builder-workspace/Sources/XPCConnectionSession/XPCSession+Async.swift:9:14: warning: '@_unsafeInheritExecutor' is deprecated; consider an 'isolated' parameter defaulted to '#isolation' instead; this is an error in the Swift 6 language mode
7 | /// Sends a message over the session to the destination service asynchronously and returns the reply.
8 | @_unsafeInheritExecutor
9 | public func send<Message: Encodable, Reply: Decodable>(_ message: Message) async throws -> Reply {
| `- warning: '@_unsafeInheritExecutor' is deprecated; consider an 'isolated' parameter defaulted to '#isolation' instead; this is an error in the Swift 6 language mode
10 | try await withCheckedThrowingContinuation { (continuation: CheckedContinuation<Reply, any Error>) in
11 | do {
SwiftCompile normal arm64_32 /Users/admin/builder/spi-builder-workspace/Sources/XPCConnectionSession/XPCSession+Async.swift (in target 'XPCConnectionSession' from project 'XPCConnectionSession')
cd /Users/admin/builder/spi-builder-workspace/.swiftpm/xcode
builtin-SwiftPerFileCompile XPCSession+Async.swift
SwiftCompile normal arm64_32 Compiling\ XPCConnectionSession.swift /Users/admin/builder/spi-builder-workspace/Sources/XPCConnectionSession/XPCConnectionSession.swift (in target 'XPCConnectionSession' from project 'XPCConnectionSession')
/Users/admin/builder/spi-builder-workspace/Sources/XPCConnectionSession/XPCConnectionSession.swift:145:14: warning: '@_unsafeInheritExecutor' is deprecated; consider an 'isolated' parameter defaulted to '#isolation' instead; this is an error in the Swift 6 language mode
143 | /// Sends a message to the remote service.
144 | @_unsafeInheritExecutor
145 | public func send<Message: Encodable, Reply: Decodable & Sendable>(_ message: Message) async throws -> Reply {
| `- warning: '@_unsafeInheritExecutor' is deprecated; consider an 'isolated' parameter defaulted to '#isolation' instead; this is an error in the Swift 6 language mode
146 | try await withCheckedThrowingContinuation { (continuation: CheckedContinuation<Reply, any Error>) in
147 | do {
/Users/admin/builder/spi-builder-workspace/Sources/XPCConnectionSession/XPCConnectionSession.swift:82:25: error: 'init(serviceName:)' is unavailable in watchOS
80 |
81 | public convenience init(serviceName: String) {
82 | self.init(connection: NSXPCConnection(serviceName: serviceName))
| `- error: 'init(serviceName:)' is unavailable in watchOS
83 | }
84 |
/Applications/Xcode-27.0.0-Release.Candidate.app/Contents/Developer/Platforms/WatchOS.platform/Developer/SDKs/WatchOS27.0.sdk/System/Library/Frameworks/Foundation.framework/Headers/NSXPCConnection.h:64:1: note: 'init(serviceName:)' has been explicitly marked unavailable here
62 | ///
63 | /// Receiving a non-nil result from this init method does not mean the service name is valid or the service has been launched. The init method simply constructs the local object.
64 | - (instancetype)initWithServiceName:(NSString *)serviceName API_UNAVAILABLE(ios, watchos, tvos);
| `- note: 'init(serviceName:)' has been explicitly marked unavailable here
65 | /// The name of the XPC service that this connection was configured to connect to.
66 | @property (nullable, readonly, copy) NSString *serviceName;
Failed frontend command:
/Applications/Xcode-27.0.0-Release.Candidate.app/Contents/Developer/Toolchains/XcodeDefault.xctoolchain/usr/bin/swift-frontend -frontend -c -primary-file /Users/admin/builder/spi-builder-workspace/Sources/XPCConnectionSession/XPCConnectionSession.swift /Users/admin/builder/spi-builder-workspace/Sources/XPCConnectionSession/XPCReceivedConnectionMessage.swift /Users/admin/builder/spi-builder-workspace/Sources/XPCConnectionSession/XPCSession+Async.swift -emit-dependencies-path /Users/admin/builder/spi-builder-workspace/.derivedData/Build/Intermediates.noindex/XPCConnectionSession.build/Debug-watchos/XPCConnectionSession-t.build/Objects-normal/arm64_32/XPCConnectionSession.d -emit-const-values-path /Users/admin/builder/spi-builder-workspace/.derivedData/Build/Intermediates.noindex/XPCConnectionSession.build/Debug-watchos/XPCConnectionSession-t.build/Objects-normal/arm64_32/XPCConnectionSession.swiftconstvalues -emit-reference-dependencies-path /Users/admin/builder/spi-builder-workspace/.derivedData/Build/Intermediates.noindex/XPCConnectionSession.build/Debug-watchos/XPCConnectionSession-t.build/Objects-normal/arm64_32/XPCConnectionSession.swiftdeps -serialize-diagnostics-path /Users/admin/builder/spi-builder-workspace/.derivedData/Build/Intermediates.noindex/XPCConnectionSession.build/Debug-watchos/XPCConnectionSession-t.build/Objects-normal/arm64_32/XPCConnectionSession.dia -target arm64_32-apple-watchos9.0 -module-can-import-version XPC 167.0.2 0 -disable-cross-import-overlay-search -load-resolved-plugin /Applications/Xcode-27.0.0-Release.Candidate.app/Contents/Developer/Platforms/WatchOS.platform/Developer/usr/lib/swift/host/plugins/libFoundationMacros.dylib\#/Applications/Xcode-27.0.0-Release.Candidate.app/Contents/Developer/Platforms/WatchOS.platform/Developer/usr/bin/swift-plugin-server\#FoundationMacros -load-resolved-plugin /Applications/Xcode-27.0.0-Release.Candidate.app/Contents/Developer/Platforms/WatchOS.platform/Developer/usr/lib/swift/host/plugins/libObservationMacros.dylib\#/Applications/Xcode-27.0.0-Release.Candidate.app/Contents/Developer/Platforms/WatchOS.platform/Developer/usr/bin/swift-plugin-server\#ObservationMacros -load-resolved-plugin /Applications/Xcode-27.0.0-Release.Candidate.app/Contents/Developer/Platforms/WatchOS.platform/Developer/usr/lib/swift/host/plugins/libSwiftMacros.dylib\#/Applications/Xcode-27.0.0-Release.Candidate.app/Contents/Developer/Platforms/WatchOS.platform/Developer/usr/bin/swift-plugin-server\#SwiftMacros -disable-implicit-swift-modules -Xcc -fno-implicit-modules -Xcc -fno-implicit-module-maps -explicit-swift-module-map-file /Users/admin/builder/spi-builder-workspace/.derivedData/Build/Intermediates.noindex/XPCConnectionSession.build/Debug-watchos/XPCConnectionSession-t.build/Objects-normal/arm64_32/XPCConnectionSession-dependencies-2.json -enable-objc-interop -sdk /Applications/Xcode-27.0.0-Release.Candidate.app/Contents/Developer/Platforms/WatchOS.platform/Developer/SDKs/WatchOS27.0.sdk -I /Users/admin/builder/spi-builder-workspace/.derivedData/Build/Products/Debug-watchos -Isystem /Applications/Xcode-27.0.0-Release.Candidate.app/Contents/Developer/Platforms/WatchOS.platform/Developer/usr/lib -F /Users/admin/builder/spi-builder-workspace/.derivedData/Build/Products/Debug-watchos -F /Applications/Xcode-27.0.0-Release.Candidate.app/Contents/Developer/Platforms/WatchOS.platform/Developer/Library/Frameworks -F /Applications/Xcode-27.0.0-Release.Candidate.app/Contents/Developer/Platforms/WatchOS.platform/Developer/SDKs/WatchOS27.0.sdk/Developer/Library/Frameworks -module-cache-path /Users/admin/builder/spi-builder-workspace/.derivedData/Build/Intermediates.noindex/SwiftExplicitPrecompiledModules -no-color-diagnostics -Xcc -fno-color-diagnostics -enable-testing -g -debug-info-format\=dwarf -dwarf-version\=4 -profile-generate -profile-coverage-mapping -swift-version 5 -Onone -D SWIFT_PACKAGE -D DEBUG -D SWIFT_MODULE_RESOURCE_BUNDLE_UNAVAILABLE -D Xcode -serialize-debugging-options -enable-experimental-feature DebugDescriptionMacro -empty-abi-descriptor -validate-clang-modules-once -clang-build-session-file /Users/admin/builder/spi-builder-workspace/.derivedData/ModuleCache.noindex/Session.modulevalidation -Xcc -working-directory -Xcc /Users/admin/builder/spi-builder-workspace/.swiftpm/xcode -enable-anonymous-context-mangled-names -file-compilation-dir /Users/admin/builder/spi-builder-workspace/.swiftpm/xcode -Xcc -D_LIBCPP_HARDENING_MODE\=_LIBCPP_HARDENING_MODE_DEBUG -Xcc -ivfsstatcache -Xcc /Users/admin/builder/spi-builder-workspace/.derivedData/SDKStatCaches.noindex/watchos27.0-24R360-e829b21a6f8c9b70876ba0858053c04477534ef55a1706bf4c1112bbb242f0a2.sdkstatcache -Xcc -fmodules-prune-interval\=86400 -Xcc -fmodules-prune-after\=345600 -Xcc -I/Users/admin/builder/spi-builder-workspace/.derivedData/Build/Products/Debug-watchos/include -Xcc -I/Users/admin/builder/spi-builder-workspace/.derivedData/Build/Intermediates.noindex/XPCConnectionSession.build/Debug-watchos/XPCConnectionSession-t.build/DerivedSources-normal/arm64_32 -Xcc -I/Users/admin/builder/spi-builder-workspace/.derivedData/Build/Intermediates.noindex/XPCConnectionSession.build/Debug-watchos/XPCConnectionSession-t.build/DerivedSources/arm64_32 -Xcc -I/Users/admin/builder/spi-builder-workspace/.derivedData/Build/Intermediates.noindex/XPCConnectionSession.build/Debug-watchos/XPCConnectionSession-t.build/DerivedSources -Xcc -DSWIFT_PACKAGE -Xcc -DDEBUG\=1 -no-auto-bridging-header-chaining -module-name XPCConnectionSession -const-gather-protocols-file /Users/admin/builder/spi-builder-workspace/.derivedData/Build/Intermediates.noindex/XPCConnectionSession.build/Debug-watchos/XPCConnectionSession-t.build/Objects-normal/arm64_32/XPCConnectionSession_const_extract_protocols.json -disable-clang-spi -clang-target arm64_32-apple-watchos27.0 -target-sdk-version 27.0 -target-sdk-name watchos27.0 -in-process-plugin-server-path /Applications/Xcode-27.0.0-Release.Candidate.app/Contents/Developer/Toolchains/XcodeDefault.xctoolchain/usr/lib/swift/host/libSwiftInProcPluginServer.dylib -parse-as-library -o /Users/admin/builder/spi-builder-workspace/.derivedData/Build/Intermediates.noindex/XPCConnectionSession.build/Debug-watchos/XPCConnectionSession-t.build/Objects-normal/arm64_32/XPCConnectionSession.o -debug-module-path /Users/admin/builder/spi-builder-workspace/.derivedData/Build/Intermediates.noindex/XPCConnectionSession.build/Debug-watchos/XPCConnectionSession-t.build/Objects-normal/arm64_32/XPCConnectionSession.swiftmodule -index-unit-output-path /XPCConnectionSession.build/Debug-watchos/XPCConnectionSession-t.build/Objects-normal/arm64_32/XPCConnectionSession.o -index-store-path /Users/admin/builder/spi-builder-workspace/.derivedData/Index.noindex/DataStore -index-system-modules
SwiftCompile normal arm64_32 /Users/admin/builder/spi-builder-workspace/Sources/XPCConnectionSession/XPCConnectionSession.swift (in target 'XPCConnectionSession' from project 'XPCConnectionSession')
cd /Users/admin/builder/spi-builder-workspace/.swiftpm/xcode
builtin-SwiftPerFileCompile XPCConnectionSession.swift
SwiftEmitModule normal arm64 Emitting\ module\ for\ XPCConnectionSession (in target 'XPCConnectionSession' from project 'XPCConnectionSession')
/Users/admin/builder/spi-builder-workspace/Sources/XPCConnectionSession/XPCConnectionSession.swift:145:14: warning: '@_unsafeInheritExecutor' is deprecated; consider an 'isolated' parameter defaulted to '#isolation' instead; this is an error in the Swift 6 language mode
143 | /// Sends a message to the remote service.
144 | @_unsafeInheritExecutor
145 | public func send<Message: Encodable, Reply: Decodable & Sendable>(_ message: Message) async throws -> Reply {
| `- warning: '@_unsafeInheritExecutor' is deprecated; consider an 'isolated' parameter defaulted to '#isolation' instead; this is an error in the Swift 6 language mode
146 | try await withCheckedThrowingContinuation { (continuation: CheckedContinuation<Reply, any Error>) in
147 | do {
/Users/admin/builder/spi-builder-workspace/Sources/XPCConnectionSession/XPCSession+Async.swift:9:14: warning: '@_unsafeInheritExecutor' is deprecated; consider an 'isolated' parameter defaulted to '#isolation' instead; this is an error in the Swift 6 language mode
7 | /// Sends a message over the session to the destination service asynchronously and returns the reply.
8 | @_unsafeInheritExecutor
9 | public func send<Message: Encodable, Reply: Decodable>(_ message: Message) async throws -> Reply {
| `- warning: '@_unsafeInheritExecutor' is deprecated; consider an 'isolated' parameter defaulted to '#isolation' instead; this is an error in the Swift 6 language mode
10 | try await withCheckedThrowingContinuation { (continuation: CheckedContinuation<Reply, any Error>) in
11 | do {
SwiftCompile normal arm64 (in target 'XPCConnectionSession' from project 'XPCConnectionSession')
cd /Users/admin/builder/spi-builder-workspace/.swiftpm/xcode
SwiftCompile normal arm64 Compiling\ XPCReceivedConnectionMessage.swift /Users/admin/builder/spi-builder-workspace/Sources/XPCConnectionSession/XPCReceivedConnectionMessage.swift (in target 'XPCConnectionSession' from project 'XPCConnectionSession')
SwiftCompile normal arm64 /Users/admin/builder/spi-builder-workspace/Sources/XPCConnectionSession/XPCReceivedConnectionMessage.swift (in target 'XPCConnectionSession' from project 'XPCConnectionSession')
cd /Users/admin/builder/spi-builder-workspace/.swiftpm/xcode
builtin-SwiftPerFileCompile XPCReceivedConnectionMessage.swift
SwiftCompile normal arm64 Compiling\ XPCConnectionSession.swift /Users/admin/builder/spi-builder-workspace/Sources/XPCConnectionSession/XPCConnectionSession.swift (in target 'XPCConnectionSession' from project 'XPCConnectionSession')
/Users/admin/builder/spi-builder-workspace/Sources/XPCConnectionSession/XPCConnectionSession.swift:145:14: warning: '@_unsafeInheritExecutor' is deprecated; consider an 'isolated' parameter defaulted to '#isolation' instead; this is an error in the Swift 6 language mode
143 | /// Sends a message to the remote service.
144 | @_unsafeInheritExecutor
145 | public func send<Message: Encodable, Reply: Decodable & Sendable>(_ message: Message) async throws -> Reply {
| `- warning: '@_unsafeInheritExecutor' is deprecated; consider an 'isolated' parameter defaulted to '#isolation' instead; this is an error in the Swift 6 language mode
146 | try await withCheckedThrowingContinuation { (continuation: CheckedContinuation<Reply, any Error>) in
147 | do {
/Users/admin/builder/spi-builder-workspace/Sources/XPCConnectionSession/XPCConnectionSession.swift:82:25: error: 'init(serviceName:)' is unavailable in watchOS
80 |
81 | public convenience init(serviceName: String) {
82 | self.init(connection: NSXPCConnection(serviceName: serviceName))
| `- error: 'init(serviceName:)' is unavailable in watchOS
83 | }
84 |
/Applications/Xcode-27.0.0-Release.Candidate.app/Contents/Developer/Platforms/WatchOS.platform/Developer/SDKs/WatchOS27.0.sdk/System/Library/Frameworks/Foundation.framework/Headers/NSXPCConnection.h:64:1: note: 'init(serviceName:)' has been explicitly marked unavailable here
62 | ///
63 | /// Receiving a non-nil result from this init method does not mean the service name is valid or the service has been launched. The init method simply constructs the local object.
64 | - (instancetype)initWithServiceName:(NSString *)serviceName API_UNAVAILABLE(ios, watchos, tvos);
| `- note: 'init(serviceName:)' has been explicitly marked unavailable here
65 | /// The name of the XPC service that this connection was configured to connect to.
66 | @property (nullable, readonly, copy) NSString *serviceName;
Failed frontend command:
/Applications/Xcode-27.0.0-Release.Candidate.app/Contents/Developer/Toolchains/XcodeDefault.xctoolchain/usr/bin/swift-frontend -frontend -c -primary-file /Users/admin/builder/spi-builder-workspace/Sources/XPCConnectionSession/XPCConnectionSession.swift /Users/admin/builder/spi-builder-workspace/Sources/XPCConnectionSession/XPCReceivedConnectionMessage.swift /Users/admin/builder/spi-builder-workspace/Sources/XPCConnectionSession/XPCSession+Async.swift -emit-dependencies-path /Users/admin/builder/spi-builder-workspace/.derivedData/Build/Intermediates.noindex/XPCConnectionSession.build/Debug-watchos/XPCConnectionSession-t.build/Objects-normal/arm64/XPCConnectionSession.d -emit-const-values-path /Users/admin/builder/spi-builder-workspace/.derivedData/Build/Intermediates.noindex/XPCConnectionSession.build/Debug-watchos/XPCConnectionSession-t.build/Objects-normal/arm64/XPCConnectionSession.swiftconstvalues -emit-reference-dependencies-path /Users/admin/builder/spi-builder-workspace/.derivedData/Build/Intermediates.noindex/XPCConnectionSession.build/Debug-watchos/XPCConnectionSession-t.build/Objects-normal/arm64/XPCConnectionSession.swiftdeps -serialize-diagnostics-path /Users/admin/builder/spi-builder-workspace/.derivedData/Build/Intermediates.noindex/XPCConnectionSession.build/Debug-watchos/XPCConnectionSession-t.build/Objects-normal/arm64/XPCConnectionSession.dia -target arm64-apple-watchos9.0 -module-can-import-version XPC 167.0.2 0 -disable-cross-import-overlay-search -load-resolved-plugin /Applications/Xcode-27.0.0-Release.Candidate.app/Contents/Developer/Platforms/WatchOS.platform/Developer/usr/lib/swift/host/plugins/libFoundationMacros.dylib\#/Applications/Xcode-27.0.0-Release.Candidate.app/Contents/Developer/Platforms/WatchOS.platform/Developer/usr/bin/swift-plugin-server\#FoundationMacros -load-resolved-plugin /Applications/Xcode-27.0.0-Release.Candidate.app/Contents/Developer/Platforms/WatchOS.platform/Developer/usr/lib/swift/host/plugins/libObservationMacros.dylib\#/Applications/Xcode-27.0.0-Release.Candidate.app/Contents/Developer/Platforms/WatchOS.platform/Developer/usr/bin/swift-plugin-server\#ObservationMacros -load-resolved-plugin /Applications/Xcode-27.0.0-Release.Candidate.app/Contents/Developer/Platforms/WatchOS.platform/Developer/usr/lib/swift/host/plugins/libSwiftMacros.dylib\#/Applications/Xcode-27.0.0-Release.Candidate.app/Contents/Developer/Platforms/WatchOS.platform/Developer/usr/bin/swift-plugin-server\#SwiftMacros -disable-implicit-swift-modules -Xcc -fno-implicit-modules -Xcc -fno-implicit-module-maps -explicit-swift-module-map-file /Users/admin/builder/spi-builder-workspace/.derivedData/Build/Intermediates.noindex/XPCConnectionSession.build/Debug-watchos/XPCConnectionSession-t.build/Objects-normal/arm64/XPCConnectionSession-dependencies-1.json -Xllvm -aarch64-use-tbi -enable-objc-interop -stack-check -sdk /Applications/Xcode-27.0.0-Release.Candidate.app/Contents/Developer/Platforms/WatchOS.platform/Developer/SDKs/WatchOS27.0.sdk -I /Users/admin/builder/spi-builder-workspace/.derivedData/Build/Products/Debug-watchos -Isystem /Applications/Xcode-27.0.0-Release.Candidate.app/Contents/Developer/Platforms/WatchOS.platform/Developer/usr/lib -F /Users/admin/builder/spi-builder-workspace/.derivedData/Build/Products/Debug-watchos -F /Applications/Xcode-27.0.0-Release.Candidate.app/Contents/Developer/Platforms/WatchOS.platform/Developer/Library/Frameworks -F /Applications/Xcode-27.0.0-Release.Candidate.app/Contents/Developer/Platforms/WatchOS.platform/Developer/SDKs/WatchOS27.0.sdk/Developer/Library/Frameworks -module-cache-path /Users/admin/builder/spi-builder-workspace/.derivedData/Build/Intermediates.noindex/SwiftExplicitPrecompiledModules -no-color-diagnostics -Xcc -fno-color-diagnostics -enable-testing -g -debug-info-format\=dwarf -dwarf-version\=4 -profile-generate -profile-coverage-mapping -swift-version 5 -Onone -D SWIFT_PACKAGE -D DEBUG -D SWIFT_MODULE_RESOURCE_BUNDLE_UNAVAILABLE -D Xcode -serialize-debugging-options -enable-experimental-feature DebugDescriptionMacro -empty-abi-descriptor -validate-clang-modules-once -clang-build-session-file /Users/admin/builder/spi-builder-workspace/.derivedData/ModuleCache.noindex/Session.modulevalidation -Xcc -working-directory -Xcc /Users/admin/builder/spi-builder-workspace/.swiftpm/xcode -enable-anonymous-context-mangled-names -file-compilation-dir /Users/admin/builder/spi-builder-workspace/.swiftpm/xcode -Xcc -D_LIBCPP_HARDENING_MODE\=_LIBCPP_HARDENING_MODE_DEBUG -Xcc -ivfsstatcache -Xcc /Users/admin/builder/spi-builder-workspace/.derivedData/SDKStatCaches.noindex/watchos27.0-24R360-e829b21a6f8c9b70876ba0858053c04477534ef55a1706bf4c1112bbb242f0a2.sdkstatcache -Xcc -fmodules-prune-interval\=86400 -Xcc -fmodules-prune-after\=345600 -Xcc -I/Users/admin/builder/spi-builder-workspace/.derivedData/Build/Products/Debug-watchos/include -Xcc -I/Users/admin/builder/spi-builder-workspace/.derivedData/Build/Intermediates.noindex/XPCConnectionSession.build/Debug-watchos/XPCConnectionSession-t.build/DerivedSources-normal/arm64 -Xcc -I/Users/admin/builder/spi-builder-workspace/.derivedData/Build/Intermediates.noindex/XPCConnectionSession.build/Debug-watchos/XPCConnectionSession-t.build/DerivedSources/arm64 -Xcc -I/Users/admin/builder/spi-builder-workspace/.derivedData/Build/Intermediates.noindex/XPCConnectionSession.build/Debug-watchos/XPCConnectionSession-t.build/DerivedSources -Xcc -DSWIFT_PACKAGE -Xcc -DDEBUG\=1 -no-auto-bridging-header-chaining -module-name XPCConnectionSession -const-gather-protocols-file /Users/admin/builder/spi-builder-workspace/.derivedData/Build/Intermediates.noindex/XPCConnectionSession.build/Debug-watchos/XPCConnectionSession-t.build/Objects-normal/arm64/XPCConnectionSession_const_extract_protocols.json -disable-clang-spi -clang-target arm64-apple-watchos27.0 -target-sdk-version 27.0 -target-sdk-name watchos27.0 -in-process-plugin-server-path /Applications/Xcode-27.0.0-Release.Candidate.app/Contents/Developer/Toolchains/XcodeDefault.xctoolchain/usr/lib/swift/host/libSwiftInProcPluginServer.dylib -parse-as-library -o /Users/admin/builder/spi-builder-workspace/.derivedData/Build/Intermediates.noindex/XPCConnectionSession.build/Debug-watchos/XPCConnectionSession-t.build/Objects-normal/arm64/XPCConnectionSession.o -debug-module-path /Users/admin/builder/spi-builder-workspace/.derivedData/Build/Intermediates.noindex/XPCConnectionSession.build/Debug-watchos/XPCConnectionSession-t.build/Objects-normal/arm64/XPCConnectionSession.swiftmodule -index-unit-output-path /XPCConnectionSession.build/Debug-watchos/XPCConnectionSession-t.build/Objects-normal/arm64/XPCConnectionSession.o -index-store-path /Users/admin/builder/spi-builder-workspace/.derivedData/Index.noindex/DataStore -index-system-modules
SwiftCompile normal arm64 /Users/admin/builder/spi-builder-workspace/Sources/XPCConnectionSession/XPCConnectionSession.swift (in target 'XPCConnectionSession' from project 'XPCConnectionSession')
cd /Users/admin/builder/spi-builder-workspace/.swiftpm/xcode
builtin-SwiftPerFileCompile XPCConnectionSession.swift
SwiftCompile normal arm64 Compiling\ XPCSession+Async.swift /Users/admin/builder/spi-builder-workspace/Sources/XPCConnectionSession/XPCSession+Async.swift (in target 'XPCConnectionSession' from project 'XPCConnectionSession')
/Users/admin/builder/spi-builder-workspace/Sources/XPCConnectionSession/XPCSession+Async.swift:9:14: warning: '@_unsafeInheritExecutor' is deprecated; consider an 'isolated' parameter defaulted to '#isolation' instead; this is an error in the Swift 6 language mode
7 | /// Sends a message over the session to the destination service asynchronously and returns the reply.
8 | @_unsafeInheritExecutor
9 | public func send<Message: Encodable, Reply: Decodable>(_ message: Message) async throws -> Reply {
| `- warning: '@_unsafeInheritExecutor' is deprecated; consider an 'isolated' parameter defaulted to '#isolation' instead; this is an error in the Swift 6 language mode
10 | try await withCheckedThrowingContinuation { (continuation: CheckedContinuation<Reply, any Error>) in
11 | do {
SwiftCompile normal arm64 /Users/admin/builder/spi-builder-workspace/Sources/XPCConnectionSession/XPCSession+Async.swift (in target 'XPCConnectionSession' from project 'XPCConnectionSession')
cd /Users/admin/builder/spi-builder-workspace/.swiftpm/xcode
builtin-SwiftPerFileCompile XPCSession+Async.swift
SwiftDriverJobDiscovery normal arm64_32 Emitting module for XPCConnectionSession (in target 'XPCConnectionSession' from project 'XPCConnectionSession')
SwiftDriver\ Compilation\ Requirements XPCConnectionSession normal arm64_32 com.apple.xcode.tools.swift.compiler (in target 'XPCConnectionSession' from project 'XPCConnectionSession')
cd /Users/admin/builder/spi-builder-workspace/.swiftpm/xcode
builtin-Swift-Compilation-Requirements -- /Applications/Xcode-27.0.0-Release.Candidate.app/Contents/Developer/Toolchains/XcodeDefault.xctoolchain/usr/bin/swiftc -parse-as-library -module-name XPCConnectionSession -Onone @/Users/admin/builder/spi-builder-workspace/.derivedData/Build/Intermediates.noindex/XPCConnectionSession.build/Debug-watchos/XPCConnectionSession-t.build/Objects-normal/arm64_32/XPCConnectionSession.SwiftFileList -DSWIFT_PACKAGE -DDEBUG -DSWIFT_MODULE_RESOURCE_BUNDLE_UNAVAILABLE -DXcode -plugin-path /Applications/Xcode-27.0.0-Release.Candidate.app/Contents/Developer/Toolchains/XcodeDefault.xctoolchain/usr/lib/swift/host/plugins/testing -enable-experimental-feature DebugDescriptionMacro -sdk /Applications/Xcode-27.0.0-Release.Candidate.app/Contents/Developer/Platforms/WatchOS.platform/Developer/SDKs/WatchOS27.0.sdk -target arm64_32-apple-watchos9.0 -g -module-cache-path /Users/admin/builder/spi-builder-workspace/.derivedData/ModuleCache.noindex -Xfrontend -serialize-debugging-options -profile-coverage-mapping -profile-generate -enable-testing -index-store-path /Users/admin/builder/spi-builder-workspace/.derivedData/Index.noindex/DataStore -Xcc -D_LIBCPP_HARDENING_MODE\=_LIBCPP_HARDENING_MODE_DEBUG -swift-version 5 -I /Users/admin/builder/spi-builder-workspace/.derivedData/Build/Products/Debug-watchos -Isystem /Applications/Xcode-27.0.0-Release.Candidate.app/Contents/Developer/Platforms/WatchOS.platform/Developer/usr/lib -F /Users/admin/builder/spi-builder-workspace/.derivedData/Build/Products/Debug-watchos -F /Applications/Xcode-27.0.0-Release.Candidate.app/Contents/Developer/Platforms/WatchOS.platform/Developer/Library/Frameworks -F /Applications/Xcode-27.0.0-Release.Candidate.app/Contents/Developer/Platforms/WatchOS.platform/Developer/SDKs/WatchOS27.0.sdk/Developer/Library/Frameworks -c -j10 -enable-batch-mode -incremental -Xcc -ivfsstatcache -Xcc /Users/admin/builder/spi-builder-workspace/.derivedData/SDKStatCaches.noindex/watchos27.0-24R360-e829b21a6f8c9b70876ba0858053c04477534ef55a1706bf4c1112bbb242f0a2.sdkstatcache -output-file-map /Users/admin/builder/spi-builder-workspace/.derivedData/Build/Intermediates.noindex/XPCConnectionSession.build/Debug-watchos/XPCConnectionSession-t.build/Objects-normal/arm64_32/XPCConnectionSession-OutputFileMap.json -save-temps -no-color-diagnostics -explicit-module-build -module-cache-path /Users/admin/builder/spi-builder-workspace/.derivedData/Build/Intermediates.noindex/SwiftExplicitPrecompiledModules -clang-scanner-module-cache-path /Users/admin/builder/spi-builder-workspace/.derivedData/ModuleCache.noindex -sdk-module-cache-path /Users/admin/builder/spi-builder-workspace/.derivedData/SDKExplicitPrecompiledModules -emit-dependencies -emit-module -emit-module-path /Users/admin/builder/spi-builder-workspace/.derivedData/Build/Intermediates.noindex/XPCConnectionSession.build/Debug-watchos/XPCConnectionSession-t.build/Objects-normal/arm64_32/XPCConnectionSession.swiftmodule -serialize-diagnostics -dependency-scan-serialize-diagnostics-path /Users/admin/builder/spi-builder-workspace/.derivedData/Build/Intermediates.noindex/XPCConnectionSession.build/Debug-watchos/XPCConnectionSession-t.build/Objects-normal/arm64_32/XPCConnectionSession-dependency-scan.dia -validate-clang-modules-once -clang-build-session-file /Users/admin/builder/spi-builder-workspace/.derivedData/ModuleCache.noindex/Session.modulevalidation -Xcc -fmodules-prune-interval\=86400 -Xcc -fmodules-prune-after\=345600 -emit-const-values -const-gather-protocols-list /Users/admin/builder/spi-builder-workspace/.derivedData/Build/Intermediates.noindex/XPCConnectionSession.build/Debug-watchos/XPCConnectionSession-t.build/Objects-normal/arm64_32/XPCConnectionSession_const_extract_protocols.json -Xcc -I/Users/admin/builder/spi-builder-workspace/.derivedData/Build/Products/Debug-watchos/include -Xcc -I/Users/admin/builder/spi-builder-workspace/.derivedData/Build/Intermediates.noindex/XPCConnectionSession.build/Debug-watchos/XPCConnectionSession-t.build/DerivedSources-normal/arm64_32 -Xcc -I/Users/admin/builder/spi-builder-workspace/.derivedData/Build/Intermediates.noindex/XPCConnectionSession.build/Debug-watchos/XPCConnectionSession-t.build/DerivedSources/arm64_32 -Xcc -I/Users/admin/builder/spi-builder-workspace/.derivedData/Build/Intermediates.noindex/XPCConnectionSession.build/Debug-watchos/XPCConnectionSession-t.build/DerivedSources -Xcc -DSWIFT_PACKAGE -Xcc -DDEBUG\=1 -emit-objc-header -emit-objc-header-path /Users/admin/builder/spi-builder-workspace/.derivedData/Build/Intermediates.noindex/XPCConnectionSession.build/Debug-watchos/XPCConnectionSession-t.build/Objects-normal/arm64_32/XPCConnectionSession-Swift.h -working-directory /Users/admin/builder/spi-builder-workspace/.swiftpm/xcode -experimental-emit-module-separately -disable-cmo
Copy /Users/admin/builder/spi-builder-workspace/.derivedData/Build/Products/Debug-watchos/XPCConnectionSession.swiftmodule/arm64_32-apple-watchos.swiftmodule /Users/admin/builder/spi-builder-workspace/.derivedData/Build/Intermediates.noindex/XPCConnectionSession.build/Debug-watchos/XPCConnectionSession-t.build/Objects-normal/arm64_32/XPCConnectionSession.swiftmodule (in target 'XPCConnectionSession' from project 'XPCConnectionSession')
cd /Users/admin/builder/spi-builder-workspace
builtin-copy -exclude .DS_Store -exclude CVS -exclude .svn -exclude .git -exclude .hg -resolve-src-symlinks -rename /Users/admin/builder/spi-builder-workspace/.derivedData/Build/Intermediates.noindex/XPCConnectionSession.build/Debug-watchos/XPCConnectionSession-t.build/Objects-normal/arm64_32/XPCConnectionSession.swiftmodule /Users/admin/builder/spi-builder-workspace/.derivedData/Build/Products/Debug-watchos/XPCConnectionSession.swiftmodule/arm64_32-apple-watchos.swiftmodule
Copy /Users/admin/builder/spi-builder-workspace/.derivedData/Build/Products/Debug-watchos/XPCConnectionSession.swiftmodule/arm64_32-apple-watchos.swiftdoc /Users/admin/builder/spi-builder-workspace/.derivedData/Build/Intermediates.noindex/XPCConnectionSession.build/Debug-watchos/XPCConnectionSession-t.build/Objects-normal/arm64_32/XPCConnectionSession.swiftdoc (in target 'XPCConnectionSession' from project 'XPCConnectionSession')
cd /Users/admin/builder/spi-builder-workspace
builtin-copy -exclude .DS_Store -exclude CVS -exclude .svn -exclude .git -exclude .hg -resolve-src-symlinks -rename /Users/admin/builder/spi-builder-workspace/.derivedData/Build/Intermediates.noindex/XPCConnectionSession.build/Debug-watchos/XPCConnectionSession-t.build/Objects-normal/arm64_32/XPCConnectionSession.swiftdoc /Users/admin/builder/spi-builder-workspace/.derivedData/Build/Products/Debug-watchos/XPCConnectionSession.swiftmodule/arm64_32-apple-watchos.swiftdoc
Copy /Users/admin/builder/spi-builder-workspace/.derivedData/Build/Products/Debug-watchos/XPCConnectionSession.swiftmodule/arm64_32-apple-watchos.abi.json /Users/admin/builder/spi-builder-workspace/.derivedData/Build/Intermediates.noindex/XPCConnectionSession.build/Debug-watchos/XPCConnectionSession-t.build/Objects-normal/arm64_32/XPCConnectionSession.abi.json (in target 'XPCConnectionSession' from project 'XPCConnectionSession')
cd /Users/admin/builder/spi-builder-workspace
builtin-copy -exclude .DS_Store -exclude CVS -exclude .svn -exclude .git -exclude .hg -resolve-src-symlinks -rename /Users/admin/builder/spi-builder-workspace/.derivedData/Build/Intermediates.noindex/XPCConnectionSession.build/Debug-watchos/XPCConnectionSession-t.build/Objects-normal/arm64_32/XPCConnectionSession.abi.json /Users/admin/builder/spi-builder-workspace/.derivedData/Build/Products/Debug-watchos/XPCConnectionSession.swiftmodule/arm64_32-apple-watchos.abi.json
Copy /Users/admin/builder/spi-builder-workspace/.derivedData/Build/Products/Debug-watchos/XPCConnectionSession.swiftmodule/Project/arm64_32-apple-watchos.swiftsourceinfo /Users/admin/builder/spi-builder-workspace/.derivedData/Build/Intermediates.noindex/XPCConnectionSession.build/Debug-watchos/XPCConnectionSession-t.build/Objects-normal/arm64_32/XPCConnectionSession.swiftsourceinfo (in target 'XPCConnectionSession' from project 'XPCConnectionSession')
cd /Users/admin/builder/spi-builder-workspace
builtin-copy -exclude .DS_Store -exclude CVS -exclude .svn -exclude .git -exclude .hg -resolve-src-symlinks -rename /Users/admin/builder/spi-builder-workspace/.derivedData/Build/Intermediates.noindex/XPCConnectionSession.build/Debug-watchos/XPCConnectionSession-t.build/Objects-normal/arm64_32/XPCConnectionSession.swiftsourceinfo /Users/admin/builder/spi-builder-workspace/.derivedData/Build/Products/Debug-watchos/XPCConnectionSession.swiftmodule/Project/arm64_32-apple-watchos.swiftsourceinfo
SwiftDriverJobDiscovery normal arm64 Emitting module for XPCConnectionSession (in target 'XPCConnectionSession' from project 'XPCConnectionSession')
SwiftDriver\ Compilation\ Requirements XPCConnectionSession normal arm64 com.apple.xcode.tools.swift.compiler (in target 'XPCConnectionSession' from project 'XPCConnectionSession')
cd /Users/admin/builder/spi-builder-workspace/.swiftpm/xcode
builtin-Swift-Compilation-Requirements -- /Applications/Xcode-27.0.0-Release.Candidate.app/Contents/Developer/Toolchains/XcodeDefault.xctoolchain/usr/bin/swiftc -parse-as-library -module-name XPCConnectionSession -Onone @/Users/admin/builder/spi-builder-workspace/.derivedData/Build/Intermediates.noindex/XPCConnectionSession.build/Debug-watchos/XPCConnectionSession-t.build/Objects-normal/arm64/XPCConnectionSession.SwiftFileList -DSWIFT_PACKAGE -DDEBUG -DSWIFT_MODULE_RESOURCE_BUNDLE_UNAVAILABLE -DXcode -plugin-path /Applications/Xcode-27.0.0-Release.Candidate.app/Contents/Developer/Toolchains/XcodeDefault.xctoolchain/usr/lib/swift/host/plugins/testing -enable-experimental-feature DebugDescriptionMacro -sdk /Applications/Xcode-27.0.0-Release.Candidate.app/Contents/Developer/Platforms/WatchOS.platform/Developer/SDKs/WatchOS27.0.sdk -target arm64-apple-watchos9.0 -g -module-cache-path /Users/admin/builder/spi-builder-workspace/.derivedData/ModuleCache.noindex -Xfrontend -serialize-debugging-options -profile-coverage-mapping -profile-generate -enable-testing -index-store-path /Users/admin/builder/spi-builder-workspace/.derivedData/Index.noindex/DataStore -Xcc -D_LIBCPP_HARDENING_MODE\=_LIBCPP_HARDENING_MODE_DEBUG -swift-version 5 -I /Users/admin/builder/spi-builder-workspace/.derivedData/Build/Products/Debug-watchos -Isystem /Applications/Xcode-27.0.0-Release.Candidate.app/Contents/Developer/Platforms/WatchOS.platform/Developer/usr/lib -F /Users/admin/builder/spi-builder-workspace/.derivedData/Build/Products/Debug-watchos -F /Applications/Xcode-27.0.0-Release.Candidate.app/Contents/Developer/Platforms/WatchOS.platform/Developer/Library/Frameworks -F /Applications/Xcode-27.0.0-Release.Candidate.app/Contents/Developer/Platforms/WatchOS.platform/Developer/SDKs/WatchOS27.0.sdk/Developer/Library/Frameworks -c -j10 -enable-batch-mode -incremental -Xcc -ivfsstatcache -Xcc /Users/admin/builder/spi-builder-workspace/.derivedData/SDKStatCaches.noindex/watchos27.0-24R360-e829b21a6f8c9b70876ba0858053c04477534ef55a1706bf4c1112bbb242f0a2.sdkstatcache -output-file-map /Users/admin/builder/spi-builder-workspace/.derivedData/Build/Intermediates.noindex/XPCConnectionSession.build/Debug-watchos/XPCConnectionSession-t.build/Objects-normal/arm64/XPCConnectionSession-OutputFileMap.json -save-temps -no-color-diagnostics -explicit-module-build -module-cache-path /Users/admin/builder/spi-builder-workspace/.derivedData/Build/Intermediates.noindex/SwiftExplicitPrecompiledModules -clang-scanner-module-cache-path /Users/admin/builder/spi-builder-workspace/.derivedData/ModuleCache.noindex -sdk-module-cache-path /Users/admin/builder/spi-builder-workspace/.derivedData/SDKExplicitPrecompiledModules -emit-dependencies -emit-module -emit-module-path /Users/admin/builder/spi-builder-workspace/.derivedData/Build/Intermediates.noindex/XPCConnectionSession.build/Debug-watchos/XPCConnectionSession-t.build/Objects-normal/arm64/XPCConnectionSession.swiftmodule -serialize-diagnostics -dependency-scan-serialize-diagnostics-path /Users/admin/builder/spi-builder-workspace/.derivedData/Build/Intermediates.noindex/XPCConnectionSession.build/Debug-watchos/XPCConnectionSession-t.build/Objects-normal/arm64/XPCConnectionSession-dependency-scan.dia -validate-clang-modules-once -clang-build-session-file /Users/admin/builder/spi-builder-workspace/.derivedData/ModuleCache.noindex/Session.modulevalidation -Xcc -fmodules-prune-interval\=86400 -Xcc -fmodules-prune-after\=345600 -emit-const-values -const-gather-protocols-list /Users/admin/builder/spi-builder-workspace/.derivedData/Build/Intermediates.noindex/XPCConnectionSession.build/Debug-watchos/XPCConnectionSession-t.build/Objects-normal/arm64/XPCConnectionSession_const_extract_protocols.json -Xcc -I/Users/admin/builder/spi-builder-workspace/.derivedData/Build/Products/Debug-watchos/include -Xcc -I/Users/admin/builder/spi-builder-workspace/.derivedData/Build/Intermediates.noindex/XPCConnectionSession.build/Debug-watchos/XPCConnectionSession-t.build/DerivedSources-normal/arm64 -Xcc -I/Users/admin/builder/spi-builder-workspace/.derivedData/Build/Intermediates.noindex/XPCConnectionSession.build/Debug-watchos/XPCConnectionSession-t.build/DerivedSources/arm64 -Xcc -I/Users/admin/builder/spi-builder-workspace/.derivedData/Build/Intermediates.noindex/XPCConnectionSession.build/Debug-watchos/XPCConnectionSession-t.build/DerivedSources -Xcc -DSWIFT_PACKAGE -Xcc -DDEBUG\=1 -emit-objc-header -emit-objc-header-path /Users/admin/builder/spi-builder-workspace/.derivedData/Build/Intermediates.noindex/XPCConnectionSession.build/Debug-watchos/XPCConnectionSession-t.build/Objects-normal/arm64/XPCConnectionSession-Swift.h -working-directory /Users/admin/builder/spi-builder-workspace/.swiftpm/xcode -experimental-emit-module-separately -disable-cmo
SwiftMergeGeneratedHeaders /Users/admin/builder/spi-builder-workspace/.derivedData/Build/Intermediates.noindex/GeneratedModuleMaps-watchos/XPCConnectionSession-Swift.h /Users/admin/builder/spi-builder-workspace/.derivedData/Build/Intermediates.noindex/XPCConnectionSession.build/Debug-watchos/XPCConnectionSession-t.build/Objects-normal/arm64/XPCConnectionSession-Swift.h /Users/admin/builder/spi-builder-workspace/.derivedData/Build/Intermediates.noindex/XPCConnectionSession.build/Debug-watchos/XPCConnectionSession-t.build/Objects-normal/arm64_32/XPCConnectionSession-Swift.h (in target 'XPCConnectionSession' from project 'XPCConnectionSession')
cd /Users/admin/builder/spi-builder-workspace
builtin-swiftHeaderTool -arch arm64 /Users/admin/builder/spi-builder-workspace/.derivedData/Build/Intermediates.noindex/XPCConnectionSession.build/Debug-watchos/XPCConnectionSession-t.build/Objects-normal/arm64/XPCConnectionSession-Swift.h -arch arm64_32 /Users/admin/builder/spi-builder-workspace/.derivedData/Build/Intermediates.noindex/XPCConnectionSession.build/Debug-watchos/XPCConnectionSession-t.build/Objects-normal/arm64_32/XPCConnectionSession-Swift.h -o /Users/admin/builder/spi-builder-workspace/.derivedData/Build/Intermediates.noindex/GeneratedModuleMaps-watchos/XPCConnectionSession-Swift.h
Copy /Users/admin/builder/spi-builder-workspace/.derivedData/Build/Products/Debug-watchos/XPCConnectionSession.swiftmodule/arm64-apple-watchos.swiftmodule /Users/admin/builder/spi-builder-workspace/.derivedData/Build/Intermediates.noindex/XPCConnectionSession.build/Debug-watchos/XPCConnectionSession-t.build/Objects-normal/arm64/XPCConnectionSession.swiftmodule (in target 'XPCConnectionSession' from project 'XPCConnectionSession')
cd /Users/admin/builder/spi-builder-workspace
builtin-copy -exclude .DS_Store -exclude CVS -exclude .svn -exclude .git -exclude .hg -resolve-src-symlinks -rename /Users/admin/builder/spi-builder-workspace/.derivedData/Build/Intermediates.noindex/XPCConnectionSession.build/Debug-watchos/XPCConnectionSession-t.build/Objects-normal/arm64/XPCConnectionSession.swiftmodule /Users/admin/builder/spi-builder-workspace/.derivedData/Build/Products/Debug-watchos/XPCConnectionSession.swiftmodule/arm64-apple-watchos.swiftmodule
Copy /Users/admin/builder/spi-builder-workspace/.derivedData/Build/Products/Debug-watchos/XPCConnectionSession.swiftmodule/arm64-apple-watchos.abi.json /Users/admin/builder/spi-builder-workspace/.derivedData/Build/Intermediates.noindex/XPCConnectionSession.build/Debug-watchos/XPCConnectionSession-t.build/Objects-normal/arm64/XPCConnectionSession.abi.json (in target 'XPCConnectionSession' from project 'XPCConnectionSession')
cd /Users/admin/builder/spi-builder-workspace
builtin-copy -exclude .DS_Store -exclude CVS -exclude .svn -exclude .git -exclude .hg -resolve-src-symlinks -rename /Users/admin/builder/spi-builder-workspace/.derivedData/Build/Intermediates.noindex/XPCConnectionSession.build/Debug-watchos/XPCConnectionSession-t.build/Objects-normal/arm64/XPCConnectionSession.abi.json /Users/admin/builder/spi-builder-workspace/.derivedData/Build/Products/Debug-watchos/XPCConnectionSession.swiftmodule/arm64-apple-watchos.abi.json
Copy /Users/admin/builder/spi-builder-workspace/.derivedData/Build/Products/Debug-watchos/XPCConnectionSession.swiftmodule/arm64-apple-watchos.swiftdoc /Users/admin/builder/spi-builder-workspace/.derivedData/Build/Intermediates.noindex/XPCConnectionSession.build/Debug-watchos/XPCConnectionSession-t.build/Objects-normal/arm64/XPCConnectionSession.swiftdoc (in target 'XPCConnectionSession' from project 'XPCConnectionSession')
cd /Users/admin/builder/spi-builder-workspace
builtin-copy -exclude .DS_Store -exclude CVS -exclude .svn -exclude .git -exclude .hg -resolve-src-symlinks -rename /Users/admin/builder/spi-builder-workspace/.derivedData/Build/Intermediates.noindex/XPCConnectionSession.build/Debug-watchos/XPCConnectionSession-t.build/Objects-normal/arm64/XPCConnectionSession.swiftdoc /Users/admin/builder/spi-builder-workspace/.derivedData/Build/Products/Debug-watchos/XPCConnectionSession.swiftmodule/arm64-apple-watchos.swiftdoc
Copy /Users/admin/builder/spi-builder-workspace/.derivedData/Build/Products/Debug-watchos/XPCConnectionSession.swiftmodule/Project/arm64-apple-watchos.swiftsourceinfo /Users/admin/builder/spi-builder-workspace/.derivedData/Build/Intermediates.noindex/XPCConnectionSession.build/Debug-watchos/XPCConnectionSession-t.build/Objects-normal/arm64/XPCConnectionSession.swiftsourceinfo (in target 'XPCConnectionSession' from project 'XPCConnectionSession')
cd /Users/admin/builder/spi-builder-workspace
builtin-copy -exclude .DS_Store -exclude CVS -exclude .svn -exclude .git -exclude .hg -resolve-src-symlinks -rename /Users/admin/builder/spi-builder-workspace/.derivedData/Build/Intermediates.noindex/XPCConnectionSession.build/Debug-watchos/XPCConnectionSession-t.build/Objects-normal/arm64/XPCConnectionSession.swiftsourceinfo /Users/admin/builder/spi-builder-workspace/.derivedData/Build/Products/Debug-watchos/XPCConnectionSession.swiftmodule/Project/arm64-apple-watchos.swiftsourceinfo
SwiftDriverJobDiscovery normal arm64 Compiling XPCSession+Async.swift (in target 'XPCConnectionSession' from project 'XPCConnectionSession')
SwiftDriverJobDiscovery normal arm64_32 Compiling XPCSession+Async.swift (in target 'XPCConnectionSession' from project 'XPCConnectionSession')
PruneExplicitPrecompiledModules /Users/admin/builder/spi-builder-workspace/.derivedData/Build/Intermediates.noindex/ExplicitPrecompiledModules
PruneExplicitPrecompiledModules /Users/admin/builder/spi-builder-workspace/.derivedData/SDKExplicitPrecompiledModules
PruneExplicitPrecompiledModules /Users/admin/builder/spi-builder-workspace/.derivedData/Build/Intermediates.noindex/SwiftExplicitPrecompiledModules
2026-09-19 11:36:13.396 xcodebuild[648:4173] [MT] IDERunDestination: Supported platforms for the buildables in the current scheme is empty.
** BUILD FAILED **
The following build commands failed:
SwiftCompile normal arm64_32 Compiling\ XPCConnectionSession.swift /Users/admin/builder/spi-builder-workspace/Sources/XPCConnectionSession/XPCConnectionSession.swift (in target 'XPCConnectionSession' from project 'XPCConnectionSession')
SwiftCompile normal arm64_32 /Users/admin/builder/spi-builder-workspace/Sources/XPCConnectionSession/XPCConnectionSession.swift (in target 'XPCConnectionSession' from project 'XPCConnectionSession')
SwiftCompile normal arm64 Compiling\ XPCConnectionSession.swift /Users/admin/builder/spi-builder-workspace/Sources/XPCConnectionSession/XPCConnectionSession.swift (in target 'XPCConnectionSession' from project 'XPCConnectionSession')
SwiftCompile normal arm64 /Users/admin/builder/spi-builder-workspace/Sources/XPCConnectionSession/XPCConnectionSession.swift (in target 'XPCConnectionSession' from project 'XPCConnectionSession')
Building workspace XPCConnectionSession with scheme XPCConnectionSession
(5 failures)
Command line invocation:
/Applications/Xcode-27.0.0-Release.Candidate.app/Contents/Developer/usr/bin/xcodebuild -IDEClonedSourcePackagesDirPathOverride=/Users/admin/builder/spi-builder-workspace/.dependencies -resolvePackageDependencies
Resolve Package Graph
Resolved source packages:
XPCConnectionSession: /Users/admin/builder/spi-builder-workspace
resolved source packages: XPCConnectionSession
2026-09-19 11:36:18.810 xcodebuild[723:4499] [MT] IDERunDestination: Supported platforms for the buildables in the current scheme is empty.
{
"dependencies" : [
],
"manifest_display_name" : "XPCConnectionSession",
"name" : "XPCConnectionSession",
"path" : "/Users/admin/builder/spi-builder-workspace",
"platforms" : [
{
"name" : "macos",
"version" : "11.0"
},
{
"name" : "ios",
"version" : "14.0"
}
],
"products" : [
{
"name" : "XPCConnectionSession",
"targets" : [
"XPCConnectionSession"
],
"type" : {
"library" : [
"automatic"
]
}
}
],
"targets" : [
{
"c99name" : "XPCConnectionSessionTests",
"module_type" : "SwiftTarget",
"name" : "XPCConnectionSessionTests",
"path" : "Tests/XPCConnectionSessionTests",
"sources" : [
"XPCConnectionSessionTests.swift"
],
"target_dependencies" : [
"XPCConnectionSession"
],
"type" : "test"
},
{
"c99name" : "XPCConnectionSession",
"module_type" : "SwiftTarget",
"name" : "XPCConnectionSession",
"path" : "Sources/XPCConnectionSession",
"product_memberships" : [
"XPCConnectionSession"
],
"sources" : [
"XPCConnectionSession.swift",
"XPCReceivedConnectionMessage.swift",
"XPCSession+Async.swift"
],
"type" : "library"
}
],
"tools_version" : "5.6"
}
{
"workspace" : {
"name" : "XPCConnectionSession",
"schemes" : [
"XPCConnectionSession"
]
}
}
2026-09-19 11:36:19.994 xcodebuild[731:4568] [MT] IDERunDestination: Supported platforms for the buildables in the current scheme is empty.
Running build ...
env DEVELOPER_DIR=/Applications/Xcode-27.0.0-Release.Candidate.app xcrun xcodebuild -IDEClonedSourcePackagesDirPathOverride=$PWD/.dependencies -skipMacroValidation -skipPackagePluginValidation -derivedDataPath $PWD/.derivedData build -scheme XPCConnectionSession -destination generic/platform=watchOS
Command line invocation:
/Applications/Xcode-27.0.0-Release.Candidate.app/Contents/Developer/usr/bin/xcodebuild -IDEClonedSourcePackagesDirPathOverride=/Users/admin/builder/spi-builder-workspace/.dependencies -skipMacroValidation -skipPackagePluginValidation -derivedDataPath /Users/admin/builder/spi-builder-workspace/.derivedData build -scheme XPCConnectionSession -destination generic/platform=watchOS
Resolve Package Graph
Resolved source packages:
XPCConnectionSession: /Users/admin/builder/spi-builder-workspace
ComputePackagePrebuildTargetDependencyGraph
Prepare packages
CreateBuildRequest
SendProjectDescription
CreateBuildOperation
ComputeTargetDependencyGraph
note: Building targets in dependency order
note: Target dependency graph (2 targets)
Target 'XPCConnectionSession-product' in project 'XPCConnectionSession'
➜ Explicit dependency on target 'XPCConnectionSession' in project 'XPCConnectionSession'
Target 'XPCConnectionSession' in project 'XPCConnectionSession' (no dependencies)
GatherProvisioningInputs
CreateBuildDescription
ClangStatCache /Applications/Xcode-27.0.0-Release.Candidate.app/Contents/Developer/Toolchains/XcodeDefault.xctoolchain/usr/bin/clang-stat-cache /Applications/Xcode-27.0.0-Release.Candidate.app/Contents/Developer/Platforms/WatchOS.platform/Developer/SDKs/WatchOS27.0.sdk /Users/admin/builder/spi-builder-workspace/.derivedData/SDKStatCaches.noindex/watchos27.0-24R360-e829b21a6f8c9b70876ba0858053c04477534ef55a1706bf4c1112bbb242f0a2.sdkstatcache
cd /Users/admin/builder/spi-builder-workspace/.swiftpm/xcode
/Applications/Xcode-27.0.0-Release.Candidate.app/Contents/Developer/Toolchains/XcodeDefault.xctoolchain/usr/bin/clang-stat-cache /Applications/Xcode-27.0.0-Release.Candidate.app/Contents/Developer/Platforms/WatchOS.platform/Developer/SDKs/WatchOS27.0.sdk -o /Users/admin/builder/spi-builder-workspace/.derivedData/SDKStatCaches.noindex/watchos27.0-24R360-e829b21a6f8c9b70876ba0858053c04477534ef55a1706bf4c1112bbb242f0a2.sdkstatcache
SwiftDriver XPCConnectionSession normal arm64 com.apple.xcode.tools.swift.compiler (in target 'XPCConnectionSession' from project 'XPCConnectionSession')
cd /Users/admin/builder/spi-builder-workspace/.swiftpm/xcode
builtin-SwiftDriver -- /Applications/Xcode-27.0.0-Release.Candidate.app/Contents/Developer/Toolchains/XcodeDefault.xctoolchain/usr/bin/swiftc -parse-as-library -module-name XPCConnectionSession -Onone @/Users/admin/builder/spi-builder-workspace/.derivedData/Build/Intermediates.noindex/XPCConnectionSession.build/Debug-watchos/XPCConnectionSession-t.build/Objects-normal/arm64/XPCConnectionSession.SwiftFileList -DSWIFT_PACKAGE -DDEBUG -DSWIFT_MODULE_RESOURCE_BUNDLE_UNAVAILABLE -DXcode -plugin-path /Applications/Xcode-27.0.0-Release.Candidate.app/Contents/Developer/Toolchains/XcodeDefault.xctoolchain/usr/lib/swift/host/plugins/testing -enable-experimental-feature DebugDescriptionMacro -sdk /Applications/Xcode-27.0.0-Release.Candidate.app/Contents/Developer/Platforms/WatchOS.platform/Developer/SDKs/WatchOS27.0.sdk -target arm64-apple-watchos9.0 -g -module-cache-path /Users/admin/builder/spi-builder-workspace/.derivedData/ModuleCache.noindex -Xfrontend -serialize-debugging-options -profile-coverage-mapping -profile-generate -enable-testing -index-store-path /Users/admin/builder/spi-builder-workspace/.derivedData/Index.noindex/DataStore -Xcc -D_LIBCPP_HARDENING_MODE\=_LIBCPP_HARDENING_MODE_DEBUG -swift-version 5 -I /Users/admin/builder/spi-builder-workspace/.derivedData/Build/Products/Debug-watchos -Isystem /Applications/Xcode-27.0.0-Release.Candidate.app/Contents/Developer/Platforms/WatchOS.platform/Developer/usr/lib -F /Users/admin/builder/spi-builder-workspace/.derivedData/Build/Products/Debug-watchos -F /Applications/Xcode-27.0.0-Release.Candidate.app/Contents/Developer/Platforms/WatchOS.platform/Developer/Library/Frameworks -F /Applications/Xcode-27.0.0-Release.Candidate.app/Contents/Developer/Platforms/WatchOS.platform/Developer/SDKs/WatchOS27.0.sdk/Developer/Library/Frameworks -c -j10 -enable-batch-mode -incremental -Xcc -ivfsstatcache -Xcc /Users/admin/builder/spi-builder-workspace/.derivedData/SDKStatCaches.noindex/watchos27.0-24R360-e829b21a6f8c9b70876ba0858053c04477534ef55a1706bf4c1112bbb242f0a2.sdkstatcache -output-file-map /Users/admin/builder/spi-builder-workspace/.derivedData/Build/Intermediates.noindex/XPCConnectionSession.build/Debug-watchos/XPCConnectionSession-t.build/Objects-normal/arm64/XPCConnectionSession-OutputFileMap.json -save-temps -no-color-diagnostics -explicit-module-build -module-cache-path /Users/admin/builder/spi-builder-workspace/.derivedData/Build/Intermediates.noindex/SwiftExplicitPrecompiledModules -clang-scanner-module-cache-path /Users/admin/builder/spi-builder-workspace/.derivedData/ModuleCache.noindex -sdk-module-cache-path /Users/admin/builder/spi-builder-workspace/.derivedData/SDKExplicitPrecompiledModules -emit-dependencies -emit-module -emit-module-path /Users/admin/builder/spi-builder-workspace/.derivedData/Build/Intermediates.noindex/XPCConnectionSession.build/Debug-watchos/XPCConnectionSession-t.build/Objects-normal/arm64/XPCConnectionSession.swiftmodule -serialize-diagnostics -dependency-scan-serialize-diagnostics-path /Users/admin/builder/spi-builder-workspace/.derivedData/Build/Intermediates.noindex/XPCConnectionSession.build/Debug-watchos/XPCConnectionSession-t.build/Objects-normal/arm64/XPCConnectionSession-dependency-scan.dia -validate-clang-modules-once -clang-build-session-file /Users/admin/builder/spi-builder-workspace/.derivedData/ModuleCache.noindex/Session.modulevalidation -Xcc -fmodules-prune-interval\=86400 -Xcc -fmodules-prune-after\=345600 -emit-const-values -const-gather-protocols-list /Users/admin/builder/spi-builder-workspace/.derivedData/Build/Intermediates.noindex/XPCConnectionSession.build/Debug-watchos/XPCConnectionSession-t.build/Objects-normal/arm64/XPCConnectionSession_const_extract_protocols.json -Xcc -I/Users/admin/builder/spi-builder-workspace/.derivedData/Build/Products/Debug-watchos/include -Xcc -I/Users/admin/builder/spi-builder-workspace/.derivedData/Build/Intermediates.noindex/XPCConnectionSession.build/Debug-watchos/XPCConnectionSession-t.build/DerivedSources-normal/arm64 -Xcc -I/Users/admin/builder/spi-builder-workspace/.derivedData/Build/Intermediates.noindex/XPCConnectionSession.build/Debug-watchos/XPCConnectionSession-t.build/DerivedSources/arm64 -Xcc -I/Users/admin/builder/spi-builder-workspace/.derivedData/Build/Intermediates.noindex/XPCConnectionSession.build/Debug-watchos/XPCConnectionSession-t.build/DerivedSources -Xcc -DSWIFT_PACKAGE -Xcc -DDEBUG\=1 -emit-objc-header -emit-objc-header-path /Users/admin/builder/spi-builder-workspace/.derivedData/Build/Intermediates.noindex/XPCConnectionSession.build/Debug-watchos/XPCConnectionSession-t.build/Objects-normal/arm64/XPCConnectionSession-Swift.h -working-directory /Users/admin/builder/spi-builder-workspace/.swiftpm/xcode -experimental-emit-module-separately -disable-cmo
SwiftDriver XPCConnectionSession normal arm64_32 com.apple.xcode.tools.swift.compiler (in target 'XPCConnectionSession' from project 'XPCConnectionSession')
cd /Users/admin/builder/spi-builder-workspace/.swiftpm/xcode
builtin-SwiftDriver -- /Applications/Xcode-27.0.0-Release.Candidate.app/Contents/Developer/Toolchains/XcodeDefault.xctoolchain/usr/bin/swiftc -parse-as-library -module-name XPCConnectionSession -Onone @/Users/admin/builder/spi-builder-workspace/.derivedData/Build/Intermediates.noindex/XPCConnectionSession.build/Debug-watchos/XPCConnectionSession-t.build/Objects-normal/arm64_32/XPCConnectionSession.SwiftFileList -DSWIFT_PACKAGE -DDEBUG -DSWIFT_MODULE_RESOURCE_BUNDLE_UNAVAILABLE -DXcode -plugin-path /Applications/Xcode-27.0.0-Release.Candidate.app/Contents/Developer/Toolchains/XcodeDefault.xctoolchain/usr/lib/swift/host/plugins/testing -enable-experimental-feature DebugDescriptionMacro -sdk /Applications/Xcode-27.0.0-Release.Candidate.app/Contents/Developer/Platforms/WatchOS.platform/Developer/SDKs/WatchOS27.0.sdk -target arm64_32-apple-watchos9.0 -g -module-cache-path /Users/admin/builder/spi-builder-workspace/.derivedData/ModuleCache.noindex -Xfrontend -serialize-debugging-options -profile-coverage-mapping -profile-generate -enable-testing -index-store-path /Users/admin/builder/spi-builder-workspace/.derivedData/Index.noindex/DataStore -Xcc -D_LIBCPP_HARDENING_MODE\=_LIBCPP_HARDENING_MODE_DEBUG -swift-version 5 -I /Users/admin/builder/spi-builder-workspace/.derivedData/Build/Products/Debug-watchos -Isystem /Applications/Xcode-27.0.0-Release.Candidate.app/Contents/Developer/Platforms/WatchOS.platform/Developer/usr/lib -F /Users/admin/builder/spi-builder-workspace/.derivedData/Build/Products/Debug-watchos -F /Applications/Xcode-27.0.0-Release.Candidate.app/Contents/Developer/Platforms/WatchOS.platform/Developer/Library/Frameworks -F /Applications/Xcode-27.0.0-Release.Candidate.app/Contents/Developer/Platforms/WatchOS.platform/Developer/SDKs/WatchOS27.0.sdk/Developer/Library/Frameworks -c -j10 -enable-batch-mode -incremental -Xcc -ivfsstatcache -Xcc /Users/admin/builder/spi-builder-workspace/.derivedData/SDKStatCaches.noindex/watchos27.0-24R360-e829b21a6f8c9b70876ba0858053c04477534ef55a1706bf4c1112bbb242f0a2.sdkstatcache -output-file-map /Users/admin/builder/spi-builder-workspace/.derivedData/Build/Intermediates.noindex/XPCConnectionSession.build/Debug-watchos/XPCConnectionSession-t.build/Objects-normal/arm64_32/XPCConnectionSession-OutputFileMap.json -save-temps -no-color-diagnostics -explicit-module-build -module-cache-path /Users/admin/builder/spi-builder-workspace/.derivedData/Build/Intermediates.noindex/SwiftExplicitPrecompiledModules -clang-scanner-module-cache-path /Users/admin/builder/spi-builder-workspace/.derivedData/ModuleCache.noindex -sdk-module-cache-path /Users/admin/builder/spi-builder-workspace/.derivedData/SDKExplicitPrecompiledModules -emit-dependencies -emit-module -emit-module-path /Users/admin/builder/spi-builder-workspace/.derivedData/Build/Intermediates.noindex/XPCConnectionSession.build/Debug-watchos/XPCConnectionSession-t.build/Objects-normal/arm64_32/XPCConnectionSession.swiftmodule -serialize-diagnostics -dependency-scan-serialize-diagnostics-path /Users/admin/builder/spi-builder-workspace/.derivedData/Build/Intermediates.noindex/XPCConnectionSession.build/Debug-watchos/XPCConnectionSession-t.build/Objects-normal/arm64_32/XPCConnectionSession-dependency-scan.dia -validate-clang-modules-once -clang-build-session-file /Users/admin/builder/spi-builder-workspace/.derivedData/ModuleCache.noindex/Session.modulevalidation -Xcc -fmodules-prune-interval\=86400 -Xcc -fmodules-prune-after\=345600 -emit-const-values -const-gather-protocols-list /Users/admin/builder/spi-builder-workspace/.derivedData/Build/Intermediates.noindex/XPCConnectionSession.build/Debug-watchos/XPCConnectionSession-t.build/Objects-normal/arm64_32/XPCConnectionSession_const_extract_protocols.json -Xcc -I/Users/admin/builder/spi-builder-workspace/.derivedData/Build/Products/Debug-watchos/include -Xcc -I/Users/admin/builder/spi-builder-workspace/.derivedData/Build/Intermediates.noindex/XPCConnectionSession.build/Debug-watchos/XPCConnectionSession-t.build/DerivedSources-normal/arm64_32 -Xcc -I/Users/admin/builder/spi-builder-workspace/.derivedData/Build/Intermediates.noindex/XPCConnectionSession.build/Debug-watchos/XPCConnectionSession-t.build/DerivedSources/arm64_32 -Xcc -I/Users/admin/builder/spi-builder-workspace/.derivedData/Build/Intermediates.noindex/XPCConnectionSession.build/Debug-watchos/XPCConnectionSession-t.build/DerivedSources -Xcc -DSWIFT_PACKAGE -Xcc -DDEBUG\=1 -emit-objc-header -emit-objc-header-path /Users/admin/builder/spi-builder-workspace/.derivedData/Build/Intermediates.noindex/XPCConnectionSession.build/Debug-watchos/XPCConnectionSession-t.build/Objects-normal/arm64_32/XPCConnectionSession-Swift.h -working-directory /Users/admin/builder/spi-builder-workspace/.swiftpm/xcode -experimental-emit-module-separately -disable-cmo
SwiftEmitModule normal arm64_32 Emitting\ module\ for\ XPCConnectionSession (in target 'XPCConnectionSession' from project 'XPCConnectionSession')
SwiftCompile normal arm64_32 (in target 'XPCConnectionSession' from project 'XPCConnectionSession')
cd /Users/admin/builder/spi-builder-workspace/.swiftpm/xcode
/Users/admin/builder/spi-builder-workspace/Sources/XPCConnectionSession/XPCConnectionSession.swift:145:14: warning: '@_unsafeInheritExecutor' is deprecated; consider an 'isolated' parameter defaulted to '#isolation' instead; this is an error in the Swift 6 language mode
143 | /// Sends a message to the remote service.
144 | @_unsafeInheritExecutor
145 | public func send<Message: Encodable, Reply: Decodable & Sendable>(_ message: Message) async throws -> Reply {
| `- warning: '@_unsafeInheritExecutor' is deprecated; consider an 'isolated' parameter defaulted to '#isolation' instead; this is an error in the Swift 6 language mode
146 | try await withCheckedThrowingContinuation { (continuation: CheckedContinuation<Reply, any Error>) in
147 | do {
/Users/admin/builder/spi-builder-workspace/Sources/XPCConnectionSession/XPCSession+Async.swift:9:14: warning: '@_unsafeInheritExecutor' is deprecated; consider an 'isolated' parameter defaulted to '#isolation' instead; this is an error in the Swift 6 language mode
7 | /// Sends a message over the session to the destination service asynchronously and returns the reply.
8 | @_unsafeInheritExecutor
9 | public func send<Message: Encodable, Reply: Decodable>(_ message: Message) async throws -> Reply {
| `- warning: '@_unsafeInheritExecutor' is deprecated; consider an 'isolated' parameter defaulted to '#isolation' instead; this is an error in the Swift 6 language mode
10 | try await withCheckedThrowingContinuation { (continuation: CheckedContinuation<Reply, any Error>) in
11 | do {
SwiftEmitModule normal arm64 Emitting\ module\ for\ XPCConnectionSession (in target 'XPCConnectionSession' from project 'XPCConnectionSession')
SwiftCompile normal arm64 (in target 'XPCConnectionSession' from project 'XPCConnectionSession')
cd /Users/admin/builder/spi-builder-workspace/.swiftpm/xcode
/Users/admin/builder/spi-builder-workspace/Sources/XPCConnectionSession/XPCConnectionSession.swift:145:14: warning: '@_unsafeInheritExecutor' is deprecated; consider an 'isolated' parameter defaulted to '#isolation' instead; this is an error in the Swift 6 language mode
143 | /// Sends a message to the remote service.
144 | @_unsafeInheritExecutor
145 | public func send<Message: Encodable, Reply: Decodable & Sendable>(_ message: Message) async throws -> Reply {
| `- warning: '@_unsafeInheritExecutor' is deprecated; consider an 'isolated' parameter defaulted to '#isolation' instead; this is an error in the Swift 6 language mode
146 | try await withCheckedThrowingContinuation { (continuation: CheckedContinuation<Reply, any Error>) in
147 | do {
/Users/admin/builder/spi-builder-workspace/Sources/XPCConnectionSession/XPCSession+Async.swift:9:14: warning: '@_unsafeInheritExecutor' is deprecated; consider an 'isolated' parameter defaulted to '#isolation' instead; this is an error in the Swift 6 language mode
7 | /// Sends a message over the session to the destination service asynchronously and returns the reply.
8 | @_unsafeInheritExecutor
9 | public func send<Message: Encodable, Reply: Decodable>(_ message: Message) async throws -> Reply {
| `- warning: '@_unsafeInheritExecutor' is deprecated; consider an 'isolated' parameter defaulted to '#isolation' instead; this is an error in the Swift 6 language mode
10 | try await withCheckedThrowingContinuation { (continuation: CheckedContinuation<Reply, any Error>) in
11 | do {
SwiftCompile normal arm64 Compiling\ XPCReceivedConnectionMessage.swift /Users/admin/builder/spi-builder-workspace/Sources/XPCConnectionSession/XPCReceivedConnectionMessage.swift (in target 'XPCConnectionSession' from project 'XPCConnectionSession')
SwiftCompile normal arm64 /Users/admin/builder/spi-builder-workspace/Sources/XPCConnectionSession/XPCReceivedConnectionMessage.swift (in target 'XPCConnectionSession' from project 'XPCConnectionSession')
cd /Users/admin/builder/spi-builder-workspace/.swiftpm/xcode
builtin-SwiftPerFileCompile XPCReceivedConnectionMessage.swift
SwiftCompile normal arm64_32 Compiling\ XPCConnectionSession.swift /Users/admin/builder/spi-builder-workspace/Sources/XPCConnectionSession/XPCConnectionSession.swift (in target 'XPCConnectionSession' from project 'XPCConnectionSession')
SwiftCompile normal arm64_32 /Users/admin/builder/spi-builder-workspace/Sources/XPCConnectionSession/XPCConnectionSession.swift (in target 'XPCConnectionSession' from project 'XPCConnectionSession')
cd /Users/admin/builder/spi-builder-workspace/.swiftpm/xcode
builtin-SwiftPerFileCompile XPCConnectionSession.swift
/Users/admin/builder/spi-builder-workspace/Sources/XPCConnectionSession/XPCConnectionSession.swift:145:14: warning: '@_unsafeInheritExecutor' is deprecated; consider an 'isolated' parameter defaulted to '#isolation' instead; this is an error in the Swift 6 language mode
143 | /// Sends a message to the remote service.
144 | @_unsafeInheritExecutor
145 | public func send<Message: Encodable, Reply: Decodable & Sendable>(_ message: Message) async throws -> Reply {
| `- warning: '@_unsafeInheritExecutor' is deprecated; consider an 'isolated' parameter defaulted to '#isolation' instead; this is an error in the Swift 6 language mode
146 | try await withCheckedThrowingContinuation { (continuation: CheckedContinuation<Reply, any Error>) in
147 | do {
/Users/admin/builder/spi-builder-workspace/Sources/XPCConnectionSession/XPCConnectionSession.swift:82:25: error: 'init(serviceName:)' is unavailable in watchOS
80 |
81 | public convenience init(serviceName: String) {
82 | self.init(connection: NSXPCConnection(serviceName: serviceName))
| `- error: 'init(serviceName:)' is unavailable in watchOS
83 | }
84 |
/Applications/Xcode-27.0.0-Release.Candidate.app/Contents/Developer/Platforms/WatchOS.platform/Developer/SDKs/WatchOS27.0.sdk/System/Library/Frameworks/Foundation.framework/Headers/NSXPCConnection.h:64:1: note: 'init(serviceName:)' has been explicitly marked unavailable here
62 | ///
63 | /// Receiving a non-nil result from this init method does not mean the service name is valid or the service has been launched. The init method simply constructs the local object.
64 | - (instancetype)initWithServiceName:(NSString *)serviceName API_UNAVAILABLE(ios, watchos, tvos);
| `- note: 'init(serviceName:)' has been explicitly marked unavailable here
65 | /// The name of the XPC service that this connection was configured to connect to.
66 | @property (nullable, readonly, copy) NSString *serviceName;
Failed frontend command:
/Applications/Xcode-27.0.0-Release.Candidate.app/Contents/Developer/Toolchains/XcodeDefault.xctoolchain/usr/bin/swift-frontend -frontend -c -primary-file /Users/admin/builder/spi-builder-workspace/Sources/XPCConnectionSession/XPCConnectionSession.swift /Users/admin/builder/spi-builder-workspace/Sources/XPCConnectionSession/XPCReceivedConnectionMessage.swift /Users/admin/builder/spi-builder-workspace/Sources/XPCConnectionSession/XPCSession+Async.swift -emit-dependencies-path /Users/admin/builder/spi-builder-workspace/.derivedData/Build/Intermediates.noindex/XPCConnectionSession.build/Debug-watchos/XPCConnectionSession-t.build/Objects-normal/arm64_32/XPCConnectionSession.d -emit-const-values-path /Users/admin/builder/spi-builder-workspace/.derivedData/Build/Intermediates.noindex/XPCConnectionSession.build/Debug-watchos/XPCConnectionSession-t.build/Objects-normal/arm64_32/XPCConnectionSession.swiftconstvalues -emit-reference-dependencies-path /Users/admin/builder/spi-builder-workspace/.derivedData/Build/Intermediates.noindex/XPCConnectionSession.build/Debug-watchos/XPCConnectionSession-t.build/Objects-normal/arm64_32/XPCConnectionSession.swiftdeps -serialize-diagnostics-path /Users/admin/builder/spi-builder-workspace/.derivedData/Build/Intermediates.noindex/XPCConnectionSession.build/Debug-watchos/XPCConnectionSession-t.build/Objects-normal/arm64_32/XPCConnectionSession.dia -target arm64_32-apple-watchos9.0 -module-can-import-version XPC 167.0.2 0 -disable-cross-import-overlay-search -load-resolved-plugin /Applications/Xcode-27.0.0-Release.Candidate.app/Contents/Developer/Platforms/WatchOS.platform/Developer/usr/lib/swift/host/plugins/libFoundationMacros.dylib\#/Applications/Xcode-27.0.0-Release.Candidate.app/Contents/Developer/Platforms/WatchOS.platform/Developer/usr/bin/swift-plugin-server\#FoundationMacros -load-resolved-plugin /Applications/Xcode-27.0.0-Release.Candidate.app/Contents/Developer/Platforms/WatchOS.platform/Developer/usr/lib/swift/host/plugins/libObservationMacros.dylib\#/Applications/Xcode-27.0.0-Release.Candidate.app/Contents/Developer/Platforms/WatchOS.platform/Developer/usr/bin/swift-plugin-server\#ObservationMacros -load-resolved-plugin /Applications/Xcode-27.0.0-Release.Candidate.app/Contents/Developer/Platforms/WatchOS.platform/Developer/usr/lib/swift/host/plugins/libSwiftMacros.dylib\#/Applications/Xcode-27.0.0-Release.Candidate.app/Contents/Developer/Platforms/WatchOS.platform/Developer/usr/bin/swift-plugin-server\#SwiftMacros -disable-implicit-swift-modules -Xcc -fno-implicit-modules -Xcc -fno-implicit-module-maps -explicit-swift-module-map-file /Users/admin/builder/spi-builder-workspace/.derivedData/Build/Intermediates.noindex/XPCConnectionSession.build/Debug-watchos/XPCConnectionSession-t.build/Objects-normal/arm64_32/XPCConnectionSession-dependencies-2.json -enable-objc-interop -sdk /Applications/Xcode-27.0.0-Release.Candidate.app/Contents/Developer/Platforms/WatchOS.platform/Developer/SDKs/WatchOS27.0.sdk -I /Users/admin/builder/spi-builder-workspace/.derivedData/Build/Products/Debug-watchos -Isystem /Applications/Xcode-27.0.0-Release.Candidate.app/Contents/Developer/Platforms/WatchOS.platform/Developer/usr/lib -F /Users/admin/builder/spi-builder-workspace/.derivedData/Build/Products/Debug-watchos -F /Applications/Xcode-27.0.0-Release.Candidate.app/Contents/Developer/Platforms/WatchOS.platform/Developer/Library/Frameworks -F /Applications/Xcode-27.0.0-Release.Candidate.app/Contents/Developer/Platforms/WatchOS.platform/Developer/SDKs/WatchOS27.0.sdk/Developer/Library/Frameworks -module-cache-path /Users/admin/builder/spi-builder-workspace/.derivedData/Build/Intermediates.noindex/SwiftExplicitPrecompiledModules -no-color-diagnostics -Xcc -fno-color-diagnostics -enable-testing -g -debug-info-format\=dwarf -dwarf-version\=4 -profile-generate -profile-coverage-mapping -swift-version 5 -Onone -D SWIFT_PACKAGE -D DEBUG -D SWIFT_MODULE_RESOURCE_BUNDLE_UNAVAILABLE -D Xcode -serialize-debugging-options -enable-experimental-feature DebugDescriptionMacro -empty-abi-descriptor -validate-clang-modules-once -clang-build-session-file /Users/admin/builder/spi-builder-workspace/.derivedData/ModuleCache.noindex/Session.modulevalidation -Xcc -working-directory -Xcc /Users/admin/builder/spi-builder-workspace/.swiftpm/xcode -enable-anonymous-context-mangled-names -file-compilation-dir /Users/admin/builder/spi-builder-workspace/.swiftpm/xcode -Xcc -D_LIBCPP_HARDENING_MODE\=_LIBCPP_HARDENING_MODE_DEBUG -Xcc -ivfsstatcache -Xcc /Users/admin/builder/spi-builder-workspace/.derivedData/SDKStatCaches.noindex/watchos27.0-24R360-e829b21a6f8c9b70876ba0858053c04477534ef55a1706bf4c1112bbb242f0a2.sdkstatcache -Xcc -fmodules-prune-interval\=86400 -Xcc -fmodules-prune-after\=345600 -Xcc -I/Users/admin/builder/spi-builder-workspace/.derivedData/Build/Products/Debug-watchos/include -Xcc -I/Users/admin/builder/spi-builder-workspace/.derivedData/Build/Intermediates.noindex/XPCConnectionSession.build/Debug-watchos/XPCConnectionSession-t.build/DerivedSources-normal/arm64_32 -Xcc -I/Users/admin/builder/spi-builder-workspace/.derivedData/Build/Intermediates.noindex/XPCConnectionSession.build/Debug-watchos/XPCConnectionSession-t.build/DerivedSources/arm64_32 -Xcc -I/Users/admin/builder/spi-builder-workspace/.derivedData/Build/Intermediates.noindex/XPCConnectionSession.build/Debug-watchos/XPCConnectionSession-t.build/DerivedSources -Xcc -DSWIFT_PACKAGE -Xcc -DDEBUG\=1 -no-auto-bridging-header-chaining -module-name XPCConnectionSession -const-gather-protocols-file /Users/admin/builder/spi-builder-workspace/.derivedData/Build/Intermediates.noindex/XPCConnectionSession.build/Debug-watchos/XPCConnectionSession-t.build/Objects-normal/arm64_32/XPCConnectionSession_const_extract_protocols.json -disable-clang-spi -clang-target arm64_32-apple-watchos27.0 -target-sdk-version 27.0 -target-sdk-name watchos27.0 -in-process-plugin-server-path /Applications/Xcode-27.0.0-Release.Candidate.app/Contents/Developer/Toolchains/XcodeDefault.xctoolchain/usr/lib/swift/host/libSwiftInProcPluginServer.dylib -parse-as-library -o /Users/admin/builder/spi-builder-workspace/.derivedData/Build/Intermediates.noindex/XPCConnectionSession.build/Debug-watchos/XPCConnectionSession-t.build/Objects-normal/arm64_32/XPCConnectionSession.o -debug-module-path /Users/admin/builder/spi-builder-workspace/.derivedData/Build/Intermediates.noindex/XPCConnectionSession.build/Debug-watchos/XPCConnectionSession-t.build/Objects-normal/arm64_32/XPCConnectionSession.swiftmodule -index-unit-output-path /XPCConnectionSession.build/Debug-watchos/XPCConnectionSession-t.build/Objects-normal/arm64_32/XPCConnectionSession.o -index-store-path /Users/admin/builder/spi-builder-workspace/.derivedData/Index.noindex/DataStore -index-system-modules
SwiftCompile normal arm64 Compiling\ XPCConnectionSession.swift /Users/admin/builder/spi-builder-workspace/Sources/XPCConnectionSession/XPCConnectionSession.swift (in target 'XPCConnectionSession' from project 'XPCConnectionSession')
SwiftCompile normal arm64 /Users/admin/builder/spi-builder-workspace/Sources/XPCConnectionSession/XPCConnectionSession.swift (in target 'XPCConnectionSession' from project 'XPCConnectionSession')
cd /Users/admin/builder/spi-builder-workspace/.swiftpm/xcode
builtin-SwiftPerFileCompile XPCConnectionSession.swift
/Users/admin/builder/spi-builder-workspace/Sources/XPCConnectionSession/XPCConnectionSession.swift:145:14: warning: '@_unsafeInheritExecutor' is deprecated; consider an 'isolated' parameter defaulted to '#isolation' instead; this is an error in the Swift 6 language mode
143 | /// Sends a message to the remote service.
144 | @_unsafeInheritExecutor
145 | public func send<Message: Encodable, Reply: Decodable & Sendable>(_ message: Message) async throws -> Reply {
| `- warning: '@_unsafeInheritExecutor' is deprecated; consider an 'isolated' parameter defaulted to '#isolation' instead; this is an error in the Swift 6 language mode
146 | try await withCheckedThrowingContinuation { (continuation: CheckedContinuation<Reply, any Error>) in
147 | do {
/Users/admin/builder/spi-builder-workspace/Sources/XPCConnectionSession/XPCConnectionSession.swift:82:25: error: 'init(serviceName:)' is unavailable in watchOS
80 |
81 | public convenience init(serviceName: String) {
82 | self.init(connection: NSXPCConnection(serviceName: serviceName))
| `- error: 'init(serviceName:)' is unavailable in watchOS
83 | }
84 |
/Applications/Xcode-27.0.0-Release.Candidate.app/Contents/Developer/Platforms/WatchOS.platform/Developer/SDKs/WatchOS27.0.sdk/System/Library/Frameworks/Foundation.framework/Headers/NSXPCConnection.h:64:1: note: 'init(serviceName:)' has been explicitly marked unavailable here
62 | ///
63 | /// Receiving a non-nil result from this init method does not mean the service name is valid or the service has been launched. The init method simply constructs the local object.
64 | - (instancetype)initWithServiceName:(NSString *)serviceName API_UNAVAILABLE(ios, watchos, tvos);
| `- note: 'init(serviceName:)' has been explicitly marked unavailable here
65 | /// The name of the XPC service that this connection was configured to connect to.
66 | @property (nullable, readonly, copy) NSString *serviceName;
Failed frontend command:
/Applications/Xcode-27.0.0-Release.Candidate.app/Contents/Developer/Toolchains/XcodeDefault.xctoolchain/usr/bin/swift-frontend -frontend -c -primary-file /Users/admin/builder/spi-builder-workspace/Sources/XPCConnectionSession/XPCConnectionSession.swift /Users/admin/builder/spi-builder-workspace/Sources/XPCConnectionSession/XPCReceivedConnectionMessage.swift /Users/admin/builder/spi-builder-workspace/Sources/XPCConnectionSession/XPCSession+Async.swift -emit-dependencies-path /Users/admin/builder/spi-builder-workspace/.derivedData/Build/Intermediates.noindex/XPCConnectionSession.build/Debug-watchos/XPCConnectionSession-t.build/Objects-normal/arm64/XPCConnectionSession.d -emit-const-values-path /Users/admin/builder/spi-builder-workspace/.derivedData/Build/Intermediates.noindex/XPCConnectionSession.build/Debug-watchos/XPCConnectionSession-t.build/Objects-normal/arm64/XPCConnectionSession.swiftconstvalues -emit-reference-dependencies-path /Users/admin/builder/spi-builder-workspace/.derivedData/Build/Intermediates.noindex/XPCConnectionSession.build/Debug-watchos/XPCConnectionSession-t.build/Objects-normal/arm64/XPCConnectionSession.swiftdeps -serialize-diagnostics-path /Users/admin/builder/spi-builder-workspace/.derivedData/Build/Intermediates.noindex/XPCConnectionSession.build/Debug-watchos/XPCConnectionSession-t.build/Objects-normal/arm64/XPCConnectionSession.dia -target arm64-apple-watchos9.0 -module-can-import-version XPC 167.0.2 0 -disable-cross-import-overlay-search -load-resolved-plugin /Applications/Xcode-27.0.0-Release.Candidate.app/Contents/Developer/Platforms/WatchOS.platform/Developer/usr/lib/swift/host/plugins/libFoundationMacros.dylib\#/Applications/Xcode-27.0.0-Release.Candidate.app/Contents/Developer/Platforms/WatchOS.platform/Developer/usr/bin/swift-plugin-server\#FoundationMacros -load-resolved-plugin /Applications/Xcode-27.0.0-Release.Candidate.app/Contents/Developer/Platforms/WatchOS.platform/Developer/usr/lib/swift/host/plugins/libObservationMacros.dylib\#/Applications/Xcode-27.0.0-Release.Candidate.app/Contents/Developer/Platforms/WatchOS.platform/Developer/usr/bin/swift-plugin-server\#ObservationMacros -load-resolved-plugin /Applications/Xcode-27.0.0-Release.Candidate.app/Contents/Developer/Platforms/WatchOS.platform/Developer/usr/lib/swift/host/plugins/libSwiftMacros.dylib\#/Applications/Xcode-27.0.0-Release.Candidate.app/Contents/Developer/Platforms/WatchOS.platform/Developer/usr/bin/swift-plugin-server\#SwiftMacros -disable-implicit-swift-modules -Xcc -fno-implicit-modules -Xcc -fno-implicit-module-maps -explicit-swift-module-map-file /Users/admin/builder/spi-builder-workspace/.derivedData/Build/Intermediates.noindex/XPCConnectionSession.build/Debug-watchos/XPCConnectionSession-t.build/Objects-normal/arm64/XPCConnectionSession-dependencies-1.json -Xllvm -aarch64-use-tbi -enable-objc-interop -stack-check -sdk /Applications/Xcode-27.0.0-Release.Candidate.app/Contents/Developer/Platforms/WatchOS.platform/Developer/SDKs/WatchOS27.0.sdk -I /Users/admin/builder/spi-builder-workspace/.derivedData/Build/Products/Debug-watchos -Isystem /Applications/Xcode-27.0.0-Release.Candidate.app/Contents/Developer/Platforms/WatchOS.platform/Developer/usr/lib -F /Users/admin/builder/spi-builder-workspace/.derivedData/Build/Products/Debug-watchos -F /Applications/Xcode-27.0.0-Release.Candidate.app/Contents/Developer/Platforms/WatchOS.platform/Developer/Library/Frameworks -F /Applications/Xcode-27.0.0-Release.Candidate.app/Contents/Developer/Platforms/WatchOS.platform/Developer/SDKs/WatchOS27.0.sdk/Developer/Library/Frameworks -module-cache-path /Users/admin/builder/spi-builder-workspace/.derivedData/Build/Intermediates.noindex/SwiftExplicitPrecompiledModules -no-color-diagnostics -Xcc -fno-color-diagnostics -enable-testing -g -debug-info-format\=dwarf -dwarf-version\=4 -profile-generate -profile-coverage-mapping -swift-version 5 -Onone -D SWIFT_PACKAGE -D DEBUG -D SWIFT_MODULE_RESOURCE_BUNDLE_UNAVAILABLE -D Xcode -serialize-debugging-options -enable-experimental-feature DebugDescriptionMacro -empty-abi-descriptor -validate-clang-modules-once -clang-build-session-file /Users/admin/builder/spi-builder-workspace/.derivedData/ModuleCache.noindex/Session.modulevalidation -Xcc -working-directory -Xcc /Users/admin/builder/spi-builder-workspace/.swiftpm/xcode -enable-anonymous-context-mangled-names -file-compilation-dir /Users/admin/builder/spi-builder-workspace/.swiftpm/xcode -Xcc -D_LIBCPP_HARDENING_MODE\=_LIBCPP_HARDENING_MODE_DEBUG -Xcc -ivfsstatcache -Xcc /Users/admin/builder/spi-builder-workspace/.derivedData/SDKStatCaches.noindex/watchos27.0-24R360-e829b21a6f8c9b70876ba0858053c04477534ef55a1706bf4c1112bbb242f0a2.sdkstatcache -Xcc -fmodules-prune-interval\=86400 -Xcc -fmodules-prune-after\=345600 -Xcc -I/Users/admin/builder/spi-builder-workspace/.derivedData/Build/Products/Debug-watchos/include -Xcc -I/Users/admin/builder/spi-builder-workspace/.derivedData/Build/Intermediates.noindex/XPCConnectionSession.build/Debug-watchos/XPCConnectionSession-t.build/DerivedSources-normal/arm64 -Xcc -I/Users/admin/builder/spi-builder-workspace/.derivedData/Build/Intermediates.noindex/XPCConnectionSession.build/Debug-watchos/XPCConnectionSession-t.build/DerivedSources/arm64 -Xcc -I/Users/admin/builder/spi-builder-workspace/.derivedData/Build/Intermediates.noindex/XPCConnectionSession.build/Debug-watchos/XPCConnectionSession-t.build/DerivedSources -Xcc -DSWIFT_PACKAGE -Xcc -DDEBUG\=1 -no-auto-bridging-header-chaining -module-name XPCConnectionSession -const-gather-protocols-file /Users/admin/builder/spi-builder-workspace/.derivedData/Build/Intermediates.noindex/XPCConnectionSession.build/Debug-watchos/XPCConnectionSession-t.build/Objects-normal/arm64/XPCConnectionSession_const_extract_protocols.json -disable-clang-spi -clang-target arm64-apple-watchos27.0 -target-sdk-version 27.0 -target-sdk-name watchos27.0 -in-process-plugin-server-path /Applications/Xcode-27.0.0-Release.Candidate.app/Contents/Developer/Toolchains/XcodeDefault.xctoolchain/usr/lib/swift/host/libSwiftInProcPluginServer.dylib -parse-as-library -o /Users/admin/builder/spi-builder-workspace/.derivedData/Build/Intermediates.noindex/XPCConnectionSession.build/Debug-watchos/XPCConnectionSession-t.build/Objects-normal/arm64/XPCConnectionSession.o -debug-module-path /Users/admin/builder/spi-builder-workspace/.derivedData/Build/Intermediates.noindex/XPCConnectionSession.build/Debug-watchos/XPCConnectionSession-t.build/Objects-normal/arm64/XPCConnectionSession.swiftmodule -index-unit-output-path /XPCConnectionSession.build/Debug-watchos/XPCConnectionSession-t.build/Objects-normal/arm64/XPCConnectionSession.o -index-store-path /Users/admin/builder/spi-builder-workspace/.derivedData/Index.noindex/DataStore -index-system-modules
SwiftCompile normal arm64_32 Compiling\ XPCReceivedConnectionMessage.swift /Users/admin/builder/spi-builder-workspace/Sources/XPCConnectionSession/XPCReceivedConnectionMessage.swift (in target 'XPCConnectionSession' from project 'XPCConnectionSession')
SwiftCompile normal arm64_32 /Users/admin/builder/spi-builder-workspace/Sources/XPCConnectionSession/XPCReceivedConnectionMessage.swift (in target 'XPCConnectionSession' from project 'XPCConnectionSession')
cd /Users/admin/builder/spi-builder-workspace/.swiftpm/xcode
builtin-SwiftPerFileCompile XPCReceivedConnectionMessage.swift
SwiftDriverJobDiscovery normal arm64_32 Compiling XPCReceivedConnectionMessage.swift (in target 'XPCConnectionSession' from project 'XPCConnectionSession')
SwiftDriverJobDiscovery normal arm64 Compiling XPCReceivedConnectionMessage.swift (in target 'XPCConnectionSession' from project 'XPCConnectionSession')
PruneExplicitPrecompiledModules /Users/admin/builder/spi-builder-workspace/.derivedData/SDKExplicitPrecompiledModules
PruneExplicitPrecompiledModules /Users/admin/builder/spi-builder-workspace/.derivedData/Build/Intermediates.noindex/SwiftExplicitPrecompiledModules
PruneExplicitPrecompiledModules /Users/admin/builder/spi-builder-workspace/.derivedData/Build/Intermediates.noindex/ExplicitPrecompiledModules
2026-09-19 11:36:20.932 xcodebuild[732:4592] [MT] IDERunDestination: Supported platforms for the buildables in the current scheme is empty.
** BUILD FAILED **
The following build commands failed:
SwiftCompile normal arm64_32 /Users/admin/builder/spi-builder-workspace/Sources/XPCConnectionSession/XPCConnectionSession.swift (in target 'XPCConnectionSession' from project 'XPCConnectionSession')
SwiftCompile normal arm64_32 Compiling\ XPCConnectionSession.swift /Users/admin/builder/spi-builder-workspace/Sources/XPCConnectionSession/XPCConnectionSession.swift (in target 'XPCConnectionSession' from project 'XPCConnectionSession')
SwiftCompile normal arm64 /Users/admin/builder/spi-builder-workspace/Sources/XPCConnectionSession/XPCConnectionSession.swift (in target 'XPCConnectionSession' from project 'XPCConnectionSession')
SwiftCompile normal arm64 Compiling\ XPCConnectionSession.swift /Users/admin/builder/spi-builder-workspace/Sources/XPCConnectionSession/XPCConnectionSession.swift (in target 'XPCConnectionSession' from project 'XPCConnectionSession')
Building workspace XPCConnectionSession with scheme XPCConnectionSession
(5 failures)
BUILD FAILURE 6.4 watchOS