The Swift Package Index logo.Swift Package Index

Build Information

Failed to build ViewConfigurable, reference 0.1.1 (50721f), with Swift 6.4 for Linux on 22 Sep 2026 19:24:13 UTC.

Build Command

bash -c docker run --pull=always --rm -v "checkouts-53886770-0":/host -w "$PWD" -e JAVA_HOME="/root/.sdkman/candidates/java/current" -e SPI_BUILD="1" -e SPI_PROCESSING="1" registry.gitlab.com/saguaro1/spi-images:basic-6.4-latest swift build --triple x86_64-unknown-linux-gnu 2>&1

Build Log

========================================
RunAll
========================================
Builder version: 5.1.0
Interrupt handler set up.
========================================
Checkout
========================================
Clone URL: https://github.com/grindrllc/view-configurable.git
Reference: 0.1.1
Initialized empty Git repository in /host/spi-builder-workspace/.git/
hint: Using 'master' as the name for the initial branch. This default branch name
hint: is subject to change. To configure the initial branch name to use in all
hint: of your new repositories, which will suppress this warning, call:
hint:
hint: 	git config --global init.defaultBranch <name>
hint:
hint: Names commonly chosen instead of 'master' are 'main', 'trunk' and
hint: 'development'. The just-created branch can be renamed via this command:
hint:
hint: 	git branch -m <name>
From https://github.com/grindrllc/view-configurable
 * tag               0.1.1      -> FETCH_HEAD
HEAD is now at 50721fc Removes GRND from names, warnings, and other code
Cloned https://github.com/grindrllc/view-configurable.git
Revision (git rev-parse @):
50721fcf8cc95119b12a10102ba748a4f317d49c
SUCCESS checkout https://github.com/grindrllc/view-configurable.git at 0.1.1
========================================
Build
========================================
Selected platform:         linux
Swift version:             6.4
Building package at path:  $PWD
https://github.com/grindrllc/view-configurable.git
Running build ...
bash -c docker run --pull=always --rm -v "checkouts-53886770-0":/host -w "$PWD" -e JAVA_HOME="/root/.sdkman/candidates/java/current" -e SPI_BUILD="1" -e SPI_PROCESSING="1" registry.gitlab.com/saguaro1/spi-images:basic-6.4-latest swift build --triple x86_64-unknown-linux-gnu 2>&1
basic-6.4-latest: Pulling from saguaro1/spi-images
Digest: sha256:c77fcce225e223ac0fafed844619173fc6de8d62dd560eeb28db3182af6a282b
Status: Image is up to date for registry.gitlab.com/saguaro1/spi-images:basic-6.4-latest
Fetching https://github.com/swiftlang/swift-syntax.git
[1/80009] Fetching swift-syntax
Fetched https://github.com/swiftlang/swift-syntax.git (3.15s)
Computing version for https://github.com/swiftlang/swift-syntax.git
Computed https://github.com/swiftlang/swift-syntax.git at 600.0.1 (4.33s)
Creating working copy for https://github.com/swiftlang/swift-syntax.git
Working copy of https://github.com/swiftlang/swift-syntax.git resolved at 600.0.1
Building for debugging...
[Computing dependencies]
[Constructing description]
[Pre-planning 1 / 562]
[Planning deferred tasks]
[46 / 228] _SwiftSyntaxCShims
[135 / 238] SwiftSyntax
[140 / 247] SwiftSyntax600
[143 / 249] SwiftSyntax509
[152 / 250] SwiftSyntax
[153 / 250]
[153 / 250] SwiftSyntax
[166 / 277] SwiftParser
[168 / 277] SwiftDiagnostics
[170 / 277] SwiftDiagnostics
[180 / 277] SwiftParser
[181 / 277] SwiftParser
[184 / 277] SwiftParser
[188 / 277] SwiftParser
[190 / 277] SwiftDiagnostics
[190 / 277] SwiftParser
[192 / 277] SwiftDiagnostics
[194 / 277] SwiftDiagnostics
[195 / 277] SwiftBasicFormat
[197 / 278] SwiftParserDiagnostics
[201 / 278] SwiftDiagnostics
[204 / 280] SwiftOperators
[206 / 298] SwiftOperators
[206 / 298] SwiftBasicFormat
[208 / 299] SwiftParserDiagnostics
[210 / 299] SwiftParserDiagnostics
[212 / 299] SwiftParserDiagnostics
[214 / 299] SwiftParser
[224 / 299] SwiftSyntaxBuilder
[226 / 299] SwiftOperators
[229 / 300] SwiftParserDiagnostics
[231 / 300] SwiftOperators
[235 / 300]
[240 / 310] SwiftSyntaxBuilder
[241 / 310] SwiftSyntaxBuilder
[244 / 311] SwiftSyntaxBuilder
[246 / 311] SwiftSyntaxBuilder
[247 / 311] SwiftSyntaxBuilder
[254 / 312] SwiftSyntaxMacros
[259 / 322] SwiftSyntaxMacros
[262 / 323] SwiftSyntaxMacros
[273 / 324] SwiftSyntaxMacros
[280 / 334] SwiftSyntaxMacros
[282 / 334] SwiftSyntaxMacroExpansion
[293 / 344] SwiftCompilerPluginMessageHandling
[295 / 344] SwiftCompilerPluginMessageHandling
[297 / 344] SwiftCompilerPluginMessageHandling
[298 / 344] SwiftCompilerPluginMessageHandling
[303 / 344] SwiftCompilerPluginMessageHandling
[307 / 347] SwiftCompilerPlugin
[312 / 348] SwiftCompilerPlugin
[314 / 348] SwiftSyntaxMacroExpansion
[316 / 349] SwiftCompilerPluginMessageHandling
[318 / 350] SwiftSyntax
[321 / 351] SwiftSyntax
[328 / 351] SwiftSyntaxMacros
[336 / 352] ViewConfigurableMacros
[343 / 359] ViewConfigurableMacros
[344 / 359] ViewConfigurableMacros
[345 / 360] ViewConfigurableMacros
[348 / 360] ViewConfigurableMacros
[362 / 367] ViewConfigurable
error: SwiftCompile normal x86_64 failed with a nonzero exit code. Command line:     cd /host

/host/spi-builder-workspace/Sources/ViewConfigurableClient/main.swift:1:8: error: no such module 'SwiftUI'
 1 | import SwiftUI
   |        `- error: no such module 'SwiftUI'
 2 | import ViewConfigurable
 3 |
Failed frontend command:
/usr/bin/swift-frontend -frontend -emit-module -experimental-skip-non-inlinable-function-bodies-without-types /host/spi-builder-workspace/Sources/ViewConfigurableClient/main.swift -target x86_64-unknown-linux-gnu -disable-objc-interop -I /host/spi-builder-workspace/.build/out/Products/Debug-linux-x86_64 -module-cache-path /host/spi-builder-workspace/.build/out/ModuleCache.noindex -color-diagnostics -Xcc -fcolor-diagnostics -enable-testing -g -debug-info-format\=dwarf -dwarf-version\=4 -swift-version 6 -Onone -D SWIFT_PACKAGE -D DEBUG -D Xcode -serialize-debugging-options -load-plugin-executable /host/spi-builder-workspace/.build/out/Products/Debug-linux-x86_64/ViewConfigurableMacros\#ViewConfigurableMacros -enable-experimental-feature DebugDescriptionMacro -empty-abi-descriptor -external-plugin-path /usr/lib/swift/host/plugins/testing\#/usr/bin/swift-plugin-server -validate-clang-modules-once -clang-build-session-file /host/spi-builder-workspace/.build/out/ModuleCache.noindex/Session.modulevalidation -Xcc -working-directory -Xcc /host -enable-anonymous-context-mangled-names -file-compilation-dir /host -Xcc -fno-omit-frame-pointer -Xcc -D_LIBCPP_HARDENING_MODE\=_LIBCPP_HARDENING_MODE_DEBUG -Xcc -fmodules-prune-interval\=86400 -Xcc -fmodules-prune-after\=345600 -Xcc -I/host/spi-builder-workspace/.build/out/Products/Debug-linux-x86_64/include -Xcc -I/host/spi-builder-workspace/.build/out/Intermediates.noindex/ViewConfigurable.build/Debug-linux-x86_64/ViewConfigurableClient-p.build/DerivedSources-normal/x86_64 -Xcc -I/host/spi-builder-workspace/.build/out/Intermediates.noindex/ViewConfigurable.build/Debug-linux-x86_64/ViewConfigurableClient-p.build/DerivedSources/x86_64 -Xcc -I/host/spi-builder-workspace/.build/out/Intermediates.noindex/ViewConfigurable.build/Debug-linux-x86_64/ViewConfigurableClient-p.build/DerivedSources -Xcc -DSWIFT_PACKAGE -Xcc -DDEBUG\=1 -no-auto-bridging-header-chaining -module-name ViewConfigurableClient -package-name spi_builder_workspace -const-gather-protocols-file /host/spi-builder-workspace/.build/out/Intermediates.noindex/ViewConfigurable.build/Debug-linux-x86_64/ViewConfigurableClient-p.build/Objects-normal/x86_64/ViewConfigurableClient_const_extract_protocols.json -in-process-plugin-server-path /usr/lib/swift/host/libSwiftInProcPluginServer.so -plugin-path /usr/lib/swift/host/plugins -plugin-path /usr/local/lib/swift/host/plugins -emit-module-doc-path /host/spi-builder-workspace/.build/out/Intermediates.noindex/ViewConfigurable.build/Debug-linux-x86_64/ViewConfigurableClient-p.build/Objects-normal/x86_64/Modules/ViewConfigurableClient.swiftdoc -emit-module-source-info-path /host/spi-builder-workspace/.build/out/Intermediates.noindex/ViewConfigurable.build/Debug-linux-x86_64/ViewConfigurableClient-p.build/Objects-normal/x86_64/Modules/ViewConfigurableClient.swiftsourceinfo -serialize-diagnostics-path /host/spi-builder-workspace/.build/out/Intermediates.noindex/ViewConfigurable.build/Debug-linux-x86_64/ViewConfigurableClient-p.build/Objects-normal/x86_64/ViewConfigurableClient-primary-emit-module.dia -emit-dependencies-path /host/spi-builder-workspace/.build/out/Intermediates.noindex/ViewConfigurable.build/Debug-linux-x86_64/ViewConfigurableClient-p.build/Objects-normal/x86_64/ViewConfigurableClient-primary-emit-module.d -o /host/spi-builder-workspace/.build/out/Intermediates.noindex/ViewConfigurable.build/Debug-linux-x86_64/ViewConfigurableClient-p.build/Objects-normal/x86_64/Modules/ViewConfigurableClient.swiftmodule
error: SwiftCompile normal x86_64 /host/spi-builder-workspace/Sources/ViewConfigurableClient/main.swift failed with a nonzero exit code. Command line:     cd /host
    builtin-SwiftPerFileCompile main.swift
/host/spi-builder-workspace/Sources/ViewConfigurableClient/main.swift:1:8: error: no such module 'SwiftUI'
 1 | import SwiftUI
   |        `- error: no such module 'SwiftUI'
 2 | import ViewConfigurable
 3 |
Failed frontend command:
/usr/bin/swift-frontend -frontend -c -primary-file /host/spi-builder-workspace/Sources/ViewConfigurableClient/main.swift -emit-dependencies-path /host/spi-builder-workspace/.build/out/Intermediates.noindex/ViewConfigurable.build/Debug-linux-x86_64/ViewConfigurableClient-p.build/Objects-normal/x86_64/main.d -emit-const-values-path /host/spi-builder-workspace/.build/out/Intermediates.noindex/ViewConfigurable.build/Debug-linux-x86_64/ViewConfigurableClient-p.build/Objects-normal/x86_64/main.swiftconstvalues -emit-reference-dependencies-path /host/spi-builder-workspace/.build/out/Intermediates.noindex/ViewConfigurable.build/Debug-linux-x86_64/ViewConfigurableClient-p.build/Objects-normal/x86_64/main.swiftdeps -serialize-diagnostics-path /host/spi-builder-workspace/.build/out/Intermediates.noindex/ViewConfigurable.build/Debug-linux-x86_64/ViewConfigurableClient-p.build/Objects-normal/x86_64/main.dia -target x86_64-unknown-linux-gnu -disable-objc-interop -I /host/spi-builder-workspace/.build/out/Products/Debug-linux-x86_64 -module-cache-path /host/spi-builder-workspace/.build/out/ModuleCache.noindex -color-diagnostics -Xcc -fcolor-diagnostics -enable-testing -g -debug-info-format\=dwarf -dwarf-version\=4 -swift-version 6 -Onone -D SWIFT_PACKAGE -D DEBUG -D Xcode -serialize-debugging-options -load-plugin-executable /host/spi-builder-workspace/.build/out/Products/Debug-linux-x86_64/ViewConfigurableMacros\#ViewConfigurableMacros -enable-experimental-feature DebugDescriptionMacro -empty-abi-descriptor -external-plugin-path /usr/lib/swift/host/plugins/testing\#/usr/bin/swift-plugin-server -validate-clang-modules-once -clang-build-session-file /host/spi-builder-workspace/.build/out/ModuleCache.noindex/Session.modulevalidation -Xcc -working-directory -Xcc /host -enable-anonymous-context-mangled-names -file-compilation-dir /host -Xcc -fno-omit-frame-pointer -Xcc -D_LIBCPP_HARDENING_MODE\=_LIBCPP_HARDENING_MODE_DEBUG -Xcc -fmodules-prune-interval\=86400 -Xcc -fmodules-prune-after\=345600 -Xcc -I/host/spi-builder-workspace/.build/out/Products/Debug-linux-x86_64/include -Xcc -I/host/spi-builder-workspace/.build/out/Intermediates.noindex/ViewConfigurable.build/Debug-linux-x86_64/ViewConfigurableClient-p.build/DerivedSources-normal/x86_64 -Xcc -I/host/spi-builder-workspace/.build/out/Intermediates.noindex/ViewConfigurable.build/Debug-linux-x86_64/ViewConfigurableClient-p.build/DerivedSources/x86_64 -Xcc -I/host/spi-builder-workspace/.build/out/Intermediates.noindex/ViewConfigurable.build/Debug-linux-x86_64/ViewConfigurableClient-p.build/DerivedSources -Xcc -DSWIFT_PACKAGE -Xcc -DDEBUG\=1 -no-auto-bridging-header-chaining -module-name ViewConfigurableClient -package-name spi_builder_workspace -const-gather-protocols-file /host/spi-builder-workspace/.build/out/Intermediates.noindex/ViewConfigurable.build/Debug-linux-x86_64/ViewConfigurableClient-p.build/Objects-normal/x86_64/ViewConfigurableClient_const_extract_protocols.json -in-process-plugin-server-path /usr/lib/swift/host/libSwiftInProcPluginServer.so -plugin-path /usr/lib/swift/host/plugins -plugin-path /usr/local/lib/swift/host/plugins -o /host/spi-builder-workspace/.build/out/Intermediates.noindex/ViewConfigurable.build/Debug-linux-x86_64/ViewConfigurableClient-p.build/Objects-normal/x86_64/main.o -index-unit-output-path /ViewConfigurable.build/Debug-linux-x86_64/ViewConfigurableClient-p.build/Objects-normal/x86_64/main.o -index-store-path /host/spi-builder-workspace/.build/out -index-system-modules
error: Build failed
BUILD FAILURE 6.4 linux