The Swift Package Index logo.Swift Package Index

Build Information

Failed to build ArasanEmbedded, reference v1.5.0 (56655d), with Swift 6.4 for Wasm on 20 Oct 2026 22:24:32 UTC.

Build Command

bash -c docker run --pull=always --rm -v "checkouts-54344847-0":/host -w "$PWD" -e JAVA_HOME="/root/.sdkman/candidates/java/current" -e SPI_BUILD="1" -e SPI_PROCESSING="1" registry.gitlab.com/saguaro1/spi-images:wasm-6.4-latest swift build --swift-sdk swift-6.4.0-RELEASE_wasm 2>&1

Build Log

========================================
RunAll
========================================
Builder version: 5.1.3
Interrupt handler set up.
========================================
Checkout
========================================
Clone URL: https://github.com/Trickfest/ArasanEmbedded.git
Reference: v1.5.0
Initialized empty Git repository in /host/spi-builder-workspace/.git/
hint: Using 'master' as the name for the initial branch. This default branch name
hint: is subject to change. To configure the initial branch name to use in all
hint: of your new repositories, which will suppress this warning, call:
hint:
hint: 	git config --global init.defaultBranch <name>
hint:
hint: Names commonly chosen instead of 'master' are 'main', 'trunk' and
hint: 'development'. The just-created branch can be renamed via this command:
hint:
hint: 	git branch -m <name>
From https://github.com/Trickfest/ArasanEmbedded
 * tag               v1.5.0     -> FETCH_HEAD
HEAD is now at 56655d8 Release ArasanEmbedded 1.5.0
Cloned https://github.com/Trickfest/ArasanEmbedded.git
Revision (git rev-parse @):
56655d88ea76116c98e4527b652f41367842d0d0
SPI manifest file found: $PWD/.spi.yml
SUCCESS checkout https://github.com/Trickfest/ArasanEmbedded.git at v1.5.0
========================================
Build
========================================
Selected platform:         wasm
Swift version:             6.4
Building package at path:  $PWD
https://github.com/Trickfest/ArasanEmbedded.git
Running build ...
bash -c docker run --pull=always --rm -v "checkouts-54344847-0":/host -w "$PWD" -e JAVA_HOME="/root/.sdkman/candidates/java/current" -e SPI_BUILD="1" -e SPI_PROCESSING="1" registry.gitlab.com/saguaro1/spi-images:wasm-6.4-latest swift build --swift-sdk swift-6.4.0-RELEASE_wasm 2>&1
wasm-6.4-latest: Pulling from saguaro1/spi-images
Digest: sha256:7a2e5502d3bb6640f9b2bbb1dadf9967024364ce9ed0ed0bd80cf1b699d193fd
Status: Image is up to date for registry.gitlab.com/saguaro1/spi-images:wasm-6.4-latest
Building for debugging...
[Pre-planning 1 / 271]
[Starting]
[51 / 105] CArasanEmbedded
In file included from /host/spi-builder-workspace/ThirdParty/Arasan/src/threadc.cpp:3:
In file included from /host/spi-builder-workspace/ThirdParty/Arasan/src/threadc.h:5:
In file included from /host/spi-builder-workspace/ThirdParty/Arasan/src/types.h:20:
/host/spi-builder-workspace/ThirdParty/Arasan/src/stdendian.h:153:2: error: Could not determine CPU byte order
  153 | #error Could not determine CPU byte order
      |  ^
In file included from /host/spi-builder-workspace/ThirdParty/Arasan/src/threadc.cpp:3:
In file included from /host/spi-builder-workspace/ThirdParty/Arasan/src/threadc.h:5:
In file included from /host/spi-builder-workspace/ThirdParty/Arasan/src/types.h:69:
/root/.swiftpm/swift-sdks/swift-6.4.0-RELEASE_wasm.artifactbundle/swift-6.4.0-RELEASE_wasm/wasm32-unknown-wasip1/WASI.sdk/include/wasm32-wasip1/sys/times.h:2:2: error: WASI lacks process-associated clocks; to enable emulation of the `times` function using the wall clock, which isn't sensitive to whether the program is running or suspended, compile with -D_WASI_EMULATED_PROCESS_CLOCKS and link with -lwasi-emulated-process-clocks
    2 | #error WASI lacks process-associated clocks; to enable emulation of the `times` function using \
      |  ^
In file included from /host/spi-builder-workspace/ThirdParty/Arasan/src/threadc.cpp:3:
In file included from /host/spi-builder-workspace/ThirdParty/Arasan/src/threadc.h:5:
/host/spi-builder-workspace/ThirdParty/Arasan/src/types.h:144:18: error: cannot initialize a parameter of type 'unsigned long long' with an rvalue of type 'uint64_t *' (aka 'unsigned long long *')
  144 |   return bswap64((uint64_t*)input);
      |                  ^~~~~~~~~~~~~~~~
In file included from /host/spi-builder-workspace/ThirdParty/Arasan/src/threadc.cpp:3:
In file included from /host/spi-builder-workspace/ThirdParty/Arasan/src/threadc.h:5:
In file included from /host/spi-builder-workspace/ThirdParty/Arasan/src/types.h:20:
/host/spi-builder-workspace/ThirdParty/Arasan/src/stdendian.h:204:38: note: expanded from macro 'bswap64'
  204 | #define bswap64(x) __builtin_bswap64(x)
      |                                      ^
In file included from /host/spi-builder-workspace/ThirdParty/Arasan/src/threadc.cpp:3:
In file included from /host/spi-builder-workspace/ThirdParty/Arasan/src/threadc.h:5:
/host/spi-builder-workspace/ThirdParty/Arasan/src/types.h:148:18: error: cannot initialize a parameter of type 'unsigned int' with an rvalue of type 'uint64_t *' (aka 'unsigned long long *')
  148 |   return bswap32((uint64_t*)input);
      |                  ^~~~~~~~~~~~~~~~
In file included from /host/spi-builder-workspace/ThirdParty/Arasan/src/threadc.cpp:3:
In file included from /host/spi-builder-workspace/ThirdParty/Arasan/src/threadc.h:5:
In file included from /host/spi-builder-workspace/ThirdParty/Arasan/src/types.h:20:
/host/spi-builder-workspace/ThirdParty/Arasan/src/stdendian.h:191:38: note: expanded from macro 'bswap32'
  191 | #define bswap32(x) __builtin_bswap32(x)
      |                                      ^
In file included from /host/spi-builder-workspace/ThirdParty/Arasan/src/threadc.cpp:3:
In file included from /host/spi-builder-workspace/ThirdParty/Arasan/src/threadc.h:5:
/host/spi-builder-workspace/ThirdParty/Arasan/src/types.h:152:18: error: cannot initialize a parameter of type 'unsigned short' with an rvalue of type 'uint64_t *' (aka 'unsigned long long *')
  152 |   return bswap16((uint64_t*)input);
      |                  ^~~~~~~~~~~~~~~~
In file included from /host/spi-builder-workspace/ThirdParty/Arasan/src/threadc.cpp:3:
In file included from /host/spi-builder-workspace/ThirdParty/Arasan/src/threadc.h:5:
In file included from /host/spi-builder-workspace/ThirdParty/Arasan/src/types.h:20:
/host/spi-builder-workspace/ThirdParty/Arasan/src/stdendian.h:180:38: note: expanded from macro 'bswap16'
  180 | #define bswap16(x) __builtin_bswap16(x)
      |                                      ^
In file included from /host/spi-builder-workspace/ThirdParty/Arasan/src/threadc.cpp:3:
/host/spi-builder-workspace/ThirdParty/Arasan/src/threadc.h:28:9: error: no type named 'condition_variable' in namespace 'std'
   28 |    std::condition_variable cond;
      |    ~~~~~^
/host/spi-builder-workspace/ThirdParty/Arasan/src/threadc.h:29:9: error: no type named 'mutex' in namespace 'std'
   29 |    std::mutex mutex;
      |    ~~~~~^
/host/spi-builder-workspace/ThirdParty/Arasan/src/threadc.cpp:14:21: error: no member named 'mutex' in namespace 'std'; did you mean simply 'mutex'?
   14 |    std::unique_lock<std::mutex> lk(mutex);
      |                     ^~~~~~~~~~
      |                     mutex
In file included from /host/spi-builder-workspace/ThirdParty/Arasan/src/threadc.cpp:3:
/host/spi-builder-workspace/ThirdParty/Arasan/src/threadc.h:29:15: note: 'mutex' declared here
   29 |    std::mutex mutex;
      |               ^
/host/spi-builder-workspace/ThirdParty/Arasan/src/threadc.cpp:21:21: error: no member named 'mutex' in namespace 'std'; did you mean simply 'mutex'?
   21 |    std::unique_lock<std::mutex> lk(mutex);
      |                     ^~~~~~~~~~
      |                     mutex
In file included from /host/spi-builder-workspace/ThirdParty/Arasan/src/threadc.cpp:3:
/host/spi-builder-workspace/ThirdParty/Arasan/src/threadc.h:29:15: note: 'mutex' declared here
   29 |    std::mutex mutex;
      |               ^
/host/spi-builder-workspace/ThirdParty/Arasan/src/threadc.cpp:27:21: error: no member named 'mutex' in namespace 'std'; did you mean simply 'mutex'?
   27 |    std::unique_lock<std::mutex> lk(mutex);
      |                     ^~~~~~~~~~
      |                     mutex
In file included from /host/spi-builder-workspace/ThirdParty/Arasan/src/threadc.cpp:3:
/host/spi-builder-workspace/ThirdParty/Arasan/src/threadc.h:29:15: note: 'mutex' declared here
   29 |    std::mutex mutex;
      |               ^
/host/spi-builder-workspace/ThirdParty/Arasan/src/threadc.cpp:41:9: error: no member named 'this_thread' in namespace 'std'
   41 |    std::this_thread::sleep_for (std::chrono::milliseconds(t));
      |    ~~~~~^
11 errors generated.
error: CompileC /host/spi-builder-workspace/.build/out/Intermediates.noindex/ArasanEmbedded.build/Debug-webassembly-wasm32/CArasanEmbedded-t.build/Objects-normal/wasm32/threadc.o /host/spi-builder-workspace/ThirdParty/Arasan/src/threadc.cpp normal wasm32 c++ com.apple.compilers.llvm.clang.1_0.compiler failed with a nonzero exit code. Command line:     cd /host

    Using response file: /host/spi-builder-workspace/.build/out/Intermediates.noindex/ArasanEmbedded.build/Debug-webassembly-wasm32/CArasanEmbedded-t.build/Objects-normal/wasm32/11b881b950eb02e21769317df93e9b41d1d7f0348e4e0901ae810dce93ca1a57-common-args.resp

    /usr/bin/clang -x c++ -target wasm32-unknown-wasip1 -fmessage-length\=0 -fdiagnostics-show-note-include-stack -fmacro-backtrace-limit\=0 -fcolor-diagnostics -Wno-trigraphs -Wno-missing-field-initializers -Wno-missing-prototypes -Wno-return-type -Wno-non-virtual-dtor -Wno-overloaded-virtual -Wno-exit-time-destructors -Wno-missing-braces -Wparentheses -Wswitch -Wno-unused-function -Wno-unused-label -Wno-unused-parameter -Wno-unused-variable -Wunused-value -Wno-empty-body -Wno-uninitialized -Wno-unknown-pragmas -Wno-shadow -Wno-four-char-constants -Wno-conversion -Wno-constant-conversion -Wno-int-conversion -Wno-bool-conversion -Wno-enum-conversion -Wno-float-conversion -Wno-non-literal-null-conversion -Wno-objc-literal-conversion -Wno-shorten-64-to-32 -Wno-newline-eof -Wno-c++11-extensions -Wno-implicit-fallthrough -fstrict-aliasing -Wdeprecated-declarations -Winvalid-offsetof -Wno-sign-conversion -Wno-infinite-recursion -Wno-move -Wno-comma -Wno-block-capture-autoreleasing -Wno-strict-prototypes -Wno-range-loop-analysis -Wno-semicolon-before-method-body --sysroot /root/.swiftpm/swift-sdks/swift-6.4.0-RELEASE_wasm.artifactbundle/swift-6.4.0-RELEASE_wasm/wasm32-unknown-wasip1/WASI.sdk @/host/spi-builder-workspace/.build/out/Intermediates.noindex/ArasanEmbedded.build/Debug-webassembly-wasm32/CArasanEmbedded-t.build/Objects-normal/wasm32/11b881b950eb02e21769317df93e9b41d1d7f0348e4e0901ae810dce93ca1a57-common-args.resp -MMD -MT dependencies -MF /host/spi-builder-workspace/.build/out/Intermediates.noindex/ArasanEmbedded.build/Debug-webassembly-wasm32/CArasanEmbedded-t.build/Objects-normal/wasm32/threadc.d --serialize-diagnostics /host/spi-builder-workspace/.build/out/Intermediates.noindex/ArasanEmbedded.build/Debug-webassembly-wasm32/CArasanEmbedded-t.build/Objects-normal/wasm32/threadc.dia -c /host/spi-builder-workspace/ThirdParty/Arasan/src/threadc.cpp -o /host/spi-builder-workspace/.build/out/Intermediates.noindex/ArasanEmbedded.build/Debug-webassembly-wasm32/CArasanEmbedded-t.build/Objects-normal/wasm32/threadc.o
error: Build failed
BUILD FAILURE 6.4 wasm