Build Information
Failed to build Sourceful, reference main (1ec0ed), with Swift 6.4 for watchOS using Xcode 27.0 on 20 Sep 2026 12:04:27 UTC.
Build Command
env DEVELOPER_DIR=/Applications/Xcode-27.0.0-Release.Candidate.app xcrun xcodebuild -IDEClonedSourcePackagesDirPathOverride=$PWD/.dependencies -skipMacroValidation -skipPackagePluginValidation -derivedDataPath $PWD/.derivedData build -scheme Sourceful -destination generic/platform=watchOSBuild Log
========================================
RunAll
========================================
Builder version: 5.1.0
Interrupt handler set up.
========================================
Checkout
========================================
Clone URL: https://github.com/twostraws/Sourceful.git
Reference: main
Initialized empty Git repository in /Users/admin/builder/spi-builder-workspace/.git/
From https://github.com/twostraws/Sourceful
* branch main -> FETCH_HEAD
* [new branch] main -> origin/main
HEAD is now at 1ec0ed9 Merge pull request #34 from ffraaz/main
Cloned https://github.com/twostraws/Sourceful.git
Revision (git rev-parse @):
1ec0ed95a84d1638df0a6a6fc1a1d0ab7df7ea08
SUCCESS checkout https://github.com/twostraws/Sourceful.git at main
========================================
Build
========================================
Selected platform: watchOS
Swift version: 6.4
Building package at path: $PWD
https://github.com/twostraws/Sourceful.git
Command line invocation:
/Applications/Xcode-27.0.0-Release.Candidate.app/Contents/Developer/usr/bin/xcodebuild -IDEClonedSourcePackagesDirPathOverride=/Users/admin/builder/spi-builder-workspace/.dependencies -resolvePackageDependencies
Resolve Package Graph
Resolve Package Graph
Resolved source packages:
Sourceful: /Users/admin/builder/spi-builder-workspace
resolved source packages: Sourceful
2026-09-20 08:03:33.871 xcodebuild[524:2981] [MT] IDERunDestination: Supported platforms for the buildables in the current scheme is empty.
{
"dependencies" : [
],
"manifest_display_name" : "Sourceful",
"name" : "Sourceful",
"path" : "/Users/admin/builder/spi-builder-workspace",
"platforms" : [
{
"name" : "macos",
"version" : "10.15"
},
{
"name" : "ios",
"version" : "13.0"
}
],
"products" : [
{
"name" : "Sourceful",
"targets" : [
"Sourceful"
],
"type" : {
"library" : [
"automatic"
]
}
}
],
"targets" : [
{
"c99name" : "SourcefulTests",
"module_type" : "SwiftTarget",
"name" : "SourcefulTests",
"path" : "Tests/SourcefulTests",
"sources" : [
"SourcefulTests.swift",
"XCTestManifests.swift"
],
"target_dependencies" : [
"Sourceful"
],
"type" : "test"
},
{
"c99name" : "Sourceful",
"module_type" : "SwiftTarget",
"name" : "Sourceful",
"path" : "Sources/Sourceful",
"product_memberships" : [
"Sourceful"
],
"sources" : [
"ASTVisualizer.swift",
"Languages/JavaLexer.swift",
"Languages/JavaScriptLexer.swift",
"Languages/OCamlLexer.swift",
"Languages/Python3Lexer.swift",
"Languages/SwiftLexer.swift",
"Model/Lexer.swift",
"Model/Paragraph.swift",
"Model/RegexLexer.swift",
"Model/SyntaxColorTheme.swift",
"Model/Token.swift",
"SourceCodeRegexLexer.swift",
"SourceCodeTheme.swift",
"SourceCodeToken.swift",
"SwiftUI/SourceCodeTextEditor.swift",
"Themes/DefaultSourceCodeTheme.swift",
"Util/NSMutableAttributedString+Tokens.swift",
"Util/NSTextView+UIKit.swift",
"Util/String+Range.swift",
"Util/Types.swift",
"View/InnerTextView.swift",
"View/LineNumberLayoutManager.swift",
"View/Paragraphs.swift",
"View/SyntaxTextView+TextViewDelegate.swift",
"View/SyntaxTextView.swift",
"View/SyntaxTextViewLayoutManager.swift",
"View/TextViewWrapperView.swift"
],
"type" : "library"
}
],
"tools_version" : "5.1"
}
{
"workspace" : {
"name" : "Sourceful",
"schemes" : [
"Sourceful"
]
}
}
2026-09-20 08:04:15.438 xcodebuild[642:4006] [MT] IDERunDestination: Supported platforms for the buildables in the current scheme is empty.
Running build ...
env DEVELOPER_DIR=/Applications/Xcode-27.0.0-Release.Candidate.app xcrun xcodebuild -IDEClonedSourcePackagesDirPathOverride=$PWD/.dependencies -skipMacroValidation -skipPackagePluginValidation -derivedDataPath $PWD/.derivedData build -scheme Sourceful -destination generic/platform=watchOS
Command line invocation:
/Applications/Xcode-27.0.0-Release.Candidate.app/Contents/Developer/usr/bin/xcodebuild -IDEClonedSourcePackagesDirPathOverride=/Users/admin/builder/spi-builder-workspace/.dependencies -skipMacroValidation -skipPackagePluginValidation -derivedDataPath /Users/admin/builder/spi-builder-workspace/.derivedData build -scheme Sourceful -destination generic/platform=watchOS
Resolve Package Graph
Resolved source packages:
Sourceful: /Users/admin/builder/spi-builder-workspace
ComputePackagePrebuildTargetDependencyGraph
Prepare packages
CreateBuildRequest
SendProjectDescription
CreateBuildOperation
ComputeTargetDependencyGraph
note: Building targets in dependency order
note: Target dependency graph (2 targets)
Target 'Sourceful-product' in project 'Sourceful'
➜ Explicit dependency on target 'Sourceful' in project 'Sourceful'
Target 'Sourceful' in project 'Sourceful' (no dependencies)
GatherProvisioningInputs
CreateBuildDescription
ExecuteExternalTool /Applications/Xcode-27.0.0-Release.Candidate.app/Contents/Developer/Toolchains/XcodeDefault.xctoolchain/usr/bin/clang -v -E -dM -isysroot /Applications/Xcode-27.0.0-Release.Candidate.app/Contents/Developer/Platforms/WatchOS.platform/Developer/SDKs/WatchOS27.0.sdk -x c -c /dev/null
ExecuteExternalTool /Applications/Xcode-27.0.0-Release.Candidate.app/Contents/Developer/Toolchains/XcodeDefault.xctoolchain/usr/bin/swiftc --version
ExecuteExternalTool /Applications/Xcode-27.0.0-Release.Candidate.app/Contents/Developer/Toolchains/XcodeDefault.xctoolchain/usr/bin/ld -version_details
Build description signature: f40d5bffe90469ba68a82acac5c4728a
Build description path: /Users/admin/builder/spi-builder-workspace/.derivedData/Build/Intermediates.noindex/XCBuildData/f40d5bffe90469ba68a82acac5c4728a.xcbuilddata
CreateBuildDirectory /Users/admin/builder/spi-builder-workspace/.derivedData/SDKExplicitPrecompiledModules
cd /Users/admin/builder/spi-builder-workspace/.swiftpm/xcode
builtin-create-build-directory /Users/admin/builder/spi-builder-workspace/.derivedData/SDKExplicitPrecompiledModules
CreateBuildDirectory /Users/admin/builder/spi-builder-workspace/.derivedData/ModuleCache.noindex
cd /Users/admin/builder/spi-builder-workspace/.swiftpm/xcode
builtin-create-build-directory /Users/admin/builder/spi-builder-workspace/.derivedData/ModuleCache.noindex
CreateBuildDirectory /Users/admin/builder/spi-builder-workspace/.derivedData/CompilationCache.noindex
cd /Users/admin/builder/spi-builder-workspace/.swiftpm/xcode
builtin-create-build-directory /Users/admin/builder/spi-builder-workspace/.derivedData/CompilationCache.noindex
CreateBuildDirectory /Users/admin/builder/spi-builder-workspace/.derivedData/Build/Intermediates.noindex
cd /Users/admin/builder/spi-builder-workspace/.swiftpm/xcode
builtin-create-build-directory /Users/admin/builder/spi-builder-workspace/.derivedData/Build/Intermediates.noindex
CreateBuildDirectory /Users/admin/builder/spi-builder-workspace/.derivedData/Build/Products
cd /Users/admin/builder/spi-builder-workspace/.swiftpm/xcode
builtin-create-build-directory /Users/admin/builder/spi-builder-workspace/.derivedData/Build/Products
ClangStatCache /Applications/Xcode-27.0.0-Release.Candidate.app/Contents/Developer/Toolchains/XcodeDefault.xctoolchain/usr/bin/clang-stat-cache /Applications/Xcode-27.0.0-Release.Candidate.app/Contents/Developer/Platforms/WatchOS.platform/Developer/SDKs/WatchOS27.0.sdk /Users/admin/builder/spi-builder-workspace/.derivedData/SDKStatCaches.noindex/watchos27.0-24R360-e829b21a6f8c9b70876ba0858053c04477534ef55a1706bf4c1112bbb242f0a2.sdkstatcache
cd /Users/admin/builder/spi-builder-workspace/.swiftpm/xcode
/Applications/Xcode-27.0.0-Release.Candidate.app/Contents/Developer/Toolchains/XcodeDefault.xctoolchain/usr/bin/clang-stat-cache /Applications/Xcode-27.0.0-Release.Candidate.app/Contents/Developer/Platforms/WatchOS.platform/Developer/SDKs/WatchOS27.0.sdk -o /Users/admin/builder/spi-builder-workspace/.derivedData/SDKStatCaches.noindex/watchos27.0-24R360-e829b21a6f8c9b70876ba0858053c04477534ef55a1706bf4c1112bbb242f0a2.sdkstatcache
CreateBuildDirectory /Users/admin/builder/spi-builder-workspace/.derivedData/Build/Intermediates.noindex/SwiftExplicitPrecompiledModules
cd /Users/admin/builder/spi-builder-workspace/.swiftpm/xcode
builtin-create-build-directory /Users/admin/builder/spi-builder-workspace/.derivedData/Build/Intermediates.noindex/SwiftExplicitPrecompiledModules
CreateBuildDirectory /Users/admin/builder/spi-builder-workspace/.derivedData/Build/Products/Debug-watchos
cd /Users/admin/builder/spi-builder-workspace/.swiftpm/xcode
builtin-create-build-directory /Users/admin/builder/spi-builder-workspace/.derivedData/Build/Products/Debug-watchos
CreateBuildDirectory /Users/admin/builder/spi-builder-workspace/.derivedData/Build/Intermediates.noindex/ExplicitPrecompiledModules
cd /Users/admin/builder/spi-builder-workspace/.swiftpm/xcode
builtin-create-build-directory /Users/admin/builder/spi-builder-workspace/.derivedData/Build/Intermediates.noindex/ExplicitPrecompiledModules
CreateBuildDirectory /Users/admin/builder/spi-builder-workspace/.derivedData/Build/Intermediates.noindex/PrecompiledHeaders
cd /Users/admin/builder/spi-builder-workspace/.swiftpm/xcode
builtin-create-build-directory /Users/admin/builder/spi-builder-workspace/.derivedData/Build/Intermediates.noindex/PrecompiledHeaders
CreateBuildDirectory /Users/admin/builder/spi-builder-workspace/.derivedData/Build/Intermediates.noindex/EagerLinkingTBDs/Debug-watchos
cd /Users/admin/builder/spi-builder-workspace/.swiftpm/xcode
builtin-create-build-directory /Users/admin/builder/spi-builder-workspace/.derivedData/Build/Intermediates.noindex/EagerLinkingTBDs/Debug-watchos
CreateBuildDirectory /Users/admin/builder/spi-builder-workspace/.derivedData/Build/Products/Debug-watchos/PackageFrameworks
cd /Users/admin/builder/spi-builder-workspace/.swiftpm/xcode
builtin-create-build-directory /Users/admin/builder/spi-builder-workspace/.derivedData/Build/Products/Debug-watchos/PackageFrameworks
WriteAuxiliaryFile /Users/admin/builder/spi-builder-workspace/.derivedData/Build/Intermediates.noindex/Sourceful.build/Debug-watchos/Sourceful-t.build/Sourceful.DependencyMetadataFileList (in target 'Sourceful' from project 'Sourceful')
cd /Users/admin/builder/spi-builder-workspace
write-file /Users/admin/builder/spi-builder-workspace/.derivedData/Build/Intermediates.noindex/Sourceful.build/Debug-watchos/Sourceful-t.build/Sourceful.DependencyMetadataFileList
WriteAuxiliaryFile /Users/admin/builder/spi-builder-workspace/.derivedData/Build/Intermediates.noindex/Sourceful.build/Debug-watchos/Sourceful-t.build/Sourceful.modulemap (in target 'Sourceful' from project 'Sourceful')
cd /Users/admin/builder/spi-builder-workspace
write-file /Users/admin/builder/spi-builder-workspace/.derivedData/Build/Intermediates.noindex/Sourceful.build/Debug-watchos/Sourceful-t.build/Sourceful.modulemap
WriteAuxiliaryFile /Users/admin/builder/spi-builder-workspace/.derivedData/Build/Intermediates.noindex/Sourceful.build/Debug-watchos/Sourceful-t.build/Sourceful.DependencyStaticMetadataFileList (in target 'Sourceful' from project 'Sourceful')
cd /Users/admin/builder/spi-builder-workspace
write-file /Users/admin/builder/spi-builder-workspace/.derivedData/Build/Intermediates.noindex/Sourceful.build/Debug-watchos/Sourceful-t.build/Sourceful.DependencyStaticMetadataFileList
WriteAuxiliaryFile /Users/admin/builder/spi-builder-workspace/.derivedData/Build/Intermediates.noindex/Sourceful.build/Debug-watchos/Sourceful-t.build/Objects-normal/arm64_32/Sourceful-OutputFileMap.json (in target 'Sourceful' from project 'Sourceful')
cd /Users/admin/builder/spi-builder-workspace
write-file /Users/admin/builder/spi-builder-workspace/.derivedData/Build/Intermediates.noindex/Sourceful.build/Debug-watchos/Sourceful-t.build/Objects-normal/arm64_32/Sourceful-OutputFileMap.json
WriteAuxiliaryFile /Users/admin/builder/spi-builder-workspace/.derivedData/Build/Intermediates.noindex/Sourceful.build/Debug-watchos/Sourceful-t.build/Objects-normal/arm64_32/Sourceful_const_extract_protocols.json (in target 'Sourceful' from project 'Sourceful')
cd /Users/admin/builder/spi-builder-workspace
write-file /Users/admin/builder/spi-builder-workspace/.derivedData/Build/Intermediates.noindex/Sourceful.build/Debug-watchos/Sourceful-t.build/Objects-normal/arm64_32/Sourceful_const_extract_protocols.json
WriteAuxiliaryFile /Users/admin/builder/spi-builder-workspace/.derivedData/Build/Intermediates.noindex/Sourceful.build/Debug-watchos/Sourceful-t.build/Objects-normal/arm64_32/Sourceful.LinkFileList (in target 'Sourceful' from project 'Sourceful')
cd /Users/admin/builder/spi-builder-workspace
write-file /Users/admin/builder/spi-builder-workspace/.derivedData/Build/Intermediates.noindex/Sourceful.build/Debug-watchos/Sourceful-t.build/Objects-normal/arm64_32/Sourceful.LinkFileList
WriteAuxiliaryFile /Users/admin/builder/spi-builder-workspace/.derivedData/Build/Intermediates.noindex/Sourceful.build/Debug-watchos/Sourceful-t.build/Objects-normal/arm64_32/Sourceful.SwiftFileList (in target 'Sourceful' from project 'Sourceful')
cd /Users/admin/builder/spi-builder-workspace
write-file /Users/admin/builder/spi-builder-workspace/.derivedData/Build/Intermediates.noindex/Sourceful.build/Debug-watchos/Sourceful-t.build/Objects-normal/arm64_32/Sourceful.SwiftFileList
WriteAuxiliaryFile /Users/admin/builder/spi-builder-workspace/.derivedData/Build/Intermediates.noindex/Sourceful.build/Debug-watchos/Sourceful-t.build/Objects-normal/arm64_32/Sourceful.SwiftConstValuesFileList (in target 'Sourceful' from project 'Sourceful')
cd /Users/admin/builder/spi-builder-workspace
write-file /Users/admin/builder/spi-builder-workspace/.derivedData/Build/Intermediates.noindex/Sourceful.build/Debug-watchos/Sourceful-t.build/Objects-normal/arm64_32/Sourceful.SwiftConstValuesFileList
WriteAuxiliaryFile /Users/admin/builder/spi-builder-workspace/.derivedData/Build/Intermediates.noindex/Sourceful.build/Debug-watchos/Sourceful-t.build/Objects-normal/arm64/Sourceful_const_extract_protocols.json (in target 'Sourceful' from project 'Sourceful')
cd /Users/admin/builder/spi-builder-workspace
write-file /Users/admin/builder/spi-builder-workspace/.derivedData/Build/Intermediates.noindex/Sourceful.build/Debug-watchos/Sourceful-t.build/Objects-normal/arm64/Sourceful_const_extract_protocols.json
WriteAuxiliaryFile /Users/admin/builder/spi-builder-workspace/.derivedData/Build/Intermediates.noindex/Sourceful.build/Debug-watchos/Sourceful-t.build/Objects-normal/arm64/Sourceful.SwiftFileList (in target 'Sourceful' from project 'Sourceful')
cd /Users/admin/builder/spi-builder-workspace
write-file /Users/admin/builder/spi-builder-workspace/.derivedData/Build/Intermediates.noindex/Sourceful.build/Debug-watchos/Sourceful-t.build/Objects-normal/arm64/Sourceful.SwiftFileList
WriteAuxiliaryFile /Users/admin/builder/spi-builder-workspace/.derivedData/Build/Intermediates.noindex/Sourceful.build/Debug-watchos/Sourceful-t.build/Objects-normal/arm64/Sourceful.LinkFileList (in target 'Sourceful' from project 'Sourceful')
cd /Users/admin/builder/spi-builder-workspace
write-file /Users/admin/builder/spi-builder-workspace/.derivedData/Build/Intermediates.noindex/Sourceful.build/Debug-watchos/Sourceful-t.build/Objects-normal/arm64/Sourceful.LinkFileList
WriteAuxiliaryFile /Users/admin/builder/spi-builder-workspace/.derivedData/Build/Intermediates.noindex/Sourceful.build/Debug-watchos/Sourceful-t.build/Objects-normal/arm64/Sourceful.SwiftConstValuesFileList (in target 'Sourceful' from project 'Sourceful')
cd /Users/admin/builder/spi-builder-workspace
write-file /Users/admin/builder/spi-builder-workspace/.derivedData/Build/Intermediates.noindex/Sourceful.build/Debug-watchos/Sourceful-t.build/Objects-normal/arm64/Sourceful.SwiftConstValuesFileList
WriteAuxiliaryFile /Users/admin/builder/spi-builder-workspace/.derivedData/Build/Intermediates.noindex/Sourceful.build/Debug-watchos/Sourceful-t.build/Objects-normal/arm64/Sourceful-OutputFileMap.json (in target 'Sourceful' from project 'Sourceful')
cd /Users/admin/builder/spi-builder-workspace
write-file /Users/admin/builder/spi-builder-workspace/.derivedData/Build/Intermediates.noindex/Sourceful.build/Debug-watchos/Sourceful-t.build/Objects-normal/arm64/Sourceful-OutputFileMap.json
Copy /Users/admin/builder/spi-builder-workspace/.derivedData/Build/Intermediates.noindex/GeneratedModuleMaps-watchos/Sourceful.modulemap /Users/admin/builder/spi-builder-workspace/.derivedData/Build/Intermediates.noindex/Sourceful.build/Debug-watchos/Sourceful-t.build/Sourceful.modulemap (in target 'Sourceful' from project 'Sourceful')
cd /Users/admin/builder/spi-builder-workspace
builtin-copy -exclude .DS_Store -exclude CVS -exclude .svn -exclude .git -exclude .hg -resolve-src-symlinks /Users/admin/builder/spi-builder-workspace/.derivedData/Build/Intermediates.noindex/Sourceful.build/Debug-watchos/Sourceful-t.build/Sourceful.modulemap /Users/admin/builder/spi-builder-workspace/.derivedData/Build/Intermediates.noindex/GeneratedModuleMaps-watchos
SwiftDriver Sourceful normal arm64_32 com.apple.xcode.tools.swift.compiler (in target 'Sourceful' from project 'Sourceful')
cd /Users/admin/builder/spi-builder-workspace/.swiftpm/xcode
builtin-SwiftDriver -- /Applications/Xcode-27.0.0-Release.Candidate.app/Contents/Developer/Toolchains/XcodeDefault.xctoolchain/usr/bin/swiftc -parse-as-library -module-name Sourceful -Onone @/Users/admin/builder/spi-builder-workspace/.derivedData/Build/Intermediates.noindex/Sourceful.build/Debug-watchos/Sourceful-t.build/Objects-normal/arm64_32/Sourceful.SwiftFileList -DSWIFT_PACKAGE -DDEBUG -DSWIFT_MODULE_RESOURCE_BUNDLE_UNAVAILABLE -DXcode -plugin-path /Applications/Xcode-27.0.0-Release.Candidate.app/Contents/Developer/Toolchains/XcodeDefault.xctoolchain/usr/lib/swift/host/plugins/testing -enable-experimental-feature DebugDescriptionMacro -sdk /Applications/Xcode-27.0.0-Release.Candidate.app/Contents/Developer/Platforms/WatchOS.platform/Developer/SDKs/WatchOS27.0.sdk -target arm64_32-apple-watchos9.0 -g -module-cache-path /Users/admin/builder/spi-builder-workspace/.derivedData/ModuleCache.noindex -Xfrontend -serialize-debugging-options -profile-coverage-mapping -profile-generate -enable-testing -index-store-path /Users/admin/builder/spi-builder-workspace/.derivedData/Index.noindex/DataStore -Xcc -D_LIBCPP_HARDENING_MODE\=_LIBCPP_HARDENING_MODE_DEBUG -swift-version 5 -I /Users/admin/builder/spi-builder-workspace/.derivedData/Build/Products/Debug-watchos -Isystem /Applications/Xcode-27.0.0-Release.Candidate.app/Contents/Developer/Platforms/WatchOS.platform/Developer/usr/lib -F /Users/admin/builder/spi-builder-workspace/.derivedData/Build/Products/Debug-watchos -F /Applications/Xcode-27.0.0-Release.Candidate.app/Contents/Developer/Platforms/WatchOS.platform/Developer/Library/Frameworks -F /Applications/Xcode-27.0.0-Release.Candidate.app/Contents/Developer/Platforms/WatchOS.platform/Developer/SDKs/WatchOS27.0.sdk/Developer/Library/Frameworks -c -j10 -enable-batch-mode -incremental -Xcc -ivfsstatcache -Xcc /Users/admin/builder/spi-builder-workspace/.derivedData/SDKStatCaches.noindex/watchos27.0-24R360-e829b21a6f8c9b70876ba0858053c04477534ef55a1706bf4c1112bbb242f0a2.sdkstatcache -output-file-map /Users/admin/builder/spi-builder-workspace/.derivedData/Build/Intermediates.noindex/Sourceful.build/Debug-watchos/Sourceful-t.build/Objects-normal/arm64_32/Sourceful-OutputFileMap.json -save-temps -no-color-diagnostics -explicit-module-build -module-cache-path /Users/admin/builder/spi-builder-workspace/.derivedData/Build/Intermediates.noindex/SwiftExplicitPrecompiledModules -clang-scanner-module-cache-path /Users/admin/builder/spi-builder-workspace/.derivedData/ModuleCache.noindex -sdk-module-cache-path /Users/admin/builder/spi-builder-workspace/.derivedData/SDKExplicitPrecompiledModules -emit-dependencies -emit-module -emit-module-path /Users/admin/builder/spi-builder-workspace/.derivedData/Build/Intermediates.noindex/Sourceful.build/Debug-watchos/Sourceful-t.build/Objects-normal/arm64_32/Sourceful.swiftmodule -serialize-diagnostics -dependency-scan-serialize-diagnostics-path /Users/admin/builder/spi-builder-workspace/.derivedData/Build/Intermediates.noindex/Sourceful.build/Debug-watchos/Sourceful-t.build/Objects-normal/arm64_32/Sourceful-dependency-scan.dia -validate-clang-modules-once -clang-build-session-file /Users/admin/builder/spi-builder-workspace/.derivedData/ModuleCache.noindex/Session.modulevalidation -Xcc -fmodules-prune-interval\=86400 -Xcc -fmodules-prune-after\=345600 -emit-const-values -const-gather-protocols-list /Users/admin/builder/spi-builder-workspace/.derivedData/Build/Intermediates.noindex/Sourceful.build/Debug-watchos/Sourceful-t.build/Objects-normal/arm64_32/Sourceful_const_extract_protocols.json -Xcc -I/Users/admin/builder/spi-builder-workspace/.derivedData/Build/Products/Debug-watchos/include -Xcc -I/Users/admin/builder/spi-builder-workspace/.derivedData/Build/Intermediates.noindex/Sourceful.build/Debug-watchos/Sourceful-t.build/DerivedSources-normal/arm64_32 -Xcc -I/Users/admin/builder/spi-builder-workspace/.derivedData/Build/Intermediates.noindex/Sourceful.build/Debug-watchos/Sourceful-t.build/DerivedSources/arm64_32 -Xcc -I/Users/admin/builder/spi-builder-workspace/.derivedData/Build/Intermediates.noindex/Sourceful.build/Debug-watchos/Sourceful-t.build/DerivedSources -Xcc -DSWIFT_PACKAGE -Xcc -DDEBUG\=1 -emit-objc-header -emit-objc-header-path /Users/admin/builder/spi-builder-workspace/.derivedData/Build/Intermediates.noindex/Sourceful.build/Debug-watchos/Sourceful-t.build/Objects-normal/arm64_32/Sourceful-Swift.h -working-directory /Users/admin/builder/spi-builder-workspace/.swiftpm/xcode -experimental-emit-module-separately -disable-cmo
SwiftDriver Sourceful normal arm64 com.apple.xcode.tools.swift.compiler (in target 'Sourceful' from project 'Sourceful')
cd /Users/admin/builder/spi-builder-workspace/.swiftpm/xcode
builtin-SwiftDriver -- /Applications/Xcode-27.0.0-Release.Candidate.app/Contents/Developer/Toolchains/XcodeDefault.xctoolchain/usr/bin/swiftc -parse-as-library -module-name Sourceful -Onone @/Users/admin/builder/spi-builder-workspace/.derivedData/Build/Intermediates.noindex/Sourceful.build/Debug-watchos/Sourceful-t.build/Objects-normal/arm64/Sourceful.SwiftFileList -DSWIFT_PACKAGE -DDEBUG -DSWIFT_MODULE_RESOURCE_BUNDLE_UNAVAILABLE -DXcode -plugin-path /Applications/Xcode-27.0.0-Release.Candidate.app/Contents/Developer/Toolchains/XcodeDefault.xctoolchain/usr/lib/swift/host/plugins/testing -enable-experimental-feature DebugDescriptionMacro -sdk /Applications/Xcode-27.0.0-Release.Candidate.app/Contents/Developer/Platforms/WatchOS.platform/Developer/SDKs/WatchOS27.0.sdk -target arm64-apple-watchos9.0 -g -module-cache-path /Users/admin/builder/spi-builder-workspace/.derivedData/ModuleCache.noindex -Xfrontend -serialize-debugging-options -profile-coverage-mapping -profile-generate -enable-testing -index-store-path /Users/admin/builder/spi-builder-workspace/.derivedData/Index.noindex/DataStore -Xcc -D_LIBCPP_HARDENING_MODE\=_LIBCPP_HARDENING_MODE_DEBUG -swift-version 5 -I /Users/admin/builder/spi-builder-workspace/.derivedData/Build/Products/Debug-watchos -Isystem /Applications/Xcode-27.0.0-Release.Candidate.app/Contents/Developer/Platforms/WatchOS.platform/Developer/usr/lib -F /Users/admin/builder/spi-builder-workspace/.derivedData/Build/Products/Debug-watchos -F /Applications/Xcode-27.0.0-Release.Candidate.app/Contents/Developer/Platforms/WatchOS.platform/Developer/Library/Frameworks -F /Applications/Xcode-27.0.0-Release.Candidate.app/Contents/Developer/Platforms/WatchOS.platform/Developer/SDKs/WatchOS27.0.sdk/Developer/Library/Frameworks -c -j10 -enable-batch-mode -incremental -Xcc -ivfsstatcache -Xcc /Users/admin/builder/spi-builder-workspace/.derivedData/SDKStatCaches.noindex/watchos27.0-24R360-e829b21a6f8c9b70876ba0858053c04477534ef55a1706bf4c1112bbb242f0a2.sdkstatcache -output-file-map /Users/admin/builder/spi-builder-workspace/.derivedData/Build/Intermediates.noindex/Sourceful.build/Debug-watchos/Sourceful-t.build/Objects-normal/arm64/Sourceful-OutputFileMap.json -save-temps -no-color-diagnostics -explicit-module-build -module-cache-path /Users/admin/builder/spi-builder-workspace/.derivedData/Build/Intermediates.noindex/SwiftExplicitPrecompiledModules -clang-scanner-module-cache-path /Users/admin/builder/spi-builder-workspace/.derivedData/ModuleCache.noindex -sdk-module-cache-path /Users/admin/builder/spi-builder-workspace/.derivedData/SDKExplicitPrecompiledModules -emit-dependencies -emit-module -emit-module-path /Users/admin/builder/spi-builder-workspace/.derivedData/Build/Intermediates.noindex/Sourceful.build/Debug-watchos/Sourceful-t.build/Objects-normal/arm64/Sourceful.swiftmodule -serialize-diagnostics -dependency-scan-serialize-diagnostics-path /Users/admin/builder/spi-builder-workspace/.derivedData/Build/Intermediates.noindex/Sourceful.build/Debug-watchos/Sourceful-t.build/Objects-normal/arm64/Sourceful-dependency-scan.dia -validate-clang-modules-once -clang-build-session-file /Users/admin/builder/spi-builder-workspace/.derivedData/ModuleCache.noindex/Session.modulevalidation -Xcc -fmodules-prune-interval\=86400 -Xcc -fmodules-prune-after\=345600 -emit-const-values -const-gather-protocols-list /Users/admin/builder/spi-builder-workspace/.derivedData/Build/Intermediates.noindex/Sourceful.build/Debug-watchos/Sourceful-t.build/Objects-normal/arm64/Sourceful_const_extract_protocols.json -Xcc -I/Users/admin/builder/spi-builder-workspace/.derivedData/Build/Products/Debug-watchos/include -Xcc -I/Users/admin/builder/spi-builder-workspace/.derivedData/Build/Intermediates.noindex/Sourceful.build/Debug-watchos/Sourceful-t.build/DerivedSources-normal/arm64 -Xcc -I/Users/admin/builder/spi-builder-workspace/.derivedData/Build/Intermediates.noindex/Sourceful.build/Debug-watchos/Sourceful-t.build/DerivedSources/arm64 -Xcc -I/Users/admin/builder/spi-builder-workspace/.derivedData/Build/Intermediates.noindex/Sourceful.build/Debug-watchos/Sourceful-t.build/DerivedSources -Xcc -DSWIFT_PACKAGE -Xcc -DDEBUG\=1 -emit-objc-header -emit-objc-header-path /Users/admin/builder/spi-builder-workspace/.derivedData/Build/Intermediates.noindex/Sourceful.build/Debug-watchos/Sourceful-t.build/Objects-normal/arm64/Sourceful-Swift.h -working-directory /Users/admin/builder/spi-builder-workspace/.swiftpm/xcode -experimental-emit-module-separately -disable-cmo
SwiftExplicitDependencyGeneratePcm arm64 /Users/admin/builder/spi-builder-workspace/.derivedData/SDKExplicitPrecompiledModules/_Builtin_float-C0CW5Q4HGBQYKE77TC42IAFB5.pcm
SwiftExplicitDependencyGeneratePcm arm64 /Users/admin/builder/spi-builder-workspace/.derivedData/SDKExplicitPrecompiledModules/_SwiftConcurrencyShims-659N52XSKR5F0QSB880BH2FJR.pcm
SwiftExplicitDependencyGeneratePcm arm64 /Users/admin/builder/spi-builder-workspace/.derivedData/SDKExplicitPrecompiledModules/_Builtin_stdarg-A7UU8LE6MP85SM26YO7PBZNUQ.pcm
SwiftExplicitDependencyGeneratePcm arm64 /Users/admin/builder/spi-builder-workspace/.derivedData/SDKExplicitPrecompiledModules/SwiftShims-4MXFZPV6FEB0XBYXCGPWAMQGL.pcm
SwiftExplicitDependencyGeneratePcm arm64 /Users/admin/builder/spi-builder-workspace/.derivedData/SDKExplicitPrecompiledModules/_AvailabilityInternal-BUNV3UXM65NT37THI4W1AM0SF.pcm
SwiftExplicitDependencyGeneratePcm arm64_32 /Users/admin/builder/spi-builder-workspace/.derivedData/SDKExplicitPrecompiledModules/_Builtin_stdarg-D305JG44A2WPI6CJY37X3QJE8.pcm
SwiftExplicitDependencyGeneratePcm arm64_32 /Users/admin/builder/spi-builder-workspace/.derivedData/SDKExplicitPrecompiledModules/_Builtin_stdbool-A967K8W8YUYEC9SN52KJ7OO88.pcm
SwiftExplicitDependencyGeneratePcm arm64_32 /Users/admin/builder/spi-builder-workspace/.derivedData/SDKExplicitPrecompiledModules/ptrauth-BFXF358ME5AK535N5A9Z766WU.pcm
SwiftExplicitDependencyGeneratePcm arm64 /Users/admin/builder/spi-builder-workspace/.derivedData/SDKExplicitPrecompiledModules/DeveloperToolsSupport-E7CNISCB36UE8XQ9IOHK9XDX1.pcm
SwiftExplicitDependencyGeneratePcm arm64_32 /Users/admin/builder/spi-builder-workspace/.derivedData/SDKExplicitPrecompiledModules/_SwiftConcurrencyShims-6RTBPQ03V7BM9SPRK8SUE055H.pcm
SwiftExplicitDependencyGeneratePcm arm64_32 /Users/admin/builder/spi-builder-workspace/.derivedData/SDKExplicitPrecompiledModules/SwiftShims-9CQQGWTSNTN9EB5NSHDWUJICH.pcm
SwiftExplicitDependencyGeneratePcm arm64 /Users/admin/builder/spi-builder-workspace/.derivedData/SDKExplicitPrecompiledModules/ptrauth-3TZ9WJCGLYD25HQPWH4968ONX.pcm
SwiftExplicitDependencyGeneratePcm arm64_32 /Users/admin/builder/spi-builder-workspace/.derivedData/SDKExplicitPrecompiledModules/DeveloperToolsSupport-DZU5G1OCMNWU0AQRULIFHUJ1Z.pcm
SwiftExplicitDependencyGeneratePcm arm64_32 /Users/admin/builder/spi-builder-workspace/.derivedData/SDKExplicitPrecompiledModules/_Builtin_stddef-H44EFHQX6XSS5MZ7QP6YJZ76.pcm
SwiftExplicitDependencyGeneratePcm arm64_32 /Users/admin/builder/spi-builder-workspace/.derivedData/SDKExplicitPrecompiledModules/_Builtin_float-6KO8O3PEWRCA4WC6PPLOYO6WJ.pcm
SwiftExplicitDependencyGeneratePcm arm64 /Users/admin/builder/spi-builder-workspace/.derivedData/SDKExplicitPrecompiledModules/ptrcheck-AIF0NDOYZ8ORBNHQAQR5NNB8M.pcm
SwiftExplicitDependencyGeneratePcm arm64 /Users/admin/builder/spi-builder-workspace/.derivedData/SDKExplicitPrecompiledModules/_Builtin_stdbool-83J96QSOFE9VX04AAS6310UAE.pcm
SwiftExplicitDependencyGeneratePcm arm64 /Users/admin/builder/spi-builder-workspace/.derivedData/SDKExplicitPrecompiledModules/_Builtin_stddef-1FU30Y8SWFB7OUUHMJQH5J6FM.pcm
SwiftExplicitDependencyGeneratePcm arm64_32 /Users/admin/builder/spi-builder-workspace/.derivedData/SDKExplicitPrecompiledModules/ptrcheck-7ELIH9BTIGVKX3UBITM9N72WD.pcm
SwiftExplicitDependencyGeneratePcm arm64_32 /Users/admin/builder/spi-builder-workspace/.derivedData/SDKExplicitPrecompiledModules/_AvailabilityInternal-244WAN3Z1QBT7PIA64EZEFY1R.pcm
SwiftExplicitDependencyGeneratePcm arm64 /Users/admin/builder/spi-builder-workspace/.derivedData/SDKExplicitPrecompiledModules/_DarwinFoundation1-7SPX3MD0HMP55E4OLNCPNDQ53.pcm
SwiftExplicitDependencyGeneratePcm arm64_32 /Users/admin/builder/spi-builder-workspace/.derivedData/SDKExplicitPrecompiledModules/_DarwinFoundation1-2GWF9RFMPLQW4PDHS3NARVI3G.pcm
SwiftExplicitDependencyGeneratePcm arm64 /Users/admin/builder/spi-builder-workspace/.derivedData/SDKExplicitPrecompiledModules/_Builtin_limits-9GWPA2B0H20DYUNYHYCWKABJG.pcm
SwiftExplicitDependencyGeneratePcm arm64 /Users/admin/builder/spi-builder-workspace/.derivedData/SDKExplicitPrecompiledModules/_DarwinFoundation2-D0XAPJU49S5E9XMKYOFGSTB1Q.pcm
SwiftExplicitDependencyGeneratePcm arm64_32 /Users/admin/builder/spi-builder-workspace/.derivedData/SDKExplicitPrecompiledModules/_DarwinFoundation2-9MY8GOSYRO0M9MKNXF6D3MBNK.pcm
SwiftExplicitDependencyGeneratePcm arm64_32 /Users/admin/builder/spi-builder-workspace/.derivedData/SDKExplicitPrecompiledModules/_Builtin_limits-3VKBU2AFTD65PAJZ5CJ3LHFM2.pcm
SwiftExplicitDependencyGeneratePcm arm64 /Users/admin/builder/spi-builder-workspace/.derivedData/SDKExplicitPrecompiledModules/sys_types-2KXQLI78OUCDP779AE68GZJ2.pcm
SwiftExplicitDependencyGeneratePcm arm64 /Users/admin/builder/spi-builder-workspace/.derivedData/SDKExplicitPrecompiledModules/_Builtin_stdint-8XMILLJZEGRN2XG7XZUXZ5RLX.pcm
SwiftExplicitDependencyGeneratePcm arm64 /Users/admin/builder/spi-builder-workspace/.derivedData/SDKExplicitPrecompiledModules/_Builtin_tgmath-8NQ96OZ0YHXEC24JI95P01UF8.pcm
SwiftExplicitDependencyGeneratePcm arm64 /Users/admin/builder/spi-builder-workspace/.derivedData/SDKExplicitPrecompiledModules/string_h-E6PRXK75PHIPCZFWOFCQ3QBMK.pcm
SwiftExplicitDependencyGeneratePcm arm64_32 /Users/admin/builder/spi-builder-workspace/.derivedData/SDKExplicitPrecompiledModules/_Builtin_stdint-1HMXWI3V0V4TXHRWZOMZGZ80Y.pcm
SwiftExplicitDependencyGeneratePcm arm64_32 /Users/admin/builder/spi-builder-workspace/.derivedData/SDKExplicitPrecompiledModules/sys_types-8TLLMW08ZJWDGIIPKOYFGHHZW.pcm
SwiftExplicitDependencyGeneratePcm arm64_32 /Users/admin/builder/spi-builder-workspace/.derivedData/SDKExplicitPrecompiledModules/_Builtin_tgmath-23PGCKURCQILXMK0MYZRYDCOU.pcm
SwiftExplicitDependencyGeneratePcm arm64_32 /Users/admin/builder/spi-builder-workspace/.derivedData/SDKExplicitPrecompiledModules/string_h-BFVLUQUSBZWYMLCU9QI7VZALW.pcm
SwiftExplicitDependencyGeneratePcm arm64 /Users/admin/builder/spi-builder-workspace/.derivedData/SDKExplicitPrecompiledModules/_Builtin_stdatomic-7JEFA3KBJJJN6TKJWY3OG1VG5.pcm
SwiftExplicitDependencyGeneratePcm arm64 /Users/admin/builder/spi-builder-workspace/.derivedData/SDKExplicitPrecompiledModules/_Builtin_intrinsics-75960HIPCIYA06IUW8FIIPQT.pcm
SwiftExplicitDependencyGeneratePcm arm64 /Users/admin/builder/spi-builder-workspace/.derivedData/SDKExplicitPrecompiledModules/_DarwinFoundation3-B97LRG0E9GON2NUE65TVG81HU.pcm
SwiftExplicitDependencyGeneratePcm arm64_32 /Users/admin/builder/spi-builder-workspace/.derivedData/SDKExplicitPrecompiledModules/_DarwinFoundation3-3DUTYQDQSD9HUAAVY947NMWOI.pcm
SwiftExplicitDependencyGeneratePcm arm64_32 /Users/admin/builder/spi-builder-workspace/.derivedData/SDKExplicitPrecompiledModules/_Builtin_stdatomic-1TY035TURL76BF2U98PZPPZRX.pcm
SwiftExplicitDependencyGeneratePcm arm64_32 /Users/admin/builder/spi-builder-workspace/.derivedData/SDKExplicitPrecompiledModules/_Builtin_intrinsics-196IIAKDQVU42DLOZP9OQCV76.pcm
SwiftExplicitDependencyGeneratePcm arm64 /Users/admin/builder/spi-builder-workspace/.derivedData/SDKExplicitPrecompiledModules/_Builtin_inttypes-3UQSCM7WNM9EK4HZML8TY5J3D.pcm
SwiftExplicitDependencyGeneratePcm arm64_32 /Users/admin/builder/spi-builder-workspace/.derivedData/SDKExplicitPrecompiledModules/_Builtin_inttypes-D2KPCR4PEX9AQA33NGLUT5SBR.pcm
SwiftExplicitDependencyGeneratePcm arm64 /Users/admin/builder/spi-builder-workspace/.derivedData/SDKExplicitPrecompiledModules/Darwin-3984OXKFNSPE77NT743WK8SEX.pcm
SwiftExplicitDependencyGeneratePcm arm64_32 /Users/admin/builder/spi-builder-workspace/.derivedData/SDKExplicitPrecompiledModules/Darwin-3FVT1SKLN2ZQ5RVOABMTQBB34.pcm
SwiftExplicitDependencyGeneratePcm arm64 /Users/admin/builder/spi-builder-workspace/.derivedData/SDKExplicitPrecompiledModules/simd-EH08NODU6574T74ZKU61VP9BW.pcm
SwiftExplicitDependencyGeneratePcm arm64_32 /Users/admin/builder/spi-builder-workspace/.derivedData/SDKExplicitPrecompiledModules/simd-21UNWYOBUZI1LVSQ99S1XBLMO.pcm
SwiftExplicitDependencyGeneratePcm arm64 /Users/admin/builder/spi-builder-workspace/.derivedData/SDKExplicitPrecompiledModules/MachO-2U90NNSAQILBNBPS1SA4F8TYP.pcm
SwiftExplicitDependencyGeneratePcm arm64_32 /Users/admin/builder/spi-builder-workspace/.derivedData/SDKExplicitPrecompiledModules/ObjectiveC-6IJNELR2E80E7LUKESVCP2KET.pcm
SwiftExplicitDependencyGeneratePcm arm64 /Users/admin/builder/spi-builder-workspace/.derivedData/SDKExplicitPrecompiledModules/ObjectiveC-72IVD3VS2RS8Q28D9PIMY0KQP.pcm
SwiftExplicitDependencyGeneratePcm arm64_32 /Users/admin/builder/spi-builder-workspace/.derivedData/SDKExplicitPrecompiledModules/MachO-56838ZJ0NC1EBAJ0O6O8QMPDX.pcm
SwiftExplicitDependencyGeneratePcm arm64_32 /Users/admin/builder/spi-builder-workspace/.derivedData/SDKExplicitPrecompiledModules/os_object-5YWTC6L4756IWSTPGXS5NM0D0.pcm
SwiftExplicitDependencyGeneratePcm arm64 /Users/admin/builder/spi-builder-workspace/.derivedData/SDKExplicitPrecompiledModules/os_object-3SDKD7F87FTZ26OON37DRYT6O.pcm
SwiftExplicitDependencyGeneratePcm arm64_32 /Users/admin/builder/spi-builder-workspace/.derivedData/SDKExplicitPrecompiledModules/os_workgroup-5JHTPDMNBUNHLJI8LPHKQK1JK.pcm
SwiftExplicitDependencyGeneratePcm arm64 /Users/admin/builder/spi-builder-workspace/.derivedData/SDKExplicitPrecompiledModules/os_workgroup-89GG5G7YC2D0ZTK6AZXXQ20DH.pcm
SwiftExplicitDependencyGeneratePcm arm64_32 /Users/admin/builder/spi-builder-workspace/.derivedData/SDKExplicitPrecompiledModules/Spatial-CWVWNML3T0NXVHZDKVLD3X1YZ.pcm
SwiftExplicitDependencyGeneratePcm arm64 /Users/admin/builder/spi-builder-workspace/.derivedData/SDKExplicitPrecompiledModules/Spatial-44FJGYXFAT2AQAW9Z6T7YS02U.pcm
SwiftExplicitDependencyGeneratePcm arm64_32 /Users/admin/builder/spi-builder-workspace/.derivedData/SDKExplicitPrecompiledModules/Dispatch-2P62F1T4XV63S4P99TUDTOK2Q.pcm
SwiftExplicitDependencyGeneratePcm arm64 /Users/admin/builder/spi-builder-workspace/.derivedData/SDKExplicitPrecompiledModules/Dispatch-1NLJOVAK60XP0DUB05XA59EIM.pcm
SwiftExplicitDependencyGeneratePcm arm64_32 /Users/admin/builder/spi-builder-workspace/.derivedData/SDKExplicitPrecompiledModules/CoreFoundation-8E6Y4BA3EXYKUGJ24GT9LGV3N.pcm
SwiftExplicitDependencyGeneratePcm arm64_32 /Users/admin/builder/spi-builder-workspace/.derivedData/SDKExplicitPrecompiledModules/XPC-81Y45QFY96XYYFCW2GT6FY8S4.pcm
SwiftExplicitDependencyGeneratePcm arm64 /Users/admin/builder/spi-builder-workspace/.derivedData/SDKExplicitPrecompiledModules/XPC-40DR0X1DHKGCV4J1IOLFS8MOU.pcm
SwiftExplicitDependencyGeneratePcm arm64 /Users/admin/builder/spi-builder-workspace/.derivedData/SDKExplicitPrecompiledModules/CoreFoundation-8T2L24YC5NU7WO6WQJWRY7W08.pcm
SwiftExplicitDependencyGeneratePcm arm64 /Users/admin/builder/spi-builder-workspace/.derivedData/SDKExplicitPrecompiledModules/os-5DIL6Z9LFIGLMZAHM7X2T5435.pcm
SwiftExplicitDependencyGeneratePcm arm64_32 /Users/admin/builder/spi-builder-workspace/.derivedData/SDKExplicitPrecompiledModules/os-E5IGB442IA6SBB25TTCOLK2OC.pcm
SwiftExplicitDependencyGeneratePcm arm64 /Users/admin/builder/spi-builder-workspace/.derivedData/SDKExplicitPrecompiledModules/CoreAudioTypes-A9MF7N5LT63G21HNFVM6BT14B.pcm
SwiftExplicitDependencyGeneratePcm arm64 /Users/admin/builder/spi-builder-workspace/.derivedData/SDKExplicitPrecompiledModules/CoreGraphics-DWNZ73GEH98SBJXZ7DEXB420K.pcm
SwiftExplicitDependencyGeneratePcm arm64 /Users/admin/builder/spi-builder-workspace/.derivedData/SDKExplicitPrecompiledModules/Security-6RZ6YBRU8WCUHRFFRVUK5WKMM.pcm
SwiftExplicitDependencyGeneratePcm arm64_32 /Users/admin/builder/spi-builder-workspace/.derivedData/SDKExplicitPrecompiledModules/CoreGraphics-9FDXYX6BKBUT6TJ2VF819E7T5.pcm
SwiftExplicitDependencyGeneratePcm arm64_32 /Users/admin/builder/spi-builder-workspace/.derivedData/SDKExplicitPrecompiledModules/Security-D7TOWF88VWF67TB9HAFP5UWB1.pcm
SwiftExplicitDependencyGeneratePcm arm64_32 /Users/admin/builder/spi-builder-workspace/.derivedData/SDKExplicitPrecompiledModules/CoreAudioTypes-9GVB1DHA32M46R4A9NWSI3I2K.pcm
SwiftExplicitDependencyGeneratePcm arm64 /Users/admin/builder/spi-builder-workspace/.derivedData/SDKExplicitPrecompiledModules/CoreAudio-1B79RJJTP71GE6UY9WLESAN3C.pcm
SwiftExplicitDependencyGeneratePcm arm64_32 /Users/admin/builder/spi-builder-workspace/.derivedData/SDKExplicitPrecompiledModules/CoreAudio-5W6MX6OUPWBMUR8VD5LHT1PZF.pcm
SwiftExplicitDependencyGeneratePcm arm64_32 /Users/admin/builder/spi-builder-workspace/.derivedData/SDKExplicitPrecompiledModules/Foundation-BJ2VQGI3OGR34500MEQ1VKHPH.pcm
SwiftExplicitDependencyGeneratePcm arm64 /Users/admin/builder/spi-builder-workspace/.derivedData/SDKExplicitPrecompiledModules/Foundation-DLBKUSGXN8QHAT8W0OARR9S8A.pcm
SwiftExplicitDependencyGeneratePcm arm64_32 /Users/admin/builder/spi-builder-workspace/.derivedData/SDKExplicitPrecompiledModules/CoreVideo-2P8HI0403J99LBDPKNFJ5D4DL.pcm
SwiftExplicitDependencyGeneratePcm arm64_32 /Users/admin/builder/spi-builder-workspace/.derivedData/SDKExplicitPrecompiledModules/CoreText-C9X2REPZN2V5BSU4G80FCETDR.pcm
SwiftExplicitDependencyGeneratePcm arm64 /Users/admin/builder/spi-builder-workspace/.derivedData/SDKExplicitPrecompiledModules/CoreVideo-8MRR5MNWUOAW2DBPGUQ8FKK4.pcm
SwiftExplicitDependencyGeneratePcm arm64 /Users/admin/builder/spi-builder-workspace/.derivedData/SDKExplicitPrecompiledModules/CoreText-970YJN6NIYGK1316L35Z0O8QT.pcm
SwiftExplicitDependencyGeneratePcm arm64_32 /Users/admin/builder/spi-builder-workspace/.derivedData/SDKExplicitPrecompiledModules/CoreMedia-AO387T8CHWTTZODD1DGT0UAFA.pcm
SwiftExplicitDependencyGeneratePcm arm64 /Users/admin/builder/spi-builder-workspace/.derivedData/SDKExplicitPrecompiledModules/CoreMedia-1AJVCUZNAO74KIKMFVFUUHWDI.pcm
SwiftExplicitDependencyGeneratePcm arm64 /Users/admin/builder/spi-builder-workspace/.derivedData/SDKExplicitPrecompiledModules/OSLog-B7VGO357Y3GJG35TST7DKDSI3.pcm
SwiftExplicitDependencyGeneratePcm arm64 /Users/admin/builder/spi-builder-workspace/.derivedData/SDKExplicitPrecompiledModules/_LocationEssentials-5ZZDGDXB6HLQUC72SJW7YJ7MK.pcm
SwiftExplicitDependencyGeneratePcm arm64 /Users/admin/builder/spi-builder-workspace/.derivedData/SDKExplicitPrecompiledModules/UIUtilities-IR7RNW23VAUKYI9MLCS9NL9A.pcm
SwiftExplicitDependencyGeneratePcm arm64 /Users/admin/builder/spi-builder-workspace/.derivedData/SDKExplicitPrecompiledModules/Symbols-3EFABTJ9L5PQDJ7RQCYQWEJMM.pcm
SwiftExplicitDependencyGeneratePcm arm64 /Users/admin/builder/spi-builder-workspace/.derivedData/SDKExplicitPrecompiledModules/Accessibility-27QMG6ZQ1NKYTNBYFPM1XKNFC.pcm
SwiftExplicitDependencyGeneratePcm arm64 /Users/admin/builder/spi-builder-workspace/.derivedData/SDKExplicitPrecompiledModules/DataDetection-7BNVI1SZW5ISQL5SX4WL2X7I5.pcm
SwiftExplicitDependencyGeneratePcm arm64 /Users/admin/builder/spi-builder-workspace/.derivedData/SDKExplicitPrecompiledModules/UserNotifications-ARAH8MEQ0C2L0FBO39HITJMAO.pcm
SwiftExplicitDependencyGeneratePcm arm64 /Users/admin/builder/spi-builder-workspace/.derivedData/SDKExplicitPrecompiledModules/CoreData-9JFJC4UET8BAO5IPV2JU6W9V8.pcm
SwiftExplicitDependencyGeneratePcm arm64 /Users/admin/builder/spi-builder-workspace/.derivedData/SDKExplicitPrecompiledModules/SceneKit-5HZKIL7XETTTD8TOHYPN8JKRJ.pcm
SwiftExplicitDependencyGeneratePcm arm64 /Users/admin/builder/spi-builder-workspace/.derivedData/SDKExplicitPrecompiledModules/UniformTypeIdentifiers-8L08Q8DQJV8C4AW84YVGFGTRN.pcm
SwiftExplicitDependencyGeneratePcm arm64_32 /Users/admin/builder/spi-builder-workspace/.derivedData/SDKExplicitPrecompiledModules/OSLog-D9AVFY0KWO7RVBIQ73CBIJVCN.pcm
SwiftExplicitDependencyGeneratePcm arm64_32 /Users/admin/builder/spi-builder-workspace/.derivedData/SDKExplicitPrecompiledModules/CoreData-7AU1AFQWUH88EAPDKVMLJPKVD.pcm
SwiftExplicitDependencyGeneratePcm arm64_32 /Users/admin/builder/spi-builder-workspace/.derivedData/SDKExplicitPrecompiledModules/_LocationEssentials-AQ1OL9QKC3LQLY5CNSRM1HB53.pcm
SwiftExplicitDependencyGeneratePcm arm64_32 /Users/admin/builder/spi-builder-workspace/.derivedData/SDKExplicitPrecompiledModules/DataDetection-U9BF7WHFVA6BZGFXXXP272PS.pcm
SwiftExplicitDependencyGeneratePcm arm64 /Users/admin/builder/spi-builder-workspace/.derivedData/SDKExplicitPrecompiledModules/CoreLocation-ACKJ9K7ABI14F97Y46Y6SRR17.pcm
SwiftExplicitDependencyGeneratePcm arm64_32 /Users/admin/builder/spi-builder-workspace/.derivedData/SDKExplicitPrecompiledModules/Symbols-1H97WMG76HU94F5VGJR19PXFY.pcm
SwiftExplicitDependencyGeneratePcm arm64 /Users/admin/builder/spi-builder-workspace/.derivedData/SDKExplicitPrecompiledModules/CoreTransferable-9PPG3SLJ55T4LITIFYX2M0NOZ.pcm
SwiftExplicitDependencyGeneratePcm arm64 /Users/admin/builder/spi-builder-workspace/.derivedData/SDKExplicitPrecompiledModules/QuartzCore-94KFMWNOU7ZLUZNB4T5DLZC9D.pcm
SwiftExplicitDependencyGeneratePcm arm64_32 /Users/admin/builder/spi-builder-workspace/.derivedData/SDKExplicitPrecompiledModules/UIUtilities-9YFVNIMRC5HRVOIARNWHP1E3H.pcm
SwiftExplicitDependencyGeneratePcm arm64_32 /Users/admin/builder/spi-builder-workspace/.derivedData/SDKExplicitPrecompiledModules/SceneKit-DKNLHKM5FJBQ79LSNMSSMBUBR.pcm
SwiftExplicitDependencyGeneratePcm arm64_32 /Users/admin/builder/spi-builder-workspace/.derivedData/SDKExplicitPrecompiledModules/UserNotifications-6TBN8TEAKO014N1T2QD926XED.pcm
SwiftExplicitDependencyGeneratePcm arm64_32 /Users/admin/builder/spi-builder-workspace/.derivedData/SDKExplicitPrecompiledModules/Accessibility-F385OMZ5GYBUY5O4QAJB4NRII.pcm
SwiftExplicitDependencyGeneratePcm arm64_32 /Users/admin/builder/spi-builder-workspace/.derivedData/SDKExplicitPrecompiledModules/CoreTransferable-5D4IR6X37682FPHJ5CBPTKQV6.pcm
SwiftExplicitDependencyGeneratePcm arm64_32 /Users/admin/builder/spi-builder-workspace/.derivedData/SDKExplicitPrecompiledModules/CoreLocation-8XU5YMYM4P11RQMYCQAG65ITK.pcm
SwiftExplicitDependencyGeneratePcm arm64_32 /Users/admin/builder/spi-builder-workspace/.derivedData/SDKExplicitPrecompiledModules/QuartzCore-6375NPYACK5NYVHPMC1QQ8MC2.pcm
SwiftExplicitDependencyGeneratePcm arm64_32 /Users/admin/builder/spi-builder-workspace/.derivedData/SDKExplicitPrecompiledModules/UniformTypeIdentifiers-CJZ3NTHPSBH4XWX5EVOG56UZS.pcm
SwiftExplicitDependencyGeneratePcm arm64 /Users/admin/builder/spi-builder-workspace/.derivedData/SDKExplicitPrecompiledModules/CoreMotion-6RD5K48QT1F4L9CATNFD2O7YB.pcm
SwiftExplicitDependencyGeneratePcm arm64 /Users/admin/builder/spi-builder-workspace/.derivedData/SDKExplicitPrecompiledModules/SwiftUICore-C1DST1IX2Z0PTH5SJJZ1IULRB.pcm
SwiftExplicitDependencyGeneratePcm arm64_32 /Users/admin/builder/spi-builder-workspace/.derivedData/SDKExplicitPrecompiledModules/CoreMotion-1XGTVTE5PP32UHME8AC63TL6.pcm
SwiftExplicitDependencyGeneratePcm arm64_32 /Users/admin/builder/spi-builder-workspace/.derivedData/SDKExplicitPrecompiledModules/SwiftUICore-3Q7WLRD8MR9R3NGIPUBQCP6F6.pcm
SwiftExplicitDependencyGeneratePcm arm64 /Users/admin/builder/spi-builder-workspace/.derivedData/SDKExplicitPrecompiledModules/UIKit-27R3P1YMV4C6JLDT661G3MRIA.pcm
SwiftExplicitDependencyGeneratePcm arm64_32 /Users/admin/builder/spi-builder-workspace/.derivedData/SDKExplicitPrecompiledModules/UIKit-6PPV7YPZ89CZPHYAP072QH8B6.pcm
SwiftExplicitDependencyGeneratePcm arm64 /Users/admin/builder/spi-builder-workspace/.derivedData/SDKExplicitPrecompiledModules/HomeKit-DTS1N4AWILAL1URZ5IOXV5221.pcm
SwiftExplicitDependencyGeneratePcm arm64 /Users/admin/builder/spi-builder-workspace/.derivedData/SDKExplicitPrecompiledModules/MapKit-EJJWC7IL56MPLQMI93GJRE5OG.pcm
SwiftExplicitDependencyGeneratePcm arm64_32 /Users/admin/builder/spi-builder-workspace/.derivedData/SDKExplicitPrecompiledModules/HomeKit-DUDZOMSN3UK8GNTNBNMPIWJRN.pcm
SwiftExplicitDependencyGeneratePcm arm64_32 /Users/admin/builder/spi-builder-workspace/.derivedData/SDKExplicitPrecompiledModules/MapKit-CWGB4YMP1VX1NYQN5FULFD5DR.pcm
SwiftExplicitDependencyGeneratePcm arm64 /Users/admin/builder/spi-builder-workspace/.derivedData/SDKExplicitPrecompiledModules/WatchKit-3VT3K8YON6FJ6OWSUFJMFMP8J.pcm
SwiftExplicitDependencyGeneratePcm arm64_32 /Users/admin/builder/spi-builder-workspace/.derivedData/SDKExplicitPrecompiledModules/WatchKit-FHF6WTKLC2APGK3LA2XJ6516.pcm
SwiftExplicitDependencyGeneratePcm arm64 /Users/admin/builder/spi-builder-workspace/.derivedData/SDKExplicitPrecompiledModules/SwiftUI-APXDH8ULYLM6FD17YRA73TULO.pcm
SwiftEmitModule normal arm64 Emitting\ module\ for\ Sourceful (in target 'Sourceful' from project 'Sourceful')
/Users/admin/builder/spi-builder-workspace/Sources/Sourceful/SwiftUI/SourceCodeTextEditor.swift:26:37: error: cannot find type '_ViewRepresentable' in scope
24 |
25 |
26 | public struct SourceCodeTextEditor: _ViewRepresentable {
| `- error: cannot find type '_ViewRepresentable' in scope
27 |
28 | public struct Customization {
/Users/admin/builder/spi-builder-workspace/Sources/Sourceful/Util/Types.swift:34:29: error: 'UIView' is unavailable in watchOS
32 | import UIKit
33 |
34 | public typealias _View = UIView
| `- error: 'UIView' is unavailable in watchOS
35 | public typealias ViewController = UIViewController
36 | public typealias Window = UIWindow
/Applications/Xcode-27.0.0-Release.Candidate.app/Contents/Developer/Platforms/WatchOS.platform/Developer/SDKs/WatchOS27.0.sdk/System/Library/Frameworks/UIKit.framework/Headers/UIView.h:152:12: note: 'UIView' has been explicitly marked unavailable here
150 |
151 | UIKIT_EXTERN API_AVAILABLE(ios(2.0)) API_UNAVAILABLE(watchos) NS_SWIFT_UI_ACTOR
152 | @interface UIView : UIResponder <NSCoding, UIAppearance, UIAppearanceContainer, UIDynamicItem, UITraitEnvironment, UICoordinateSpace, UIFocusItem, UIFocusItemContainer, CALayerDelegate>
| `- note: 'UIView' has been explicitly marked unavailable here
153 |
154 | @property(class, nonatomic, readonly) Class layerClass; // default is [CALayer class]. Used when creating the underlying layer for the view.
/Users/admin/builder/spi-builder-workspace/Sources/Sourceful/Util/Types.swift:35:36: error: 'UIViewController' is unavailable in watchOS
33 |
34 | public typealias _View = UIView
35 | public typealias ViewController = UIViewController
| `- error: 'UIViewController' is unavailable in watchOS
36 | public typealias Window = UIWindow
37 | public typealias Control = UIControl
/Applications/Xcode-27.0.0-Release.Candidate.app/Contents/Developer/Platforms/WatchOS.platform/Developer/SDKs/WatchOS27.0.sdk/System/Library/Frameworks/UIKit.framework/Headers/UIViewController.h:104:12: note: 'UIViewController' has been explicitly marked unavailable here
102 |
103 | UIKIT_EXTERN API_AVAILABLE(ios(2.0)) API_UNAVAILABLE(watchos) NS_SWIFT_UI_ACTOR
104 | @interface UIViewController : UIResponder <NSCoding, UIAppearanceContainer, UITraitEnvironment, UIContentContainer, UIFocusEnvironment>
| `- note: 'UIViewController' has been explicitly marked unavailable here
105 |
106 | /*
/Users/admin/builder/spi-builder-workspace/Sources/Sourceful/Util/Types.swift:36:30: error: 'UIWindow' is unavailable in watchOS
34 | public typealias _View = UIView
35 | public typealias ViewController = UIViewController
36 | public typealias Window = UIWindow
| `- error: 'UIWindow' is unavailable in watchOS
37 | public typealias Control = UIControl
38 | public typealias TextView = UITextView
/Applications/Xcode-27.0.0-Release.Candidate.app/Contents/Developer/Platforms/WatchOS.platform/Developer/SDKs/WatchOS27.0.sdk/System/Library/Frameworks/UIKit.framework/Headers/UIWindow.h:22:12: note: 'UIWindow' has been explicitly marked unavailable here
20 |
21 | UIKIT_EXTERN API_AVAILABLE(ios(2.0)) API_UNAVAILABLE(watchos) NS_SWIFT_UI_ACTOR
22 | @interface UIWindow : UIView
| `- note: 'UIWindow' has been explicitly marked unavailable here
23 |
24 | // instantiate a UIWindow already associated with a given UIWindowScene instance, with matching frame & interface orientations.
/Users/admin/builder/spi-builder-workspace/Sources/Sourceful/Util/Types.swift:37:30: error: 'UIControl' is unavailable in watchOS
35 | public typealias ViewController = UIViewController
36 | public typealias Window = UIWindow
37 | public typealias Control = UIControl
| `- error: 'UIControl' is unavailable in watchOS
38 | public typealias TextView = UITextView
39 | public typealias TextField = UITextField
/Applications/Xcode-27.0.0-Release.Candidate.app/Contents/Developer/Platforms/WatchOS.platform/Developer/SDKs/WatchOS27.0.sdk/System/Library/Frameworks/UIKit.framework/Headers/UIControl.h:76:12: note: 'UIControl' has been explicitly marked unavailable here
74 |
75 | UIKIT_EXTERN API_AVAILABLE(ios(2.0)) API_UNAVAILABLE(watchos) NS_SWIFT_UI_ACTOR
76 | @interface UIControl : UIView
| `- note: 'UIControl' has been explicitly marked unavailable here
77 |
78 | - (instancetype)initWithFrame:(CGRect)frame NS_DESIGNATED_INITIALIZER;
/Users/admin/builder/spi-builder-workspace/Sources/Sourceful/Util/Types.swift:38:31: error: 'UITextView' is unavailable in watchOS
36 | public typealias Window = UIWindow
37 | public typealias Control = UIControl
38 | public typealias TextView = UITextView
| `- error: 'UITextView' is unavailable in watchOS
39 | public typealias TextField = UITextField
40 | public typealias Button = UIButton
/Applications/Xcode-27.0.0-Release.Candidate.app/Contents/Developer/Platforms/WatchOS.platform/Developer/SDKs/WatchOS27.0.sdk/System/Library/Frameworks/UIKit.framework/Headers/UITextView.h:223:12: note: 'UITextView' has been explicitly marked unavailable here
221 |
222 | UIKIT_EXTERN API_AVAILABLE(ios(2.0)) API_UNAVAILABLE(watchos) NS_SWIFT_UI_ACTOR
223 | @interface UITextView : UIScrollView <UITextInput, UIContentSizeCategoryAdjusting, UILetterformAwareAdjusting, NSTextViewportLayoutControllerDelegate>
| `- note: 'UITextView' has been explicitly marked unavailable here
224 |
225 | @property(nullable,nonatomic,weak) id<UITextViewDelegate> delegate;
/Users/admin/builder/spi-builder-workspace/Sources/Sourceful/Util/Types.swift:39:32: error: 'UITextField' is unavailable in watchOS
37 | public typealias Control = UIControl
38 | public typealias TextView = UITextView
39 | public typealias TextField = UITextField
| `- error: 'UITextField' is unavailable in watchOS
40 | public typealias Button = UIButton
41 | public typealias Font = UIFont
/Applications/Xcode-27.0.0-Release.Candidate.app/Contents/Developer/Platforms/WatchOS.platform/Developer/SDKs/WatchOS27.0.sdk/System/Library/Frameworks/UIKit.framework/Headers/UITextField.h:53:12: note: 'UITextField' has been explicitly marked unavailable here
51 |
52 | UIKIT_EXTERN API_AVAILABLE(ios(2.0)) API_UNAVAILABLE(watchos) NS_SWIFT_UI_ACTOR
53 | @interface UITextField : UIControl <UITextInput, NSCoding, UIContentSizeCategoryAdjusting, UILetterformAwareAdjusting>
| `- note: 'UITextField' has been explicitly marked unavailable here
54 |
55 | @property(nullable, nonatomic,copy) NSString *text; // default is nil
/Users/admin/builder/spi-builder-workspace/Sources/Sourceful/Util/Types.swift:40:30: error: 'UIButton' is unavailable in watchOS
38 | public typealias TextView = UITextView
39 | public typealias TextField = UITextField
40 | public typealias Button = UIButton
| `- error: 'UIButton' is unavailable in watchOS
41 | public typealias Font = UIFont
42 | public typealias Color = UIColor
/Applications/Xcode-27.0.0-Release.Candidate.app/Contents/Developer/Platforms/WatchOS.platform/Developer/SDKs/WatchOS27.0.sdk/System/Library/Frameworks/UIKit.framework/Headers/UIButton.h:49:12: note: 'UIButton' has been explicitly marked unavailable here
47 |
48 | UIKIT_EXTERN API_AVAILABLE(ios(2.0)) API_UNAVAILABLE(watchos) NS_SWIFT_UI_ACTOR
49 | @interface UIButton : UIControl <NSCoding>
| `- note: 'UIButton' has been explicitly marked unavailable here
50 |
51 | - (instancetype)initWithFrame:(CGRect)frame NS_DESIGNATED_INITIALIZER;
/Users/admin/builder/spi-builder-workspace/Sources/Sourceful/Util/Types.swift:43:32: error: 'UIStackView' is unavailable in watchOS
41 | public typealias Font = UIFont
42 | public typealias Color = UIColor
43 | public typealias StackView = UIStackView
| `- error: 'UIStackView' is unavailable in watchOS
44 | public typealias Image = UIImage
45 | public typealias BezierPath = UIBezierPath
/Applications/Xcode-27.0.0-Release.Candidate.app/Contents/Developer/Platforms/WatchOS.platform/Developer/SDKs/WatchOS27.0.sdk/System/Library/Frameworks/UIKit.framework/Headers/UIStackView.h:124:12: note: 'UIStackView' has been explicitly marked unavailable here
122 | NS_HEADER_AUDIT_BEGIN(nullability, sendability)
123 | UIKIT_EXTERN API_AVAILABLE(ios(9.0)) API_UNAVAILABLE(watchos) NS_SWIFT_UI_ACTOR
124 | @interface UIStackView : UIView
| `- note: 'UIStackView' has been explicitly marked unavailable here
125 |
126 | - (instancetype)initWithFrame:(CGRect)frame NS_DESIGNATED_INITIALIZER;
/Users/admin/builder/spi-builder-workspace/Sources/Sourceful/Util/Types.swift:46:33: error: 'UIScrollView' is unavailable in watchOS
44 | public typealias Image = UIImage
45 | public typealias BezierPath = UIBezierPath
46 | public typealias ScrollView = UIScrollView
| `- error: 'UIScrollView' is unavailable in watchOS
47 | public typealias Screen = UIScreen
48 |
/Applications/Xcode-27.0.0-Release.Candidate.app/Contents/Developer/Platforms/WatchOS.platform/Developer/SDKs/WatchOS27.0.sdk/System/Library/Frameworks/UIKit.framework/Headers/UIScrollView.h:87:12: note: 'UIScrollView' has been explicitly marked unavailable here
85 |
86 | UIKIT_EXTERN API_AVAILABLE(ios(2.0)) API_UNAVAILABLE(watchos) NS_SWIFT_UI_ACTOR
87 | @interface UIScrollView : UIView <NSCoding, UIFocusItemScrollableContainer>
| `- note: 'UIScrollView' has been explicitly marked unavailable here
88 |
89 | @property(nonatomic) CGPoint contentOffset; // default CGPointZero
/Users/admin/builder/spi-builder-workspace/Sources/Sourceful/Util/Types.swift:47:30: error: 'UIScreen' is unavailable in watchOS
45 | public typealias BezierPath = UIBezierPath
46 | public typealias ScrollView = UIScrollView
47 | public typealias Screen = UIScreen
| `- error: 'UIScreen' is unavailable in watchOS
48 |
49 | #endif
/Applications/Xcode-27.0.0-Release.Candidate.app/Contents/Developer/Platforms/WatchOS.platform/Developer/SDKs/WatchOS27.0.sdk/System/Library/Frameworks/UIKit.framework/Headers/UIScreen.h:54:12: note: 'UIScreen' has been explicitly marked unavailable here
52 |
53 | UIKIT_EXTERN API_AVAILABLE(ios(2.0)) API_UNAVAILABLE(visionos, watchos) NS_SWIFT_UI_ACTOR
54 | @interface UIScreen : NSObject <UITraitEnvironment>
| `- note: 'UIScreen' has been explicitly marked unavailable here
55 |
56 | @property(class, nonatomic, readonly) NSArray<UIScreen *> *screens API_DEPRECATED("Use UIApplication.shared.openSessions to find open sessions with scenes from other screens", ios(3.2, 16.0), visionos(1.0, 1.0)) API_UNAVAILABLE(watchos); // all screens currently attached to the device
/Users/admin/builder/spi-builder-workspace/Sources/Sourceful/View/LineNumberLayoutManager.swift:79:51: error: 'NSTextStorage' is unavailable in watchOS
77 | }
78 | #else
79 | override func processEditing(for textStorage: NSTextStorage, edited editMask: NSTextStorage.EditActions, range newCharRange: NSRange, changeInLength delta: Int, invalidatedRange invalidatedCharRange: NSRange) {
| `- error: 'NSTextStorage' is unavailable in watchOS
80 | super.processEditing(for: textStorage, edited: editMask, range: newCharRange, changeInLength: delta, invalidatedRange: invalidatedCharRange)
81 | if invalidatedCharRange.location < lastParaLocation {
/Applications/Xcode-27.0.0-Release.Candidate.app/Contents/Developer/Platforms/WatchOS.platform/Developer/SDKs/WatchOS27.0.sdk/System/Library/Frameworks/UIKit.framework/Headers/NSTextStorage.h:46:12: note: 'NSTextStorage' has been explicitly marked unavailable here
44 | /// `edited:range:changeInLength:` to get everything else to happen.
45 | UIKIT_EXTERN API_AVAILABLE(macos(10.0), ios(7.0), tvos(9.0), visionos(1.0)) API_UNAVAILABLE(watchos)
46 | @interface NSTextStorage : NSMutableAttributedString <NSSecureCoding>
| `- note: 'NSTextStorage' has been explicitly marked unavailable here
47 | /**************************** Pending edit info ****************************/
48 |
/Users/admin/builder/spi-builder-workspace/Sources/Sourceful/View/LineNumberLayoutManager.swift:79:83: error: 'NSTextStorage' is unavailable in watchOS
77 | }
78 | #else
79 | override func processEditing(for textStorage: NSTextStorage, edited editMask: NSTextStorage.EditActions, range newCharRange: NSRange, changeInLength delta: Int, invalidatedRange invalidatedCharRange: NSRange) {
| `- error: 'NSTextStorage' is unavailable in watchOS
80 | super.processEditing(for: textStorage, edited: editMask, range: newCharRange, changeInLength: delta, invalidatedRange: invalidatedCharRange)
81 | if invalidatedCharRange.location < lastParaLocation {
/Applications/Xcode-27.0.0-Release.Candidate.app/Contents/Developer/Platforms/WatchOS.platform/Developer/SDKs/WatchOS27.0.sdk/System/Library/Frameworks/UIKit.framework/Headers/NSTextStorage.h:46:12: note: 'NSTextStorage' has been explicitly marked unavailable here
44 | /// `edited:range:changeInLength:` to get everything else to happen.
45 | UIKIT_EXTERN API_AVAILABLE(macos(10.0), ios(7.0), tvos(9.0), visionos(1.0)) API_UNAVAILABLE(watchos)
46 | @interface NSTextStorage : NSMutableAttributedString <NSSecureCoding>
| `- note: 'NSTextStorage' has been explicitly marked unavailable here
47 | /**************************** Pending edit info ****************************/
48 |
/Users/admin/builder/spi-builder-workspace/Sources/Sourceful/View/LineNumberLayoutManager.swift:19:32: error: 'NSLayoutManager' is unavailable in watchOS
17 | #endif
18 |
19 | class LineNumberLayoutManager: NSLayoutManager {
| `- error: 'NSLayoutManager' is unavailable in watchOS
20 |
21 | var lastParaLocation = 0
/Applications/Xcode-27.0.0-Release.Candidate.app/Contents/Developer/Platforms/WatchOS.platform/Developer/SDKs/WatchOS27.0.sdk/System/Library/Frameworks/UIKit.framework/Headers/NSLayoutManager.h:58:12: note: 'NSLayoutManager' has been explicitly marked unavailable here
56 |
57 | UIKIT_EXTERN API_AVAILABLE(macos(10.0), ios(7.0)) API_UNAVAILABLE(watchos)
58 | @interface NSLayoutManager : NSObject <NSSecureCoding>
| `- note: 'NSLayoutManager' has been explicitly marked unavailable here
59 |
60 | /**************************** Initialization ****************************/
/Users/admin/builder/spi-builder-workspace/Sources/Sourceful/View/SyntaxTextView.swift:64:13: error: cannot find 'refreshColors' in scope
62 | public weak var delegate: SyntaxTextViewDelegate? {
63 | didSet {
64 | refreshColors()
| `- error: cannot find 'refreshColors' in scope
65 | }
66 | }
/Users/admin/builder/spi-builder-workspace/Sources/Sourceful/View/SyntaxTextView.swift:93:27: error: cannot find type 'NSColor' in scope
91 | #else
92 |
93 | public var tintColor: NSColor! {
| `- error: cannot find type 'NSColor' in scope
94 | set {
95 | textView.tintColor = newValue
/Users/admin/builder/spi-builder-workspace/Sources/Sourceful/View/SyntaxTextView.swift:349:13: error: cannot find 'refreshColors' in scope
347 | textView.font = theme.font
348 |
349 | refreshColors()
| `- error: cannot find 'refreshColors' in scope
350 | }
351 | }
/Users/admin/builder/spi-builder-workspace/Sources/Sourceful/View/SyntaxTextView.swift:425:40: error: 'NSTextStorage' is unavailable in watchOS
423 | }
424 |
425 | func updateAttributes(textStorage: NSTextStorage, cachedTokens: [CachedToken], source: String) {
| `- error: 'NSTextStorage' is unavailable in watchOS
426 |
427 | let selectedRange = textView.selectedRange
/Applications/Xcode-27.0.0-Release.Candidate.app/Contents/Developer/Platforms/WatchOS.platform/Developer/SDKs/WatchOS27.0.sdk/System/Library/Frameworks/UIKit.framework/Headers/NSTextStorage.h:46:12: note: 'NSTextStorage' has been explicitly marked unavailable here
44 | /// `edited:range:changeInLength:` to get everything else to happen.
45 | UIKIT_EXTERN API_AVAILABLE(macos(10.0), ios(7.0), tvos(9.0), visionos(1.0)) API_UNAVAILABLE(watchos)
46 | @interface NSTextStorage : NSMutableAttributedString <NSSecureCoding>
| `- note: 'NSTextStorage' has been explicitly marked unavailable here
47 | /**************************** Pending edit info ****************************/
48 |
/Users/admin/builder/spi-builder-workspace/Sources/Sourceful/View/SyntaxTextView.swift:472:87: error: 'NSTextStorage' is unavailable in watchOS
470 | }
471 |
472 | func createAttributes(theme: SyntaxColorTheme, themeInfo: ThemeInfo, textStorage: NSTextStorage, cachedTokens: [CachedToken], source: String) {
| `- error: 'NSTextStorage' is unavailable in watchOS
473 |
474 | textStorage.beginEditing()
/Applications/Xcode-27.0.0-Release.Candidate.app/Contents/Developer/Platforms/WatchOS.platform/Developer/SDKs/WatchOS27.0.sdk/System/Library/Frameworks/UIKit.framework/Headers/NSTextStorage.h:46:12: note: 'NSTextStorage' has been explicitly marked unavailable here
44 | /// `edited:range:changeInLength:` to get everything else to happen.
45 | UIKIT_EXTERN API_AVAILABLE(macos(10.0), ios(7.0), tvos(9.0), visionos(1.0)) API_UNAVAILABLE(watchos)
46 | @interface NSTextStorage : NSMutableAttributedString <NSSecureCoding>
| `- note: 'NSTextStorage' has been explicitly marked unavailable here
47 | /**************************** Pending edit info ****************************/
48 |
/Users/admin/builder/spi-builder-workspace/Sources/Sourceful/View/SyntaxTextViewLayoutManager.swift:29:36: error: 'NSLayoutManager' is unavailable in watchOS
27 | }
28 |
29 | class SyntaxTextViewLayoutManager: NSLayoutManager {
| `- error: 'NSLayoutManager' is unavailable in watchOS
30 |
31 | override func drawGlyphs(forGlyphRange glyphsToShow: NSRange, at origin: CGPoint) {
/Applications/Xcode-27.0.0-Release.Candidate.app/Contents/Developer/Platforms/WatchOS.platform/Developer/SDKs/WatchOS27.0.sdk/System/Library/Frameworks/UIKit.framework/Headers/NSLayoutManager.h:58:12: note: 'NSLayoutManager' has been explicitly marked unavailable here
56 |
57 | UIKIT_EXTERN API_AVAILABLE(macos(10.0), ios(7.0)) API_UNAVAILABLE(watchos)
58 | @interface NSLayoutManager : NSObject <NSSecureCoding>
| `- note: 'NSLayoutManager' has been explicitly marked unavailable here
59 |
60 | /**************************** Initialization ****************************/
Failed frontend command:
SwiftCompile normal arm64 (in target 'Sourceful' from project 'Sourceful')
cd /Users/admin/builder/spi-builder-workspace/.swiftpm/xcode
/Applications/Xcode-27.0.0-Release.Candidate.app/Contents/Developer/Toolchains/XcodeDefault.xctoolchain/usr/bin/swift-frontend -frontend -emit-module -experimental-skip-non-inlinable-function-bodies-without-types /Users/admin/builder/spi-builder-workspace/Sources/Sourceful/ASTVisualizer.swift /Users/admin/builder/spi-builder-workspace/Sources/Sourceful/Languages/JavaLexer.swift /Users/admin/builder/spi-builder-workspace/Sources/Sourceful/Languages/JavaScriptLexer.swift /Users/admin/builder/spi-builder-workspace/Sources/Sourceful/Languages/OCamlLexer.swift /Users/admin/builder/spi-builder-workspace/Sources/Sourceful/Languages/Python3Lexer.swift /Users/admin/builder/spi-builder-workspace/Sources/Sourceful/Languages/SwiftLexer.swift /Users/admin/builder/spi-builder-workspace/Sources/Sourceful/Model/Lexer.swift /Users/admin/builder/spi-builder-workspace/Sources/Sourceful/Model/Paragraph.swift /Users/admin/builder/spi-builder-workspace/Sources/Sourceful/Model/RegexLexer.swift /Users/admin/builder/spi-builder-workspace/Sources/Sourceful/Model/SyntaxColorTheme.swift /Users/admin/builder/spi-builder-workspace/Sources/Sourceful/Model/Token.swift /Users/admin/builder/spi-builder-workspace/Sources/Sourceful/SourceCodeRegexLexer.swift /Users/admin/builder/spi-builder-workspace/Sources/Sourceful/SourceCodeTheme.swift /Users/admin/builder/spi-builder-workspace/Sources/Sourceful/SourceCodeToken.swift /Users/admin/builder/spi-builder-workspace/Sources/Sourceful/SwiftUI/SourceCodeTextEditor.swift /Users/admin/builder/spi-builder-workspace/Sources/Sourceful/Themes/DefaultSourceCodeTheme.swift /Users/admin/builder/spi-builder-workspace/Sources/Sourceful/Util/NSMutableAttributedString+Tokens.swift /Users/admin/builder/spi-builder-workspace/Sources/Sourceful/Util/NSTextView+UIKit.swift /Users/admin/builder/spi-builder-workspace/Sources/Sourceful/Util/String+Range.swift /Users/admin/builder/spi-builder-workspace/Sources/Sourceful/Util/Types.swift /Users/admin/builder/spi-builder-workspace/Sources/Sourceful/View/InnerTextView.swift /Users/admin/builder/spi-builder-workspace/Sources/Sourceful/View/LineNumberLayoutManager.swift /Users/admin/builder/spi-builder-workspace/Sources/Sourceful/View/Paragraphs.swift /Users/admin/builder/spi-builder-workspace/Sources/Sourceful/View/SyntaxTextView+TextViewDelegate.swift /Users/admin/builder/spi-builder-workspace/Sources/Sourceful/View/SyntaxTextView.swift /Users/admin/builder/spi-builder-workspace/Sources/Sourceful/View/SyntaxTextViewLayoutManager.swift /Users/admin/builder/spi-builder-workspace/Sources/Sourceful/View/TextViewWrapperView.swift -target arm64-apple-watchos9.0 -module-can-import-version SwiftUI 8.0.84.1 8.0.84 -disable-cross-import-overlay-search -load-resolved-plugin /Applications/Xcode-27.0.0-Release.Candidate.app/Contents/Developer/Platforms/WatchOS.platform/Developer/usr/lib/swift/host/plugins/libFoundationMacros.dylib\#/Applications/Xcode-27.0.0-Release.Candidate.app/Contents/Developer/Platforms/WatchOS.platform/Developer/usr/bin/swift-plugin-server\#FoundationMacros -load-resolved-plugin /Applications/Xcode-27.0.0-Release.Candidate.app/Contents/Developer/Platforms/WatchOS.platform/Developer/usr/lib/swift/host/plugins/libObservationMacros.dylib\#/Applications/Xcode-27.0.0-Release.Candidate.app/Contents/Developer/Platforms/WatchOS.platform/Developer/usr/bin/swift-plugin-server\#ObservationMacros -load-resolved-plugin /Applications/Xcode-27.0.0-Release.Candidate.app/Contents/Developer/Platforms/WatchOS.platform/Developer/usr/lib/swift/host/plugins/libPreviewsMacros.dylib\#/Applications/Xcode-27.0.0-Release.Candidate.app/Contents/Developer/Platforms/WatchOS.platform/Developer/usr/bin/swift-plugin-server\#PreviewsMacros -load-resolved-plugin /Applications/Xcode-27.0.0-Release.Candidate.app/Contents/Developer/Platforms/WatchOS.platform/Developer/usr/lib/swift/host/plugins/libSwiftMacros.dylib\#/Applications/Xcode-27.0.0-Release.Candidate.app/Contents/Developer/Platforms/WatchOS.platform/Developer/usr/bin/swift-plugin-server\#SwiftMacros -load-resolved-plugin /Applications/Xcode-27.0.0-Release.Candidate.app/Contents/Developer/Platforms/WatchOS.platform/Developer/usr/lib/swift/host/plugins/libSwiftUIMacros.dylib\#/Applications/Xcode-27.0.0-Release.Candidate.app/Contents/Developer/Platforms/WatchOS.platform/Developer/usr/bin/swift-plugin-server\#SwiftUIMacros -disable-implicit-swift-modules -Xcc -fno-implicit-modules -Xcc -fno-implicit-module-maps -explicit-swift-module-map-file /Users/admin/builder/spi-builder-workspace/.derivedData/Build/Intermediates.noindex/Sourceful.build/Debug-watchos/Sourceful-t.build/Objects-normal/arm64/Sourceful-dependencies-1.json -Xllvm -aarch64-use-tbi -enable-objc-interop -stack-check -sdk /Applications/Xcode-27.0.0-Release.Candidate.app/Contents/Developer/Platforms/WatchOS.platform/Developer/SDKs/WatchOS27.0.sdk -I /Users/admin/builder/spi-builder-workspace/.derivedData/Build/Products/Debug-watchos -Isystem /Applications/Xcode-27.0.0-Release.Candidate.app/Contents/Developer/Platforms/WatchOS.platform/Developer/usr/lib -F /Users/admin/builder/spi-builder-workspace/.derivedData/Build/Products/Debug-watchos -F /Applications/Xcode-27.0.0-Release.Candidate.app/Contents/Developer/Platforms/WatchOS.platform/Developer/Library/Frameworks -F /Applications/Xcode-27.0.0-Release.Candidate.app/Contents/Developer/Platforms/WatchOS.platform/Developer/SDKs/WatchOS27.0.sdk/Developer/Library/Frameworks -module-cache-path /Users/admin/builder/spi-builder-workspace/.derivedData/Build/Intermediates.noindex/SwiftExplicitPrecompiledModules -no-color-diagnostics -Xcc -fno-color-diagnostics -enable-testing -g -debug-info-format\=dwarf -dwarf-version\=4 -profile-generate -profile-coverage-mapping -swift-version 5 -Onone -D SWIFT_PACKAGE -D DEBUG -D SWIFT_MODULE_RESOURCE_BUNDLE_UNAVAILABLE -D Xcode -serialize-debugging-options -enable-experimental-feature DebugDescriptionMacro -empty-abi-descriptor -validate-clang-modules-once -clang-build-session-file /Users/admin/builder/spi-builder-workspace/.derivedData/ModuleCache.noindex/Session.modulevalidation -Xcc -working-directory -Xcc /Users/admin/builder/spi-builder-workspace/.swiftpm/xcode -enable-anonymous-context-mangled-names -file-compilation-dir /Users/admin/builder/spi-builder-workspace/.swiftpm/xcode -Xcc -D_LIBCPP_HARDENING_MODE\=_LIBCPP_HARDENING_MODE_DEBUG -Xcc -ivfsstatcache -Xcc /Users/admin/builder/spi-builder-workspace/.derivedData/SDKStatCaches.noindex/watchos27.0-24R360-e829b21a6f8c9b70876ba0858053c04477534ef55a1706bf4c1112bbb242f0a2.sdkstatcache -Xcc -fmodules-prune-interval\=86400 -Xcc -fmodules-prune-after\=345600 -Xcc -I/Users/admin/builder/spi-builder-workspace/.derivedData/Build/Products/Debug-watchos/include -Xcc -I/Users/admin/builder/spi-builder-workspace/.derivedData/Build/Intermediates.noindex/Sourceful.build/Debug-watchos/Sourceful-t.build/DerivedSources-normal/arm64 -Xcc -I/Users/admin/builder/spi-builder-workspace/.derivedData/Build/Intermediates.noindex/Sourceful.build/Debug-watchos/Sourceful-t.build/DerivedSources/arm64 -Xcc -I/Users/admin/builder/spi-builder-workspace/.derivedData/Build/Intermediates.noindex/Sourceful.build/Debug-watchos/Sourceful-t.build/DerivedSources -Xcc -DSWIFT_PACKAGE -Xcc -DDEBUG\=1 -no-auto-bridging-header-chaining -module-name Sourceful -const-gather-protocols-file /Users/admin/builder/spi-builder-workspace/.derivedData/Build/Intermediates.noindex/Sourceful.build/Debug-watchos/Sourceful-t.build/Objects-normal/arm64/Sourceful_const_extract_protocols.json -disable-clang-spi -clang-target arm64-apple-watchos27.0 -target-sdk-version 27.0 -target-sdk-name watchos27.0 -in-process-plugin-server-path /Applications/Xcode-27.0.0-Release.Candidate.app/Contents/Developer/Toolchains/XcodeDefault.xctoolchain/usr/lib/swift/host/libSwiftInProcPluginServer.dylib -emit-module-doc-path /Users/admin/builder/spi-builder-workspace/.derivedData/Build/Intermediates.noindex/Sourceful.build/Debug-watchos/Sourceful-t.build/Objects-normal/arm64/Sourceful.swiftdoc -emit-module-source-info-path /Users/admin/builder/spi-builder-workspace/.derivedData/Build/Intermediates.noindex/Sourceful.build/Debug-watchos/Sourceful-t.build/Objects-normal/arm64/Sourceful.swiftsourceinfo -emit-objc-header-path /Users/admin/builder/spi-builder-workspace/.derivedData/Build/Intermediates.noindex/Sourceful.build/Debug-watchos/Sourceful-t.build/Objects-normal/arm64/Sourceful-Swift.h -serialize-diagnostics-path /Users/admin/builder/spi-builder-workspace/.derivedData/Build/Intermediates.noindex/Sourceful.build/Debug-watchos/Sourceful-t.build/Objects-normal/arm64/Sourceful-primary-emit-module.dia -emit-dependencies-path /Users/admin/builder/spi-builder-workspace/.derivedData/Build/Intermediates.noindex/Sourceful.build/Debug-watchos/Sourceful-t.build/Objects-normal/arm64/Sourceful-primary-emit-module.d -parse-as-library -o /Users/admin/builder/spi-builder-workspace/.derivedData/Build/Intermediates.noindex/Sourceful.build/Debug-watchos/Sourceful-t.build/Objects-normal/arm64/Sourceful.swiftmodule -emit-abi-descriptor-path /Users/admin/builder/spi-builder-workspace/.derivedData/Build/Intermediates.noindex/Sourceful.build/Debug-watchos/Sourceful-t.build/Objects-normal/arm64/Sourceful.abi.json
SwiftCompile normal arm64 Compiling\ LineNumberLayoutManager.swift,\ Paragraphs.swift /Users/admin/builder/spi-builder-workspace/Sources/Sourceful/View/LineNumberLayoutManager.swift /Users/admin/builder/spi-builder-workspace/Sources/Sourceful/View/Paragraphs.swift (in target 'Sourceful' from project 'Sourceful')
SwiftCompile normal arm64 /Users/admin/builder/spi-builder-workspace/Sources/Sourceful/View/LineNumberLayoutManager.swift (in target 'Sourceful' from project 'Sourceful')
cd /Users/admin/builder/spi-builder-workspace/.swiftpm/xcode
builtin-SwiftPerFileCompile LineNumberLayoutManager.swift
SwiftCompile normal arm64 /Users/admin/builder/spi-builder-workspace/Sources/Sourceful/View/Paragraphs.swift (in target 'Sourceful' from project 'Sourceful')
cd /Users/admin/builder/spi-builder-workspace/.swiftpm/xcode
builtin-SwiftPerFileCompile Paragraphs.swift
/Users/admin/builder/spi-builder-workspace/Sources/Sourceful/View/LineNumberLayoutManager.swift:79:51: error: 'NSTextStorage' is unavailable in watchOS
77 | }
78 | #else
79 | override func processEditing(for textStorage: NSTextStorage, edited editMask: NSTextStorage.EditActions, range newCharRange: NSRange, changeInLength delta: Int, invalidatedRange invalidatedCharRange: NSRange) {
| `- error: 'NSTextStorage' is unavailable in watchOS
80 | super.processEditing(for: textStorage, edited: editMask, range: newCharRange, changeInLength: delta, invalidatedRange: invalidatedCharRange)
81 | if invalidatedCharRange.location < lastParaLocation {
/Applications/Xcode-27.0.0-Release.Candidate.app/Contents/Developer/Platforms/WatchOS.platform/Developer/SDKs/WatchOS27.0.sdk/System/Library/Frameworks/UIKit.framework/Headers/NSTextStorage.h:46:12: note: 'NSTextStorage' has been explicitly marked unavailable here
44 | /// `edited:range:changeInLength:` to get everything else to happen.
45 | UIKIT_EXTERN API_AVAILABLE(macos(10.0), ios(7.0), tvos(9.0), visionos(1.0)) API_UNAVAILABLE(watchos)
46 | @interface NSTextStorage : NSMutableAttributedString <NSSecureCoding>
| `- note: 'NSTextStorage' has been explicitly marked unavailable here
47 | /**************************** Pending edit info ****************************/
48 |
/Users/admin/builder/spi-builder-workspace/Sources/Sourceful/View/LineNumberLayoutManager.swift:79:83: error: 'NSTextStorage' is unavailable in watchOS
77 | }
78 | #else
79 | override func processEditing(for textStorage: NSTextStorage, edited editMask: NSTextStorage.EditActions, range newCharRange: NSRange, changeInLength delta: Int, invalidatedRange invalidatedCharRange: NSRange) {
| `- error: 'NSTextStorage' is unavailable in watchOS
80 | super.processEditing(for: textStorage, edited: editMask, range: newCharRange, changeInLength: delta, invalidatedRange: invalidatedCharRange)
81 | if invalidatedCharRange.location < lastParaLocation {
/Applications/Xcode-27.0.0-Release.Candidate.app/Contents/Developer/Platforms/WatchOS.platform/Developer/SDKs/WatchOS27.0.sdk/System/Library/Frameworks/UIKit.framework/Headers/NSTextStorage.h:46:12: note: 'NSTextStorage' has been explicitly marked unavailable here
44 | /// `edited:range:changeInLength:` to get everything else to happen.
45 | UIKIT_EXTERN API_AVAILABLE(macos(10.0), ios(7.0), tvos(9.0), visionos(1.0)) API_UNAVAILABLE(watchos)
46 | @interface NSTextStorage : NSMutableAttributedString <NSSecureCoding>
| `- note: 'NSTextStorage' has been explicitly marked unavailable here
47 | /**************************** Pending edit info ****************************/
48 |
/Users/admin/builder/spi-builder-workspace/Sources/Sourceful/View/LineNumberLayoutManager.swift:19:32: error: 'NSLayoutManager' is unavailable in watchOS
17 | #endif
18 |
19 | class LineNumberLayoutManager: NSLayoutManager {
| `- error: 'NSLayoutManager' is unavailable in watchOS
20 |
21 | var lastParaLocation = 0
/Applications/Xcode-27.0.0-Release.Candidate.app/Contents/Developer/Platforms/WatchOS.platform/Developer/SDKs/WatchOS27.0.sdk/System/Library/Frameworks/UIKit.framework/Headers/NSLayoutManager.h:58:12: note: 'NSLayoutManager' has been explicitly marked unavailable here
56 |
57 | UIKIT_EXTERN API_AVAILABLE(macos(10.0), ios(7.0)) API_UNAVAILABLE(watchos)
58 | @interface NSLayoutManager : NSObject <NSSecureCoding>
| `- note: 'NSLayoutManager' has been explicitly marked unavailable here
59 |
60 | /**************************** Initialization ****************************/
/Users/admin/builder/spi-builder-workspace/Sources/Sourceful/View/LineNumberLayoutManager.swift:108:117: error: 'NSTextContainer' is unavailable in watchOS
106 | var paraNumber: Int = 0
107 |
108 | enumerateLineFragments(forGlyphRange: glyphsToShow, using: {(_ rect: CGRect, _ usedRect: CGRect, _ textContainer: NSTextContainer?, _ glyphRange: NSRange, _ stop: UnsafeMutablePointer<ObjCBool>?) -> Void in
| `- error: 'NSTextContainer' is unavailable in watchOS
109 |
110 | let charRange: NSRange = self.characterRange(forGlyphRange: glyphRange, actualGlyphRange: nil)
/Applications/Xcode-27.0.0-Release.Candidate.app/Contents/Developer/Platforms/WatchOS.platform/Developer/SDKs/WatchOS27.0.sdk/System/Library/Frameworks/UIKit.framework/Headers/NSTextContainer.h:36:12: note: 'NSTextContainer' has been explicitly marked unavailable here
34 | /// restrictions apply to ``NSTextLayoutManager`` and ``NSTextContentStorage``.
35 | UIKIT_EXTERN API_AVAILABLE(macos(10.0), ios(7.0), tvos(9.0), visionos(1.0)) API_UNAVAILABLE(watchos)
36 | @interface NSTextContainer : NSObject <NSSecureCoding, NSTextLayoutOrientationProvider>
| `- note: 'NSTextContainer' has been explicitly marked unavailable here
37 |
38 | /**************************** Initialization ****************************/
/Users/admin/builder/spi-builder-workspace/Sources/Sourceful/View/Paragraphs.swift:23:22: error: 'NSLayoutManager' is unavailable in watchOS
21 | var nsRange = range
22 |
23 | let layoutManager: NSLayoutManager
| `- error: 'NSLayoutManager' is unavailable in watchOS
24 | let textContainer: NSTextContainer
25 | #if os(macOS)
/Applications/Xcode-27.0.0-Release.Candidate.app/Contents/Developer/Platforms/WatchOS.platform/Developer/SDKs/WatchOS27.0.sdk/System/Library/Frameworks/UIKit.framework/Headers/NSLayoutManager.h:58:12: note: 'NSLayoutManager' has been explicitly marked unavailable here
56 |
57 | UIKIT_EXTERN API_AVAILABLE(macos(10.0), ios(7.0)) API_UNAVAILABLE(watchos)
58 | @interface NSLayoutManager : NSObject <NSSecureCoding>
| `- note: 'NSLayoutManager' has been explicitly marked unavailable here
59 |
60 | /**************************** Initialization ****************************/
SwiftCompile normal arm64 Compiling\ DefaultSourceCodeTheme.swift,\ NSMutableAttributedString+Tokens.swift,\ NSTextView+UIKit.swift /Users/admin/builder/spi-builder-workspace/Sources/Sourceful/Themes/DefaultSourceCodeTheme.swift /Users/admin/builder/spi-builder-workspace/Sources/Sourceful/Util/NSMutableAttributedString+Tokens.swift /Users/admin/builder/spi-builder-workspace/Sources/Sourceful/Util/NSTextView+UIKit.swift (in target 'Sourceful' from project 'Sourceful')
SwiftCompile normal arm64 /Users/admin/builder/spi-builder-workspace/Sources/Sourceful/Themes/DefaultSourceCodeTheme.swift (in target 'Sourceful' from project 'Sourceful')
cd /Users/admin/builder/spi-builder-workspace/.swiftpm/xcode
builtin-SwiftPerFileCompile DefaultSourceCodeTheme.swift
SwiftCompile normal arm64 /Users/admin/builder/spi-builder-workspace/Sources/Sourceful/Util/NSMutableAttributedString+Tokens.swift (in target 'Sourceful' from project 'Sourceful')
cd /Users/admin/builder/spi-builder-workspace/.swiftpm/xcode
builtin-SwiftPerFileCompile NSMutableAttributedString+Tokens.swift
SwiftCompile normal arm64 /Users/admin/builder/spi-builder-workspace/Sources/Sourceful/Util/NSTextView+UIKit.swift (in target 'Sourceful' from project 'Sourceful')
cd /Users/admin/builder/spi-builder-workspace/.swiftpm/xcode
builtin-SwiftPerFileCompile NSTextView+UIKit.swift
SwiftCompile normal arm64 Compiling\ SyntaxTextView+TextViewDelegate.swift,\ SyntaxTextView.swift /Users/admin/builder/spi-builder-workspace/Sources/Sourceful/View/SyntaxTextView+TextViewDelegate.swift /Users/admin/builder/spi-builder-workspace/Sources/Sourceful/View/SyntaxTextView.swift (in target 'Sourceful' from project 'Sourceful')
/Users/admin/builder/spi-builder-workspace/Sources/Sourceful/View/SyntaxTextView+TextViewDelegate.swift:142:9: error: cannot find 'refreshColors' in scope
140 | func didUpdateText() {
141 |
142 | refreshColors()
| `- error: cannot find 'refreshColors' in scope
143 | delegate?.didChangeText(self)
144 |
/Users/admin/builder/spi-builder-workspace/Sources/Sourceful/View/SyntaxTextView+TextViewDelegate.swift:270:20: error: 'NSTextStorage' is unavailable in watchOS
268 | }
269 |
270 | let textStorage: NSTextStorage
| `- error: 'NSTextStorage' is unavailable in watchOS
271 |
272 | #if os(macOS)
/Applications/Xcode-27.0.0-Release.Candidate.app/Contents/Developer/Platforms/WatchOS.platform/Developer/SDKs/WatchOS27.0.sdk/System/Library/Frameworks/UIKit.framework/Headers/NSTextStorage.h:46:12: note: 'NSTextStorage' has been explicitly marked unavailable here
44 | /// `edited:range:changeInLength:` to get everything else to happen.
45 | UIKIT_EXTERN API_AVAILABLE(macos(10.0), ios(7.0), tvos(9.0), visionos(1.0)) API_UNAVAILABLE(watchos)
46 | @interface NSTextStorage : NSMutableAttributedString <NSSecureCoding>
| `- note: 'NSTextStorage' has been explicitly marked unavailable here
47 | /**************************** Pending edit info ****************************/
48 |
/Users/admin/builder/spi-builder-workspace/Sources/Sourceful/View/SyntaxTextView.swift:64:13: error: cannot find 'refreshColors' in scope
62 | public weak var delegate: SyntaxTextViewDelegate? {
63 | didSet {
64 | refreshColors()
| `- error: cannot find 'refreshColors' in scope
65 | }
66 | }
/Users/admin/builder/spi-builder-workspace/Sources/Sourceful/View/SyntaxTextView.swift:93:27: error: cannot find type 'NSColor' in scope
91 | #else
92 |
93 | public var tintColor: NSColor! {
| `- error: cannot find type 'NSColor' in scope
94 | set {
95 | textView.tintColor = newValue
/Users/admin/builder/spi-builder-workspace/Sources/Sourceful/View/SyntaxTextView.swift:349:13: error: cannot find 'refreshColors' in scope
347 | textView.font = theme.font
348 |
349 | refreshColors()
| `- error: cannot find 'refreshColors' in scope
350 | }
351 | }
/Users/admin/builder/spi-builder-workspace/Sources/Sourceful/View/SyntaxTextView.swift:425:40: error: 'NSTextStorage' is unavailable in watchOS
423 | }
424 |
425 | func updateAttributes(textStorage: NSTextStorage, cachedTokens: [CachedToken], source: String) {
| `- error: 'NSTextStorage' is unavailable in watchOS
426 |
427 | let selectedRange = textView.selectedRange
/Applications/Xcode-27.0.0-Release.Candidate.app/Contents/Developer/Platforms/WatchOS.platform/Developer/SDKs/WatchOS27.0.sdk/System/Library/Frameworks/UIKit.framework/Headers/NSTextStorage.h:46:12: note: 'NSTextStorage' has been explicitly marked unavailable here
44 | /// `edited:range:changeInLength:` to get everything else to happen.
45 | UIKIT_EXTERN API_AVAILABLE(macos(10.0), ios(7.0), tvos(9.0), visionos(1.0)) API_UNAVAILABLE(watchos)
46 | @interface NSTextStorage : NSMutableAttributedString <NSSecureCoding>
| `- note: 'NSTextStorage' has been explicitly marked unavailable here
47 | /**************************** Pending edit info ****************************/
48 |
/Users/admin/builder/spi-builder-workspace/Sources/Sourceful/View/SyntaxTextView.swift:472:87: error: 'NSTextStorage' is unavailable in watchOS
470 | }
471 |
472 | func createAttributes(theme: SyntaxColorTheme, themeInfo: ThemeInfo, textStorage: NSTextStorage, cachedTokens: [CachedToken], source: String) {
| `- error: 'NSTextStorage' is unavailable in watchOS
473 |
474 | textStorage.beginEditing()
/Applications/Xcode-27.0.0-Release.Candidate.app/Contents/Developer/Platforms/WatchOS.platform/Developer/SDKs/WatchOS27.0.sdk/System/Library/Frameworks/UIKit.framework/Headers/NSTextStorage.h:46:12: note: 'NSTextStorage' has been explicitly marked unavailable here
44 | /// `edited:range:changeInLength:` to get everything else to happen.
45 | UIKIT_EXTERN API_AVAILABLE(macos(10.0), ios(7.0), tvos(9.0), visionos(1.0)) API_UNAVAILABLE(watchos)
46 | @interface NSTextStorage : NSMutableAttributedString <NSSecureCoding>
| `- note: 'NSTextStorage' has been explicitly marked unavailable here
47 | /**************************** Pending edit info ****************************/
48 |
/Users/admin/builder/spi-builder-workspace/Sources/Sourceful/View/SyntaxTextView.swift:117:27: error: 'NSTextStorage' is unavailable in watchOS
115 |
116 | private static func createInnerTextView() -> InnerTextView {
117 | let textStorage = NSTextStorage()
| `- error: 'NSTextStorage' is unavailable in watchOS
118 | let layoutManager = SyntaxTextViewLayoutManager()
119 | #if os(macOS)
/Applications/Xcode-27.0.0-Release.Candidate.app/Contents/Developer/Platforms/WatchOS.platform/Developer/SDKs/WatchOS27.0.sdk/System/Library/Frameworks/UIKit.framework/Headers/NSTextStorage.h:46:12: note: 'NSTextStorage' has been explicitly marked unavailable here
44 | /// `edited:range:changeInLength:` to get everything else to happen.
45 | UIKIT_EXTERN API_AVAILABLE(macos(10.0), ios(7.0), tvos(9.0), visionos(1.0)) API_UNAVAILABLE(watchos)
46 | @interface NSTextStorage : NSMutableAttributedString <NSSecureCoding>
| `- note: 'NSTextStorage' has been explicitly marked unavailable here
47 | /**************************** Pending edit info ****************************/
48 |
/Users/admin/builder/spi-builder-workspace/Sources/Sourceful/View/SyntaxTextView.swift:127:51: error: cannot find 'containerSize' in scope
125 | #endif
126 |
127 | let textContainer = NSTextContainer(size: containerSize)
| `- error: cannot find 'containerSize' in scope
128 |
129 | textContainer.widthTracksTextView = true
/Users/admin/builder/spi-builder-workspace/Sources/Sourceful/View/SyntaxTextView.swift:232:29: error: cannot assign value of type 'SyntaxTextView' to type '(any UITextViewDelegate)?'
230 |
231 | textView.innerDelegate = self
232 | textView.delegate = self
| |- error: cannot assign value of type 'SyntaxTextView' to type '(any UITextViewDelegate)?'
| `- note: add missing conformance to 'UITextViewDelegate' to class 'SyntaxTextView'
233 |
234 | textView.text = ""
/Users/admin/builder/spi-builder-workspace/Sources/Sourceful/View/SyntaxTextView.swift:301:22: error: value of type 'SyntaxTextView' has no member 'refreshColors'
299 | self.textView.text = newValue
300 | self.textView.setNeedsDisplay()
301 | self.refreshColors()
| `- error: value of type 'SyntaxTextView' has no member 'refreshColors'
302 | }
303 | #endif
SwiftCompile normal arm64 /Users/admin/builder/spi-builder-workspace/Sources/Sourceful/View/SyntaxTextView+TextViewDelegate.swift (in target 'Sourceful' from project 'Sourceful')
cd /Users/admin/builder/spi-builder-workspace/.swiftpm/xcode
builtin-SwiftPerFileCompile SyntaxTextView+TextViewDelegate.swift
SwiftCompile normal arm64 /Users/admin/builder/spi-builder-workspace/Sources/Sourceful/View/SyntaxTextView.swift (in target 'Sourceful' from project 'Sourceful')
cd /Users/admin/builder/spi-builder-workspace/.swiftpm/xcode
builtin-SwiftPerFileCompile SyntaxTextView.swift
SwiftCompile normal arm64 Compiling\ Lexer.swift,\ Paragraph.swift,\ RegexLexer.swift /Users/admin/builder/spi-builder-workspace/Sources/Sourceful/Model/Lexer.swift /Users/admin/builder/spi-builder-workspace/Sources/Sourceful/Model/Paragraph.swift /Users/admin/builder/spi-builder-workspace/Sources/Sourceful/Model/RegexLexer.swift (in target 'Sourceful' from project 'Sourceful')
SwiftCompile normal arm64 /Users/admin/builder/spi-builder-workspace/Sources/Sourceful/Model/Lexer.swift (in target 'Sourceful' from project 'Sourceful')
cd /Users/admin/builder/spi-builder-workspace/.swiftpm/xcode
builtin-SwiftPerFileCompile Lexer.swift
SwiftCompile normal arm64 /Users/admin/builder/spi-builder-workspace/Sources/Sourceful/Model/Paragraph.swift (in target 'Sourceful' from project 'Sourceful')
cd /Users/admin/builder/spi-builder-workspace/.swiftpm/xcode
builtin-SwiftPerFileCompile Paragraph.swift
SwiftCompile normal arm64 /Users/admin/builder/spi-builder-workspace/Sources/Sourceful/Model/RegexLexer.swift (in target 'Sourceful' from project 'Sourceful')
cd /Users/admin/builder/spi-builder-workspace/.swiftpm/xcode
builtin-SwiftPerFileCompile RegexLexer.swift
SwiftCompile normal arm64 Compiling\ String+Range.swift,\ Types.swift,\ InnerTextView.swift /Users/admin/builder/spi-builder-workspace/Sources/Sourceful/Util/String+Range.swift /Users/admin/builder/spi-builder-workspace/Sources/Sourceful/Util/Types.swift /Users/admin/builder/spi-builder-workspace/Sources/Sourceful/View/InnerTextView.swift (in target 'Sourceful' from project 'Sourceful')
/Users/admin/builder/spi-builder-workspace/Sources/Sourceful/Util/Types.swift:34:29: error: 'UIView' is unavailable in watchOS
32 | import UIKit
33 |
34 | public typealias _View = UIView
| `- error: 'UIView' is unavailable in watchOS
35 | public typealias ViewController = UIViewController
36 | public typealias Window = UIWindow
/Applications/Xcode-27.0.0-Release.Candidate.app/Contents/Developer/Platforms/WatchOS.platform/Developer/SDKs/WatchOS27.0.sdk/System/Library/Frameworks/UIKit.framework/Headers/UIView.h:152:12: note: 'UIView' has been explicitly marked unavailable here
150 |
151 | UIKIT_EXTERN API_AVAILABLE(ios(2.0)) API_UNAVAILABLE(watchos) NS_SWIFT_UI_ACTOR
152 | @interface UIView : UIResponder <NSCoding, UIAppearance, UIAppearanceContainer, UIDynamicItem, UITraitEnvironment, UICoordinateSpace, UIFocusItem, UIFocusItemContainer, CALayerDelegate>
| `- note: 'UIView' has been explicitly marked unavailable here
153 |
154 | @property(class, nonatomic, readonly) Class layerClass; // default is [CALayer class]. Used when creating the underlying layer for the view.
/Users/admin/builder/spi-builder-workspace/Sources/Sourceful/Util/Types.swift:35:36: error: 'UIViewController' is unavailable in watchOS
33 |
34 | public typealias _View = UIView
35 | public typealias ViewController = UIViewController
| `- error: 'UIViewController' is unavailable in watchOS
36 | public typealias Window = UIWindow
37 | public typealias Control = UIControl
/Applications/Xcode-27.0.0-Release.Candidate.app/Contents/Developer/Platforms/WatchOS.platform/Developer/SDKs/WatchOS27.0.sdk/System/Library/Frameworks/UIKit.framework/Headers/UIViewController.h:104:12: note: 'UIViewController' has been explicitly marked unavailable here
102 |
103 | UIKIT_EXTERN API_AVAILABLE(ios(2.0)) API_UNAVAILABLE(watchos) NS_SWIFT_UI_ACTOR
104 | @interface UIViewController : UIResponder <NSCoding, UIAppearanceContainer, UITraitEnvironment, UIContentContainer, UIFocusEnvironment>
| `- note: 'UIViewController' has been explicitly marked unavailable here
105 |
106 | /*
/Users/admin/builder/spi-builder-workspace/Sources/Sourceful/Util/Types.swift:36:30: error: 'UIWindow' is unavailable in watchOS
34 | public typealias _View = UIView
35 | public typealias ViewController = UIViewController
36 | public typealias Window = UIWindow
| `- error: 'UIWindow' is unavailable in watchOS
37 | public typealias Control = UIControl
38 | public typealias TextView = UITextView
/Applications/Xcode-27.0.0-Release.Candidate.app/Contents/Developer/Platforms/WatchOS.platform/Developer/SDKs/WatchOS27.0.sdk/System/Library/Frameworks/UIKit.framework/Headers/UIWindow.h:22:12: note: 'UIWindow' has been explicitly marked unavailable here
20 |
21 | UIKIT_EXTERN API_AVAILABLE(ios(2.0)) API_UNAVAILABLE(watchos) NS_SWIFT_UI_ACTOR
22 | @interface UIWindow : UIView
| `- note: 'UIWindow' has been explicitly marked unavailable here
23 |
24 | // instantiate a UIWindow already associated with a given UIWindowScene instance, with matching frame & interface orientations.
/Users/admin/builder/spi-builder-workspace/Sources/Sourceful/Util/Types.swift:37:30: error: 'UIControl' is unavailable in watchOS
35 | public typealias ViewController = UIViewController
36 | public typealias Window = UIWindow
37 | public typealias Control = UIControl
| `- error: 'UIControl' is unavailable in watchOS
38 | public typealias TextView = UITextView
39 | public typealias TextField = UITextField
/Applications/Xcode-27.0.0-Release.Candidate.app/Contents/Developer/Platforms/WatchOS.platform/Developer/SDKs/WatchOS27.0.sdk/System/Library/Frameworks/UIKit.framework/Headers/UIControl.h:76:12: note: 'UIControl' has been explicitly marked unavailable here
74 |
75 | UIKIT_EXTERN API_AVAILABLE(ios(2.0)) API_UNAVAILABLE(watchos) NS_SWIFT_UI_ACTOR
76 | @interface UIControl : UIView
| `- note: 'UIControl' has been explicitly marked unavailable here
77 |
78 | - (instancetype)initWithFrame:(CGRect)frame NS_DESIGNATED_INITIALIZER;
/Users/admin/builder/spi-builder-workspace/Sources/Sourceful/Util/Types.swift:38:31: error: 'UITextView' is unavailable in watchOS
36 | public typealias Window = UIWindow
37 | public typealias Control = UIControl
38 | public typealias TextView = UITextView
| `- error: 'UITextView' is unavailable in watchOS
39 | public typealias TextField = UITextField
40 | public typealias Button = UIButton
/Applications/Xcode-27.0.0-Release.Candidate.app/Contents/Developer/Platforms/WatchOS.platform/Developer/SDKs/WatchOS27.0.sdk/System/Library/Frameworks/UIKit.framework/Headers/UITextView.h:223:12: note: 'UITextView' has been explicitly marked unavailable here
221 |
222 | UIKIT_EXTERN API_AVAILABLE(ios(2.0)) API_UNAVAILABLE(watchos) NS_SWIFT_UI_ACTOR
223 | @interface UITextView : UIScrollView <UITextInput, UIContentSizeCategoryAdjusting, UILetterformAwareAdjusting, NSTextViewportLayoutControllerDelegate>
| `- note: 'UITextView' has been explicitly marked unavailable here
224 |
225 | @property(nullable,nonatomic,weak) id<UITextViewDelegate> delegate;
/Users/admin/builder/spi-builder-workspace/Sources/Sourceful/Util/Types.swift:39:32: error: 'UITextField' is unavailable in watchOS
37 | public typealias Control = UIControl
38 | public typealias TextView = UITextView
39 | public typealias TextField = UITextField
| `- error: 'UITextField' is unavailable in watchOS
40 | public typealias Button = UIButton
41 | public typealias Font = UIFont
/Applications/Xcode-27.0.0-Release.Candidate.app/Contents/Developer/Platforms/WatchOS.platform/Developer/SDKs/WatchOS27.0.sdk/System/Library/Frameworks/UIKit.framework/Headers/UITextField.h:53:12: note: 'UITextField' has been explicitly marked unavailable here
51 |
52 | UIKIT_EXTERN API_AVAILABLE(ios(2.0)) API_UNAVAILABLE(watchos) NS_SWIFT_UI_ACTOR
53 | @interface UITextField : UIControl <UITextInput, NSCoding, UIContentSizeCategoryAdjusting, UILetterformAwareAdjusting>
| `- note: 'UITextField' has been explicitly marked unavailable here
54 |
55 | @property(nullable, nonatomic,copy) NSString *text; // default is nil
/Users/admin/builder/spi-builder-workspace/Sources/Sourceful/Util/Types.swift:40:30: error: 'UIButton' is unavailable in watchOS
38 | public typealias TextView = UITextView
39 | public typealias TextField = UITextField
40 | public typealias Button = UIButton
| `- error: 'UIButton' is unavailable in watchOS
41 | public typealias Font = UIFont
42 | public typealias Color = UIColor
/Applications/Xcode-27.0.0-Release.Candidate.app/Contents/Developer/Platforms/WatchOS.platform/Developer/SDKs/WatchOS27.0.sdk/System/Library/Frameworks/UIKit.framework/Headers/UIButton.h:49:12: note: 'UIButton' has been explicitly marked unavailable here
47 |
48 | UIKIT_EXTERN API_AVAILABLE(ios(2.0)) API_UNAVAILABLE(watchos) NS_SWIFT_UI_ACTOR
49 | @interface UIButton : UIControl <NSCoding>
| `- note: 'UIButton' has been explicitly marked unavailable here
50 |
51 | - (instancetype)initWithFrame:(CGRect)frame NS_DESIGNATED_INITIALIZER;
/Users/admin/builder/spi-builder-workspace/Sources/Sourceful/Util/Types.swift:43:32: error: 'UIStackView' is unavailable in watchOS
41 | public typealias Font = UIFont
42 | public typealias Color = UIColor
43 | public typealias StackView = UIStackView
| `- error: 'UIStackView' is unavailable in watchOS
44 | public typealias Image = UIImage
45 | public typealias BezierPath = UIBezierPath
/Applications/Xcode-27.0.0-Release.Candidate.app/Contents/Developer/Platforms/WatchOS.platform/Developer/SDKs/WatchOS27.0.sdk/System/Library/Frameworks/UIKit.framework/Headers/UIStackView.h:124:12: note: 'UIStackView' has been explicitly marked unavailable here
122 | NS_HEADER_AUDIT_BEGIN(nullability, sendability)
123 | UIKIT_EXTERN API_AVAILABLE(ios(9.0)) API_UNAVAILABLE(watchos) NS_SWIFT_UI_ACTOR
124 | @interface UIStackView : UIView
| `- note: 'UIStackView' has been explicitly marked unavailable here
125 |
126 | - (instancetype)initWithFrame:(CGRect)frame NS_DESIGNATED_INITIALIZER;
/Users/admin/builder/spi-builder-workspace/Sources/Sourceful/Util/Types.swift:46:33: error: 'UIScrollView' is unavailable in watchOS
44 | public typealias Image = UIImage
45 | public typealias BezierPath = UIBezierPath
46 | public typealias ScrollView = UIScrollView
| `- error: 'UIScrollView' is unavailable in watchOS
47 | public typealias Screen = UIScreen
48 |
/Applications/Xcode-27.0.0-Release.Candidate.app/Contents/Developer/Platforms/WatchOS.platform/Developer/SDKs/WatchOS27.0.sdk/System/Library/Frameworks/UIKit.framework/Headers/UIScrollView.h:87:12: note: 'UIScrollView' has been explicitly marked unavailable here
85 |
86 | UIKIT_EXTERN API_AVAILABLE(ios(2.0)) API_UNAVAILABLE(watchos) NS_SWIFT_UI_ACTOR
87 | @interface UIScrollView : UIView <NSCoding, UIFocusItemScrollableContainer>
| `- note: 'UIScrollView' has been explicitly marked unavailable here
88 |
89 | @property(nonatomic) CGPoint contentOffset; // default CGPointZero
SwiftCompile normal arm64 /Users/admin/builder/spi-builder-workspace/Sources/Sourceful/Util/String+Range.swift (in target 'Sourceful' from project 'Sourceful')
cd /Users/admin/builder/spi-builder-workspace/.swiftpm/xcode
builtin-SwiftPerFileCompile String+Range.swift
SwiftCompile normal arm64 /Users/admin/builder/spi-builder-workspace/Sources/Sourceful/Util/Types.swift (in target 'Sourceful' from project 'Sourceful')
cd /Users/admin/builder/spi-builder-workspace/.swiftpm/xcode
builtin-SwiftPerFileCompile Types.swift
SwiftCompile normal arm64 /Users/admin/builder/spi-builder-workspace/Sources/Sourceful/View/InnerTextView.swift (in target 'Sourceful' from project 'Sourceful')
cd /Users/admin/builder/spi-builder-workspace/.swiftpm/xcode
builtin-SwiftPerFileCompile InnerTextView.swift
SwiftCompile normal arm64 Compiling\ SourceCodeTheme.swift,\ SourceCodeToken.swift,\ SourceCodeTextEditor.swift /Users/admin/builder/spi-builder-workspace/Sources/Sourceful/SourceCodeTheme.swift /Users/admin/builder/spi-builder-workspace/Sources/Sourceful/SourceCodeToken.swift /Users/admin/builder/spi-builder-workspace/Sources/Sourceful/SwiftUI/SourceCodeTextEditor.swift (in target 'Sourceful' from project 'Sourceful')
SwiftCompile normal arm64 /Users/admin/builder/spi-builder-workspace/Sources/Sourceful/SourceCodeTheme.swift (in target 'Sourceful' from project 'Sourceful')
cd /Users/admin/builder/spi-builder-workspace/.swiftpm/xcode
builtin-SwiftPerFileCompile SourceCodeTheme.swift
SwiftCompile normal arm64 /Users/admin/builder/spi-builder-workspace/Sources/Sourceful/SourceCodeToken.swift (in target 'Sourceful' from project 'Sourceful')
cd /Users/admin/builder/spi-builder-workspace/.swiftpm/xcode
builtin-SwiftPerFileCompile SourceCodeToken.swift
SwiftCompile normal arm64 /Users/admin/builder/spi-builder-workspace/Sources/Sourceful/SwiftUI/SourceCodeTextEditor.swift (in target 'Sourceful' from project 'Sourceful')
cd /Users/admin/builder/spi-builder-workspace/.swiftpm/xcode
builtin-SwiftPerFileCompile SourceCodeTextEditor.swift
SwiftCompile normal arm64 Compiling\ SyntaxColorTheme.swift,\ Token.swift,\ SourceCodeRegexLexer.swift /Users/admin/builder/spi-builder-workspace/Sources/Sourceful/Model/SyntaxColorTheme.swift /Users/admin/builder/spi-builder-workspace/Sources/Sourceful/Model/Token.swift /Users/admin/builder/spi-builder-workspace/Sources/Sourceful/SourceCodeRegexLexer.swift (in target 'Sourceful' from project 'Sourceful')
SwiftCompile normal arm64 /Users/admin/builder/spi-builder-workspace/Sources/Sourceful/Model/SyntaxColorTheme.swift (in target 'Sourceful' from project 'Sourceful')
cd /Users/admin/builder/spi-builder-workspace/.swiftpm/xcode
builtin-SwiftPerFileCompile SyntaxColorTheme.swift
SwiftCompile normal arm64 /Users/admin/builder/spi-builder-workspace/Sources/Sourceful/Model/Token.swift (in target 'Sourceful' from project 'Sourceful')
cd /Users/admin/builder/spi-builder-workspace/.swiftpm/xcode
builtin-SwiftPerFileCompile Token.swift
SwiftCompile normal arm64 /Users/admin/builder/spi-builder-workspace/Sources/Sourceful/SourceCodeRegexLexer.swift (in target 'Sourceful' from project 'Sourceful')
cd /Users/admin/builder/spi-builder-workspace/.swiftpm/xcode
builtin-SwiftPerFileCompile SourceCodeRegexLexer.swift
SwiftCompile normal arm64 Compiling\ SyntaxTextViewLayoutManager.swift,\ TextViewWrapperView.swift /Users/admin/builder/spi-builder-workspace/Sources/Sourceful/View/SyntaxTextViewLayoutManager.swift /Users/admin/builder/spi-builder-workspace/Sources/Sourceful/View/TextViewWrapperView.swift (in target 'Sourceful' from project 'Sourceful')
/Users/admin/builder/spi-builder-workspace/Sources/Sourceful/View/SyntaxTextViewLayoutManager.swift:29:36: error: 'NSLayoutManager' is unavailable in watchOS
27 | }
28 |
29 | class SyntaxTextViewLayoutManager: NSLayoutManager {
| `- error: 'NSLayoutManager' is unavailable in watchOS
30 |
31 | override func drawGlyphs(forGlyphRange glyphsToShow: NSRange, at origin: CGPoint) {
/Applications/Xcode-27.0.0-Release.Candidate.app/Contents/Developer/Platforms/WatchOS.platform/Developer/SDKs/WatchOS27.0.sdk/System/Library/Frameworks/UIKit.framework/Headers/NSLayoutManager.h:58:12: note: 'NSLayoutManager' has been explicitly marked unavailable here
56 |
57 | UIKIT_EXTERN API_AVAILABLE(macos(10.0), ios(7.0)) API_UNAVAILABLE(watchos)
58 | @interface NSLayoutManager : NSObject <NSSecureCoding>
| `- note: 'NSLayoutManager' has been explicitly marked unavailable here
59 |
60 | /**************************** Initialization ****************************/
SwiftCompile normal arm64 /Users/admin/builder/spi-builder-workspace/Sources/Sourceful/View/SyntaxTextViewLayoutManager.swift (in target 'Sourceful' from project 'Sourceful')
cd /Users/admin/builder/spi-builder-workspace/.swiftpm/xcode
builtin-SwiftPerFileCompile SyntaxTextViewLayoutManager.swift
SwiftCompile normal arm64 /Users/admin/builder/spi-builder-workspace/Sources/Sourceful/View/TextViewWrapperView.swift (in target 'Sourceful' from project 'Sourceful')
cd /Users/admin/builder/spi-builder-workspace/.swiftpm/xcode
builtin-SwiftPerFileCompile TextViewWrapperView.swift
SwiftCompile normal arm64 Compiling\ OCamlLexer.swift,\ Python3Lexer.swift,\ SwiftLexer.swift /Users/admin/builder/spi-builder-workspace/Sources/Sourceful/Languages/OCamlLexer.swift /Users/admin/builder/spi-builder-workspace/Sources/Sourceful/Languages/Python3Lexer.swift /Users/admin/builder/spi-builder-workspace/Sources/Sourceful/Languages/SwiftLexer.swift (in target 'Sourceful' from project 'Sourceful')
SwiftCompile normal arm64 /Users/admin/builder/spi-builder-workspace/Sources/Sourceful/Languages/OCamlLexer.swift (in target 'Sourceful' from project 'Sourceful')
cd /Users/admin/builder/spi-builder-workspace/.swiftpm/xcode
builtin-SwiftPerFileCompile OCamlLexer.swift
SwiftCompile normal arm64 /Users/admin/builder/spi-builder-workspace/Sources/Sourceful/Languages/Python3Lexer.swift (in target 'Sourceful' from project 'Sourceful')
cd /Users/admin/builder/spi-builder-workspace/.swiftpm/xcode
builtin-SwiftPerFileCompile Python3Lexer.swift
SwiftCompile normal arm64 /Users/admin/builder/spi-builder-workspace/Sources/Sourceful/Languages/SwiftLexer.swift (in target 'Sourceful' from project 'Sourceful')
cd /Users/admin/builder/spi-builder-workspace/.swiftpm/xcode
builtin-SwiftPerFileCompile SwiftLexer.swift
SwiftExplicitDependencyGeneratePcm arm64_32 /Users/admin/builder/spi-builder-workspace/.derivedData/SDKExplicitPrecompiledModules/SwiftUI-9AYG9OCT5VOJK7V4MX1WYR86T.pcm
PruneExplicitPrecompiledModules /Users/admin/builder/spi-builder-workspace/.derivedData/Build/Intermediates.noindex/ExplicitPrecompiledModules
PruneExplicitPrecompiledModules /Users/admin/builder/spi-builder-workspace/.derivedData/Build/Intermediates.noindex/SwiftExplicitPrecompiledModules
PruneExplicitPrecompiledModules /Users/admin/builder/spi-builder-workspace/.derivedData/SDKExplicitPrecompiledModules
2026-09-20 08:04:16.996 xcodebuild[644:4111] [MT] IDERunDestination: Supported platforms for the buildables in the current scheme is empty.
** BUILD FAILED **
The following build commands failed:
SwiftCompile normal arm64 (in target 'Sourceful' from project 'Sourceful')
SwiftEmitModule normal arm64 Emitting\ module\ for\ Sourceful (in target 'Sourceful' from project 'Sourceful')
Building workspace Sourceful with scheme Sourceful
(3 failures)
Command line invocation:
/Applications/Xcode-27.0.0-Release.Candidate.app/Contents/Developer/usr/bin/xcodebuild -IDEClonedSourcePackagesDirPathOverride=/Users/admin/builder/spi-builder-workspace/.dependencies -resolvePackageDependencies
Resolve Package Graph
Resolved source packages:
Sourceful: /Users/admin/builder/spi-builder-workspace
resolved source packages: Sourceful
2026-09-20 08:04:23.793 xcodebuild[788:4659] [MT] IDERunDestination: Supported platforms for the buildables in the current scheme is empty.
{
"dependencies" : [
],
"manifest_display_name" : "Sourceful",
"name" : "Sourceful",
"path" : "/Users/admin/builder/spi-builder-workspace",
"platforms" : [
{
"name" : "macos",
"version" : "10.15"
},
{
"name" : "ios",
"version" : "13.0"
}
],
"products" : [
{
"name" : "Sourceful",
"targets" : [
"Sourceful"
],
"type" : {
"library" : [
"automatic"
]
}
}
],
"targets" : [
{
"c99name" : "SourcefulTests",
"module_type" : "SwiftTarget",
"name" : "SourcefulTests",
"path" : "Tests/SourcefulTests",
"sources" : [
"SourcefulTests.swift",
"XCTestManifests.swift"
],
"target_dependencies" : [
"Sourceful"
],
"type" : "test"
},
{
"c99name" : "Sourceful",
"module_type" : "SwiftTarget",
"name" : "Sourceful",
"path" : "Sources/Sourceful",
"product_memberships" : [
"Sourceful"
],
"sources" : [
"ASTVisualizer.swift",
"Languages/JavaLexer.swift",
"Languages/JavaScriptLexer.swift",
"Languages/OCamlLexer.swift",
"Languages/Python3Lexer.swift",
"Languages/SwiftLexer.swift",
"Model/Lexer.swift",
"Model/Paragraph.swift",
"Model/RegexLexer.swift",
"Model/SyntaxColorTheme.swift",
"Model/Token.swift",
"SourceCodeRegexLexer.swift",
"SourceCodeTheme.swift",
"SourceCodeToken.swift",
"SwiftUI/SourceCodeTextEditor.swift",
"Themes/DefaultSourceCodeTheme.swift",
"Util/NSMutableAttributedString+Tokens.swift",
"Util/NSTextView+UIKit.swift",
"Util/String+Range.swift",
"Util/Types.swift",
"View/InnerTextView.swift",
"View/LineNumberLayoutManager.swift",
"View/Paragraphs.swift",
"View/SyntaxTextView+TextViewDelegate.swift",
"View/SyntaxTextView.swift",
"View/SyntaxTextViewLayoutManager.swift",
"View/TextViewWrapperView.swift"
],
"type" : "library"
}
],
"tools_version" : "5.1"
}
{
"workspace" : {
"name" : "Sourceful",
"schemes" : [
"Sourceful"
]
}
}
2026-09-20 08:04:24.973 xcodebuild[796:4742] [MT] IDERunDestination: Supported platforms for the buildables in the current scheme is empty.
Running build ...
env DEVELOPER_DIR=/Applications/Xcode-27.0.0-Release.Candidate.app xcrun xcodebuild -IDEClonedSourcePackagesDirPathOverride=$PWD/.dependencies -skipMacroValidation -skipPackagePluginValidation -derivedDataPath $PWD/.derivedData build -scheme Sourceful -destination generic/platform=watchOS
Command line invocation:
/Applications/Xcode-27.0.0-Release.Candidate.app/Contents/Developer/usr/bin/xcodebuild -IDEClonedSourcePackagesDirPathOverride=/Users/admin/builder/spi-builder-workspace/.dependencies -skipMacroValidation -skipPackagePluginValidation -derivedDataPath /Users/admin/builder/spi-builder-workspace/.derivedData build -scheme Sourceful -destination generic/platform=watchOS
Resolve Package Graph
Resolved source packages:
Sourceful: /Users/admin/builder/spi-builder-workspace
ComputePackagePrebuildTargetDependencyGraph
Prepare packages
CreateBuildRequest
SendProjectDescription
CreateBuildOperation
ComputeTargetDependencyGraph
note: Building targets in dependency order
note: Target dependency graph (2 targets)
Target 'Sourceful-product' in project 'Sourceful'
➜ Explicit dependency on target 'Sourceful' in project 'Sourceful'
Target 'Sourceful' in project 'Sourceful' (no dependencies)
GatherProvisioningInputs
CreateBuildDescription
ClangStatCache /Applications/Xcode-27.0.0-Release.Candidate.app/Contents/Developer/Toolchains/XcodeDefault.xctoolchain/usr/bin/clang-stat-cache /Applications/Xcode-27.0.0-Release.Candidate.app/Contents/Developer/Platforms/WatchOS.platform/Developer/SDKs/WatchOS27.0.sdk /Users/admin/builder/spi-builder-workspace/.derivedData/SDKStatCaches.noindex/watchos27.0-24R360-e829b21a6f8c9b70876ba0858053c04477534ef55a1706bf4c1112bbb242f0a2.sdkstatcache
cd /Users/admin/builder/spi-builder-workspace/.swiftpm/xcode
/Applications/Xcode-27.0.0-Release.Candidate.app/Contents/Developer/Toolchains/XcodeDefault.xctoolchain/usr/bin/clang-stat-cache /Applications/Xcode-27.0.0-Release.Candidate.app/Contents/Developer/Platforms/WatchOS.platform/Developer/SDKs/WatchOS27.0.sdk -o /Users/admin/builder/spi-builder-workspace/.derivedData/SDKStatCaches.noindex/watchos27.0-24R360-e829b21a6f8c9b70876ba0858053c04477534ef55a1706bf4c1112bbb242f0a2.sdkstatcache
SwiftDriver Sourceful normal arm64_32 com.apple.xcode.tools.swift.compiler (in target 'Sourceful' from project 'Sourceful')
cd /Users/admin/builder/spi-builder-workspace/.swiftpm/xcode
builtin-SwiftDriver -- /Applications/Xcode-27.0.0-Release.Candidate.app/Contents/Developer/Toolchains/XcodeDefault.xctoolchain/usr/bin/swiftc -parse-as-library -module-name Sourceful -Onone @/Users/admin/builder/spi-builder-workspace/.derivedData/Build/Intermediates.noindex/Sourceful.build/Debug-watchos/Sourceful-t.build/Objects-normal/arm64_32/Sourceful.SwiftFileList -DSWIFT_PACKAGE -DDEBUG -DSWIFT_MODULE_RESOURCE_BUNDLE_UNAVAILABLE -DXcode -plugin-path /Applications/Xcode-27.0.0-Release.Candidate.app/Contents/Developer/Toolchains/XcodeDefault.xctoolchain/usr/lib/swift/host/plugins/testing -enable-experimental-feature DebugDescriptionMacro -sdk /Applications/Xcode-27.0.0-Release.Candidate.app/Contents/Developer/Platforms/WatchOS.platform/Developer/SDKs/WatchOS27.0.sdk -target arm64_32-apple-watchos9.0 -g -module-cache-path /Users/admin/builder/spi-builder-workspace/.derivedData/ModuleCache.noindex -Xfrontend -serialize-debugging-options -profile-coverage-mapping -profile-generate -enable-testing -index-store-path /Users/admin/builder/spi-builder-workspace/.derivedData/Index.noindex/DataStore -Xcc -D_LIBCPP_HARDENING_MODE\=_LIBCPP_HARDENING_MODE_DEBUG -swift-version 5 -I /Users/admin/builder/spi-builder-workspace/.derivedData/Build/Products/Debug-watchos -Isystem /Applications/Xcode-27.0.0-Release.Candidate.app/Contents/Developer/Platforms/WatchOS.platform/Developer/usr/lib -F /Users/admin/builder/spi-builder-workspace/.derivedData/Build/Products/Debug-watchos -F /Applications/Xcode-27.0.0-Release.Candidate.app/Contents/Developer/Platforms/WatchOS.platform/Developer/Library/Frameworks -F /Applications/Xcode-27.0.0-Release.Candidate.app/Contents/Developer/Platforms/WatchOS.platform/Developer/SDKs/WatchOS27.0.sdk/Developer/Library/Frameworks -c -j10 -enable-batch-mode -incremental -Xcc -ivfsstatcache -Xcc /Users/admin/builder/spi-builder-workspace/.derivedData/SDKStatCaches.noindex/watchos27.0-24R360-e829b21a6f8c9b70876ba0858053c04477534ef55a1706bf4c1112bbb242f0a2.sdkstatcache -output-file-map /Users/admin/builder/spi-builder-workspace/.derivedData/Build/Intermediates.noindex/Sourceful.build/Debug-watchos/Sourceful-t.build/Objects-normal/arm64_32/Sourceful-OutputFileMap.json -save-temps -no-color-diagnostics -explicit-module-build -module-cache-path /Users/admin/builder/spi-builder-workspace/.derivedData/Build/Intermediates.noindex/SwiftExplicitPrecompiledModules -clang-scanner-module-cache-path /Users/admin/builder/spi-builder-workspace/.derivedData/ModuleCache.noindex -sdk-module-cache-path /Users/admin/builder/spi-builder-workspace/.derivedData/SDKExplicitPrecompiledModules -emit-dependencies -emit-module -emit-module-path /Users/admin/builder/spi-builder-workspace/.derivedData/Build/Intermediates.noindex/Sourceful.build/Debug-watchos/Sourceful-t.build/Objects-normal/arm64_32/Sourceful.swiftmodule -serialize-diagnostics -dependency-scan-serialize-diagnostics-path /Users/admin/builder/spi-builder-workspace/.derivedData/Build/Intermediates.noindex/Sourceful.build/Debug-watchos/Sourceful-t.build/Objects-normal/arm64_32/Sourceful-dependency-scan.dia -validate-clang-modules-once -clang-build-session-file /Users/admin/builder/spi-builder-workspace/.derivedData/ModuleCache.noindex/Session.modulevalidation -Xcc -fmodules-prune-interval\=86400 -Xcc -fmodules-prune-after\=345600 -emit-const-values -const-gather-protocols-list /Users/admin/builder/spi-builder-workspace/.derivedData/Build/Intermediates.noindex/Sourceful.build/Debug-watchos/Sourceful-t.build/Objects-normal/arm64_32/Sourceful_const_extract_protocols.json -Xcc -I/Users/admin/builder/spi-builder-workspace/.derivedData/Build/Products/Debug-watchos/include -Xcc -I/Users/admin/builder/spi-builder-workspace/.derivedData/Build/Intermediates.noindex/Sourceful.build/Debug-watchos/Sourceful-t.build/DerivedSources-normal/arm64_32 -Xcc -I/Users/admin/builder/spi-builder-workspace/.derivedData/Build/Intermediates.noindex/Sourceful.build/Debug-watchos/Sourceful-t.build/DerivedSources/arm64_32 -Xcc -I/Users/admin/builder/spi-builder-workspace/.derivedData/Build/Intermediates.noindex/Sourceful.build/Debug-watchos/Sourceful-t.build/DerivedSources -Xcc -DSWIFT_PACKAGE -Xcc -DDEBUG\=1 -emit-objc-header -emit-objc-header-path /Users/admin/builder/spi-builder-workspace/.derivedData/Build/Intermediates.noindex/Sourceful.build/Debug-watchos/Sourceful-t.build/Objects-normal/arm64_32/Sourceful-Swift.h -working-directory /Users/admin/builder/spi-builder-workspace/.swiftpm/xcode -experimental-emit-module-separately -disable-cmo
SwiftDriver Sourceful normal arm64 com.apple.xcode.tools.swift.compiler (in target 'Sourceful' from project 'Sourceful')
cd /Users/admin/builder/spi-builder-workspace/.swiftpm/xcode
builtin-SwiftDriver -- /Applications/Xcode-27.0.0-Release.Candidate.app/Contents/Developer/Toolchains/XcodeDefault.xctoolchain/usr/bin/swiftc -parse-as-library -module-name Sourceful -Onone @/Users/admin/builder/spi-builder-workspace/.derivedData/Build/Intermediates.noindex/Sourceful.build/Debug-watchos/Sourceful-t.build/Objects-normal/arm64/Sourceful.SwiftFileList -DSWIFT_PACKAGE -DDEBUG -DSWIFT_MODULE_RESOURCE_BUNDLE_UNAVAILABLE -DXcode -plugin-path /Applications/Xcode-27.0.0-Release.Candidate.app/Contents/Developer/Toolchains/XcodeDefault.xctoolchain/usr/lib/swift/host/plugins/testing -enable-experimental-feature DebugDescriptionMacro -sdk /Applications/Xcode-27.0.0-Release.Candidate.app/Contents/Developer/Platforms/WatchOS.platform/Developer/SDKs/WatchOS27.0.sdk -target arm64-apple-watchos9.0 -g -module-cache-path /Users/admin/builder/spi-builder-workspace/.derivedData/ModuleCache.noindex -Xfrontend -serialize-debugging-options -profile-coverage-mapping -profile-generate -enable-testing -index-store-path /Users/admin/builder/spi-builder-workspace/.derivedData/Index.noindex/DataStore -Xcc -D_LIBCPP_HARDENING_MODE\=_LIBCPP_HARDENING_MODE_DEBUG -swift-version 5 -I /Users/admin/builder/spi-builder-workspace/.derivedData/Build/Products/Debug-watchos -Isystem /Applications/Xcode-27.0.0-Release.Candidate.app/Contents/Developer/Platforms/WatchOS.platform/Developer/usr/lib -F /Users/admin/builder/spi-builder-workspace/.derivedData/Build/Products/Debug-watchos -F /Applications/Xcode-27.0.0-Release.Candidate.app/Contents/Developer/Platforms/WatchOS.platform/Developer/Library/Frameworks -F /Applications/Xcode-27.0.0-Release.Candidate.app/Contents/Developer/Platforms/WatchOS.platform/Developer/SDKs/WatchOS27.0.sdk/Developer/Library/Frameworks -c -j10 -enable-batch-mode -incremental -Xcc -ivfsstatcache -Xcc /Users/admin/builder/spi-builder-workspace/.derivedData/SDKStatCaches.noindex/watchos27.0-24R360-e829b21a6f8c9b70876ba0858053c04477534ef55a1706bf4c1112bbb242f0a2.sdkstatcache -output-file-map /Users/admin/builder/spi-builder-workspace/.derivedData/Build/Intermediates.noindex/Sourceful.build/Debug-watchos/Sourceful-t.build/Objects-normal/arm64/Sourceful-OutputFileMap.json -save-temps -no-color-diagnostics -explicit-module-build -module-cache-path /Users/admin/builder/spi-builder-workspace/.derivedData/Build/Intermediates.noindex/SwiftExplicitPrecompiledModules -clang-scanner-module-cache-path /Users/admin/builder/spi-builder-workspace/.derivedData/ModuleCache.noindex -sdk-module-cache-path /Users/admin/builder/spi-builder-workspace/.derivedData/SDKExplicitPrecompiledModules -emit-dependencies -emit-module -emit-module-path /Users/admin/builder/spi-builder-workspace/.derivedData/Build/Intermediates.noindex/Sourceful.build/Debug-watchos/Sourceful-t.build/Objects-normal/arm64/Sourceful.swiftmodule -serialize-diagnostics -dependency-scan-serialize-diagnostics-path /Users/admin/builder/spi-builder-workspace/.derivedData/Build/Intermediates.noindex/Sourceful.build/Debug-watchos/Sourceful-t.build/Objects-normal/arm64/Sourceful-dependency-scan.dia -validate-clang-modules-once -clang-build-session-file /Users/admin/builder/spi-builder-workspace/.derivedData/ModuleCache.noindex/Session.modulevalidation -Xcc -fmodules-prune-interval\=86400 -Xcc -fmodules-prune-after\=345600 -emit-const-values -const-gather-protocols-list /Users/admin/builder/spi-builder-workspace/.derivedData/Build/Intermediates.noindex/Sourceful.build/Debug-watchos/Sourceful-t.build/Objects-normal/arm64/Sourceful_const_extract_protocols.json -Xcc -I/Users/admin/builder/spi-builder-workspace/.derivedData/Build/Products/Debug-watchos/include -Xcc -I/Users/admin/builder/spi-builder-workspace/.derivedData/Build/Intermediates.noindex/Sourceful.build/Debug-watchos/Sourceful-t.build/DerivedSources-normal/arm64 -Xcc -I/Users/admin/builder/spi-builder-workspace/.derivedData/Build/Intermediates.noindex/Sourceful.build/Debug-watchos/Sourceful-t.build/DerivedSources/arm64 -Xcc -I/Users/admin/builder/spi-builder-workspace/.derivedData/Build/Intermediates.noindex/Sourceful.build/Debug-watchos/Sourceful-t.build/DerivedSources -Xcc -DSWIFT_PACKAGE -Xcc -DDEBUG\=1 -emit-objc-header -emit-objc-header-path /Users/admin/builder/spi-builder-workspace/.derivedData/Build/Intermediates.noindex/Sourceful.build/Debug-watchos/Sourceful-t.build/Objects-normal/arm64/Sourceful-Swift.h -working-directory /Users/admin/builder/spi-builder-workspace/.swiftpm/xcode -experimental-emit-module-separately -disable-cmo
SwiftCompile normal arm64 Compiling\ OCamlLexer.swift,\ Python3Lexer.swift,\ SwiftLexer.swift /Users/admin/builder/spi-builder-workspace/Sources/Sourceful/Languages/OCamlLexer.swift /Users/admin/builder/spi-builder-workspace/Sources/Sourceful/Languages/Python3Lexer.swift /Users/admin/builder/spi-builder-workspace/Sources/Sourceful/Languages/SwiftLexer.swift (in target 'Sourceful' from project 'Sourceful')
SwiftCompile normal arm64 /Users/admin/builder/spi-builder-workspace/Sources/Sourceful/Languages/OCamlLexer.swift (in target 'Sourceful' from project 'Sourceful')
cd /Users/admin/builder/spi-builder-workspace/.swiftpm/xcode
builtin-SwiftPerFileCompile OCamlLexer.swift
SwiftCompile normal arm64 /Users/admin/builder/spi-builder-workspace/Sources/Sourceful/Languages/Python3Lexer.swift (in target 'Sourceful' from project 'Sourceful')
cd /Users/admin/builder/spi-builder-workspace/.swiftpm/xcode
builtin-SwiftPerFileCompile Python3Lexer.swift
SwiftCompile normal arm64 /Users/admin/builder/spi-builder-workspace/Sources/Sourceful/Languages/SwiftLexer.swift (in target 'Sourceful' from project 'Sourceful')
cd /Users/admin/builder/spi-builder-workspace/.swiftpm/xcode
builtin-SwiftPerFileCompile SwiftLexer.swift
SwiftCompile normal arm64 Compiling\ ASTVisualizer.swift,\ JavaLexer.swift,\ JavaScriptLexer.swift /Users/admin/builder/spi-builder-workspace/Sources/Sourceful/ASTVisualizer.swift /Users/admin/builder/spi-builder-workspace/Sources/Sourceful/Languages/JavaLexer.swift /Users/admin/builder/spi-builder-workspace/Sources/Sourceful/Languages/JavaScriptLexer.swift (in target 'Sourceful' from project 'Sourceful')
SwiftCompile normal arm64 /Users/admin/builder/spi-builder-workspace/Sources/Sourceful/ASTVisualizer.swift (in target 'Sourceful' from project 'Sourceful')
cd /Users/admin/builder/spi-builder-workspace/.swiftpm/xcode
builtin-SwiftPerFileCompile ASTVisualizer.swift
SwiftCompile normal arm64 /Users/admin/builder/spi-builder-workspace/Sources/Sourceful/Languages/JavaLexer.swift (in target 'Sourceful' from project 'Sourceful')
cd /Users/admin/builder/spi-builder-workspace/.swiftpm/xcode
builtin-SwiftPerFileCompile JavaLexer.swift
SwiftCompile normal arm64 /Users/admin/builder/spi-builder-workspace/Sources/Sourceful/Languages/JavaScriptLexer.swift (in target 'Sourceful' from project 'Sourceful')
cd /Users/admin/builder/spi-builder-workspace/.swiftpm/xcode
builtin-SwiftPerFileCompile JavaScriptLexer.swift
SwiftCompile normal arm64 Compiling\ String+Range.swift,\ Types.swift,\ InnerTextView.swift /Users/admin/builder/spi-builder-workspace/Sources/Sourceful/Util/String+Range.swift /Users/admin/builder/spi-builder-workspace/Sources/Sourceful/Util/Types.swift /Users/admin/builder/spi-builder-workspace/Sources/Sourceful/View/InnerTextView.swift (in target 'Sourceful' from project 'Sourceful')
/Users/admin/builder/spi-builder-workspace/Sources/Sourceful/Util/Types.swift:34:29: error: 'UIView' is unavailable in watchOS
32 | import UIKit
33 |
34 | public typealias _View = UIView
| `- error: 'UIView' is unavailable in watchOS
35 | public typealias ViewController = UIViewController
36 | public typealias Window = UIWindow
/Applications/Xcode-27.0.0-Release.Candidate.app/Contents/Developer/Platforms/WatchOS.platform/Developer/SDKs/WatchOS27.0.sdk/System/Library/Frameworks/UIKit.framework/Headers/UIView.h:152:12: note: 'UIView' has been explicitly marked unavailable here
150 |
151 | UIKIT_EXTERN API_AVAILABLE(ios(2.0)) API_UNAVAILABLE(watchos) NS_SWIFT_UI_ACTOR
152 | @interface UIView : UIResponder <NSCoding, UIAppearance, UIAppearanceContainer, UIDynamicItem, UITraitEnvironment, UICoordinateSpace, UIFocusItem, UIFocusItemContainer, CALayerDelegate>
| `- note: 'UIView' has been explicitly marked unavailable here
153 |
154 | @property(class, nonatomic, readonly) Class layerClass; // default is [CALayer class]. Used when creating the underlying layer for the view.
/Users/admin/builder/spi-builder-workspace/Sources/Sourceful/Util/Types.swift:35:36: error: 'UIViewController' is unavailable in watchOS
33 |
34 | public typealias _View = UIView
35 | public typealias ViewController = UIViewController
| `- error: 'UIViewController' is unavailable in watchOS
36 | public typealias Window = UIWindow
37 | public typealias Control = UIControl
/Applications/Xcode-27.0.0-Release.Candidate.app/Contents/Developer/Platforms/WatchOS.platform/Developer/SDKs/WatchOS27.0.sdk/System/Library/Frameworks/UIKit.framework/Headers/UIViewController.h:104:12: note: 'UIViewController' has been explicitly marked unavailable here
102 |
103 | UIKIT_EXTERN API_AVAILABLE(ios(2.0)) API_UNAVAILABLE(watchos) NS_SWIFT_UI_ACTOR
104 | @interface UIViewController : UIResponder <NSCoding, UIAppearanceContainer, UITraitEnvironment, UIContentContainer, UIFocusEnvironment>
| `- note: 'UIViewController' has been explicitly marked unavailable here
105 |
106 | /*
/Users/admin/builder/spi-builder-workspace/Sources/Sourceful/Util/Types.swift:36:30: error: 'UIWindow' is unavailable in watchOS
34 | public typealias _View = UIView
35 | public typealias ViewController = UIViewController
36 | public typealias Window = UIWindow
| `- error: 'UIWindow' is unavailable in watchOS
37 | public typealias Control = UIControl
38 | public typealias TextView = UITextView
/Applications/Xcode-27.0.0-Release.Candidate.app/Contents/Developer/Platforms/WatchOS.platform/Developer/SDKs/WatchOS27.0.sdk/System/Library/Frameworks/UIKit.framework/Headers/UIWindow.h:22:12: note: 'UIWindow' has been explicitly marked unavailable here
20 |
21 | UIKIT_EXTERN API_AVAILABLE(ios(2.0)) API_UNAVAILABLE(watchos) NS_SWIFT_UI_ACTOR
22 | @interface UIWindow : UIView
| `- note: 'UIWindow' has been explicitly marked unavailable here
23 |
24 | // instantiate a UIWindow already associated with a given UIWindowScene instance, with matching frame & interface orientations.
/Users/admin/builder/spi-builder-workspace/Sources/Sourceful/Util/Types.swift:37:30: error: 'UIControl' is unavailable in watchOS
35 | public typealias ViewController = UIViewController
36 | public typealias Window = UIWindow
37 | public typealias Control = UIControl
| `- error: 'UIControl' is unavailable in watchOS
38 | public typealias TextView = UITextView
39 | public typealias TextField = UITextField
/Applications/Xcode-27.0.0-Release.Candidate.app/Contents/Developer/Platforms/WatchOS.platform/Developer/SDKs/WatchOS27.0.sdk/System/Library/Frameworks/UIKit.framework/Headers/UIControl.h:76:12: note: 'UIControl' has been explicitly marked unavailable here
74 |
75 | UIKIT_EXTERN API_AVAILABLE(ios(2.0)) API_UNAVAILABLE(watchos) NS_SWIFT_UI_ACTOR
76 | @interface UIControl : UIView
| `- note: 'UIControl' has been explicitly marked unavailable here
77 |
78 | - (instancetype)initWithFrame:(CGRect)frame NS_DESIGNATED_INITIALIZER;
/Users/admin/builder/spi-builder-workspace/Sources/Sourceful/Util/Types.swift:38:31: error: 'UITextView' is unavailable in watchOS
36 | public typealias Window = UIWindow
37 | public typealias Control = UIControl
38 | public typealias TextView = UITextView
| `- error: 'UITextView' is unavailable in watchOS
39 | public typealias TextField = UITextField
40 | public typealias Button = UIButton
/Applications/Xcode-27.0.0-Release.Candidate.app/Contents/Developer/Platforms/WatchOS.platform/Developer/SDKs/WatchOS27.0.sdk/System/Library/Frameworks/UIKit.framework/Headers/UITextView.h:223:12: note: 'UITextView' has been explicitly marked unavailable here
221 |
222 | UIKIT_EXTERN API_AVAILABLE(ios(2.0)) API_UNAVAILABLE(watchos) NS_SWIFT_UI_ACTOR
223 | @interface UITextView : UIScrollView <UITextInput, UIContentSizeCategoryAdjusting, UILetterformAwareAdjusting, NSTextViewportLayoutControllerDelegate>
| `- note: 'UITextView' has been explicitly marked unavailable here
224 |
225 | @property(nullable,nonatomic,weak) id<UITextViewDelegate> delegate;
/Users/admin/builder/spi-builder-workspace/Sources/Sourceful/Util/Types.swift:39:32: error: 'UITextField' is unavailable in watchOS
37 | public typealias Control = UIControl
38 | public typealias TextView = UITextView
39 | public typealias TextField = UITextField
| `- error: 'UITextField' is unavailable in watchOS
40 | public typealias Button = UIButton
41 | public typealias Font = UIFont
/Applications/Xcode-27.0.0-Release.Candidate.app/Contents/Developer/Platforms/WatchOS.platform/Developer/SDKs/WatchOS27.0.sdk/System/Library/Frameworks/UIKit.framework/Headers/UITextField.h:53:12: note: 'UITextField' has been explicitly marked unavailable here
51 |
52 | UIKIT_EXTERN API_AVAILABLE(ios(2.0)) API_UNAVAILABLE(watchos) NS_SWIFT_UI_ACTOR
53 | @interface UITextField : UIControl <UITextInput, NSCoding, UIContentSizeCategoryAdjusting, UILetterformAwareAdjusting>
| `- note: 'UITextField' has been explicitly marked unavailable here
54 |
55 | @property(nullable, nonatomic,copy) NSString *text; // default is nil
/Users/admin/builder/spi-builder-workspace/Sources/Sourceful/Util/Types.swift:40:30: error: 'UIButton' is unavailable in watchOS
38 | public typealias TextView = UITextView
39 | public typealias TextField = UITextField
40 | public typealias Button = UIButton
| `- error: 'UIButton' is unavailable in watchOS
41 | public typealias Font = UIFont
42 | public typealias Color = UIColor
/Applications/Xcode-27.0.0-Release.Candidate.app/Contents/Developer/Platforms/WatchOS.platform/Developer/SDKs/WatchOS27.0.sdk/System/Library/Frameworks/UIKit.framework/Headers/UIButton.h:49:12: note: 'UIButton' has been explicitly marked unavailable here
47 |
48 | UIKIT_EXTERN API_AVAILABLE(ios(2.0)) API_UNAVAILABLE(watchos) NS_SWIFT_UI_ACTOR
49 | @interface UIButton : UIControl <NSCoding>
| `- note: 'UIButton' has been explicitly marked unavailable here
50 |
51 | - (instancetype)initWithFrame:(CGRect)frame NS_DESIGNATED_INITIALIZER;
/Users/admin/builder/spi-builder-workspace/Sources/Sourceful/Util/Types.swift:43:32: error: 'UIStackView' is unavailable in watchOS
41 | public typealias Font = UIFont
42 | public typealias Color = UIColor
43 | public typealias StackView = UIStackView
| `- error: 'UIStackView' is unavailable in watchOS
44 | public typealias Image = UIImage
45 | public typealias BezierPath = UIBezierPath
/Applications/Xcode-27.0.0-Release.Candidate.app/Contents/Developer/Platforms/WatchOS.platform/Developer/SDKs/WatchOS27.0.sdk/System/Library/Frameworks/UIKit.framework/Headers/UIStackView.h:124:12: note: 'UIStackView' has been explicitly marked unavailable here
122 | NS_HEADER_AUDIT_BEGIN(nullability, sendability)
123 | UIKIT_EXTERN API_AVAILABLE(ios(9.0)) API_UNAVAILABLE(watchos) NS_SWIFT_UI_ACTOR
124 | @interface UIStackView : UIView
| `- note: 'UIStackView' has been explicitly marked unavailable here
125 |
126 | - (instancetype)initWithFrame:(CGRect)frame NS_DESIGNATED_INITIALIZER;
/Users/admin/builder/spi-builder-workspace/Sources/Sourceful/Util/Types.swift:46:33: error: 'UIScrollView' is unavailable in watchOS
44 | public typealias Image = UIImage
45 | public typealias BezierPath = UIBezierPath
46 | public typealias ScrollView = UIScrollView
| `- error: 'UIScrollView' is unavailable in watchOS
47 | public typealias Screen = UIScreen
48 |
/Applications/Xcode-27.0.0-Release.Candidate.app/Contents/Developer/Platforms/WatchOS.platform/Developer/SDKs/WatchOS27.0.sdk/System/Library/Frameworks/UIKit.framework/Headers/UIScrollView.h:87:12: note: 'UIScrollView' has been explicitly marked unavailable here
85 |
86 | UIKIT_EXTERN API_AVAILABLE(ios(2.0)) API_UNAVAILABLE(watchos) NS_SWIFT_UI_ACTOR
87 | @interface UIScrollView : UIView <NSCoding, UIFocusItemScrollableContainer>
| `- note: 'UIScrollView' has been explicitly marked unavailable here
88 |
89 | @property(nonatomic) CGPoint contentOffset; // default CGPointZero
SwiftCompile normal arm64 /Users/admin/builder/spi-builder-workspace/Sources/Sourceful/Util/String+Range.swift (in target 'Sourceful' from project 'Sourceful')
cd /Users/admin/builder/spi-builder-workspace/.swiftpm/xcode
builtin-SwiftPerFileCompile String+Range.swift
SwiftCompile normal arm64 /Users/admin/builder/spi-builder-workspace/Sources/Sourceful/Util/Types.swift (in target 'Sourceful' from project 'Sourceful')
cd /Users/admin/builder/spi-builder-workspace/.swiftpm/xcode
builtin-SwiftPerFileCompile Types.swift
SwiftCompile normal arm64 /Users/admin/builder/spi-builder-workspace/Sources/Sourceful/View/InnerTextView.swift (in target 'Sourceful' from project 'Sourceful')
cd /Users/admin/builder/spi-builder-workspace/.swiftpm/xcode
builtin-SwiftPerFileCompile InnerTextView.swift
SwiftCompile normal arm64 Compiling\ Lexer.swift,\ Paragraph.swift,\ RegexLexer.swift /Users/admin/builder/spi-builder-workspace/Sources/Sourceful/Model/Lexer.swift /Users/admin/builder/spi-builder-workspace/Sources/Sourceful/Model/Paragraph.swift /Users/admin/builder/spi-builder-workspace/Sources/Sourceful/Model/RegexLexer.swift (in target 'Sourceful' from project 'Sourceful')
SwiftCompile normal arm64 /Users/admin/builder/spi-builder-workspace/Sources/Sourceful/Model/Lexer.swift (in target 'Sourceful' from project 'Sourceful')
cd /Users/admin/builder/spi-builder-workspace/.swiftpm/xcode
builtin-SwiftPerFileCompile Lexer.swift
SwiftCompile normal arm64 /Users/admin/builder/spi-builder-workspace/Sources/Sourceful/Model/Paragraph.swift (in target 'Sourceful' from project 'Sourceful')
cd /Users/admin/builder/spi-builder-workspace/.swiftpm/xcode
builtin-SwiftPerFileCompile Paragraph.swift
SwiftCompile normal arm64 /Users/admin/builder/spi-builder-workspace/Sources/Sourceful/Model/RegexLexer.swift (in target 'Sourceful' from project 'Sourceful')
cd /Users/admin/builder/spi-builder-workspace/.swiftpm/xcode
builtin-SwiftPerFileCompile RegexLexer.swift
SwiftCompile normal arm64 Compiling\ DefaultSourceCodeTheme.swift,\ NSMutableAttributedString+Tokens.swift,\ NSTextView+UIKit.swift /Users/admin/builder/spi-builder-workspace/Sources/Sourceful/Themes/DefaultSourceCodeTheme.swift /Users/admin/builder/spi-builder-workspace/Sources/Sourceful/Util/NSMutableAttributedString+Tokens.swift /Users/admin/builder/spi-builder-workspace/Sources/Sourceful/Util/NSTextView+UIKit.swift (in target 'Sourceful' from project 'Sourceful')
SwiftCompile normal arm64 /Users/admin/builder/spi-builder-workspace/Sources/Sourceful/Themes/DefaultSourceCodeTheme.swift (in target 'Sourceful' from project 'Sourceful')
cd /Users/admin/builder/spi-builder-workspace/.swiftpm/xcode
builtin-SwiftPerFileCompile DefaultSourceCodeTheme.swift
SwiftCompile normal arm64 /Users/admin/builder/spi-builder-workspace/Sources/Sourceful/Util/NSMutableAttributedString+Tokens.swift (in target 'Sourceful' from project 'Sourceful')
cd /Users/admin/builder/spi-builder-workspace/.swiftpm/xcode
builtin-SwiftPerFileCompile NSMutableAttributedString+Tokens.swift
SwiftCompile normal arm64 /Users/admin/builder/spi-builder-workspace/Sources/Sourceful/Util/NSTextView+UIKit.swift (in target 'Sourceful' from project 'Sourceful')
cd /Users/admin/builder/spi-builder-workspace/.swiftpm/xcode
builtin-SwiftPerFileCompile NSTextView+UIKit.swift
SwiftCompile normal arm64 Compiling\ LineNumberLayoutManager.swift,\ Paragraphs.swift /Users/admin/builder/spi-builder-workspace/Sources/Sourceful/View/LineNumberLayoutManager.swift /Users/admin/builder/spi-builder-workspace/Sources/Sourceful/View/Paragraphs.swift (in target 'Sourceful' from project 'Sourceful')
SwiftCompile normal arm64 /Users/admin/builder/spi-builder-workspace/Sources/Sourceful/View/LineNumberLayoutManager.swift (in target 'Sourceful' from project 'Sourceful')
cd /Users/admin/builder/spi-builder-workspace/.swiftpm/xcode
builtin-SwiftPerFileCompile LineNumberLayoutManager.swift
SwiftCompile normal arm64 /Users/admin/builder/spi-builder-workspace/Sources/Sourceful/View/Paragraphs.swift (in target 'Sourceful' from project 'Sourceful')
cd /Users/admin/builder/spi-builder-workspace/.swiftpm/xcode
builtin-SwiftPerFileCompile Paragraphs.swift
/Users/admin/builder/spi-builder-workspace/Sources/Sourceful/View/LineNumberLayoutManager.swift:79:51: error: 'NSTextStorage' is unavailable in watchOS
77 | }
78 | #else
79 | override func processEditing(for textStorage: NSTextStorage, edited editMask: NSTextStorage.EditActions, range newCharRange: NSRange, changeInLength delta: Int, invalidatedRange invalidatedCharRange: NSRange) {
| `- error: 'NSTextStorage' is unavailable in watchOS
80 | super.processEditing(for: textStorage, edited: editMask, range: newCharRange, changeInLength: delta, invalidatedRange: invalidatedCharRange)
81 | if invalidatedCharRange.location < lastParaLocation {
/Applications/Xcode-27.0.0-Release.Candidate.app/Contents/Developer/Platforms/WatchOS.platform/Developer/SDKs/WatchOS27.0.sdk/System/Library/Frameworks/UIKit.framework/Headers/NSTextStorage.h:46:12: note: 'NSTextStorage' has been explicitly marked unavailable here
44 | /// `edited:range:changeInLength:` to get everything else to happen.
45 | UIKIT_EXTERN API_AVAILABLE(macos(10.0), ios(7.0), tvos(9.0), visionos(1.0)) API_UNAVAILABLE(watchos)
46 | @interface NSTextStorage : NSMutableAttributedString <NSSecureCoding>
| `- note: 'NSTextStorage' has been explicitly marked unavailable here
47 | /**************************** Pending edit info ****************************/
48 |
/Users/admin/builder/spi-builder-workspace/Sources/Sourceful/View/LineNumberLayoutManager.swift:79:83: error: 'NSTextStorage' is unavailable in watchOS
77 | }
78 | #else
79 | override func processEditing(for textStorage: NSTextStorage, edited editMask: NSTextStorage.EditActions, range newCharRange: NSRange, changeInLength delta: Int, invalidatedRange invalidatedCharRange: NSRange) {
| `- error: 'NSTextStorage' is unavailable in watchOS
80 | super.processEditing(for: textStorage, edited: editMask, range: newCharRange, changeInLength: delta, invalidatedRange: invalidatedCharRange)
81 | if invalidatedCharRange.location < lastParaLocation {
/Applications/Xcode-27.0.0-Release.Candidate.app/Contents/Developer/Platforms/WatchOS.platform/Developer/SDKs/WatchOS27.0.sdk/System/Library/Frameworks/UIKit.framework/Headers/NSTextStorage.h:46:12: note: 'NSTextStorage' has been explicitly marked unavailable here
44 | /// `edited:range:changeInLength:` to get everything else to happen.
45 | UIKIT_EXTERN API_AVAILABLE(macos(10.0), ios(7.0), tvos(9.0), visionos(1.0)) API_UNAVAILABLE(watchos)
46 | @interface NSTextStorage : NSMutableAttributedString <NSSecureCoding>
| `- note: 'NSTextStorage' has been explicitly marked unavailable here
47 | /**************************** Pending edit info ****************************/
48 |
/Users/admin/builder/spi-builder-workspace/Sources/Sourceful/View/LineNumberLayoutManager.swift:19:32: error: 'NSLayoutManager' is unavailable in watchOS
17 | #endif
18 |
19 | class LineNumberLayoutManager: NSLayoutManager {
| `- error: 'NSLayoutManager' is unavailable in watchOS
20 |
21 | var lastParaLocation = 0
/Applications/Xcode-27.0.0-Release.Candidate.app/Contents/Developer/Platforms/WatchOS.platform/Developer/SDKs/WatchOS27.0.sdk/System/Library/Frameworks/UIKit.framework/Headers/NSLayoutManager.h:58:12: note: 'NSLayoutManager' has been explicitly marked unavailable here
56 |
57 | UIKIT_EXTERN API_AVAILABLE(macos(10.0), ios(7.0)) API_UNAVAILABLE(watchos)
58 | @interface NSLayoutManager : NSObject <NSSecureCoding>
| `- note: 'NSLayoutManager' has been explicitly marked unavailable here
59 |
60 | /**************************** Initialization ****************************/
/Users/admin/builder/spi-builder-workspace/Sources/Sourceful/View/LineNumberLayoutManager.swift:108:117: error: 'NSTextContainer' is unavailable in watchOS
106 | var paraNumber: Int = 0
107 |
108 | enumerateLineFragments(forGlyphRange: glyphsToShow, using: {(_ rect: CGRect, _ usedRect: CGRect, _ textContainer: NSTextContainer?, _ glyphRange: NSRange, _ stop: UnsafeMutablePointer<ObjCBool>?) -> Void in
| `- error: 'NSTextContainer' is unavailable in watchOS
109 |
110 | let charRange: NSRange = self.characterRange(forGlyphRange: glyphRange, actualGlyphRange: nil)
/Applications/Xcode-27.0.0-Release.Candidate.app/Contents/Developer/Platforms/WatchOS.platform/Developer/SDKs/WatchOS27.0.sdk/System/Library/Frameworks/UIKit.framework/Headers/NSTextContainer.h:36:12: note: 'NSTextContainer' has been explicitly marked unavailable here
34 | /// restrictions apply to ``NSTextLayoutManager`` and ``NSTextContentStorage``.
35 | UIKIT_EXTERN API_AVAILABLE(macos(10.0), ios(7.0), tvos(9.0), visionos(1.0)) API_UNAVAILABLE(watchos)
36 | @interface NSTextContainer : NSObject <NSSecureCoding, NSTextLayoutOrientationProvider>
| `- note: 'NSTextContainer' has been explicitly marked unavailable here
37 |
38 | /**************************** Initialization ****************************/
/Users/admin/builder/spi-builder-workspace/Sources/Sourceful/View/Paragraphs.swift:23:22: error: 'NSLayoutManager' is unavailable in watchOS
21 | var nsRange = range
22 |
23 | let layoutManager: NSLayoutManager
| `- error: 'NSLayoutManager' is unavailable in watchOS
24 | let textContainer: NSTextContainer
25 | #if os(macOS)
/Applications/Xcode-27.0.0-Release.Candidate.app/Contents/Developer/Platforms/WatchOS.platform/Developer/SDKs/WatchOS27.0.sdk/System/Library/Frameworks/UIKit.framework/Headers/NSLayoutManager.h:58:12: note: 'NSLayoutManager' has been explicitly marked unavailable here
56 |
57 | UIKIT_EXTERN API_AVAILABLE(macos(10.0), ios(7.0)) API_UNAVAILABLE(watchos)
58 | @interface NSLayoutManager : NSObject <NSSecureCoding>
| `- note: 'NSLayoutManager' has been explicitly marked unavailable here
59 |
60 | /**************************** Initialization ****************************/
SwiftEmitModule normal arm64 Emitting\ module\ for\ Sourceful (in target 'Sourceful' from project 'Sourceful')
/Users/admin/builder/spi-builder-workspace/Sources/Sourceful/SwiftUI/SourceCodeTextEditor.swift:26:37: error: cannot find type '_ViewRepresentable' in scope
24 |
25 |
26 | public struct SourceCodeTextEditor: _ViewRepresentable {
| `- error: cannot find type '_ViewRepresentable' in scope
27 |
28 | public struct Customization {
/Users/admin/builder/spi-builder-workspace/Sources/Sourceful/Util/Types.swift:34:29: error: 'UIView' is unavailable in watchOS
32 | import UIKit
33 |
34 | public typealias _View = UIView
| `- error: 'UIView' is unavailable in watchOS
35 | public typealias ViewController = UIViewController
36 | public typealias Window = UIWindow
/Applications/Xcode-27.0.0-Release.Candidate.app/Contents/Developer/Platforms/WatchOS.platform/Developer/SDKs/WatchOS27.0.sdk/System/Library/Frameworks/UIKit.framework/Headers/UIView.h:152:12: note: 'UIView' has been explicitly marked unavailable here
150 |
151 | UIKIT_EXTERN API_AVAILABLE(ios(2.0)) API_UNAVAILABLE(watchos) NS_SWIFT_UI_ACTOR
152 | @interface UIView : UIResponder <NSCoding, UIAppearance, UIAppearanceContainer, UIDynamicItem, UITraitEnvironment, UICoordinateSpace, UIFocusItem, UIFocusItemContainer, CALayerDelegate>
| `- note: 'UIView' has been explicitly marked unavailable here
153 |
154 | @property(class, nonatomic, readonly) Class layerClass; // default is [CALayer class]. Used when creating the underlying layer for the view.
/Users/admin/builder/spi-builder-workspace/Sources/Sourceful/Util/Types.swift:35:36: error: 'UIViewController' is unavailable in watchOS
33 |
34 | public typealias _View = UIView
35 | public typealias ViewController = UIViewController
| `- error: 'UIViewController' is unavailable in watchOS
36 | public typealias Window = UIWindow
37 | public typealias Control = UIControl
/Applications/Xcode-27.0.0-Release.Candidate.app/Contents/Developer/Platforms/WatchOS.platform/Developer/SDKs/WatchOS27.0.sdk/System/Library/Frameworks/UIKit.framework/Headers/UIViewController.h:104:12: note: 'UIViewController' has been explicitly marked unavailable here
102 |
103 | UIKIT_EXTERN API_AVAILABLE(ios(2.0)) API_UNAVAILABLE(watchos) NS_SWIFT_UI_ACTOR
104 | @interface UIViewController : UIResponder <NSCoding, UIAppearanceContainer, UITraitEnvironment, UIContentContainer, UIFocusEnvironment>
| `- note: 'UIViewController' has been explicitly marked unavailable here
105 |
106 | /*
/Users/admin/builder/spi-builder-workspace/Sources/Sourceful/Util/Types.swift:36:30: error: 'UIWindow' is unavailable in watchOS
34 | public typealias _View = UIView
35 | public typealias ViewController = UIViewController
36 | public typealias Window = UIWindow
| `- error: 'UIWindow' is unavailable in watchOS
37 | public typealias Control = UIControl
38 | public typealias TextView = UITextView
/Applications/Xcode-27.0.0-Release.Candidate.app/Contents/Developer/Platforms/WatchOS.platform/Developer/SDKs/WatchOS27.0.sdk/System/Library/Frameworks/UIKit.framework/Headers/UIWindow.h:22:12: note: 'UIWindow' has been explicitly marked unavailable here
20 |
21 | UIKIT_EXTERN API_AVAILABLE(ios(2.0)) API_UNAVAILABLE(watchos) NS_SWIFT_UI_ACTOR
22 | @interface UIWindow : UIView
| `- note: 'UIWindow' has been explicitly marked unavailable here
23 |
24 | // instantiate a UIWindow already associated with a given UIWindowScene instance, with matching frame & interface orientations.
/Users/admin/builder/spi-builder-workspace/Sources/Sourceful/Util/Types.swift:37:30: error: 'UIControl' is unavailable in watchOS
35 | public typealias ViewController = UIViewController
36 | public typealias Window = UIWindow
37 | public typealias Control = UIControl
| `- error: 'UIControl' is unavailable in watchOS
38 | public typealias TextView = UITextView
39 | public typealias TextField = UITextField
/Applications/Xcode-27.0.0-Release.Candidate.app/Contents/Developer/Platforms/WatchOS.platform/Developer/SDKs/WatchOS27.0.sdk/System/Library/Frameworks/UIKit.framework/Headers/UIControl.h:76:12: note: 'UIControl' has been explicitly marked unavailable here
74 |
75 | UIKIT_EXTERN API_AVAILABLE(ios(2.0)) API_UNAVAILABLE(watchos) NS_SWIFT_UI_ACTOR
76 | @interface UIControl : UIView
| `- note: 'UIControl' has been explicitly marked unavailable here
77 |
78 | - (instancetype)initWithFrame:(CGRect)frame NS_DESIGNATED_INITIALIZER;
/Users/admin/builder/spi-builder-workspace/Sources/Sourceful/Util/Types.swift:38:31: error: 'UITextView' is unavailable in watchOS
36 | public typealias Window = UIWindow
37 | public typealias Control = UIControl
38 | public typealias TextView = UITextView
| `- error: 'UITextView' is unavailable in watchOS
39 | public typealias TextField = UITextField
40 | public typealias Button = UIButton
/Applications/Xcode-27.0.0-Release.Candidate.app/Contents/Developer/Platforms/WatchOS.platform/Developer/SDKs/WatchOS27.0.sdk/System/Library/Frameworks/UIKit.framework/Headers/UITextView.h:223:12: note: 'UITextView' has been explicitly marked unavailable here
221 |
222 | UIKIT_EXTERN API_AVAILABLE(ios(2.0)) API_UNAVAILABLE(watchos) NS_SWIFT_UI_ACTOR
223 | @interface UITextView : UIScrollView <UITextInput, UIContentSizeCategoryAdjusting, UILetterformAwareAdjusting, NSTextViewportLayoutControllerDelegate>
| `- note: 'UITextView' has been explicitly marked unavailable here
224 |
225 | @property(nullable,nonatomic,weak) id<UITextViewDelegate> delegate;
/Users/admin/builder/spi-builder-workspace/Sources/Sourceful/Util/Types.swift:39:32: error: 'UITextField' is unavailable in watchOS
37 | public typealias Control = UIControl
38 | public typealias TextView = UITextView
39 | public typealias TextField = UITextField
| `- error: 'UITextField' is unavailable in watchOS
40 | public typealias Button = UIButton
41 | public typealias Font = UIFont
/Applications/Xcode-27.0.0-Release.Candidate.app/Contents/Developer/Platforms/WatchOS.platform/Developer/SDKs/WatchOS27.0.sdk/System/Library/Frameworks/UIKit.framework/Headers/UITextField.h:53:12: note: 'UITextField' has been explicitly marked unavailable here
51 |
52 | UIKIT_EXTERN API_AVAILABLE(ios(2.0)) API_UNAVAILABLE(watchos) NS_SWIFT_UI_ACTOR
53 | @interface UITextField : UIControl <UITextInput, NSCoding, UIContentSizeCategoryAdjusting, UILetterformAwareAdjusting>
| `- note: 'UITextField' has been explicitly marked unavailable here
54 |
55 | @property(nullable, nonatomic,copy) NSString *text; // default is nil
/Users/admin/builder/spi-builder-workspace/Sources/Sourceful/Util/Types.swift:40:30: error: 'UIButton' is unavailable in watchOS
38 | public typealias TextView = UITextView
39 | public typealias TextField = UITextField
40 | public typealias Button = UIButton
| `- error: 'UIButton' is unavailable in watchOS
41 | public typealias Font = UIFont
42 | public typealias Color = UIColor
/Applications/Xcode-27.0.0-Release.Candidate.app/Contents/Developer/Platforms/WatchOS.platform/Developer/SDKs/WatchOS27.0.sdk/System/Library/Frameworks/UIKit.framework/Headers/UIButton.h:49:12: note: 'UIButton' has been explicitly marked unavailable here
47 |
48 | UIKIT_EXTERN API_AVAILABLE(ios(2.0)) API_UNAVAILABLE(watchos) NS_SWIFT_UI_ACTOR
49 | @interface UIButton : UIControl <NSCoding>
| `- note: 'UIButton' has been explicitly marked unavailable here
50 |
51 | - (instancetype)initWithFrame:(CGRect)frame NS_DESIGNATED_INITIALIZER;
/Users/admin/builder/spi-builder-workspace/Sources/Sourceful/Util/Types.swift:43:32: error: 'UIStackView' is unavailable in watchOS
41 | public typealias Font = UIFont
42 | public typealias Color = UIColor
43 | public typealias StackView = UIStackView
| `- error: 'UIStackView' is unavailable in watchOS
44 | public typealias Image = UIImage
45 | public typealias BezierPath = UIBezierPath
/Applications/Xcode-27.0.0-Release.Candidate.app/Contents/Developer/Platforms/WatchOS.platform/Developer/SDKs/WatchOS27.0.sdk/System/Library/Frameworks/UIKit.framework/Headers/UIStackView.h:124:12: note: 'UIStackView' has been explicitly marked unavailable here
122 | NS_HEADER_AUDIT_BEGIN(nullability, sendability)
123 | UIKIT_EXTERN API_AVAILABLE(ios(9.0)) API_UNAVAILABLE(watchos) NS_SWIFT_UI_ACTOR
124 | @interface UIStackView : UIView
| `- note: 'UIStackView' has been explicitly marked unavailable here
125 |
126 | - (instancetype)initWithFrame:(CGRect)frame NS_DESIGNATED_INITIALIZER;
/Users/admin/builder/spi-builder-workspace/Sources/Sourceful/Util/Types.swift:46:33: error: 'UIScrollView' is unavailable in watchOS
44 | public typealias Image = UIImage
45 | public typealias BezierPath = UIBezierPath
46 | public typealias ScrollView = UIScrollView
| `- error: 'UIScrollView' is unavailable in watchOS
47 | public typealias Screen = UIScreen
48 |
/Applications/Xcode-27.0.0-Release.Candidate.app/Contents/Developer/Platforms/WatchOS.platform/Developer/SDKs/WatchOS27.0.sdk/System/Library/Frameworks/UIKit.framework/Headers/UIScrollView.h:87:12: note: 'UIScrollView' has been explicitly marked unavailable here
85 |
86 | UIKIT_EXTERN API_AVAILABLE(ios(2.0)) API_UNAVAILABLE(watchos) NS_SWIFT_UI_ACTOR
87 | @interface UIScrollView : UIView <NSCoding, UIFocusItemScrollableContainer>
| `- note: 'UIScrollView' has been explicitly marked unavailable here
88 |
89 | @property(nonatomic) CGPoint contentOffset; // default CGPointZero
/Users/admin/builder/spi-builder-workspace/Sources/Sourceful/Util/Types.swift:47:30: error: 'UIScreen' is unavailable in watchOS
45 | public typealias BezierPath = UIBezierPath
46 | public typealias ScrollView = UIScrollView
47 | public typealias Screen = UIScreen
| `- error: 'UIScreen' is unavailable in watchOS
48 |
49 | #endif
/Applications/Xcode-27.0.0-Release.Candidate.app/Contents/Developer/Platforms/WatchOS.platform/Developer/SDKs/WatchOS27.0.sdk/System/Library/Frameworks/UIKit.framework/Headers/UIScreen.h:54:12: note: 'UIScreen' has been explicitly marked unavailable here
52 |
53 | UIKIT_EXTERN API_AVAILABLE(ios(2.0)) API_UNAVAILABLE(visionos, watchos) NS_SWIFT_UI_ACTOR
54 | @interface UIScreen : NSObject <UITraitEnvironment>
| `- note: 'UIScreen' has been explicitly marked unavailable here
55 |
56 | @property(class, nonatomic, readonly) NSArray<UIScreen *> *screens API_DEPRECATED("Use UIApplication.shared.openSessions to find open sessions with scenes from other screens", ios(3.2, 16.0), visionos(1.0, 1.0)) API_UNAVAILABLE(watchos); // all screens currently attached to the device
/Users/admin/builder/spi-builder-workspace/Sources/Sourceful/View/LineNumberLayoutManager.swift:79:51: error: 'NSTextStorage' is unavailable in watchOS
77 | }
78 | #else
79 | override func processEditing(for textStorage: NSTextStorage, edited editMask: NSTextStorage.EditActions, range newCharRange: NSRange, changeInLength delta: Int, invalidatedRange invalidatedCharRange: NSRange) {
| `- error: 'NSTextStorage' is unavailable in watchOS
80 | super.processEditing(for: textStorage, edited: editMask, range: newCharRange, changeInLength: delta, invalidatedRange: invalidatedCharRange)
81 | if invalidatedCharRange.location < lastParaLocation {
/Applications/Xcode-27.0.0-Release.Candidate.app/Contents/Developer/Platforms/WatchOS.platform/Developer/SDKs/WatchOS27.0.sdk/System/Library/Frameworks/UIKit.framework/Headers/NSTextStorage.h:46:12: note: 'NSTextStorage' has been explicitly marked unavailable here
44 | /// `edited:range:changeInLength:` to get everything else to happen.
45 | UIKIT_EXTERN API_AVAILABLE(macos(10.0), ios(7.0), tvos(9.0), visionos(1.0)) API_UNAVAILABLE(watchos)
46 | @interface NSTextStorage : NSMutableAttributedString <NSSecureCoding>
| `- note: 'NSTextStorage' has been explicitly marked unavailable here
47 | /**************************** Pending edit info ****************************/
48 |
/Users/admin/builder/spi-builder-workspace/Sources/Sourceful/View/LineNumberLayoutManager.swift:79:83: error: 'NSTextStorage' is unavailable in watchOS
77 | }
78 | #else
79 | override func processEditing(for textStorage: NSTextStorage, edited editMask: NSTextStorage.EditActions, range newCharRange: NSRange, changeInLength delta: Int, invalidatedRange invalidatedCharRange: NSRange) {
| `- error: 'NSTextStorage' is unavailable in watchOS
80 | super.processEditing(for: textStorage, edited: editMask, range: newCharRange, changeInLength: delta, invalidatedRange: invalidatedCharRange)
81 | if invalidatedCharRange.location < lastParaLocation {
/Applications/Xcode-27.0.0-Release.Candidate.app/Contents/Developer/Platforms/WatchOS.platform/Developer/SDKs/WatchOS27.0.sdk/System/Library/Frameworks/UIKit.framework/Headers/NSTextStorage.h:46:12: note: 'NSTextStorage' has been explicitly marked unavailable here
44 | /// `edited:range:changeInLength:` to get everything else to happen.
45 | UIKIT_EXTERN API_AVAILABLE(macos(10.0), ios(7.0), tvos(9.0), visionos(1.0)) API_UNAVAILABLE(watchos)
46 | @interface NSTextStorage : NSMutableAttributedString <NSSecureCoding>
| `- note: 'NSTextStorage' has been explicitly marked unavailable here
47 | /**************************** Pending edit info ****************************/
48 |
/Users/admin/builder/spi-builder-workspace/Sources/Sourceful/View/LineNumberLayoutManager.swift:19:32: error: 'NSLayoutManager' is unavailable in watchOS
17 | #endif
18 |
19 | class LineNumberLayoutManager: NSLayoutManager {
| `- error: 'NSLayoutManager' is unavailable in watchOS
20 |
21 | var lastParaLocation = 0
/Applications/Xcode-27.0.0-Release.Candidate.app/Contents/Developer/Platforms/WatchOS.platform/Developer/SDKs/WatchOS27.0.sdk/System/Library/Frameworks/UIKit.framework/Headers/NSLayoutManager.h:58:12: note: 'NSLayoutManager' has been explicitly marked unavailable here
56 |
57 | UIKIT_EXTERN API_AVAILABLE(macos(10.0), ios(7.0)) API_UNAVAILABLE(watchos)
58 | @interface NSLayoutManager : NSObject <NSSecureCoding>
| `- note: 'NSLayoutManager' has been explicitly marked unavailable here
59 |
60 | /**************************** Initialization ****************************/
/Users/admin/builder/spi-builder-workspace/Sources/Sourceful/View/SyntaxTextView.swift:64:13: error: cannot find 'refreshColors' in scope
62 | public weak var delegate: SyntaxTextViewDelegate? {
63 | didSet {
64 | refreshColors()
| `- error: cannot find 'refreshColors' in scope
65 | }
66 | }
/Users/admin/builder/spi-builder-workspace/Sources/Sourceful/View/SyntaxTextView.swift:93:27: error: cannot find type 'NSColor' in scope
91 | #else
92 |
93 | public var tintColor: NSColor! {
| `- error: cannot find type 'NSColor' in scope
94 | set {
95 | textView.tintColor = newValue
/Users/admin/builder/spi-builder-workspace/Sources/Sourceful/View/SyntaxTextView.swift:349:13: error: cannot find 'refreshColors' in scope
347 | textView.font = theme.font
348 |
349 | refreshColors()
| `- error: cannot find 'refreshColors' in scope
350 | }
351 | }
/Users/admin/builder/spi-builder-workspace/Sources/Sourceful/View/SyntaxTextView.swift:425:40: error: 'NSTextStorage' is unavailable in watchOS
423 | }
424 |
425 | func updateAttributes(textStorage: NSTextStorage, cachedTokens: [CachedToken], source: String) {
| `- error: 'NSTextStorage' is unavailable in watchOS
426 |
427 | let selectedRange = textView.selectedRange
/Applications/Xcode-27.0.0-Release.Candidate.app/Contents/Developer/Platforms/WatchOS.platform/Developer/SDKs/WatchOS27.0.sdk/System/Library/Frameworks/UIKit.framework/Headers/NSTextStorage.h:46:12: note: 'NSTextStorage' has been explicitly marked unavailable here
44 | /// `edited:range:changeInLength:` to get everything else to happen.
45 | UIKIT_EXTERN API_AVAILABLE(macos(10.0), ios(7.0), tvos(9.0), visionos(1.0)) API_UNAVAILABLE(watchos)
46 | @interface NSTextStorage : NSMutableAttributedString <NSSecureCoding>
| `- note: 'NSTextStorage' has been explicitly marked unavailable here
47 | /**************************** Pending edit info ****************************/
48 |
/Users/admin/builder/spi-builder-workspace/Sources/Sourceful/View/SyntaxTextView.swift:472:87: error: 'NSTextStorage' is unavailable in watchOS
470 | }
471 |
472 | func createAttributes(theme: SyntaxColorTheme, themeInfo: ThemeInfo, textStorage: NSTextStorage, cachedTokens: [CachedToken], source: String) {
| `- error: 'NSTextStorage' is unavailable in watchOS
473 |
474 | textStorage.beginEditing()
/Applications/Xcode-27.0.0-Release.Candidate.app/Contents/Developer/Platforms/WatchOS.platform/Developer/SDKs/WatchOS27.0.sdk/System/Library/Frameworks/UIKit.framework/Headers/NSTextStorage.h:46:12: note: 'NSTextStorage' has been explicitly marked unavailable here
44 | /// `edited:range:changeInLength:` to get everything else to happen.
45 | UIKIT_EXTERN API_AVAILABLE(macos(10.0), ios(7.0), tvos(9.0), visionos(1.0)) API_UNAVAILABLE(watchos)
46 | @interface NSTextStorage : NSMutableAttributedString <NSSecureCoding>
| `- note: 'NSTextStorage' has been explicitly marked unavailable here
47 | /**************************** Pending edit info ****************************/
48 |
/Users/admin/builder/spi-builder-workspace/Sources/Sourceful/View/SyntaxTextViewLayoutManager.swift:29:36: error: 'NSLayoutManager' is unavailable in watchOS
27 | }
28 |
29 | class SyntaxTextViewLayoutManager: NSLayoutManager {
| `- error: 'NSLayoutManager' is unavailable in watchOS
30 |
31 | override func drawGlyphs(forGlyphRange glyphsToShow: NSRange, at origin: CGPoint) {
/Applications/Xcode-27.0.0-Release.Candidate.app/Contents/Developer/Platforms/WatchOS.platform/Developer/SDKs/WatchOS27.0.sdk/System/Library/Frameworks/UIKit.framework/Headers/NSLayoutManager.h:58:12: note: 'NSLayoutManager' has been explicitly marked unavailable here
56 |
57 | UIKIT_EXTERN API_AVAILABLE(macos(10.0), ios(7.0)) API_UNAVAILABLE(watchos)
58 | @interface NSLayoutManager : NSObject <NSSecureCoding>
| `- note: 'NSLayoutManager' has been explicitly marked unavailable here
59 |
60 | /**************************** Initialization ****************************/
Failed frontend command:
/Applications/Xcode-27.0.0-Release.Candidate.app/Contents/Developer/Toolchains/XcodeDefault.xctoolchain/usr/bin/swift-frontend -frontend -emit-module -experimental-skip-non-inlinable-function-bodies-without-types /Users/admin/builder/spi-builder-workspace/Sources/Sourceful/ASTVisualizer.swift /Users/admin/builder/spi-builder-workspace/Sources/Sourceful/Languages/JavaLexer.swift /Users/admin/builder/spi-builder-workspace/Sources/Sourceful/Languages/JavaScriptLexer.swift /Users/admin/builder/spi-builder-workspace/Sources/Sourceful/Languages/OCamlLexer.swift /Users/admin/builder/spi-builder-workspace/Sources/Sourceful/Languages/Python3Lexer.swift /Users/admin/builder/spi-builder-workspace/Sources/Sourceful/Languages/SwiftLexer.swift /Users/admin/builder/spi-builder-workspace/Sources/Sourceful/Model/Lexer.swift /Users/admin/builder/spi-builder-workspace/Sources/Sourceful/Model/Paragraph.swift /Users/admin/builder/spi-builder-workspace/Sources/Sourceful/Model/RegexLexer.swift /Users/admin/builder/spi-builder-workspace/Sources/Sourceful/Model/SyntaxColorTheme.swift /Users/admin/builder/spi-builder-workspace/Sources/Sourceful/Model/Token.swift /Users/admin/builder/spi-builder-workspace/Sources/Sourceful/SourceCodeRegexLexer.swift /Users/admin/builder/spi-builder-workspace/Sources/Sourceful/SourceCodeTheme.swift /Users/admin/builder/spi-builder-workspace/Sources/Sourceful/SourceCodeToken.swift /Users/admin/builder/spi-builder-workspace/Sources/Sourceful/SwiftUI/SourceCodeTextEditor.swift /Users/admin/builder/spi-builder-workspace/Sources/Sourceful/Themes/DefaultSourceCodeTheme.swift /Users/admin/builder/spi-builder-workspace/Sources/Sourceful/Util/NSMutableAttributedString+Tokens.swift /Users/admin/builder/spi-builder-workspace/Sources/Sourceful/Util/NSTextView+UIKit.swift /Users/admin/builder/spi-builder-workspace/Sources/Sourceful/Util/String+Range.swift /Users/admin/builder/spi-builder-workspace/Sources/Sourceful/Util/Types.swift /Users/admin/builder/spi-builder-workspace/Sources/Sourceful/View/InnerTextView.swift /Users/admin/builder/spi-builder-workspace/Sources/Sourceful/View/LineNumberLayoutManager.swift /Users/admin/builder/spi-builder-workspace/Sources/Sourceful/View/Paragraphs.swift /Users/admin/builder/spi-builder-workspace/Sources/Sourceful/View/SyntaxTextView+TextViewDelegate.swift /Users/admin/builder/spi-builder-workspace/Sources/Sourceful/View/SyntaxTextView.swift /Users/admin/builder/spi-builder-workspace/Sources/Sourceful/View/SyntaxTextViewLayoutManager.swift /Users/admin/builder/spi-builder-workspace/Sources/Sourceful/View/TextViewWrapperView.swift -target arm64-apple-watchos9.0 -module-can-import-version SwiftUI 8.0.84.1 8.0.84 -disable-cross-import-overlay-search -load-resolved-plugin /Applications/Xcode-27.0.0-Release.Candidate.app/Contents/Developer/Platforms/WatchOS.platform/Developer/usr/lib/swift/host/plugins/libFoundationMacros.dylib\#/Applications/Xcode-27.0.0-Release.Candidate.app/Contents/Developer/Platforms/WatchOS.platform/Developer/usr/bin/swift-plugin-server\#FoundationMacros -load-resolved-plugin /Applications/Xcode-27.0.0-Release.Candidate.app/Contents/Developer/Platforms/WatchOS.platform/Developer/usr/lib/swift/host/plugins/libObservationMacros.dylib\#/Applications/Xcode-27.0.0-Release.Candidate.app/Contents/Developer/Platforms/WatchOS.platform/Developer/usr/bin/swift-plugin-server\#ObservationMacros -load-resolved-plugin /Applications/Xcode-27.0.0-Release.Candidate.app/Contents/Developer/Platforms/WatchOS.platform/Developer/usr/lib/swift/host/plugins/libPreviewsMacros.dylib\#/Applications/Xcode-27.0.0-Release.Candidate.app/Contents/Developer/Platforms/WatchOS.platform/Developer/usr/bin/swift-plugin-server\#PreviewsMacros -load-resolved-plugin /Applications/Xcode-27.0.0-Release.Candidate.app/Contents/Developer/Platforms/WatchOS.platform/Developer/usr/lib/swift/host/plugins/libSwiftMacros.dylib\#/Applications/Xcode-27.0.0-Release.Candidate.app/Contents/Developer/Platforms/WatchOS.platform/Developer/usr/bin/swift-plugin-server\#SwiftMacros -load-resolved-plugin /Applications/Xcode-27.0.0-Release.Candidate.app/Contents/Developer/Platforms/WatchOS.platform/Developer/usr/lib/swift/host/plugins/libSwiftUIMacros.dylib\#/Applications/Xcode-27.0.0-Release.Candidate.app/Contents/Developer/Platforms/WatchOS.platform/Developer/usr/bin/swift-plugin-server\#SwiftUIMacros -disable-implicit-swift-modules -Xcc -fno-implicit-modules -Xcc -fno-implicit-module-maps -explicit-swift-module-map-file /Users/admin/builder/spi-builder-workspace/.derivedData/Build/Intermediates.noindex/Sourceful.build/Debug-watchos/Sourceful-t.build/Objects-normal/arm64/Sourceful-dependencies-2.json -Xllvm -aarch64-use-tbi -enable-objc-interop -stack-check -sdk /Applications/Xcode-27.0.0-Release.Candidate.app/Contents/Developer/Platforms/WatchOS.platform/Developer/SDKs/WatchOS27.0.sdk -I /Users/admin/builder/spi-builder-workspace/.derivedData/Build/Products/Debug-watchos -Isystem /Applications/Xcode-27.0.0-Release.Candidate.app/Contents/Developer/Platforms/WatchOS.platform/Developer/usr/lib -F /Users/admin/builder/spi-builder-workspace/.derivedData/Build/Products/Debug-watchos -F /Applications/Xcode-27.0.0-Release.Candidate.app/Contents/Developer/Platforms/WatchOS.platform/Developer/Library/Frameworks -F /Applications/Xcode-27.0.0-Release.Candidate.app/Contents/Developer/Platforms/WatchOS.platform/Developer/SDKs/WatchOS27.0.sdk/Developer/Library/Frameworks -module-cache-path /Users/admin/builder/spi-builder-workspace/.derivedData/Build/Intermediates.noindex/SwiftExplicitPrecompiledModules -no-color-diagnostics -Xcc -fno-color-diagnostics -enable-testing -g -debug-info-format\=dwarf -dwarf-version\=4 -profile-generate -profile-coverage-mapping -swift-version 5 -Onone -D SWIFT_PACKAGE -D DEBUG -D SWIFT_MODULE_RESOURCE_BUNDLE_UNAVAILABLE -D Xcode -serialize-debugging-options -enable-experimental-feature DebugDescriptionMacro -empty-abi-descriptor -validate-clang-modules-once -clang-build-session-file /Users/admin/builder/spi-builder-workspace/.derivedData/ModuleCache.noindex/Session.modulevalidation -Xcc -working-directory -Xcc /Users/admin/builder/spi-builder-workspace/.swiftpm/xcode -enable-anonymous-context-mangled-names -file-compilation-dir /Users/admin/builder/spi-builder-workspace/.swiftpm/xcode -Xcc -D_LIBCPP_HARDENING_MODE\=_LIBCPP_HARDENING_MODE_DEBUG -Xcc -ivfsstatcache -Xcc /Users/admin/builder/spi-builder-workspace/.derivedData/SDKStatCaches.noindex/watchos27.0-24R360-e829b21a6f8c9b70876ba0858053c04477534ef55a1706bf4c1112bbb242f0a2.sdkstatcache -Xcc -fmodules-prune-interval\=86400 -Xcc -fmodules-prune-after\=345600 -Xcc -I/Users/admin/builder/spi-builder-workspace/.derivedData/Build/Products/Debug-watchos/include -Xcc -I/Users/admin/builder/spi-builder-workspace/.derivedData/Build/Intermediates.noindex/Sourceful.build/Debug-watchos/Sourceful-t.build/DerivedSources-normal/arm64 -Xcc -I/Users/admin/builder/spi-builder-workspace/.derivedData/Build/Intermediates.noindex/Sourceful.build/Debug-watchos/Sourceful-t.build/DerivedSources/arm64 -Xcc -I/Users/admin/builder/spi-builder-workspace/.derivedData/Build/Intermediates.noindex/Sourceful.build/Debug-watchos/Sourceful-t.build/DerivedSources -Xcc -DSWIFT_PACKAGE -Xcc -DDEBUG\=1 -no-auto-bridging-header-chaining -module-name Sourceful -const-gather-protocols-file /Users/admin/builder/spi-builder-workspace/.derivedData/Build/Intermediates.noindex/Sourceful.build/Debug-watchos/Sourceful-t.build/Objects-normal/arm64/Sourceful_const_extract_protocols.json -disable-clang-spi -clang-target arm64-apple-watchos27.0 -target-sdk-version 27.0 -target-sdk-name watchos27.0 -in-process-plugin-server-path /Applications/Xcode-27.0.0-Release.Candidate.app/Contents/Developer/Toolchains/XcodeDefault.xctoolchain/usr/lib/swift/host/libSwiftInProcPluginServer.dylib -emit-module-doc-path /Users/admin/builder/spi-builder-workspace/.derivedData/Build/Intermediates.noindex/Sourceful.build/Debug-watchos/Sourceful-t.build/Objects-normal/arm64/Sourceful.swiftdoc -emit-module-source-info-path /Users/admin/builder/spi-builder-workspace/.derivedData/Build/Intermediates.noindex/Sourceful.build/Debug-watchos/Sourceful-t.build/Objects-normal/arm64/Sourceful.swiftsourceinfo -emit-objc-header-path /Users/admin/builder/spi-builder-workspace/.derivedData/Build/Intermediates.noindex/Sourceful.build/Debug-watchos/Sourceful-t.build/Objects-normal/arm64/Sourceful-Swift.h -serialize-diagnostics-path /Users/admin/builder/spi-builder-workspace/.derivedData/Build/Intermediates.noindex/Sourceful.build/Debug-watchos/Sourceful-t.build/Objects-normal/arm64/Sourceful-primary-emit-module.dia -emit-dependencies-path /Users/admin/builder/spi-builder-workspace/.derivedData/Build/Intermediates.noindex/Sourceful.build/Debug-watchos/Sourceful-t.build/Objects-normal/arm64/Sourceful-primary-emit-module.d -parse-as-library -o /Users/admin/builder/spi-builder-workspace/.derivedData/Build/Intermediates.noindex/Sourceful.build/Debug-watchos/Sourceful-t.build/Objects-normal/arm64/Sourceful.swiftmodule -emit-abi-descriptor-path /Users/admin/builder/spi-builder-workspace/.derivedData/Build/Intermediates.noindex/Sourceful.build/Debug-watchos/Sourceful-t.build/Objects-normal/arm64/Sourceful.abi.json
SwiftCompile normal arm64 (in target 'Sourceful' from project 'Sourceful')
cd /Users/admin/builder/spi-builder-workspace/.swiftpm/xcode
SwiftCompile normal arm64 Compiling\ SyntaxTextViewLayoutManager.swift,\ TextViewWrapperView.swift /Users/admin/builder/spi-builder-workspace/Sources/Sourceful/View/SyntaxTextViewLayoutManager.swift /Users/admin/builder/spi-builder-workspace/Sources/Sourceful/View/TextViewWrapperView.swift (in target 'Sourceful' from project 'Sourceful')
/Users/admin/builder/spi-builder-workspace/Sources/Sourceful/View/SyntaxTextViewLayoutManager.swift:29:36: error: 'NSLayoutManager' is unavailable in watchOS
27 | }
28 |
29 | class SyntaxTextViewLayoutManager: NSLayoutManager {
| `- error: 'NSLayoutManager' is unavailable in watchOS
30 |
31 | override func drawGlyphs(forGlyphRange glyphsToShow: NSRange, at origin: CGPoint) {
/Applications/Xcode-27.0.0-Release.Candidate.app/Contents/Developer/Platforms/WatchOS.platform/Developer/SDKs/WatchOS27.0.sdk/System/Library/Frameworks/UIKit.framework/Headers/NSLayoutManager.h:58:12: note: 'NSLayoutManager' has been explicitly marked unavailable here
56 |
57 | UIKIT_EXTERN API_AVAILABLE(macos(10.0), ios(7.0)) API_UNAVAILABLE(watchos)
58 | @interface NSLayoutManager : NSObject <NSSecureCoding>
| `- note: 'NSLayoutManager' has been explicitly marked unavailable here
59 |
60 | /**************************** Initialization ****************************/
SwiftCompile normal arm64 /Users/admin/builder/spi-builder-workspace/Sources/Sourceful/View/SyntaxTextViewLayoutManager.swift (in target 'Sourceful' from project 'Sourceful')
cd /Users/admin/builder/spi-builder-workspace/.swiftpm/xcode
builtin-SwiftPerFileCompile SyntaxTextViewLayoutManager.swift
SwiftCompile normal arm64 /Users/admin/builder/spi-builder-workspace/Sources/Sourceful/View/TextViewWrapperView.swift (in target 'Sourceful' from project 'Sourceful')
cd /Users/admin/builder/spi-builder-workspace/.swiftpm/xcode
builtin-SwiftPerFileCompile TextViewWrapperView.swift
SwiftCompile normal arm64 Compiling\ SyntaxColorTheme.swift,\ Token.swift,\ SourceCodeRegexLexer.swift /Users/admin/builder/spi-builder-workspace/Sources/Sourceful/Model/SyntaxColorTheme.swift /Users/admin/builder/spi-builder-workspace/Sources/Sourceful/Model/Token.swift /Users/admin/builder/spi-builder-workspace/Sources/Sourceful/SourceCodeRegexLexer.swift (in target 'Sourceful' from project 'Sourceful')
SwiftCompile normal arm64 /Users/admin/builder/spi-builder-workspace/Sources/Sourceful/Model/SyntaxColorTheme.swift (in target 'Sourceful' from project 'Sourceful')
cd /Users/admin/builder/spi-builder-workspace/.swiftpm/xcode
builtin-SwiftPerFileCompile SyntaxColorTheme.swift
SwiftCompile normal arm64 /Users/admin/builder/spi-builder-workspace/Sources/Sourceful/Model/Token.swift (in target 'Sourceful' from project 'Sourceful')
cd /Users/admin/builder/spi-builder-workspace/.swiftpm/xcode
builtin-SwiftPerFileCompile Token.swift
SwiftCompile normal arm64 /Users/admin/builder/spi-builder-workspace/Sources/Sourceful/SourceCodeRegexLexer.swift (in target 'Sourceful' from project 'Sourceful')
cd /Users/admin/builder/spi-builder-workspace/.swiftpm/xcode
builtin-SwiftPerFileCompile SourceCodeRegexLexer.swift
SwiftCompile normal arm64 Compiling\ SourceCodeTheme.swift,\ SourceCodeToken.swift,\ SourceCodeTextEditor.swift /Users/admin/builder/spi-builder-workspace/Sources/Sourceful/SourceCodeTheme.swift /Users/admin/builder/spi-builder-workspace/Sources/Sourceful/SourceCodeToken.swift /Users/admin/builder/spi-builder-workspace/Sources/Sourceful/SwiftUI/SourceCodeTextEditor.swift (in target 'Sourceful' from project 'Sourceful')
SwiftCompile normal arm64 /Users/admin/builder/spi-builder-workspace/Sources/Sourceful/SourceCodeTheme.swift (in target 'Sourceful' from project 'Sourceful')
cd /Users/admin/builder/spi-builder-workspace/.swiftpm/xcode
builtin-SwiftPerFileCompile SourceCodeTheme.swift
SwiftCompile normal arm64 /Users/admin/builder/spi-builder-workspace/Sources/Sourceful/SourceCodeToken.swift (in target 'Sourceful' from project 'Sourceful')
cd /Users/admin/builder/spi-builder-workspace/.swiftpm/xcode
builtin-SwiftPerFileCompile SourceCodeToken.swift
SwiftCompile normal arm64 /Users/admin/builder/spi-builder-workspace/Sources/Sourceful/SwiftUI/SourceCodeTextEditor.swift (in target 'Sourceful' from project 'Sourceful')
cd /Users/admin/builder/spi-builder-workspace/.swiftpm/xcode
builtin-SwiftPerFileCompile SourceCodeTextEditor.swift
SwiftExplicitDependencyGeneratePcm arm64_32 /Users/admin/builder/spi-builder-workspace/.derivedData/SDKExplicitPrecompiledModules/SwiftUI-9AYG9OCT5VOJK7V4MX1WYR86T.pcm
PruneExplicitPrecompiledModules /Users/admin/builder/spi-builder-workspace/.derivedData/Build/Intermediates.noindex/SwiftExplicitPrecompiledModules
PruneExplicitPrecompiledModules /Users/admin/builder/spi-builder-workspace/.derivedData/SDKExplicitPrecompiledModules
PruneExplicitPrecompiledModules /Users/admin/builder/spi-builder-workspace/.derivedData/Build/Intermediates.noindex/ExplicitPrecompiledModules
2026-09-20 08:04:25.984 xcodebuild[797:4765] [MT] IDERunDestination: Supported platforms for the buildables in the current scheme is empty.
** BUILD FAILED **
The following build commands failed:
SwiftEmitModule normal arm64 Emitting\ module\ for\ Sourceful (in target 'Sourceful' from project 'Sourceful')
SwiftCompile normal arm64 (in target 'Sourceful' from project 'Sourceful')
Building workspace Sourceful with scheme Sourceful
(3 failures)
BUILD FAILURE 6.4 watchOS