Build Information
Failed to build SwipeButton, reference main (6e4fff), with Swift 6.4 for tvOS using Xcode 27.0 on 17 Sep 2026 22:21:07 UTC.
Build Command
env DEVELOPER_DIR=/Applications/Xcode-27.0.0-Release.Candidate.app xcrun xcodebuild -IDEClonedSourcePackagesDirPathOverride=$PWD/.dependencies -skipMacroValidation -skipPackagePluginValidation -derivedDataPath $PWD/.derivedData build -scheme SwipeButton -destination generic/platform=tvOSBuild Log
========================================
RunAll
========================================
Builder version: 5.1.0
Interrupt handler set up.
========================================
Checkout
========================================
Clone URL: https://github.com/rushairer/SwipeButton.git
Reference: main
Initialized empty Git repository in /Users/admin/builder/spi-builder-workspace/.git/
From https://github.com/rushairer/SwipeButton
* branch main -> FETCH_HEAD
* [new branch] main -> origin/main
HEAD is now at 6e4ffff [Added]Add README.
Cloned https://github.com/rushairer/SwipeButton.git
Revision (git rev-parse @):
6e4ffff9ea285aa37c20cc9e69f5345fa2a63595
SUCCESS checkout https://github.com/rushairer/SwipeButton.git at main
========================================
Build
========================================
Selected platform: tvOS
Swift version: 6.4
Building package at path: $PWD
https://github.com/rushairer/SwipeButton.git
Command line invocation:
/Applications/Xcode-27.0.0-Release.Candidate.app/Contents/Developer/usr/bin/xcodebuild -IDEClonedSourcePackagesDirPathOverride=/Users/admin/builder/spi-builder-workspace/.dependencies -resolvePackageDependencies
Resolve Package Graph
Resolve Package Graph
Resolved source packages:
SwipeButton: /Users/admin/builder/spi-builder-workspace
resolved source packages: SwipeButton
2026-09-17 18:20:11.694 xcodebuild[529:3025] [MT] IDERunDestination: Supported platforms for the buildables in the current scheme is empty.
2026-09-17 18:20:11.850 xcodebuild[529:3025] [MT] IDERunDestination: Supported platforms for the buildables in the current scheme is empty.
2026-09-17 18:20:13.477 xcodebuild[529:3025] [MT] IDERunDestination: Supported platforms for the buildables in the current scheme is empty.
{
"dependencies" : [
],
"manifest_display_name" : "SwipeButton",
"name" : "SwipeButton",
"path" : "/Users/admin/builder/spi-builder-workspace",
"platforms" : [
{
"name" : "ios",
"version" : "14.0"
},
{
"name" : "macos",
"version" : "11.0"
},
{
"name" : "watchos",
"version" : "7.0"
}
],
"products" : [
{
"name" : "SwipeButton",
"targets" : [
"SwipeButton"
],
"type" : {
"library" : [
"automatic"
]
}
}
],
"targets" : [
{
"c99name" : "SwipeButtonTests",
"module_type" : "SwiftTarget",
"name" : "SwipeButtonTests",
"path" : "Tests/SwipeButtonTests",
"sources" : [
"SwipeButtonTests.swift"
],
"target_dependencies" : [
"SwipeButton"
],
"type" : "test"
},
{
"c99name" : "SwipeButton",
"module_type" : "SwiftTarget",
"name" : "SwipeButton",
"path" : "Sources/SwipeButton",
"product_memberships" : [
"SwipeButton"
],
"sources" : [
"RectangleShape.swift",
"SwipeButton.swift",
"SwipeButtonView.swift",
"WaveShape.swift"
],
"type" : "library"
}
],
"tools_version" : "5.3"
}
{
"workspace" : {
"name" : "SwipeButton",
"schemes" : [
"SwipeButton"
]
}
}
2026-09-17 18:20:52.689 xcodebuild[626:3949] [MT] IDERunDestination: Supported platforms for the buildables in the current scheme is empty.
2026-09-17 18:20:52.839 xcodebuild[626:3949] [MT] IDERunDestination: Supported platforms for the buildables in the current scheme is empty.
Running build ...
env DEVELOPER_DIR=/Applications/Xcode-27.0.0-Release.Candidate.app xcrun xcodebuild -IDEClonedSourcePackagesDirPathOverride=$PWD/.dependencies -skipMacroValidation -skipPackagePluginValidation -derivedDataPath $PWD/.derivedData build -scheme SwipeButton -destination generic/platform=tvOS
Command line invocation:
/Applications/Xcode-27.0.0-Release.Candidate.app/Contents/Developer/usr/bin/xcodebuild -IDEClonedSourcePackagesDirPathOverride=/Users/admin/builder/spi-builder-workspace/.dependencies -skipMacroValidation -skipPackagePluginValidation -derivedDataPath /Users/admin/builder/spi-builder-workspace/.derivedData build -scheme SwipeButton -destination generic/platform=tvOS
Resolve Package Graph
Resolved source packages:
SwipeButton: /Users/admin/builder/spi-builder-workspace
ComputePackagePrebuildTargetDependencyGraph
Prepare packages
CreateBuildRequest
SendProjectDescription
CreateBuildOperation
ComputeTargetDependencyGraph
note: Building targets in dependency order
note: Target dependency graph (3 targets)
Target 'SwipeButtonTests-product' in project 'SwipeButton'
➜ Explicit dependency on target 'SwipeButton' in project 'SwipeButton'
Target 'SwipeButton-product' in project 'SwipeButton'
➜ Explicit dependency on target 'SwipeButton' in project 'SwipeButton'
Target 'SwipeButton' in project 'SwipeButton' (no dependencies)
GatherProvisioningInputs
CreateBuildDescription
ExecuteExternalTool /Applications/Xcode-27.0.0-Release.Candidate.app/Contents/Developer/Toolchains/XcodeDefault.xctoolchain/usr/bin/clang -v -E -dM -isysroot /Applications/Xcode-27.0.0-Release.Candidate.app/Contents/Developer/Platforms/AppleTVOS.platform/Developer/SDKs/AppleTVOS27.0.sdk -x c -c /dev/null
ExecuteExternalTool /Applications/Xcode-27.0.0-Release.Candidate.app/Contents/Developer/Toolchains/XcodeDefault.xctoolchain/usr/bin/swiftc --version
ExecuteExternalTool /Applications/Xcode-27.0.0-Release.Candidate.app/Contents/Developer/Toolchains/XcodeDefault.xctoolchain/usr/bin/ld -version_details
Build description signature: 83bedd9e0b3f9aae7a0290cc0993c2cb
Build description path: /Users/admin/builder/spi-builder-workspace/.derivedData/Build/Intermediates.noindex/XCBuildData/83bedd9e0b3f9aae7a0290cc0993c2cb.xcbuilddata
CreateBuildDirectory /Users/admin/builder/spi-builder-workspace/.derivedData/ModuleCache.noindex
cd /Users/admin/builder/spi-builder-workspace/.swiftpm/xcode
builtin-create-build-directory /Users/admin/builder/spi-builder-workspace/.derivedData/ModuleCache.noindex
CreateBuildDirectory /Users/admin/builder/spi-builder-workspace/.derivedData/SDKExplicitPrecompiledModules
cd /Users/admin/builder/spi-builder-workspace/.swiftpm/xcode
builtin-create-build-directory /Users/admin/builder/spi-builder-workspace/.derivedData/SDKExplicitPrecompiledModules
CreateBuildDirectory /Users/admin/builder/spi-builder-workspace/.derivedData/CompilationCache.noindex
cd /Users/admin/builder/spi-builder-workspace/.swiftpm/xcode
builtin-create-build-directory /Users/admin/builder/spi-builder-workspace/.derivedData/CompilationCache.noindex
CreateBuildDirectory /Users/admin/builder/spi-builder-workspace/.derivedData/Build/Intermediates.noindex
cd /Users/admin/builder/spi-builder-workspace/.swiftpm/xcode
builtin-create-build-directory /Users/admin/builder/spi-builder-workspace/.derivedData/Build/Intermediates.noindex
CreateBuildDirectory /Users/admin/builder/spi-builder-workspace/.derivedData/Build/Products
cd /Users/admin/builder/spi-builder-workspace/.swiftpm/xcode
builtin-create-build-directory /Users/admin/builder/spi-builder-workspace/.derivedData/Build/Products
ClangStatCache /Applications/Xcode-27.0.0-Release.Candidate.app/Contents/Developer/Toolchains/XcodeDefault.xctoolchain/usr/bin/clang-stat-cache /Applications/Xcode-27.0.0-Release.Candidate.app/Contents/Developer/Platforms/AppleTVOS.platform/Developer/SDKs/AppleTVOS27.0.sdk /Users/admin/builder/spi-builder-workspace/.derivedData/SDKStatCaches.noindex/appletvos27.0-24J360-e829b21a6f8c9b70876ba0858053c044b32bfd8d43560033f8d89884cdb90028.sdkstatcache
cd /Users/admin/builder/spi-builder-workspace/.swiftpm/xcode
/Applications/Xcode-27.0.0-Release.Candidate.app/Contents/Developer/Toolchains/XcodeDefault.xctoolchain/usr/bin/clang-stat-cache /Applications/Xcode-27.0.0-Release.Candidate.app/Contents/Developer/Platforms/AppleTVOS.platform/Developer/SDKs/AppleTVOS27.0.sdk -o /Users/admin/builder/spi-builder-workspace/.derivedData/SDKStatCaches.noindex/appletvos27.0-24J360-e829b21a6f8c9b70876ba0858053c044b32bfd8d43560033f8d89884cdb90028.sdkstatcache
CreateBuildDirectory /Users/admin/builder/spi-builder-workspace/.derivedData/Build/Intermediates.noindex/SwiftExplicitPrecompiledModules
cd /Users/admin/builder/spi-builder-workspace/.swiftpm/xcode
builtin-create-build-directory /Users/admin/builder/spi-builder-workspace/.derivedData/Build/Intermediates.noindex/SwiftExplicitPrecompiledModules
CreateBuildDirectory /Users/admin/builder/spi-builder-workspace/.derivedData/Build/Intermediates.noindex/EagerLinkingTBDs/Debug-appletvos
cd /Users/admin/builder/spi-builder-workspace/.swiftpm/xcode
builtin-create-build-directory /Users/admin/builder/spi-builder-workspace/.derivedData/Build/Intermediates.noindex/EagerLinkingTBDs/Debug-appletvos
CreateBuildDirectory /Users/admin/builder/spi-builder-workspace/.derivedData/Build/Intermediates.noindex/ExplicitPrecompiledModules
cd /Users/admin/builder/spi-builder-workspace/.swiftpm/xcode
builtin-create-build-directory /Users/admin/builder/spi-builder-workspace/.derivedData/Build/Intermediates.noindex/ExplicitPrecompiledModules
CreateBuildDirectory /Users/admin/builder/spi-builder-workspace/.derivedData/Build/Intermediates.noindex/PrecompiledHeaders
cd /Users/admin/builder/spi-builder-workspace/.swiftpm/xcode
builtin-create-build-directory /Users/admin/builder/spi-builder-workspace/.derivedData/Build/Intermediates.noindex/PrecompiledHeaders
CreateBuildDirectory /Users/admin/builder/spi-builder-workspace/.derivedData/Build/Products/Debug-appletvos
cd /Users/admin/builder/spi-builder-workspace/.swiftpm/xcode
builtin-create-build-directory /Users/admin/builder/spi-builder-workspace/.derivedData/Build/Products/Debug-appletvos
CreateBuildDirectory /Users/admin/builder/spi-builder-workspace/.derivedData/Build/Products/Debug-appletvos/PackageFrameworks
cd /Users/admin/builder/spi-builder-workspace/.swiftpm/xcode
builtin-create-build-directory /Users/admin/builder/spi-builder-workspace/.derivedData/Build/Products/Debug-appletvos/PackageFrameworks
WriteAuxiliaryFile /Users/admin/builder/spi-builder-workspace/.derivedData/Build/Intermediates.noindex/SwipeButton.build/Debug-appletvos/SwipeButtonTests-p.build/SwipeButtonTests.DependencyMetadataFileList (in target 'SwipeButtonTests-product' from project 'SwipeButton')
cd /Users/admin/builder/spi-builder-workspace
write-file /Users/admin/builder/spi-builder-workspace/.derivedData/Build/Intermediates.noindex/SwipeButton.build/Debug-appletvos/SwipeButtonTests-p.build/SwipeButtonTests.DependencyMetadataFileList
WriteAuxiliaryFile /Users/admin/builder/spi-builder-workspace/.derivedData/Build/Intermediates.noindex/SwipeButton.build/Debug-appletvos/SwipeButtonTests-p.build/empty-SwipeButtonTests.plist (in target 'SwipeButtonTests-product' from project 'SwipeButton')
cd /Users/admin/builder/spi-builder-workspace
write-file /Users/admin/builder/spi-builder-workspace/.derivedData/Build/Intermediates.noindex/SwipeButton.build/Debug-appletvos/SwipeButtonTests-p.build/empty-SwipeButtonTests.plist
WriteAuxiliaryFile /Users/admin/builder/spi-builder-workspace/.derivedData/Build/Intermediates.noindex/SwipeButton.build/Debug-appletvos/SwipeButtonTests-p.build/SwipeButtonTests.DependencyStaticMetadataFileList (in target 'SwipeButtonTests-product' from project 'SwipeButton')
cd /Users/admin/builder/spi-builder-workspace
write-file /Users/admin/builder/spi-builder-workspace/.derivedData/Build/Intermediates.noindex/SwipeButton.build/Debug-appletvos/SwipeButtonTests-p.build/SwipeButtonTests.DependencyStaticMetadataFileList
WriteAuxiliaryFile /Users/admin/builder/spi-builder-workspace/.derivedData/Build/Intermediates.noindex/SwipeButton.build/Debug-appletvos/SwipeButton-t.build/SwipeButton.modulemap (in target 'SwipeButton' from project 'SwipeButton')
cd /Users/admin/builder/spi-builder-workspace
write-file /Users/admin/builder/spi-builder-workspace/.derivedData/Build/Intermediates.noindex/SwipeButton.build/Debug-appletvos/SwipeButton-t.build/SwipeButton.modulemap
WriteAuxiliaryFile /Users/admin/builder/spi-builder-workspace/.derivedData/Build/Intermediates.noindex/SwipeButton.build/Debug-appletvos/SwipeButtonTests-p.build/Objects-normal/arm64/SwipeButtonTests.SwiftFileList (in target 'SwipeButtonTests-product' from project 'SwipeButton')
cd /Users/admin/builder/spi-builder-workspace
write-file /Users/admin/builder/spi-builder-workspace/.derivedData/Build/Intermediates.noindex/SwipeButton.build/Debug-appletvos/SwipeButtonTests-p.build/Objects-normal/arm64/SwipeButtonTests.SwiftFileList
WriteAuxiliaryFile /Users/admin/builder/spi-builder-workspace/.derivedData/Build/Intermediates.noindex/SwipeButton.build/Debug-appletvos/SwipeButtonTests-p.build/Objects-normal/arm64/SwipeButtonTests.SwiftConstValuesFileList (in target 'SwipeButtonTests-product' from project 'SwipeButton')
cd /Users/admin/builder/spi-builder-workspace
write-file /Users/admin/builder/spi-builder-workspace/.derivedData/Build/Intermediates.noindex/SwipeButton.build/Debug-appletvos/SwipeButtonTests-p.build/Objects-normal/arm64/SwipeButtonTests.SwiftConstValuesFileList
WriteAuxiliaryFile /Users/admin/builder/spi-builder-workspace/.derivedData/Build/Intermediates.noindex/SwipeButton.build/Debug-appletvos/SwipeButtonTests-p.build/Objects-normal/arm64/SwipeButtonTests-OutputFileMap.json (in target 'SwipeButtonTests-product' from project 'SwipeButton')
cd /Users/admin/builder/spi-builder-workspace
write-file /Users/admin/builder/spi-builder-workspace/.derivedData/Build/Intermediates.noindex/SwipeButton.build/Debug-appletvos/SwipeButtonTests-p.build/Objects-normal/arm64/SwipeButtonTests-OutputFileMap.json
WriteAuxiliaryFile /Users/admin/builder/spi-builder-workspace/.derivedData/Build/Intermediates.noindex/SwipeButton.build/Debug-appletvos/SwipeButtonTests-p.build/Objects-normal/arm64/SwipeButtonTests.LinkFileList (in target 'SwipeButtonTests-product' from project 'SwipeButton')
cd /Users/admin/builder/spi-builder-workspace
write-file /Users/admin/builder/spi-builder-workspace/.derivedData/Build/Intermediates.noindex/SwipeButton.build/Debug-appletvos/SwipeButtonTests-p.build/Objects-normal/arm64/SwipeButtonTests.LinkFileList
WriteAuxiliaryFile /Users/admin/builder/spi-builder-workspace/.derivedData/Build/Intermediates.noindex/SwipeButton.build/Debug-appletvos/SwipeButtonTests-p.build/Objects-normal/arm64/SwipeButtonTests_const_extract_protocols.json (in target 'SwipeButtonTests-product' from project 'SwipeButton')
cd /Users/admin/builder/spi-builder-workspace
write-file /Users/admin/builder/spi-builder-workspace/.derivedData/Build/Intermediates.noindex/SwipeButton.build/Debug-appletvos/SwipeButtonTests-p.build/Objects-normal/arm64/SwipeButtonTests_const_extract_protocols.json
WriteAuxiliaryFile /Users/admin/builder/spi-builder-workspace/.derivedData/Build/Intermediates.noindex/SwipeButton.build/Debug-appletvos/SwipeButton-t.build/SwipeButton.DependencyStaticMetadataFileList (in target 'SwipeButton' from project 'SwipeButton')
cd /Users/admin/builder/spi-builder-workspace
write-file /Users/admin/builder/spi-builder-workspace/.derivedData/Build/Intermediates.noindex/SwipeButton.build/Debug-appletvos/SwipeButton-t.build/SwipeButton.DependencyStaticMetadataFileList
WriteAuxiliaryFile /Users/admin/builder/spi-builder-workspace/.derivedData/Build/Intermediates.noindex/SwipeButton.build/Debug-appletvos/SwipeButton-t.build/SwipeButton.DependencyMetadataFileList (in target 'SwipeButton' from project 'SwipeButton')
cd /Users/admin/builder/spi-builder-workspace
write-file /Users/admin/builder/spi-builder-workspace/.derivedData/Build/Intermediates.noindex/SwipeButton.build/Debug-appletvos/SwipeButton-t.build/SwipeButton.DependencyMetadataFileList
WriteAuxiliaryFile /Users/admin/builder/spi-builder-workspace/.derivedData/Build/Intermediates.noindex/SwipeButton.build/Debug-appletvos/SwipeButton-t.build/Objects-normal/arm64/SwipeButton_const_extract_protocols.json (in target 'SwipeButton' from project 'SwipeButton')
cd /Users/admin/builder/spi-builder-workspace
write-file /Users/admin/builder/spi-builder-workspace/.derivedData/Build/Intermediates.noindex/SwipeButton.build/Debug-appletvos/SwipeButton-t.build/Objects-normal/arm64/SwipeButton_const_extract_protocols.json
WriteAuxiliaryFile /Users/admin/builder/spi-builder-workspace/.derivedData/Build/Intermediates.noindex/SwipeButton.build/Debug-appletvos/SwipeButton-t.build/Objects-normal/arm64/SwipeButton.SwiftFileList (in target 'SwipeButton' from project 'SwipeButton')
cd /Users/admin/builder/spi-builder-workspace
write-file /Users/admin/builder/spi-builder-workspace/.derivedData/Build/Intermediates.noindex/SwipeButton.build/Debug-appletvos/SwipeButton-t.build/Objects-normal/arm64/SwipeButton.SwiftFileList
WriteAuxiliaryFile /Users/admin/builder/spi-builder-workspace/.derivedData/Build/Intermediates.noindex/SwipeButton.build/Debug-appletvos/SwipeButton-t.build/Objects-normal/arm64/SwipeButton.SwiftConstValuesFileList (in target 'SwipeButton' from project 'SwipeButton')
cd /Users/admin/builder/spi-builder-workspace
write-file /Users/admin/builder/spi-builder-workspace/.derivedData/Build/Intermediates.noindex/SwipeButton.build/Debug-appletvos/SwipeButton-t.build/Objects-normal/arm64/SwipeButton.SwiftConstValuesFileList
WriteAuxiliaryFile /Users/admin/builder/spi-builder-workspace/.derivedData/Build/Intermediates.noindex/SwipeButton.build/Debug-appletvos/SwipeButton-t.build/Objects-normal/arm64/SwipeButton.LinkFileList (in target 'SwipeButton' from project 'SwipeButton')
cd /Users/admin/builder/spi-builder-workspace
write-file /Users/admin/builder/spi-builder-workspace/.derivedData/Build/Intermediates.noindex/SwipeButton.build/Debug-appletvos/SwipeButton-t.build/Objects-normal/arm64/SwipeButton.LinkFileList
WriteAuxiliaryFile /Users/admin/builder/spi-builder-workspace/.derivedData/Build/Intermediates.noindex/SwipeButton.build/Debug-appletvos/SwipeButton-t.build/Objects-normal/arm64/SwipeButton-OutputFileMap.json (in target 'SwipeButton' from project 'SwipeButton')
cd /Users/admin/builder/spi-builder-workspace
write-file /Users/admin/builder/spi-builder-workspace/.derivedData/Build/Intermediates.noindex/SwipeButton.build/Debug-appletvos/SwipeButton-t.build/Objects-normal/arm64/SwipeButton-OutputFileMap.json
MkDir /Users/admin/builder/spi-builder-workspace/.derivedData/Build/Products/Debug-appletvos/SwipeButtonTests.xctest (in target 'SwipeButtonTests-product' from project 'SwipeButton')
cd /Users/admin/builder/spi-builder-workspace
/bin/mkdir -p /Users/admin/builder/spi-builder-workspace/.derivedData/Build/Products/Debug-appletvos/SwipeButtonTests.xctest
Copy /Users/admin/builder/spi-builder-workspace/.derivedData/Build/Intermediates.noindex/GeneratedModuleMaps-appletvos/SwipeButton.modulemap /Users/admin/builder/spi-builder-workspace/.derivedData/Build/Intermediates.noindex/SwipeButton.build/Debug-appletvos/SwipeButton-t.build/SwipeButton.modulemap (in target 'SwipeButton' from project 'SwipeButton')
cd /Users/admin/builder/spi-builder-workspace
builtin-copy -exclude .DS_Store -exclude CVS -exclude .svn -exclude .git -exclude .hg -resolve-src-symlinks /Users/admin/builder/spi-builder-workspace/.derivedData/Build/Intermediates.noindex/SwipeButton.build/Debug-appletvos/SwipeButton-t.build/SwipeButton.modulemap /Users/admin/builder/spi-builder-workspace/.derivedData/Build/Intermediates.noindex/GeneratedModuleMaps-appletvos
SwiftDriver SwipeButton normal arm64 com.apple.xcode.tools.swift.compiler (in target 'SwipeButton' from project 'SwipeButton')
cd /Users/admin/builder/spi-builder-workspace/.swiftpm/xcode
builtin-SwiftDriver -- /Applications/Xcode-27.0.0-Release.Candidate.app/Contents/Developer/Toolchains/XcodeDefault.xctoolchain/usr/bin/swiftc -parse-as-library -module-name SwipeButton -Onone @/Users/admin/builder/spi-builder-workspace/.derivedData/Build/Intermediates.noindex/SwipeButton.build/Debug-appletvos/SwipeButton-t.build/Objects-normal/arm64/SwipeButton.SwiftFileList -DSWIFT_PACKAGE -DDEBUG -DSWIFT_MODULE_RESOURCE_BUNDLE_UNAVAILABLE -DXcode -plugin-path /Applications/Xcode-27.0.0-Release.Candidate.app/Contents/Developer/Toolchains/XcodeDefault.xctoolchain/usr/lib/swift/host/plugins/testing -enable-experimental-feature DebugDescriptionMacro -sdk /Applications/Xcode-27.0.0-Release.Candidate.app/Contents/Developer/Platforms/AppleTVOS.platform/Developer/SDKs/AppleTVOS27.0.sdk -target arm64-apple-tvos15.0 -g -module-cache-path /Users/admin/builder/spi-builder-workspace/.derivedData/ModuleCache.noindex -Xfrontend -serialize-debugging-options -enable-testing -index-store-path /Users/admin/builder/spi-builder-workspace/.derivedData/Index.noindex/DataStore -Xcc -D_LIBCPP_HARDENING_MODE\=_LIBCPP_HARDENING_MODE_DEBUG -swift-version 5 -I /Users/admin/builder/spi-builder-workspace/.derivedData/Build/Products/Debug-appletvos -Isystem /Applications/Xcode-27.0.0-Release.Candidate.app/Contents/Developer/Platforms/AppleTVOS.platform/Developer/usr/lib -F /Users/admin/builder/spi-builder-workspace/.derivedData/Build/Products/Debug-appletvos -F /Applications/Xcode-27.0.0-Release.Candidate.app/Contents/Developer/Platforms/AppleTVOS.platform/Developer/Library/Frameworks -F /Applications/Xcode-27.0.0-Release.Candidate.app/Contents/Developer/Platforms/AppleTVOS.platform/Developer/SDKs/AppleTVOS27.0.sdk/Developer/Library/Frameworks -c -j10 -enable-batch-mode -incremental -Xcc -ivfsstatcache -Xcc /Users/admin/builder/spi-builder-workspace/.derivedData/SDKStatCaches.noindex/appletvos27.0-24J360-e829b21a6f8c9b70876ba0858053c044b32bfd8d43560033f8d89884cdb90028.sdkstatcache -output-file-map /Users/admin/builder/spi-builder-workspace/.derivedData/Build/Intermediates.noindex/SwipeButton.build/Debug-appletvos/SwipeButton-t.build/Objects-normal/arm64/SwipeButton-OutputFileMap.json -save-temps -no-color-diagnostics -explicit-module-build -module-cache-path /Users/admin/builder/spi-builder-workspace/.derivedData/Build/Intermediates.noindex/SwiftExplicitPrecompiledModules -clang-scanner-module-cache-path /Users/admin/builder/spi-builder-workspace/.derivedData/ModuleCache.noindex -sdk-module-cache-path /Users/admin/builder/spi-builder-workspace/.derivedData/SDKExplicitPrecompiledModules -emit-dependencies -emit-module -emit-module-path /Users/admin/builder/spi-builder-workspace/.derivedData/Build/Intermediates.noindex/SwipeButton.build/Debug-appletvos/SwipeButton-t.build/Objects-normal/arm64/SwipeButton.swiftmodule -serialize-diagnostics -dependency-scan-serialize-diagnostics-path /Users/admin/builder/spi-builder-workspace/.derivedData/Build/Intermediates.noindex/SwipeButton.build/Debug-appletvos/SwipeButton-t.build/Objects-normal/arm64/SwipeButton-dependency-scan.dia -validate-clang-modules-once -clang-build-session-file /Users/admin/builder/spi-builder-workspace/.derivedData/ModuleCache.noindex/Session.modulevalidation -Xcc -fmodules-prune-interval\=86400 -Xcc -fmodules-prune-after\=345600 -emit-const-values -const-gather-protocols-list /Users/admin/builder/spi-builder-workspace/.derivedData/Build/Intermediates.noindex/SwipeButton.build/Debug-appletvos/SwipeButton-t.build/Objects-normal/arm64/SwipeButton_const_extract_protocols.json -Xcc -I/Users/admin/builder/spi-builder-workspace/.derivedData/Build/Products/Debug-appletvos/include -Xcc -I/Users/admin/builder/spi-builder-workspace/.derivedData/Build/Intermediates.noindex/SwipeButton.build/Debug-appletvos/SwipeButton-t.build/DerivedSources-normal/arm64 -Xcc -I/Users/admin/builder/spi-builder-workspace/.derivedData/Build/Intermediates.noindex/SwipeButton.build/Debug-appletvos/SwipeButton-t.build/DerivedSources/arm64 -Xcc -I/Users/admin/builder/spi-builder-workspace/.derivedData/Build/Intermediates.noindex/SwipeButton.build/Debug-appletvos/SwipeButton-t.build/DerivedSources -Xcc -DSWIFT_PACKAGE -Xcc -DDEBUG\=1 -emit-objc-header -emit-objc-header-path /Users/admin/builder/spi-builder-workspace/.derivedData/Build/Intermediates.noindex/SwipeButton.build/Debug-appletvos/SwipeButton-t.build/Objects-normal/arm64/SwipeButton-Swift.h -working-directory /Users/admin/builder/spi-builder-workspace/.swiftpm/xcode -experimental-emit-module-separately -disable-cmo
SwiftExplicitDependencyGeneratePcm arm64 /Users/admin/builder/spi-builder-workspace/.derivedData/SDKExplicitPrecompiledModules/_AvailabilityInternal-BV2EDDP0MI5QJDDPEEV4D9D3V.pcm
SwiftExplicitDependencyGeneratePcm arm64 /Users/admin/builder/spi-builder-workspace/.derivedData/SDKExplicitPrecompiledModules/_Builtin_stdbool-AHRDH5EKLY6D04C5E42F3VCQI.pcm
SwiftExplicitDependencyGeneratePcm arm64 /Users/admin/builder/spi-builder-workspace/.derivedData/SDKExplicitPrecompiledModules/ptrauth-8X2KEPL7CTRPS40TUB9APHPK6.pcm
SwiftExplicitDependencyGeneratePcm arm64 /Users/admin/builder/spi-builder-workspace/.derivedData/SDKExplicitPrecompiledModules/_Builtin_stddef-9ZJZ6FDEZNKTZU8YLPMFT9RAQ.pcm
SwiftExplicitDependencyGeneratePcm arm64 /Users/admin/builder/spi-builder-workspace/.derivedData/SDKExplicitPrecompiledModules/_Builtin_float-8ZJAYZ85YBOAOP52Y9H6IUNP3.pcm
SwiftExplicitDependencyGeneratePcm arm64 /Users/admin/builder/spi-builder-workspace/.derivedData/SDKExplicitPrecompiledModules/_SwiftConcurrencyShims-BY5PD8KF1L5KF6F4Q69HE3TJ4.pcm
SwiftExplicitDependencyGeneratePcm arm64 /Users/admin/builder/spi-builder-workspace/.derivedData/SDKExplicitPrecompiledModules/_Builtin_stdarg-BO2OCAUYVAXDRVQWQ8ISKGNUQ.pcm
SwiftExplicitDependencyGeneratePcm arm64 /Users/admin/builder/spi-builder-workspace/.derivedData/SDKExplicitPrecompiledModules/DeveloperToolsSupport-B1X8RI63V48AJRTH2RK6JAARV.pcm
SwiftExplicitDependencyGeneratePcm arm64 /Users/admin/builder/spi-builder-workspace/.derivedData/SDKExplicitPrecompiledModules/ptrcheck-2AZ6B5IBYD3RRRTFWN2ONASY3.pcm
SwiftExplicitDependencyGeneratePcm arm64 /Users/admin/builder/spi-builder-workspace/.derivedData/SDKExplicitPrecompiledModules/SwiftShims-8N4EXJ4RUJTR8K9OO3CMOH1EP.pcm
SwiftExplicitDependencyGeneratePcm arm64 /Users/admin/builder/spi-builder-workspace/.derivedData/SDKExplicitPrecompiledModules/_DarwinFoundation1-JOTYMOA1YZCIJ2NON6FQ848O.pcm
SwiftExplicitDependencyGeneratePcm arm64 /Users/admin/builder/spi-builder-workspace/.derivedData/SDKExplicitPrecompiledModules/_Builtin_limits-7JU2HP127LIT1X9E2V3D8WZ1.pcm
SwiftExplicitDependencyGeneratePcm arm64 /Users/admin/builder/spi-builder-workspace/.derivedData/SDKExplicitPrecompiledModules/_DarwinFoundation2-AOGAN1O02NKXRJN5V73AV3V3M.pcm
SwiftExplicitDependencyGeneratePcm arm64 /Users/admin/builder/spi-builder-workspace/.derivedData/SDKExplicitPrecompiledModules/_Builtin_tgmath-7ULT1EUHDHW4OZPSTT33H6QGE.pcm
SwiftExplicitDependencyGeneratePcm arm64 /Users/admin/builder/spi-builder-workspace/.derivedData/SDKExplicitPrecompiledModules/sys_types-8GCAV1YMG5UUGHUID3CA20TCH.pcm
SwiftExplicitDependencyGeneratePcm arm64 /Users/admin/builder/spi-builder-workspace/.derivedData/SDKExplicitPrecompiledModules/_Builtin_stdint-6NFTB6IBKS143IVPGT1EKB7HO.pcm
SwiftExplicitDependencyGeneratePcm arm64 /Users/admin/builder/spi-builder-workspace/.derivedData/SDKExplicitPrecompiledModules/string_h-6EVHP7A717OUS5DMC78F79HWO.pcm
SwiftExplicitDependencyGeneratePcm arm64 /Users/admin/builder/spi-builder-workspace/.derivedData/SDKExplicitPrecompiledModules/_Builtin_intrinsics-437O2R2NID4WAQVENR63GR82C.pcm
SwiftExplicitDependencyGeneratePcm arm64 /Users/admin/builder/spi-builder-workspace/.derivedData/SDKExplicitPrecompiledModules/_Builtin_stdatomic-3YXHN678NGYM3NL9POJ2HVEIF.pcm
SwiftExplicitDependencyGeneratePcm arm64 /Users/admin/builder/spi-builder-workspace/.derivedData/SDKExplicitPrecompiledModules/_DarwinFoundation3-8SR3855WDFHQPR6G9GHOI2C07.pcm
SwiftExplicitDependencyGeneratePcm arm64 /Users/admin/builder/spi-builder-workspace/.derivedData/SDKExplicitPrecompiledModules/_Builtin_inttypes-6X1IQ3QK9KEVKXOK9Y79EW7J3.pcm
SwiftExplicitDependencyGeneratePcm arm64 /Users/admin/builder/spi-builder-workspace/.derivedData/SDKExplicitPrecompiledModules/Darwin-DBSQAVBBPC3D2OMU5ZI2RXMST.pcm
SwiftExplicitDependencyGeneratePcm arm64 /Users/admin/builder/spi-builder-workspace/.derivedData/SDKExplicitPrecompiledModules/simd-117QUXEUT3Z7UQCUYWV2UA228.pcm
SwiftExplicitDependencyGeneratePcm arm64 /Users/admin/builder/spi-builder-workspace/.derivedData/SDKExplicitPrecompiledModules/MachO-EH3F5PJCIZG05NO51CEFSZYPW.pcm
SwiftExplicitDependencyGeneratePcm arm64 /Users/admin/builder/spi-builder-workspace/.derivedData/SDKExplicitPrecompiledModules/ObjectiveC-5250FDCE56N8508OR6XUYDKZM.pcm
SwiftExplicitDependencyGeneratePcm arm64 /Users/admin/builder/spi-builder-workspace/.derivedData/SDKExplicitPrecompiledModules/os_object-E2DGZ0SX0TULQHULZRPO6OKNW.pcm
SwiftExplicitDependencyGeneratePcm arm64 /Users/admin/builder/spi-builder-workspace/.derivedData/SDKExplicitPrecompiledModules/os_workgroup-DBUFF7811DKMX7VPBOJPGGF1U.pcm
SwiftExplicitDependencyGeneratePcm arm64 /Users/admin/builder/spi-builder-workspace/.derivedData/SDKExplicitPrecompiledModules/Spatial-7U8NLEFXSB8BR7PJQGVMF5A4Q.pcm
SwiftExplicitDependencyGeneratePcm arm64 /Users/admin/builder/spi-builder-workspace/.derivedData/SDKExplicitPrecompiledModules/Dispatch-1QL58A0V50C39KVAIC6C38SHL.pcm
SwiftExplicitDependencyGeneratePcm arm64 /Users/admin/builder/spi-builder-workspace/.derivedData/SDKExplicitPrecompiledModules/CoreFoundation-7TPJ7ENDC4L1A1ESHYI9TXS0D.pcm
SwiftExplicitDependencyGeneratePcm arm64 /Users/admin/builder/spi-builder-workspace/.derivedData/SDKExplicitPrecompiledModules/XPC-6O2DJFT3QUJ7QKTD3SNUB6PCR.pcm
SwiftExplicitDependencyGeneratePcm arm64 /Users/admin/builder/spi-builder-workspace/.derivedData/SDKExplicitPrecompiledModules/os-3GJI8H0BNAEZPQPQ1V0VVY3FY.pcm
SwiftExplicitDependencyGeneratePcm arm64 /Users/admin/builder/spi-builder-workspace/.derivedData/SDKExplicitPrecompiledModules/Security-8VMXEKVDA3MHUH9AOTP905DID.pcm
SwiftExplicitDependencyGeneratePcm arm64 /Users/admin/builder/spi-builder-workspace/.derivedData/SDKExplicitPrecompiledModules/CoreAudioTypes-E7EH96HAL3G83QSWLT7VWYIP4.pcm
SwiftExplicitDependencyGeneratePcm arm64 /Users/admin/builder/spi-builder-workspace/.derivedData/SDKExplicitPrecompiledModules/CFNetwork-2CUR2VK9S3S3WPFXPNXNUWYGN.pcm
SwiftExplicitDependencyGeneratePcm arm64 /Users/admin/builder/spi-builder-workspace/.derivedData/SDKExplicitPrecompiledModules/CoreGraphics-CWSP3J98S2658BYCVL6RP99T3.pcm
SwiftExplicitDependencyGeneratePcm arm64 /Users/admin/builder/spi-builder-workspace/.derivedData/SDKExplicitPrecompiledModules/CoreAudio-6IR1XRM0Q9YQZMFW89F3H4V3X.pcm
SwiftExplicitDependencyGeneratePcm arm64 /Users/admin/builder/spi-builder-workspace/.derivedData/SDKExplicitPrecompiledModules/Foundation-BSSIP64DIGUKMAYJOG1WPQ78X.pcm
SwiftExplicitDependencyGeneratePcm arm64 /Users/admin/builder/spi-builder-workspace/.derivedData/SDKExplicitPrecompiledModules/ImageIO-88D4CLEBD4CLWQKT78PZ6H1O8.pcm
SwiftExplicitDependencyGeneratePcm arm64 /Users/admin/builder/spi-builder-workspace/.derivedData/SDKExplicitPrecompiledModules/CoreText-59NY7PABM0I4V978161FOC04A.pcm
SwiftExplicitDependencyGeneratePcm arm64 /Users/admin/builder/spi-builder-workspace/.derivedData/SDKExplicitPrecompiledModules/UniformTypeIdentifiers-95CC8U42ZA9STP5K6GP9ZVJS5.pcm
SwiftExplicitDependencyGeneratePcm arm64 /Users/admin/builder/spi-builder-workspace/.derivedData/SDKExplicitPrecompiledModules/UIUtilities-6ZFJ1AK4H8IBGEBMYQBWGBYLK.pcm
SwiftExplicitDependencyGeneratePcm arm64 /Users/admin/builder/spi-builder-workspace/.derivedData/SDKExplicitPrecompiledModules/_LocationEssentials-ETSJ65FELPWR8WH8G49R1DF2E.pcm
SwiftExplicitDependencyGeneratePcm arm64 /Users/admin/builder/spi-builder-workspace/.derivedData/SDKExplicitPrecompiledModules/Accessibility-B6BODGZ4MQQTY0PBC4SHRP009.pcm
SwiftExplicitDependencyGeneratePcm arm64 /Users/admin/builder/spi-builder-workspace/.derivedData/SDKExplicitPrecompiledModules/UserNotifications-E9ZW5TH066WIJWH9080RC5NG4.pcm
SwiftExplicitDependencyGeneratePcm arm64 /Users/admin/builder/spi-builder-workspace/.derivedData/SDKExplicitPrecompiledModules/DataDetection-37JIYZ2GWDA1L166PP1D9JKAF.pcm
SwiftExplicitDependencyGeneratePcm arm64 /Users/admin/builder/spi-builder-workspace/.derivedData/SDKExplicitPrecompiledModules/Symbols-B5AU9VM9Y7NU79RLMH13Z4IFM.pcm
SwiftExplicitDependencyGeneratePcm arm64 /Users/admin/builder/spi-builder-workspace/.derivedData/SDKExplicitPrecompiledModules/IOSurface-38FJ1CKX9FV2RD97O64Z7QB17.pcm
SwiftExplicitDependencyGeneratePcm arm64 /Users/admin/builder/spi-builder-workspace/.derivedData/SDKExplicitPrecompiledModules/CoreTransferable-7V4O8DATEQ9F7SDNTCW8YWLG3.pcm
SwiftExplicitDependencyGeneratePcm arm64 /Users/admin/builder/spi-builder-workspace/.derivedData/SDKExplicitPrecompiledModules/CoreData-DYMPHH3PH8AX9I1FHA4VFJ675.pcm
SwiftExplicitDependencyGeneratePcm arm64 /Users/admin/builder/spi-builder-workspace/.derivedData/SDKExplicitPrecompiledModules/OSLog-7OT6HHTMY0ZFEQJ095LJZ6NLC.pcm
SwiftExplicitDependencyGeneratePcm arm64 /Users/admin/builder/spi-builder-workspace/.derivedData/SDKExplicitPrecompiledModules/CoreLocation-YVXXAOMVX0JH2KO1XTTKTY51.pcm
SwiftExplicitDependencyGeneratePcm arm64 /Users/admin/builder/spi-builder-workspace/.derivedData/SDKExplicitPrecompiledModules/Metal-2KYBS7IML1SD788M91YV7Q0CC.pcm
SwiftExplicitDependencyGeneratePcm arm64 /Users/admin/builder/spi-builder-workspace/.derivedData/SDKExplicitPrecompiledModules/OpenGLES-4NY99CNDU9WUNUYEIXSS1QFGE.pcm
SwiftExplicitDependencyGeneratePcm arm64 /Users/admin/builder/spi-builder-workspace/.derivedData/SDKExplicitPrecompiledModules/CoreVideo-DPU0PB5X0XLSVA2ETRGI6FJBM.pcm
SwiftExplicitDependencyGeneratePcm arm64 /Users/admin/builder/spi-builder-workspace/.derivedData/SDKExplicitPrecompiledModules/CoreMedia-4OUKVT03LV547KZJDPPJRJ4F8.pcm
SwiftExplicitDependencyGeneratePcm arm64 /Users/admin/builder/spi-builder-workspace/.derivedData/SDKExplicitPrecompiledModules/CoreImage-7S2AFJ8EIY3DUFYLEAX1JR1QV.pcm
SwiftExplicitDependencyGeneratePcm arm64 /Users/admin/builder/spi-builder-workspace/.derivedData/SDKExplicitPrecompiledModules/QuartzCore-DJSYAWKXFGVSAK5CQMOB3JSR.pcm
SwiftExplicitDependencyGeneratePcm arm64 /Users/admin/builder/spi-builder-workspace/.derivedData/SDKExplicitPrecompiledModules/SwiftUICore-543QU5V2NHKUFCYFJDKUJ7NYG.pcm
SwiftExplicitDependencyGeneratePcm arm64 /Users/admin/builder/spi-builder-workspace/.derivedData/SDKExplicitPrecompiledModules/UIKit-1TKWN7VC2X6N3ITMRVA2G0EB2.pcm
SwiftExplicitDependencyGeneratePcm arm64 /Users/admin/builder/spi-builder-workspace/.derivedData/SDKExplicitPrecompiledModules/SwiftUI-7BV1YDT6IZWW6B8OC6ENV0Y0F.pcm
SwiftEmitModule normal arm64 Emitting\ module\ for\ SwipeButton (in target 'SwipeButton' from project 'SwipeButton')
SwiftCompile normal arm64 (in target 'SwipeButton' from project 'SwipeButton')
cd /Users/admin/builder/spi-builder-workspace/.swiftpm/xcode
SwiftCompile normal arm64 Compiling\ RectangleShape.swift /Users/admin/builder/spi-builder-workspace/Sources/SwipeButton/RectangleShape.swift (in target 'SwipeButton' from project 'SwipeButton')
SwiftCompile normal arm64 /Users/admin/builder/spi-builder-workspace/Sources/SwipeButton/RectangleShape.swift (in target 'SwipeButton' from project 'SwipeButton')
cd /Users/admin/builder/spi-builder-workspace/.swiftpm/xcode
builtin-SwiftPerFileCompile RectangleShape.swift
SwiftCompile normal arm64 Compiling\ SwipeButtonView.swift /Users/admin/builder/spi-builder-workspace/Sources/SwipeButton/SwipeButtonView.swift (in target 'SwipeButton' from project 'SwipeButton')
/Users/admin/builder/spi-builder-workspace/Sources/SwipeButton/SwipeButtonView.swift:27:34: warning: 'animation' was deprecated in tvOS 15.0: Use withAnimation or animation(_:value:) instead. [#DeprecatedDeclaration]
25 | .fill(leftButtonColor)
26 | .frame(width: 60)
27 | .animation(willAuto ? .easeOut(duration: 0.2) : .easeIn(duration: 0.2))
| `- warning: 'animation' was deprecated in tvOS 15.0: Use withAnimation or animation(_:value:) instead. [#DeprecatedDeclaration]
28 | .opacity(offsetX == 0 ? 0 : 1)
29 | } else {
/Users/admin/builder/spi-builder-workspace/Sources/SwipeButton/SwipeButtonView.swift:33:34: warning: 'animation' was deprecated in tvOS 15.0: Use withAnimation or animation(_:value:) instead. [#DeprecatedDeclaration]
31 | .fill(leftButtonColor)
32 | .frame(width: 60)
33 | .animation(willAuto ? .easeOut(duration: 0.2) : .easeIn(duration: 0.2))
| `- warning: 'animation' was deprecated in tvOS 15.0: Use withAnimation or animation(_:value:) instead. [#DeprecatedDeclaration]
34 | .opacity(offsetX == 0 ? 0 : 1)
35 | }
/Users/admin/builder/spi-builder-workspace/Sources/SwipeButton/SwipeButtonView.swift:37:30: warning: 'animation' was deprecated in tvOS 15.0: Use withAnimation or animation(_:value:) instead. [#DeprecatedDeclaration]
35 | }
36 | leftButtonLabel!()
37 | .animation(willAuto ? .easeOut(duration: 0.2) : .easeIn(duration: 0.2))
| `- warning: 'animation' was deprecated in tvOS 15.0: Use withAnimation or animation(_:value:) instead. [#DeprecatedDeclaration]
38 | .offset(x: willAuto ? offsetX - 75 : min(offsetX, 75) - 75)
39 | .opacity(offsetX == 0 ? 0 : 1)
/Users/admin/builder/spi-builder-workspace/Sources/SwipeButton/SwipeButtonView.swift:41:22: error: 'onTapGesture(count:perform:)' is only available in tvOS 16.0 or newer
1 | import SwiftUI
2 |
3 | struct SwipeButtonView<Content:View> : View {
| `- note: add '@available' attribute to enclosing generic struct
4 |
5 | @Binding var offsetX : CGFloat
:
16 | var style: SwipeButtonStyle = .wave
17 |
18 | var body: some View {
| `- note: add '@available' attribute to enclosing property
19 | ZStack {
20 | if leftButtonLabel != nil {
:
39 | .opacity(offsetX == 0 ? 0 : 1)
40 | }
41 | .onTapGesture {
| |- error: 'onTapGesture(count:perform:)' is only available in tvOS 16.0 or newer
| `- note: add 'if #available' version check
42 | if leftButtonAction != nil {
43 | leftButtonAction!()
/Users/admin/builder/spi-builder-workspace/Sources/SwipeButton/SwipeButtonView.swift:63:34: warning: 'animation' was deprecated in tvOS 15.0: Use withAnimation or animation(_:value:) instead. [#DeprecatedDeclaration]
61 | .fill(rightButtonColor)
62 | .frame(width: 60)
63 | .animation(willAuto ? .easeOut(duration: 0.2) : .easeIn(duration: 0.2))
| `- warning: 'animation' was deprecated in tvOS 15.0: Use withAnimation or animation(_:value:) instead. [#DeprecatedDeclaration]
64 | .opacity(offsetX == 0 ? 0 : 1)
65 | } else {
/Users/admin/builder/spi-builder-workspace/Sources/SwipeButton/SwipeButtonView.swift:69:34: warning: 'animation' was deprecated in tvOS 15.0: Use withAnimation or animation(_:value:) instead. [#DeprecatedDeclaration]
67 | .fill(rightButtonColor)
68 | .frame(width: 60)
69 | .animation(willAuto ? .easeOut(duration: 0.2) : .easeIn(duration: 0.2))
| `- warning: 'animation' was deprecated in tvOS 15.0: Use withAnimation or animation(_:value:) instead. [#DeprecatedDeclaration]
70 | .opacity(offsetX == 0 ? 0 : 1)
71 | }
/Users/admin/builder/spi-builder-workspace/Sources/SwipeButton/SwipeButtonView.swift:74:30: warning: 'animation' was deprecated in tvOS 15.0: Use withAnimation or animation(_:value:) instead. [#DeprecatedDeclaration]
72 |
73 | rightButtonLabel!()
74 | .animation(willAuto ? .easeOut(duration: 0.2) : .easeIn(duration: 0.2))
| `- warning: 'animation' was deprecated in tvOS 15.0: Use withAnimation or animation(_:value:) instead. [#DeprecatedDeclaration]
75 | .offset(x: willAuto ? offsetX + 75 : max(offsetX, -75) + 75)
76 | .opacity(offsetX == 0 ? 0 : 1)
/Users/admin/builder/spi-builder-workspace/Sources/SwipeButton/SwipeButtonView.swift:79:22: error: 'onTapGesture(count:perform:)' is only available in tvOS 16.0 or newer
1 | import SwiftUI
2 |
3 | struct SwipeButtonView<Content:View> : View {
| `- note: add '@available' attribute to enclosing generic struct
4 |
5 | @Binding var offsetX : CGFloat
:
16 | var style: SwipeButtonStyle = .wave
17 |
18 | var body: some View {
| `- note: add '@available' attribute to enclosing property
19 | ZStack {
20 | if leftButtonLabel != nil {
:
77 |
78 | }
79 | .onTapGesture {
| |- error: 'onTapGesture(count:perform:)' is only available in tvOS 16.0 or newer
| `- note: add 'if #available' version check
80 | if rightButtonAction != nil {
81 | rightButtonAction!()
[#DeprecatedDeclaration]: <https://docs.swift.org/compiler/documentation/diagnostics/deprecated-declaration>
Failed frontend command:
/Applications/Xcode-27.0.0-Release.Candidate.app/Contents/Developer/Toolchains/XcodeDefault.xctoolchain/usr/bin/swift-frontend -frontend -c /Users/admin/builder/spi-builder-workspace/Sources/SwipeButton/RectangleShape.swift /Users/admin/builder/spi-builder-workspace/Sources/SwipeButton/SwipeButton.swift -primary-file /Users/admin/builder/spi-builder-workspace/Sources/SwipeButton/SwipeButtonView.swift /Users/admin/builder/spi-builder-workspace/Sources/SwipeButton/WaveShape.swift -emit-dependencies-path /Users/admin/builder/spi-builder-workspace/.derivedData/Build/Intermediates.noindex/SwipeButton.build/Debug-appletvos/SwipeButton-t.build/Objects-normal/arm64/SwipeButtonView.d -emit-const-values-path /Users/admin/builder/spi-builder-workspace/.derivedData/Build/Intermediates.noindex/SwipeButton.build/Debug-appletvos/SwipeButton-t.build/Objects-normal/arm64/SwipeButtonView.swiftconstvalues -emit-reference-dependencies-path /Users/admin/builder/spi-builder-workspace/.derivedData/Build/Intermediates.noindex/SwipeButton.build/Debug-appletvos/SwipeButton-t.build/Objects-normal/arm64/SwipeButtonView.swiftdeps -serialize-diagnostics-path /Users/admin/builder/spi-builder-workspace/.derivedData/Build/Intermediates.noindex/SwipeButton.build/Debug-appletvos/SwipeButton-t.build/Objects-normal/arm64/SwipeButtonView.dia -target arm64-apple-tvos15.0 -disable-cross-import-overlay-search -load-resolved-plugin /Applications/Xcode-27.0.0-Release.Candidate.app/Contents/Developer/Platforms/AppleTVOS.platform/Developer/usr/lib/swift/host/plugins/libFoundationMacros.dylib\#/Applications/Xcode-27.0.0-Release.Candidate.app/Contents/Developer/Platforms/AppleTVOS.platform/Developer/usr/bin/swift-plugin-server\#FoundationMacros -load-resolved-plugin /Applications/Xcode-27.0.0-Release.Candidate.app/Contents/Developer/Platforms/AppleTVOS.platform/Developer/usr/lib/swift/host/plugins/libObservationMacros.dylib\#/Applications/Xcode-27.0.0-Release.Candidate.app/Contents/Developer/Platforms/AppleTVOS.platform/Developer/usr/bin/swift-plugin-server\#ObservationMacros -load-resolved-plugin /Applications/Xcode-27.0.0-Release.Candidate.app/Contents/Developer/Platforms/AppleTVOS.platform/Developer/usr/lib/swift/host/plugins/libPreviewsMacros.dylib\#/Applications/Xcode-27.0.0-Release.Candidate.app/Contents/Developer/Platforms/AppleTVOS.platform/Developer/usr/bin/swift-plugin-server\#PreviewsMacros -load-resolved-plugin /Applications/Xcode-27.0.0-Release.Candidate.app/Contents/Developer/Platforms/AppleTVOS.platform/Developer/usr/lib/swift/host/plugins/libSwiftMacros.dylib\#/Applications/Xcode-27.0.0-Release.Candidate.app/Contents/Developer/Platforms/AppleTVOS.platform/Developer/usr/bin/swift-plugin-server\#SwiftMacros -load-resolved-plugin /Applications/Xcode-27.0.0-Release.Candidate.app/Contents/Developer/Platforms/AppleTVOS.platform/Developer/usr/lib/swift/host/plugins/libSwiftUIMacros.dylib\#/Applications/Xcode-27.0.0-Release.Candidate.app/Contents/Developer/Platforms/AppleTVOS.platform/Developer/usr/bin/swift-plugin-server\#SwiftUIMacros -disable-implicit-swift-modules -Xcc -fno-implicit-modules -Xcc -fno-implicit-module-maps -explicit-swift-module-map-file /Users/admin/builder/spi-builder-workspace/.derivedData/Build/Intermediates.noindex/SwipeButton.build/Debug-appletvos/SwipeButton-t.build/Objects-normal/arm64/SwipeButton-dependencies-1.json -Xllvm -aarch64-use-tbi -enable-objc-interop -stack-check -sdk /Applications/Xcode-27.0.0-Release.Candidate.app/Contents/Developer/Platforms/AppleTVOS.platform/Developer/SDKs/AppleTVOS27.0.sdk -I /Users/admin/builder/spi-builder-workspace/.derivedData/Build/Products/Debug-appletvos -Isystem /Applications/Xcode-27.0.0-Release.Candidate.app/Contents/Developer/Platforms/AppleTVOS.platform/Developer/usr/lib -F /Users/admin/builder/spi-builder-workspace/.derivedData/Build/Products/Debug-appletvos -F /Applications/Xcode-27.0.0-Release.Candidate.app/Contents/Developer/Platforms/AppleTVOS.platform/Developer/Library/Frameworks -F /Applications/Xcode-27.0.0-Release.Candidate.app/Contents/Developer/Platforms/AppleTVOS.platform/Developer/SDKs/AppleTVOS27.0.sdk/Developer/Library/Frameworks -module-cache-path /Users/admin/builder/spi-builder-workspace/.derivedData/Build/Intermediates.noindex/SwiftExplicitPrecompiledModules -no-color-diagnostics -Xcc -fno-color-diagnostics -enable-testing -g -debug-info-format\=dwarf -dwarf-version\=4 -swift-version 5 -Onone -D SWIFT_PACKAGE -D DEBUG -D SWIFT_MODULE_RESOURCE_BUNDLE_UNAVAILABLE -D Xcode -serialize-debugging-options -enable-experimental-feature DebugDescriptionMacro -empty-abi-descriptor -validate-clang-modules-once -clang-build-session-file /Users/admin/builder/spi-builder-workspace/.derivedData/ModuleCache.noindex/Session.modulevalidation -Xcc -working-directory -Xcc /Users/admin/builder/spi-builder-workspace/.swiftpm/xcode -enable-anonymous-context-mangled-names -file-compilation-dir /Users/admin/builder/spi-builder-workspace/.swiftpm/xcode -Xcc -D_LIBCPP_HARDENING_MODE\=_LIBCPP_HARDENING_MODE_DEBUG -Xcc -ivfsstatcache -Xcc /Users/admin/builder/spi-builder-workspace/.derivedData/SDKStatCaches.noindex/appletvos27.0-24J360-e829b21a6f8c9b70876ba0858053c044b32bfd8d43560033f8d89884cdb90028.sdkstatcache -Xcc -fmodules-prune-interval\=86400 -Xcc -fmodules-prune-after\=345600 -Xcc -I/Users/admin/builder/spi-builder-workspace/.derivedData/Build/Products/Debug-appletvos/include -Xcc -I/Users/admin/builder/spi-builder-workspace/.derivedData/Build/Intermediates.noindex/SwipeButton.build/Debug-appletvos/SwipeButton-t.build/DerivedSources-normal/arm64 -Xcc -I/Users/admin/builder/spi-builder-workspace/.derivedData/Build/Intermediates.noindex/SwipeButton.build/Debug-appletvos/SwipeButton-t.build/DerivedSources/arm64 -Xcc -I/Users/admin/builder/spi-builder-workspace/.derivedData/Build/Intermediates.noindex/SwipeButton.build/Debug-appletvos/SwipeButton-t.build/DerivedSources -Xcc -DSWIFT_PACKAGE -Xcc -DDEBUG\=1 -no-auto-bridging-header-chaining -module-name SwipeButton -const-gather-protocols-file /Users/admin/builder/spi-builder-workspace/.derivedData/Build/Intermediates.noindex/SwipeButton.build/Debug-appletvos/SwipeButton-t.build/Objects-normal/arm64/SwipeButton_const_extract_protocols.json -disable-clang-spi -clang-target arm64-apple-tvos27.0 -target-sdk-version 27.0 -target-sdk-name appletvos27.0 -in-process-plugin-server-path /Applications/Xcode-27.0.0-Release.Candidate.app/Contents/Developer/Toolchains/XcodeDefault.xctoolchain/usr/lib/swift/host/libSwiftInProcPluginServer.dylib -parse-as-library -o /Users/admin/builder/spi-builder-workspace/.derivedData/Build/Intermediates.noindex/SwipeButton.build/Debug-appletvos/SwipeButton-t.build/Objects-normal/arm64/SwipeButtonView.o -debug-module-path /Users/admin/builder/spi-builder-workspace/.derivedData/Build/Intermediates.noindex/SwipeButton.build/Debug-appletvos/SwipeButton-t.build/Objects-normal/arm64/SwipeButton.swiftmodule -index-unit-output-path /SwipeButton.build/Debug-appletvos/SwipeButton-t.build/Objects-normal/arm64/SwipeButtonView.o -index-store-path /Users/admin/builder/spi-builder-workspace/.derivedData/Index.noindex/DataStore -index-system-modules
SwiftCompile normal arm64 /Users/admin/builder/spi-builder-workspace/Sources/SwipeButton/SwipeButtonView.swift (in target 'SwipeButton' from project 'SwipeButton')
cd /Users/admin/builder/spi-builder-workspace/.swiftpm/xcode
builtin-SwiftPerFileCompile SwipeButtonView.swift
SwiftCompile normal arm64 Compiling\ SwipeButton.swift /Users/admin/builder/spi-builder-workspace/Sources/SwipeButton/SwipeButton.swift (in target 'SwipeButton' from project 'SwipeButton')
/Users/admin/builder/spi-builder-workspace/Sources/SwipeButton/SwipeButton.swift:74:21: error: 'DragGesture' is unavailable in tvOS
72 | content
73 | .highPriorityGesture(
74 | DragGesture(minimumDistance: 10, coordinateSpace: .global)
| `- error: 'DragGesture' is unavailable in tvOS
75 | .updating($translation) { current, state, _ in
76 | state.x = current.translation.width
SwiftUI.DragGesture:3:42: note: 'DragGesture' has been explicitly marked unavailable here
1 | @available(iOS 13.0, macOS 10.15, watchOS 6.0, *)
2 | @available(tvOS, unavailable)
3 | @MainActor @preconcurrency public struct DragGesture : Gesture, ~Sendable {
| `- note: 'DragGesture' has been explicitly marked unavailable here
4 | public struct Value : Equatable, Sendable {
5 | public var time: Date
/Users/admin/builder/spi-builder-workspace/Sources/SwipeButton/SwipeButton.swift:74:21: error: 'init(minimumDistance:coordinateSpace:)' is unavailable in tvOS
72 | content
73 | .highPriorityGesture(
74 | DragGesture(minimumDistance: 10, coordinateSpace: .global)
| `- error: 'init(minimumDistance:coordinateSpace:)' is unavailable in tvOS
75 | .updating($translation) { current, state, _ in
76 | state.x = current.translation.width
SwiftUI.DragGesture.init:7:37: note: 'init(minimumDistance:coordinateSpace:)' has been explicitly marked unavailable here
5 | @available(visionOS, introduced: 1.0, deprecated: 100000.0, message: "use overload that accepts a CoordinateSpaceProtocol instead")
6 | @available(tvOS, unavailable)
7 | @MainActor @preconcurrency public init(minimumDistance: CGFloat = 10, coordinateSpace: CoordinateSpace = .local)}
| `- note: 'init(minimumDistance:coordinateSpace:)' has been explicitly marked unavailable here
8 |
Failed frontend command:
/Applications/Xcode-27.0.0-Release.Candidate.app/Contents/Developer/Toolchains/XcodeDefault.xctoolchain/usr/bin/swift-frontend -frontend -c /Users/admin/builder/spi-builder-workspace/Sources/SwipeButton/RectangleShape.swift -primary-file /Users/admin/builder/spi-builder-workspace/Sources/SwipeButton/SwipeButton.swift /Users/admin/builder/spi-builder-workspace/Sources/SwipeButton/SwipeButtonView.swift /Users/admin/builder/spi-builder-workspace/Sources/SwipeButton/WaveShape.swift -emit-dependencies-path /Users/admin/builder/spi-builder-workspace/.derivedData/Build/Intermediates.noindex/SwipeButton.build/Debug-appletvos/SwipeButton-t.build/Objects-normal/arm64/SwipeButton.d -emit-const-values-path /Users/admin/builder/spi-builder-workspace/.derivedData/Build/Intermediates.noindex/SwipeButton.build/Debug-appletvos/SwipeButton-t.build/Objects-normal/arm64/SwipeButton.swiftconstvalues -emit-reference-dependencies-path /Users/admin/builder/spi-builder-workspace/.derivedData/Build/Intermediates.noindex/SwipeButton.build/Debug-appletvos/SwipeButton-t.build/Objects-normal/arm64/SwipeButton.swiftdeps -serialize-diagnostics-path /Users/admin/builder/spi-builder-workspace/.derivedData/Build/Intermediates.noindex/SwipeButton.build/Debug-appletvos/SwipeButton-t.build/Objects-normal/arm64/SwipeButton.dia -target arm64-apple-tvos15.0 -disable-cross-import-overlay-search -load-resolved-plugin /Applications/Xcode-27.0.0-Release.Candidate.app/Contents/Developer/Platforms/AppleTVOS.platform/Developer/usr/lib/swift/host/plugins/libFoundationMacros.dylib\#/Applications/Xcode-27.0.0-Release.Candidate.app/Contents/Developer/Platforms/AppleTVOS.platform/Developer/usr/bin/swift-plugin-server\#FoundationMacros -load-resolved-plugin /Applications/Xcode-27.0.0-Release.Candidate.app/Contents/Developer/Platforms/AppleTVOS.platform/Developer/usr/lib/swift/host/plugins/libObservationMacros.dylib\#/Applications/Xcode-27.0.0-Release.Candidate.app/Contents/Developer/Platforms/AppleTVOS.platform/Developer/usr/bin/swift-plugin-server\#ObservationMacros -load-resolved-plugin /Applications/Xcode-27.0.0-Release.Candidate.app/Contents/Developer/Platforms/AppleTVOS.platform/Developer/usr/lib/swift/host/plugins/libPreviewsMacros.dylib\#/Applications/Xcode-27.0.0-Release.Candidate.app/Contents/Developer/Platforms/AppleTVOS.platform/Developer/usr/bin/swift-plugin-server\#PreviewsMacros -load-resolved-plugin /Applications/Xcode-27.0.0-Release.Candidate.app/Contents/Developer/Platforms/AppleTVOS.platform/Developer/usr/lib/swift/host/plugins/libSwiftMacros.dylib\#/Applications/Xcode-27.0.0-Release.Candidate.app/Contents/Developer/Platforms/AppleTVOS.platform/Developer/usr/bin/swift-plugin-server\#SwiftMacros -load-resolved-plugin /Applications/Xcode-27.0.0-Release.Candidate.app/Contents/Developer/Platforms/AppleTVOS.platform/Developer/usr/lib/swift/host/plugins/libSwiftUIMacros.dylib\#/Applications/Xcode-27.0.0-Release.Candidate.app/Contents/Developer/Platforms/AppleTVOS.platform/Developer/usr/bin/swift-plugin-server\#SwiftUIMacros -disable-implicit-swift-modules -Xcc -fno-implicit-modules -Xcc -fno-implicit-module-maps -explicit-swift-module-map-file /Users/admin/builder/spi-builder-workspace/.derivedData/Build/Intermediates.noindex/SwipeButton.build/Debug-appletvos/SwipeButton-t.build/Objects-normal/arm64/SwipeButton-dependencies-1.json -Xllvm -aarch64-use-tbi -enable-objc-interop -stack-check -sdk /Applications/Xcode-27.0.0-Release.Candidate.app/Contents/Developer/Platforms/AppleTVOS.platform/Developer/SDKs/AppleTVOS27.0.sdk -I /Users/admin/builder/spi-builder-workspace/.derivedData/Build/Products/Debug-appletvos -Isystem /Applications/Xcode-27.0.0-Release.Candidate.app/Contents/Developer/Platforms/AppleTVOS.platform/Developer/usr/lib -F /Users/admin/builder/spi-builder-workspace/.derivedData/Build/Products/Debug-appletvos -F /Applications/Xcode-27.0.0-Release.Candidate.app/Contents/Developer/Platforms/AppleTVOS.platform/Developer/Library/Frameworks -F /Applications/Xcode-27.0.0-Release.Candidate.app/Contents/Developer/Platforms/AppleTVOS.platform/Developer/SDKs/AppleTVOS27.0.sdk/Developer/Library/Frameworks -module-cache-path /Users/admin/builder/spi-builder-workspace/.derivedData/Build/Intermediates.noindex/SwiftExplicitPrecompiledModules -no-color-diagnostics -Xcc -fno-color-diagnostics -enable-testing -g -debug-info-format\=dwarf -dwarf-version\=4 -swift-version 5 -Onone -D SWIFT_PACKAGE -D DEBUG -D SWIFT_MODULE_RESOURCE_BUNDLE_UNAVAILABLE -D Xcode -serialize-debugging-options -enable-experimental-feature DebugDescriptionMacro -empty-abi-descriptor -validate-clang-modules-once -clang-build-session-file /Users/admin/builder/spi-builder-workspace/.derivedData/ModuleCache.noindex/Session.modulevalidation -Xcc -working-directory -Xcc /Users/admin/builder/spi-builder-workspace/.swiftpm/xcode -enable-anonymous-context-mangled-names -file-compilation-dir /Users/admin/builder/spi-builder-workspace/.swiftpm/xcode -Xcc -D_LIBCPP_HARDENING_MODE\=_LIBCPP_HARDENING_MODE_DEBUG -Xcc -ivfsstatcache -Xcc /Users/admin/builder/spi-builder-workspace/.derivedData/SDKStatCaches.noindex/appletvos27.0-24J360-e829b21a6f8c9b70876ba0858053c044b32bfd8d43560033f8d89884cdb90028.sdkstatcache -Xcc -fmodules-prune-interval\=86400 -Xcc -fmodules-prune-after\=345600 -Xcc -I/Users/admin/builder/spi-builder-workspace/.derivedData/Build/Products/Debug-appletvos/include -Xcc -I/Users/admin/builder/spi-builder-workspace/.derivedData/Build/Intermediates.noindex/SwipeButton.build/Debug-appletvos/SwipeButton-t.build/DerivedSources-normal/arm64 -Xcc -I/Users/admin/builder/spi-builder-workspace/.derivedData/Build/Intermediates.noindex/SwipeButton.build/Debug-appletvos/SwipeButton-t.build/DerivedSources/arm64 -Xcc -I/Users/admin/builder/spi-builder-workspace/.derivedData/Build/Intermediates.noindex/SwipeButton.build/Debug-appletvos/SwipeButton-t.build/DerivedSources -Xcc -DSWIFT_PACKAGE -Xcc -DDEBUG\=1 -no-auto-bridging-header-chaining -module-name SwipeButton -const-gather-protocols-file /Users/admin/builder/spi-builder-workspace/.derivedData/Build/Intermediates.noindex/SwipeButton.build/Debug-appletvos/SwipeButton-t.build/Objects-normal/arm64/SwipeButton_const_extract_protocols.json -disable-clang-spi -clang-target arm64-apple-tvos27.0 -target-sdk-version 27.0 -target-sdk-name appletvos27.0 -in-process-plugin-server-path /Applications/Xcode-27.0.0-Release.Candidate.app/Contents/Developer/Toolchains/XcodeDefault.xctoolchain/usr/lib/swift/host/libSwiftInProcPluginServer.dylib -parse-as-library -o /Users/admin/builder/spi-builder-workspace/.derivedData/Build/Intermediates.noindex/SwipeButton.build/Debug-appletvos/SwipeButton-t.build/Objects-normal/arm64/SwipeButton.o -debug-module-path /Users/admin/builder/spi-builder-workspace/.derivedData/Build/Intermediates.noindex/SwipeButton.build/Debug-appletvos/SwipeButton-t.build/Objects-normal/arm64/SwipeButton.swiftmodule -index-unit-output-path /SwipeButton.build/Debug-appletvos/SwipeButton-t.build/Objects-normal/arm64/SwipeButton.o -index-store-path /Users/admin/builder/spi-builder-workspace/.derivedData/Index.noindex/DataStore -index-system-modules
SwiftCompile normal arm64 /Users/admin/builder/spi-builder-workspace/Sources/SwipeButton/SwipeButton.swift (in target 'SwipeButton' from project 'SwipeButton')
cd /Users/admin/builder/spi-builder-workspace/.swiftpm/xcode
builtin-SwiftPerFileCompile SwipeButton.swift
SwiftCompile normal arm64 Compiling\ WaveShape.swift /Users/admin/builder/spi-builder-workspace/Sources/SwipeButton/WaveShape.swift (in target 'SwipeButton' from project 'SwipeButton')
SwiftCompile normal arm64 /Users/admin/builder/spi-builder-workspace/Sources/SwipeButton/WaveShape.swift (in target 'SwipeButton' from project 'SwipeButton')
cd /Users/admin/builder/spi-builder-workspace/.swiftpm/xcode
builtin-SwiftPerFileCompile WaveShape.swift
SwiftDriverJobDiscovery normal arm64 Emitting module for SwipeButton (in target 'SwipeButton' from project 'SwipeButton')
SwiftDriver\ Compilation\ Requirements SwipeButton normal arm64 com.apple.xcode.tools.swift.compiler (in target 'SwipeButton' from project 'SwipeButton')
cd /Users/admin/builder/spi-builder-workspace/.swiftpm/xcode
builtin-Swift-Compilation-Requirements -- /Applications/Xcode-27.0.0-Release.Candidate.app/Contents/Developer/Toolchains/XcodeDefault.xctoolchain/usr/bin/swiftc -parse-as-library -module-name SwipeButton -Onone @/Users/admin/builder/spi-builder-workspace/.derivedData/Build/Intermediates.noindex/SwipeButton.build/Debug-appletvos/SwipeButton-t.build/Objects-normal/arm64/SwipeButton.SwiftFileList -DSWIFT_PACKAGE -DDEBUG -DSWIFT_MODULE_RESOURCE_BUNDLE_UNAVAILABLE -DXcode -plugin-path /Applications/Xcode-27.0.0-Release.Candidate.app/Contents/Developer/Toolchains/XcodeDefault.xctoolchain/usr/lib/swift/host/plugins/testing -enable-experimental-feature DebugDescriptionMacro -sdk /Applications/Xcode-27.0.0-Release.Candidate.app/Contents/Developer/Platforms/AppleTVOS.platform/Developer/SDKs/AppleTVOS27.0.sdk -target arm64-apple-tvos15.0 -g -module-cache-path /Users/admin/builder/spi-builder-workspace/.derivedData/ModuleCache.noindex -Xfrontend -serialize-debugging-options -enable-testing -index-store-path /Users/admin/builder/spi-builder-workspace/.derivedData/Index.noindex/DataStore -Xcc -D_LIBCPP_HARDENING_MODE\=_LIBCPP_HARDENING_MODE_DEBUG -swift-version 5 -I /Users/admin/builder/spi-builder-workspace/.derivedData/Build/Products/Debug-appletvos -Isystem /Applications/Xcode-27.0.0-Release.Candidate.app/Contents/Developer/Platforms/AppleTVOS.platform/Developer/usr/lib -F /Users/admin/builder/spi-builder-workspace/.derivedData/Build/Products/Debug-appletvos -F /Applications/Xcode-27.0.0-Release.Candidate.app/Contents/Developer/Platforms/AppleTVOS.platform/Developer/Library/Frameworks -F /Applications/Xcode-27.0.0-Release.Candidate.app/Contents/Developer/Platforms/AppleTVOS.platform/Developer/SDKs/AppleTVOS27.0.sdk/Developer/Library/Frameworks -c -j10 -enable-batch-mode -incremental -Xcc -ivfsstatcache -Xcc /Users/admin/builder/spi-builder-workspace/.derivedData/SDKStatCaches.noindex/appletvos27.0-24J360-e829b21a6f8c9b70876ba0858053c044b32bfd8d43560033f8d89884cdb90028.sdkstatcache -output-file-map /Users/admin/builder/spi-builder-workspace/.derivedData/Build/Intermediates.noindex/SwipeButton.build/Debug-appletvos/SwipeButton-t.build/Objects-normal/arm64/SwipeButton-OutputFileMap.json -save-temps -no-color-diagnostics -explicit-module-build -module-cache-path /Users/admin/builder/spi-builder-workspace/.derivedData/Build/Intermediates.noindex/SwiftExplicitPrecompiledModules -clang-scanner-module-cache-path /Users/admin/builder/spi-builder-workspace/.derivedData/ModuleCache.noindex -sdk-module-cache-path /Users/admin/builder/spi-builder-workspace/.derivedData/SDKExplicitPrecompiledModules -emit-dependencies -emit-module -emit-module-path /Users/admin/builder/spi-builder-workspace/.derivedData/Build/Intermediates.noindex/SwipeButton.build/Debug-appletvos/SwipeButton-t.build/Objects-normal/arm64/SwipeButton.swiftmodule -serialize-diagnostics -dependency-scan-serialize-diagnostics-path /Users/admin/builder/spi-builder-workspace/.derivedData/Build/Intermediates.noindex/SwipeButton.build/Debug-appletvos/SwipeButton-t.build/Objects-normal/arm64/SwipeButton-dependency-scan.dia -validate-clang-modules-once -clang-build-session-file /Users/admin/builder/spi-builder-workspace/.derivedData/ModuleCache.noindex/Session.modulevalidation -Xcc -fmodules-prune-interval\=86400 -Xcc -fmodules-prune-after\=345600 -emit-const-values -const-gather-protocols-list /Users/admin/builder/spi-builder-workspace/.derivedData/Build/Intermediates.noindex/SwipeButton.build/Debug-appletvos/SwipeButton-t.build/Objects-normal/arm64/SwipeButton_const_extract_protocols.json -Xcc -I/Users/admin/builder/spi-builder-workspace/.derivedData/Build/Products/Debug-appletvos/include -Xcc -I/Users/admin/builder/spi-builder-workspace/.derivedData/Build/Intermediates.noindex/SwipeButton.build/Debug-appletvos/SwipeButton-t.build/DerivedSources-normal/arm64 -Xcc -I/Users/admin/builder/spi-builder-workspace/.derivedData/Build/Intermediates.noindex/SwipeButton.build/Debug-appletvos/SwipeButton-t.build/DerivedSources/arm64 -Xcc -I/Users/admin/builder/spi-builder-workspace/.derivedData/Build/Intermediates.noindex/SwipeButton.build/Debug-appletvos/SwipeButton-t.build/DerivedSources -Xcc -DSWIFT_PACKAGE -Xcc -DDEBUG\=1 -emit-objc-header -emit-objc-header-path /Users/admin/builder/spi-builder-workspace/.derivedData/Build/Intermediates.noindex/SwipeButton.build/Debug-appletvos/SwipeButton-t.build/Objects-normal/arm64/SwipeButton-Swift.h -working-directory /Users/admin/builder/spi-builder-workspace/.swiftpm/xcode -experimental-emit-module-separately -disable-cmo
SwiftMergeGeneratedHeaders /Users/admin/builder/spi-builder-workspace/.derivedData/Build/Intermediates.noindex/GeneratedModuleMaps-appletvos/SwipeButton-Swift.h /Users/admin/builder/spi-builder-workspace/.derivedData/Build/Intermediates.noindex/SwipeButton.build/Debug-appletvos/SwipeButton-t.build/Objects-normal/arm64/SwipeButton-Swift.h (in target 'SwipeButton' from project 'SwipeButton')
cd /Users/admin/builder/spi-builder-workspace
builtin-swiftHeaderTool -arch arm64 /Users/admin/builder/spi-builder-workspace/.derivedData/Build/Intermediates.noindex/SwipeButton.build/Debug-appletvos/SwipeButton-t.build/Objects-normal/arm64/SwipeButton-Swift.h -o /Users/admin/builder/spi-builder-workspace/.derivedData/Build/Intermediates.noindex/GeneratedModuleMaps-appletvos/SwipeButton-Swift.h
Copy /Users/admin/builder/spi-builder-workspace/.derivedData/Build/Products/Debug-appletvos/SwipeButton.swiftmodule/arm64-apple-tvos.abi.json /Users/admin/builder/spi-builder-workspace/.derivedData/Build/Intermediates.noindex/SwipeButton.build/Debug-appletvos/SwipeButton-t.build/Objects-normal/arm64/SwipeButton.abi.json (in target 'SwipeButton' from project 'SwipeButton')
cd /Users/admin/builder/spi-builder-workspace
builtin-copy -exclude .DS_Store -exclude CVS -exclude .svn -exclude .git -exclude .hg -resolve-src-symlinks -rename /Users/admin/builder/spi-builder-workspace/.derivedData/Build/Intermediates.noindex/SwipeButton.build/Debug-appletvos/SwipeButton-t.build/Objects-normal/arm64/SwipeButton.abi.json /Users/admin/builder/spi-builder-workspace/.derivedData/Build/Products/Debug-appletvos/SwipeButton.swiftmodule/arm64-apple-tvos.abi.json
Copy /Users/admin/builder/spi-builder-workspace/.derivedData/Build/Products/Debug-appletvos/SwipeButton.swiftmodule/arm64-apple-tvos.swiftdoc /Users/admin/builder/spi-builder-workspace/.derivedData/Build/Intermediates.noindex/SwipeButton.build/Debug-appletvos/SwipeButton-t.build/Objects-normal/arm64/SwipeButton.swiftdoc (in target 'SwipeButton' from project 'SwipeButton')
cd /Users/admin/builder/spi-builder-workspace
builtin-copy -exclude .DS_Store -exclude CVS -exclude .svn -exclude .git -exclude .hg -resolve-src-symlinks -rename /Users/admin/builder/spi-builder-workspace/.derivedData/Build/Intermediates.noindex/SwipeButton.build/Debug-appletvos/SwipeButton-t.build/Objects-normal/arm64/SwipeButton.swiftdoc /Users/admin/builder/spi-builder-workspace/.derivedData/Build/Products/Debug-appletvos/SwipeButton.swiftmodule/arm64-apple-tvos.swiftdoc
Copy /Users/admin/builder/spi-builder-workspace/.derivedData/Build/Products/Debug-appletvos/SwipeButton.swiftmodule/arm64-apple-tvos.swiftmodule /Users/admin/builder/spi-builder-workspace/.derivedData/Build/Intermediates.noindex/SwipeButton.build/Debug-appletvos/SwipeButton-t.build/Objects-normal/arm64/SwipeButton.swiftmodule (in target 'SwipeButton' from project 'SwipeButton')
cd /Users/admin/builder/spi-builder-workspace
builtin-copy -exclude .DS_Store -exclude CVS -exclude .svn -exclude .git -exclude .hg -resolve-src-symlinks -rename /Users/admin/builder/spi-builder-workspace/.derivedData/Build/Intermediates.noindex/SwipeButton.build/Debug-appletvos/SwipeButton-t.build/Objects-normal/arm64/SwipeButton.swiftmodule /Users/admin/builder/spi-builder-workspace/.derivedData/Build/Products/Debug-appletvos/SwipeButton.swiftmodule/arm64-apple-tvos.swiftmodule
Copy /Users/admin/builder/spi-builder-workspace/.derivedData/Build/Products/Debug-appletvos/SwipeButton.swiftmodule/Project/arm64-apple-tvos.swiftsourceinfo /Users/admin/builder/spi-builder-workspace/.derivedData/Build/Intermediates.noindex/SwipeButton.build/Debug-appletvos/SwipeButton-t.build/Objects-normal/arm64/SwipeButton.swiftsourceinfo (in target 'SwipeButton' from project 'SwipeButton')
cd /Users/admin/builder/spi-builder-workspace
builtin-copy -exclude .DS_Store -exclude CVS -exclude .svn -exclude .git -exclude .hg -resolve-src-symlinks -rename /Users/admin/builder/spi-builder-workspace/.derivedData/Build/Intermediates.noindex/SwipeButton.build/Debug-appletvos/SwipeButton-t.build/Objects-normal/arm64/SwipeButton.swiftsourceinfo /Users/admin/builder/spi-builder-workspace/.derivedData/Build/Products/Debug-appletvos/SwipeButton.swiftmodule/Project/arm64-apple-tvos.swiftsourceinfo
SwiftDriver SwipeButtonTests normal arm64 com.apple.xcode.tools.swift.compiler (in target 'SwipeButtonTests-product' from project 'SwipeButton')
cd /Users/admin/builder/spi-builder-workspace/.swiftpm/xcode
builtin-SwiftDriver -- /Applications/Xcode-27.0.0-Release.Candidate.app/Contents/Developer/Toolchains/XcodeDefault.xctoolchain/usr/bin/swiftc -parse-as-library -module-name SwipeButtonTests -Onone @/Users/admin/builder/spi-builder-workspace/.derivedData/Build/Intermediates.noindex/SwipeButton.build/Debug-appletvos/SwipeButtonTests-p.build/Objects-normal/arm64/SwipeButtonTests.SwiftFileList -DSWIFT_PACKAGE -DDEBUG -DXcode -plugin-path /Applications/Xcode-27.0.0-Release.Candidate.app/Contents/Developer/Toolchains/XcodeDefault.xctoolchain/usr/lib/swift/host/plugins/testing -enable-experimental-feature DebugDescriptionMacro -sdk /Applications/Xcode-27.0.0-Release.Candidate.app/Contents/Developer/Platforms/AppleTVOS.platform/Developer/SDKs/AppleTVOS27.0.sdk -target arm64-apple-tvos17.0 -g -module-cache-path /Users/admin/builder/spi-builder-workspace/.derivedData/ModuleCache.noindex -Xfrontend -serialize-debugging-options -enable-testing -index-store-path /Users/admin/builder/spi-builder-workspace/.derivedData/Index.noindex/DataStore -Xcc -D_LIBCPP_HARDENING_MODE\=_LIBCPP_HARDENING_MODE_DEBUG -swift-version 5 -I /Users/admin/builder/spi-builder-workspace/.derivedData/Build/Products/Debug-appletvos -Isystem /Applications/Xcode-27.0.0-Release.Candidate.app/Contents/Developer/Platforms/AppleTVOS.platform/Developer/usr/lib -F /Users/admin/builder/spi-builder-workspace/.derivedData/Build/Products/Debug-appletvos/PackageFrameworks -F /Users/admin/builder/spi-builder-workspace/.derivedData/Build/Products/Debug-appletvos -F /Applications/Xcode-27.0.0-Release.Candidate.app/Contents/Developer/Platforms/AppleTVOS.platform/Developer/Library/Frameworks -F /Applications/Xcode-27.0.0-Release.Candidate.app/Contents/Developer/Platforms/AppleTVOS.platform/Developer/SDKs/AppleTVOS27.0.sdk/Developer/Library/Frameworks -c -j10 -enable-batch-mode -incremental -Xcc -ivfsstatcache -Xcc /Users/admin/builder/spi-builder-workspace/.derivedData/SDKStatCaches.noindex/appletvos27.0-24J360-e829b21a6f8c9b70876ba0858053c044b32bfd8d43560033f8d89884cdb90028.sdkstatcache -output-file-map /Users/admin/builder/spi-builder-workspace/.derivedData/Build/Intermediates.noindex/SwipeButton.build/Debug-appletvos/SwipeButtonTests-p.build/Objects-normal/arm64/SwipeButtonTests-OutputFileMap.json -save-temps -no-color-diagnostics -explicit-module-build -module-cache-path /Users/admin/builder/spi-builder-workspace/.derivedData/Build/Intermediates.noindex/SwiftExplicitPrecompiledModules -clang-scanner-module-cache-path /Users/admin/builder/spi-builder-workspace/.derivedData/ModuleCache.noindex -sdk-module-cache-path /Users/admin/builder/spi-builder-workspace/.derivedData/SDKExplicitPrecompiledModules -emit-dependencies -emit-module -emit-module-path /Users/admin/builder/spi-builder-workspace/.derivedData/Build/Intermediates.noindex/SwipeButton.build/Debug-appletvos/SwipeButtonTests-p.build/Objects-normal/arm64/SwipeButtonTests.swiftmodule -serialize-diagnostics -dependency-scan-serialize-diagnostics-path /Users/admin/builder/spi-builder-workspace/.derivedData/Build/Intermediates.noindex/SwipeButton.build/Debug-appletvos/SwipeButtonTests-p.build/Objects-normal/arm64/SwipeButtonTests-dependency-scan.dia -validate-clang-modules-once -clang-build-session-file /Users/admin/builder/spi-builder-workspace/.derivedData/ModuleCache.noindex/Session.modulevalidation -Xcc -fmodules-prune-interval\=86400 -Xcc -fmodules-prune-after\=345600 -emit-const-values -const-gather-protocols-list /Users/admin/builder/spi-builder-workspace/.derivedData/Build/Intermediates.noindex/SwipeButton.build/Debug-appletvos/SwipeButtonTests-p.build/Objects-normal/arm64/SwipeButtonTests_const_extract_protocols.json -Xcc -I/Users/admin/builder/spi-builder-workspace/.derivedData/Build/Products/Debug-appletvos/include -Xcc -I/Users/admin/builder/spi-builder-workspace/.derivedData/Build/Intermediates.noindex/SwipeButton.build/Debug-appletvos/SwipeButtonTests-p.build/DerivedSources-normal/arm64 -Xcc -I/Users/admin/builder/spi-builder-workspace/.derivedData/Build/Intermediates.noindex/SwipeButton.build/Debug-appletvos/SwipeButtonTests-p.build/DerivedSources/arm64 -Xcc -I/Users/admin/builder/spi-builder-workspace/.derivedData/Build/Intermediates.noindex/SwipeButton.build/Debug-appletvos/SwipeButtonTests-p.build/DerivedSources -Xcc -DSWIFT_PACKAGE -Xcc -DDEBUG\=1 -working-directory /Users/admin/builder/spi-builder-workspace/.swiftpm/xcode -experimental-emit-module-separately -disable-cmo
SwiftExplicitDependencyGeneratePcm arm64 /Users/admin/builder/spi-builder-workspace/.derivedData/Build/Intermediates.noindex/SwiftExplicitPrecompiledModules/XCUIAutomation-FJBJYHY5O0CJFAW58X6D04WA.pcm
SwiftExplicitDependencyGeneratePcm arm64 /Users/admin/builder/spi-builder-workspace/.derivedData/Build/Intermediates.noindex/SwiftExplicitPrecompiledModules/XCTest-7MV3G0KAJR9WCI4ZIQ137RH2R.pcm
SwiftExplicitDependencyCompileModuleFromInterface arm64 /Users/admin/builder/spi-builder-workspace/.derivedData/Build/Intermediates.noindex/SwiftExplicitPrecompiledModules/XCUIAutomation-11FHAB26TZA0P.swiftmodule
SwiftExplicitDependencyCompileModuleFromInterface arm64 /Users/admin/builder/spi-builder-workspace/.derivedData/Build/Intermediates.noindex/SwiftExplicitPrecompiledModules/XCTest-2NSBG261FIVW9.swiftmodule
SwiftEmitModule normal arm64 Emitting\ module\ for\ SwipeButtonTests (in target 'SwipeButtonTests-product' from project 'SwipeButton')
SwiftCompile normal arm64 (in target 'SwipeButtonTests-product' from project 'SwipeButton')
cd /Users/admin/builder/spi-builder-workspace/.swiftpm/xcode
SwiftCompile normal arm64 Compiling\ SwipeButtonTests.swift /Users/admin/builder/spi-builder-workspace/Tests/SwipeButtonTests/SwipeButtonTests.swift (in target 'SwipeButtonTests-product' from project 'SwipeButton')
SwiftCompile normal arm64 /Users/admin/builder/spi-builder-workspace/Tests/SwipeButtonTests/SwipeButtonTests.swift (in target 'SwipeButtonTests-product' from project 'SwipeButton')
cd /Users/admin/builder/spi-builder-workspace/.swiftpm/xcode
builtin-SwiftPerFileCompile SwipeButtonTests.swift
SwiftDriverJobDiscovery normal arm64 Emitting module for SwipeButtonTests (in target 'SwipeButtonTests-product' from project 'SwipeButton')
SwiftDriver\ Compilation\ Requirements SwipeButtonTests normal arm64 com.apple.xcode.tools.swift.compiler (in target 'SwipeButtonTests-product' from project 'SwipeButton')
cd /Users/admin/builder/spi-builder-workspace/.swiftpm/xcode
builtin-Swift-Compilation-Requirements -- /Applications/Xcode-27.0.0-Release.Candidate.app/Contents/Developer/Toolchains/XcodeDefault.xctoolchain/usr/bin/swiftc -parse-as-library -module-name SwipeButtonTests -Onone @/Users/admin/builder/spi-builder-workspace/.derivedData/Build/Intermediates.noindex/SwipeButton.build/Debug-appletvos/SwipeButtonTests-p.build/Objects-normal/arm64/SwipeButtonTests.SwiftFileList -DSWIFT_PACKAGE -DDEBUG -DXcode -plugin-path /Applications/Xcode-27.0.0-Release.Candidate.app/Contents/Developer/Toolchains/XcodeDefault.xctoolchain/usr/lib/swift/host/plugins/testing -enable-experimental-feature DebugDescriptionMacro -sdk /Applications/Xcode-27.0.0-Release.Candidate.app/Contents/Developer/Platforms/AppleTVOS.platform/Developer/SDKs/AppleTVOS27.0.sdk -target arm64-apple-tvos17.0 -g -module-cache-path /Users/admin/builder/spi-builder-workspace/.derivedData/ModuleCache.noindex -Xfrontend -serialize-debugging-options -enable-testing -index-store-path /Users/admin/builder/spi-builder-workspace/.derivedData/Index.noindex/DataStore -Xcc -D_LIBCPP_HARDENING_MODE\=_LIBCPP_HARDENING_MODE_DEBUG -swift-version 5 -I /Users/admin/builder/spi-builder-workspace/.derivedData/Build/Products/Debug-appletvos -Isystem /Applications/Xcode-27.0.0-Release.Candidate.app/Contents/Developer/Platforms/AppleTVOS.platform/Developer/usr/lib -F /Users/admin/builder/spi-builder-workspace/.derivedData/Build/Products/Debug-appletvos/PackageFrameworks -F /Users/admin/builder/spi-builder-workspace/.derivedData/Build/Products/Debug-appletvos -F /Applications/Xcode-27.0.0-Release.Candidate.app/Contents/Developer/Platforms/AppleTVOS.platform/Developer/Library/Frameworks -F /Applications/Xcode-27.0.0-Release.Candidate.app/Contents/Developer/Platforms/AppleTVOS.platform/Developer/SDKs/AppleTVOS27.0.sdk/Developer/Library/Frameworks -c -j10 -enable-batch-mode -incremental -Xcc -ivfsstatcache -Xcc /Users/admin/builder/spi-builder-workspace/.derivedData/SDKStatCaches.noindex/appletvos27.0-24J360-e829b21a6f8c9b70876ba0858053c044b32bfd8d43560033f8d89884cdb90028.sdkstatcache -output-file-map /Users/admin/builder/spi-builder-workspace/.derivedData/Build/Intermediates.noindex/SwipeButton.build/Debug-appletvos/SwipeButtonTests-p.build/Objects-normal/arm64/SwipeButtonTests-OutputFileMap.json -save-temps -no-color-diagnostics -explicit-module-build -module-cache-path /Users/admin/builder/spi-builder-workspace/.derivedData/Build/Intermediates.noindex/SwiftExplicitPrecompiledModules -clang-scanner-module-cache-path /Users/admin/builder/spi-builder-workspace/.derivedData/ModuleCache.noindex -sdk-module-cache-path /Users/admin/builder/spi-builder-workspace/.derivedData/SDKExplicitPrecompiledModules -emit-dependencies -emit-module -emit-module-path /Users/admin/builder/spi-builder-workspace/.derivedData/Build/Intermediates.noindex/SwipeButton.build/Debug-appletvos/SwipeButtonTests-p.build/Objects-normal/arm64/SwipeButtonTests.swiftmodule -serialize-diagnostics -dependency-scan-serialize-diagnostics-path /Users/admin/builder/spi-builder-workspace/.derivedData/Build/Intermediates.noindex/SwipeButton.build/Debug-appletvos/SwipeButtonTests-p.build/Objects-normal/arm64/SwipeButtonTests-dependency-scan.dia -validate-clang-modules-once -clang-build-session-file /Users/admin/builder/spi-builder-workspace/.derivedData/ModuleCache.noindex/Session.modulevalidation -Xcc -fmodules-prune-interval\=86400 -Xcc -fmodules-prune-after\=345600 -emit-const-values -const-gather-protocols-list /Users/admin/builder/spi-builder-workspace/.derivedData/Build/Intermediates.noindex/SwipeButton.build/Debug-appletvos/SwipeButtonTests-p.build/Objects-normal/arm64/SwipeButtonTests_const_extract_protocols.json -Xcc -I/Users/admin/builder/spi-builder-workspace/.derivedData/Build/Products/Debug-appletvos/include -Xcc -I/Users/admin/builder/spi-builder-workspace/.derivedData/Build/Intermediates.noindex/SwipeButton.build/Debug-appletvos/SwipeButtonTests-p.build/DerivedSources-normal/arm64 -Xcc -I/Users/admin/builder/spi-builder-workspace/.derivedData/Build/Intermediates.noindex/SwipeButton.build/Debug-appletvos/SwipeButtonTests-p.build/DerivedSources/arm64 -Xcc -I/Users/admin/builder/spi-builder-workspace/.derivedData/Build/Intermediates.noindex/SwipeButton.build/Debug-appletvos/SwipeButtonTests-p.build/DerivedSources -Xcc -DSWIFT_PACKAGE -Xcc -DDEBUG\=1 -working-directory /Users/admin/builder/spi-builder-workspace/.swiftpm/xcode -experimental-emit-module-separately -disable-cmo
Copy /Users/admin/builder/spi-builder-workspace/.derivedData/Build/Products/Debug-appletvos/SwipeButtonTests.swiftmodule/arm64-apple-tvos.swiftdoc /Users/admin/builder/spi-builder-workspace/.derivedData/Build/Intermediates.noindex/SwipeButton.build/Debug-appletvos/SwipeButtonTests-p.build/Objects-normal/arm64/SwipeButtonTests.swiftdoc (in target 'SwipeButtonTests-product' from project 'SwipeButton')
cd /Users/admin/builder/spi-builder-workspace
builtin-copy -exclude .DS_Store -exclude CVS -exclude .svn -exclude .git -exclude .hg -resolve-src-symlinks -rename /Users/admin/builder/spi-builder-workspace/.derivedData/Build/Intermediates.noindex/SwipeButton.build/Debug-appletvos/SwipeButtonTests-p.build/Objects-normal/arm64/SwipeButtonTests.swiftdoc /Users/admin/builder/spi-builder-workspace/.derivedData/Build/Products/Debug-appletvos/SwipeButtonTests.swiftmodule/arm64-apple-tvos.swiftdoc
Copy /Users/admin/builder/spi-builder-workspace/.derivedData/Build/Products/Debug-appletvos/SwipeButtonTests.swiftmodule/arm64-apple-tvos.abi.json /Users/admin/builder/spi-builder-workspace/.derivedData/Build/Intermediates.noindex/SwipeButton.build/Debug-appletvos/SwipeButtonTests-p.build/Objects-normal/arm64/SwipeButtonTests.abi.json (in target 'SwipeButtonTests-product' from project 'SwipeButton')
cd /Users/admin/builder/spi-builder-workspace
builtin-copy -exclude .DS_Store -exclude CVS -exclude .svn -exclude .git -exclude .hg -resolve-src-symlinks -rename /Users/admin/builder/spi-builder-workspace/.derivedData/Build/Intermediates.noindex/SwipeButton.build/Debug-appletvos/SwipeButtonTests-p.build/Objects-normal/arm64/SwipeButtonTests.abi.json /Users/admin/builder/spi-builder-workspace/.derivedData/Build/Products/Debug-appletvos/SwipeButtonTests.swiftmodule/arm64-apple-tvos.abi.json
Copy /Users/admin/builder/spi-builder-workspace/.derivedData/Build/Products/Debug-appletvos/SwipeButtonTests.swiftmodule/arm64-apple-tvos.swiftmodule /Users/admin/builder/spi-builder-workspace/.derivedData/Build/Intermediates.noindex/SwipeButton.build/Debug-appletvos/SwipeButtonTests-p.build/Objects-normal/arm64/SwipeButtonTests.swiftmodule (in target 'SwipeButtonTests-product' from project 'SwipeButton')
cd /Users/admin/builder/spi-builder-workspace
builtin-copy -exclude .DS_Store -exclude CVS -exclude .svn -exclude .git -exclude .hg -resolve-src-symlinks -rename /Users/admin/builder/spi-builder-workspace/.derivedData/Build/Intermediates.noindex/SwipeButton.build/Debug-appletvos/SwipeButtonTests-p.build/Objects-normal/arm64/SwipeButtonTests.swiftmodule /Users/admin/builder/spi-builder-workspace/.derivedData/Build/Products/Debug-appletvos/SwipeButtonTests.swiftmodule/arm64-apple-tvos.swiftmodule
Copy /Users/admin/builder/spi-builder-workspace/.derivedData/Build/Products/Debug-appletvos/SwipeButtonTests.swiftmodule/Project/arm64-apple-tvos.swiftsourceinfo /Users/admin/builder/spi-builder-workspace/.derivedData/Build/Intermediates.noindex/SwipeButton.build/Debug-appletvos/SwipeButtonTests-p.build/Objects-normal/arm64/SwipeButtonTests.swiftsourceinfo (in target 'SwipeButtonTests-product' from project 'SwipeButton')
cd /Users/admin/builder/spi-builder-workspace
builtin-copy -exclude .DS_Store -exclude CVS -exclude .svn -exclude .git -exclude .hg -resolve-src-symlinks -rename /Users/admin/builder/spi-builder-workspace/.derivedData/Build/Intermediates.noindex/SwipeButton.build/Debug-appletvos/SwipeButtonTests-p.build/Objects-normal/arm64/SwipeButtonTests.swiftsourceinfo /Users/admin/builder/spi-builder-workspace/.derivedData/Build/Products/Debug-appletvos/SwipeButtonTests.swiftmodule/Project/arm64-apple-tvos.swiftsourceinfo
SwiftDriverJobDiscovery normal arm64 Compiling SwipeButtonTests.swift (in target 'SwipeButtonTests-product' from project 'SwipeButton')
SwiftDriver\ Compilation SwipeButtonTests normal arm64 com.apple.xcode.tools.swift.compiler (in target 'SwipeButtonTests-product' from project 'SwipeButton')
cd /Users/admin/builder/spi-builder-workspace/.swiftpm/xcode
builtin-Swift-Compilation -- /Applications/Xcode-27.0.0-Release.Candidate.app/Contents/Developer/Toolchains/XcodeDefault.xctoolchain/usr/bin/swiftc -parse-as-library -module-name SwipeButtonTests -Onone @/Users/admin/builder/spi-builder-workspace/.derivedData/Build/Intermediates.noindex/SwipeButton.build/Debug-appletvos/SwipeButtonTests-p.build/Objects-normal/arm64/SwipeButtonTests.SwiftFileList -DSWIFT_PACKAGE -DDEBUG -DXcode -plugin-path /Applications/Xcode-27.0.0-Release.Candidate.app/Contents/Developer/Toolchains/XcodeDefault.xctoolchain/usr/lib/swift/host/plugins/testing -enable-experimental-feature DebugDescriptionMacro -sdk /Applications/Xcode-27.0.0-Release.Candidate.app/Contents/Developer/Platforms/AppleTVOS.platform/Developer/SDKs/AppleTVOS27.0.sdk -target arm64-apple-tvos17.0 -g -module-cache-path /Users/admin/builder/spi-builder-workspace/.derivedData/ModuleCache.noindex -Xfrontend -serialize-debugging-options -enable-testing -index-store-path /Users/admin/builder/spi-builder-workspace/.derivedData/Index.noindex/DataStore -Xcc -D_LIBCPP_HARDENING_MODE\=_LIBCPP_HARDENING_MODE_DEBUG -swift-version 5 -I /Users/admin/builder/spi-builder-workspace/.derivedData/Build/Products/Debug-appletvos -Isystem /Applications/Xcode-27.0.0-Release.Candidate.app/Contents/Developer/Platforms/AppleTVOS.platform/Developer/usr/lib -F /Users/admin/builder/spi-builder-workspace/.derivedData/Build/Products/Debug-appletvos/PackageFrameworks -F /Users/admin/builder/spi-builder-workspace/.derivedData/Build/Products/Debug-appletvos -F /Applications/Xcode-27.0.0-Release.Candidate.app/Contents/Developer/Platforms/AppleTVOS.platform/Developer/Library/Frameworks -F /Applications/Xcode-27.0.0-Release.Candidate.app/Contents/Developer/Platforms/AppleTVOS.platform/Developer/SDKs/AppleTVOS27.0.sdk/Developer/Library/Frameworks -c -j10 -enable-batch-mode -incremental -Xcc -ivfsstatcache -Xcc /Users/admin/builder/spi-builder-workspace/.derivedData/SDKStatCaches.noindex/appletvos27.0-24J360-e829b21a6f8c9b70876ba0858053c044b32bfd8d43560033f8d89884cdb90028.sdkstatcache -output-file-map /Users/admin/builder/spi-builder-workspace/.derivedData/Build/Intermediates.noindex/SwipeButton.build/Debug-appletvos/SwipeButtonTests-p.build/Objects-normal/arm64/SwipeButtonTests-OutputFileMap.json -save-temps -no-color-diagnostics -explicit-module-build -module-cache-path /Users/admin/builder/spi-builder-workspace/.derivedData/Build/Intermediates.noindex/SwiftExplicitPrecompiledModules -clang-scanner-module-cache-path /Users/admin/builder/spi-builder-workspace/.derivedData/ModuleCache.noindex -sdk-module-cache-path /Users/admin/builder/spi-builder-workspace/.derivedData/SDKExplicitPrecompiledModules -emit-dependencies -emit-module -emit-module-path /Users/admin/builder/spi-builder-workspace/.derivedData/Build/Intermediates.noindex/SwipeButton.build/Debug-appletvos/SwipeButtonTests-p.build/Objects-normal/arm64/SwipeButtonTests.swiftmodule -serialize-diagnostics -dependency-scan-serialize-diagnostics-path /Users/admin/builder/spi-builder-workspace/.derivedData/Build/Intermediates.noindex/SwipeButton.build/Debug-appletvos/SwipeButtonTests-p.build/Objects-normal/arm64/SwipeButtonTests-dependency-scan.dia -validate-clang-modules-once -clang-build-session-file /Users/admin/builder/spi-builder-workspace/.derivedData/ModuleCache.noindex/Session.modulevalidation -Xcc -fmodules-prune-interval\=86400 -Xcc -fmodules-prune-after\=345600 -emit-const-values -const-gather-protocols-list /Users/admin/builder/spi-builder-workspace/.derivedData/Build/Intermediates.noindex/SwipeButton.build/Debug-appletvos/SwipeButtonTests-p.build/Objects-normal/arm64/SwipeButtonTests_const_extract_protocols.json -Xcc -I/Users/admin/builder/spi-builder-workspace/.derivedData/Build/Products/Debug-appletvos/include -Xcc -I/Users/admin/builder/spi-builder-workspace/.derivedData/Build/Intermediates.noindex/SwipeButton.build/Debug-appletvos/SwipeButtonTests-p.build/DerivedSources-normal/arm64 -Xcc -I/Users/admin/builder/spi-builder-workspace/.derivedData/Build/Intermediates.noindex/SwipeButton.build/Debug-appletvos/SwipeButtonTests-p.build/DerivedSources/arm64 -Xcc -I/Users/admin/builder/spi-builder-workspace/.derivedData/Build/Intermediates.noindex/SwipeButton.build/Debug-appletvos/SwipeButtonTests-p.build/DerivedSources -Xcc -DSWIFT_PACKAGE -Xcc -DDEBUG\=1 -working-directory /Users/admin/builder/spi-builder-workspace/.swiftpm/xcode -experimental-emit-module-separately -disable-cmo
PruneExplicitPrecompiledModules /Users/admin/builder/spi-builder-workspace/.derivedData/Build/Intermediates.noindex/ExplicitPrecompiledModules
PruneExplicitPrecompiledModules /Users/admin/builder/spi-builder-workspace/.derivedData/Build/Intermediates.noindex/SwiftExplicitPrecompiledModules
PruneExplicitPrecompiledModules /Users/admin/builder/spi-builder-workspace/.derivedData/SDKExplicitPrecompiledModules
2026-09-17 18:20:53.677 xcodebuild[627:3994] [MT] IDERunDestination: Supported platforms for the buildables in the current scheme is empty.
2026-09-17 18:20:53.823 xcodebuild[627:3994] [MT] IDERunDestination: Supported platforms for the buildables in the current scheme is empty.
** BUILD FAILED **
The following build commands failed:
SwiftCompile normal arm64 Compiling\ SwipeButtonView.swift /Users/admin/builder/spi-builder-workspace/Sources/SwipeButton/SwipeButtonView.swift (in target 'SwipeButton' from project 'SwipeButton')
SwiftCompile normal arm64 /Users/admin/builder/spi-builder-workspace/Sources/SwipeButton/SwipeButtonView.swift (in target 'SwipeButton' from project 'SwipeButton')
SwiftCompile normal arm64 Compiling\ SwipeButton.swift /Users/admin/builder/spi-builder-workspace/Sources/SwipeButton/SwipeButton.swift (in target 'SwipeButton' from project 'SwipeButton')
SwiftCompile normal arm64 /Users/admin/builder/spi-builder-workspace/Sources/SwipeButton/SwipeButton.swift (in target 'SwipeButton' from project 'SwipeButton')
Building workspace SwipeButton with scheme SwipeButton
(5 failures)
Command line invocation:
/Applications/Xcode-27.0.0-Release.Candidate.app/Contents/Developer/usr/bin/xcodebuild -IDEClonedSourcePackagesDirPathOverride=/Users/admin/builder/spi-builder-workspace/.dependencies -resolvePackageDependencies
Resolve Package Graph
Resolved source packages:
SwipeButton: /Users/admin/builder/spi-builder-workspace
resolved source packages: SwipeButton
2026-09-17 18:21:03.705 xcodebuild[737:4617] [MT] IDERunDestination: Supported platforms for the buildables in the current scheme is empty.
2026-09-17 18:21:03.808 xcodebuild[737:4617] [MT] IDERunDestination: Supported platforms for the buildables in the current scheme is empty.
{
"dependencies" : [
],
"manifest_display_name" : "SwipeButton",
"name" : "SwipeButton",
"path" : "/Users/admin/builder/spi-builder-workspace",
"platforms" : [
{
"name" : "ios",
"version" : "14.0"
},
{
"name" : "macos",
"version" : "11.0"
},
{
"name" : "watchos",
"version" : "7.0"
}
],
"products" : [
{
"name" : "SwipeButton",
"targets" : [
"SwipeButton"
],
"type" : {
"library" : [
"automatic"
]
}
}
],
"targets" : [
{
"c99name" : "SwipeButtonTests",
"module_type" : "SwiftTarget",
"name" : "SwipeButtonTests",
"path" : "Tests/SwipeButtonTests",
"sources" : [
"SwipeButtonTests.swift"
],
"target_dependencies" : [
"SwipeButton"
],
"type" : "test"
},
{
"c99name" : "SwipeButton",
"module_type" : "SwiftTarget",
"name" : "SwipeButton",
"path" : "Sources/SwipeButton",
"product_memberships" : [
"SwipeButton"
],
"sources" : [
"RectangleShape.swift",
"SwipeButton.swift",
"SwipeButtonView.swift",
"WaveShape.swift"
],
"type" : "library"
}
],
"tools_version" : "5.3"
}
{
"workspace" : {
"name" : "SwipeButton",
"schemes" : [
"SwipeButton"
]
}
}
2026-09-17 18:21:04.936 xcodebuild[745:4692] [MT] IDERunDestination: Supported platforms for the buildables in the current scheme is empty.
2026-09-17 18:21:05.040 xcodebuild[745:4692] [MT] IDERunDestination: Supported platforms for the buildables in the current scheme is empty.
Running build ...
env DEVELOPER_DIR=/Applications/Xcode-27.0.0-Release.Candidate.app xcrun xcodebuild -IDEClonedSourcePackagesDirPathOverride=$PWD/.dependencies -skipMacroValidation -skipPackagePluginValidation -derivedDataPath $PWD/.derivedData build -scheme SwipeButton -destination generic/platform=tvOS
Command line invocation:
/Applications/Xcode-27.0.0-Release.Candidate.app/Contents/Developer/usr/bin/xcodebuild -IDEClonedSourcePackagesDirPathOverride=/Users/admin/builder/spi-builder-workspace/.dependencies -skipMacroValidation -skipPackagePluginValidation -derivedDataPath /Users/admin/builder/spi-builder-workspace/.derivedData build -scheme SwipeButton -destination generic/platform=tvOS
Resolve Package Graph
Resolved source packages:
SwipeButton: /Users/admin/builder/spi-builder-workspace
ComputePackagePrebuildTargetDependencyGraph
Prepare packages
CreateBuildRequest
SendProjectDescription
CreateBuildOperation
ComputeTargetDependencyGraph
note: Building targets in dependency order
note: Target dependency graph (3 targets)
Target 'SwipeButtonTests-product' in project 'SwipeButton'
➜ Explicit dependency on target 'SwipeButton' in project 'SwipeButton'
Target 'SwipeButton-product' in project 'SwipeButton'
➜ Explicit dependency on target 'SwipeButton' in project 'SwipeButton'
Target 'SwipeButton' in project 'SwipeButton' (no dependencies)
GatherProvisioningInputs
CreateBuildDescription
ClangStatCache /Applications/Xcode-27.0.0-Release.Candidate.app/Contents/Developer/Toolchains/XcodeDefault.xctoolchain/usr/bin/clang-stat-cache /Applications/Xcode-27.0.0-Release.Candidate.app/Contents/Developer/Platforms/AppleTVOS.platform/Developer/SDKs/AppleTVOS27.0.sdk /Users/admin/builder/spi-builder-workspace/.derivedData/SDKStatCaches.noindex/appletvos27.0-24J360-e829b21a6f8c9b70876ba0858053c044b32bfd8d43560033f8d89884cdb90028.sdkstatcache
cd /Users/admin/builder/spi-builder-workspace/.swiftpm/xcode
/Applications/Xcode-27.0.0-Release.Candidate.app/Contents/Developer/Toolchains/XcodeDefault.xctoolchain/usr/bin/clang-stat-cache /Applications/Xcode-27.0.0-Release.Candidate.app/Contents/Developer/Platforms/AppleTVOS.platform/Developer/SDKs/AppleTVOS27.0.sdk -o /Users/admin/builder/spi-builder-workspace/.derivedData/SDKStatCaches.noindex/appletvos27.0-24J360-e829b21a6f8c9b70876ba0858053c044b32bfd8d43560033f8d89884cdb90028.sdkstatcache
SwiftDriver SwipeButton normal arm64 com.apple.xcode.tools.swift.compiler (in target 'SwipeButton' from project 'SwipeButton')
cd /Users/admin/builder/spi-builder-workspace/.swiftpm/xcode
builtin-SwiftDriver -- /Applications/Xcode-27.0.0-Release.Candidate.app/Contents/Developer/Toolchains/XcodeDefault.xctoolchain/usr/bin/swiftc -parse-as-library -module-name SwipeButton -Onone @/Users/admin/builder/spi-builder-workspace/.derivedData/Build/Intermediates.noindex/SwipeButton.build/Debug-appletvos/SwipeButton-t.build/Objects-normal/arm64/SwipeButton.SwiftFileList -DSWIFT_PACKAGE -DDEBUG -DSWIFT_MODULE_RESOURCE_BUNDLE_UNAVAILABLE -DXcode -plugin-path /Applications/Xcode-27.0.0-Release.Candidate.app/Contents/Developer/Toolchains/XcodeDefault.xctoolchain/usr/lib/swift/host/plugins/testing -enable-experimental-feature DebugDescriptionMacro -sdk /Applications/Xcode-27.0.0-Release.Candidate.app/Contents/Developer/Platforms/AppleTVOS.platform/Developer/SDKs/AppleTVOS27.0.sdk -target arm64-apple-tvos15.0 -g -module-cache-path /Users/admin/builder/spi-builder-workspace/.derivedData/ModuleCache.noindex -Xfrontend -serialize-debugging-options -enable-testing -index-store-path /Users/admin/builder/spi-builder-workspace/.derivedData/Index.noindex/DataStore -Xcc -D_LIBCPP_HARDENING_MODE\=_LIBCPP_HARDENING_MODE_DEBUG -swift-version 5 -I /Users/admin/builder/spi-builder-workspace/.derivedData/Build/Products/Debug-appletvos -Isystem /Applications/Xcode-27.0.0-Release.Candidate.app/Contents/Developer/Platforms/AppleTVOS.platform/Developer/usr/lib -F /Users/admin/builder/spi-builder-workspace/.derivedData/Build/Products/Debug-appletvos -F /Applications/Xcode-27.0.0-Release.Candidate.app/Contents/Developer/Platforms/AppleTVOS.platform/Developer/Library/Frameworks -F /Applications/Xcode-27.0.0-Release.Candidate.app/Contents/Developer/Platforms/AppleTVOS.platform/Developer/SDKs/AppleTVOS27.0.sdk/Developer/Library/Frameworks -c -j10 -enable-batch-mode -incremental -Xcc -ivfsstatcache -Xcc /Users/admin/builder/spi-builder-workspace/.derivedData/SDKStatCaches.noindex/appletvos27.0-24J360-e829b21a6f8c9b70876ba0858053c044b32bfd8d43560033f8d89884cdb90028.sdkstatcache -output-file-map /Users/admin/builder/spi-builder-workspace/.derivedData/Build/Intermediates.noindex/SwipeButton.build/Debug-appletvos/SwipeButton-t.build/Objects-normal/arm64/SwipeButton-OutputFileMap.json -save-temps -no-color-diagnostics -explicit-module-build -module-cache-path /Users/admin/builder/spi-builder-workspace/.derivedData/Build/Intermediates.noindex/SwiftExplicitPrecompiledModules -clang-scanner-module-cache-path /Users/admin/builder/spi-builder-workspace/.derivedData/ModuleCache.noindex -sdk-module-cache-path /Users/admin/builder/spi-builder-workspace/.derivedData/SDKExplicitPrecompiledModules -emit-dependencies -emit-module -emit-module-path /Users/admin/builder/spi-builder-workspace/.derivedData/Build/Intermediates.noindex/SwipeButton.build/Debug-appletvos/SwipeButton-t.build/Objects-normal/arm64/SwipeButton.swiftmodule -serialize-diagnostics -dependency-scan-serialize-diagnostics-path /Users/admin/builder/spi-builder-workspace/.derivedData/Build/Intermediates.noindex/SwipeButton.build/Debug-appletvos/SwipeButton-t.build/Objects-normal/arm64/SwipeButton-dependency-scan.dia -validate-clang-modules-once -clang-build-session-file /Users/admin/builder/spi-builder-workspace/.derivedData/ModuleCache.noindex/Session.modulevalidation -Xcc -fmodules-prune-interval\=86400 -Xcc -fmodules-prune-after\=345600 -emit-const-values -const-gather-protocols-list /Users/admin/builder/spi-builder-workspace/.derivedData/Build/Intermediates.noindex/SwipeButton.build/Debug-appletvos/SwipeButton-t.build/Objects-normal/arm64/SwipeButton_const_extract_protocols.json -Xcc -I/Users/admin/builder/spi-builder-workspace/.derivedData/Build/Products/Debug-appletvos/include -Xcc -I/Users/admin/builder/spi-builder-workspace/.derivedData/Build/Intermediates.noindex/SwipeButton.build/Debug-appletvos/SwipeButton-t.build/DerivedSources-normal/arm64 -Xcc -I/Users/admin/builder/spi-builder-workspace/.derivedData/Build/Intermediates.noindex/SwipeButton.build/Debug-appletvos/SwipeButton-t.build/DerivedSources/arm64 -Xcc -I/Users/admin/builder/spi-builder-workspace/.derivedData/Build/Intermediates.noindex/SwipeButton.build/Debug-appletvos/SwipeButton-t.build/DerivedSources -Xcc -DSWIFT_PACKAGE -Xcc -DDEBUG\=1 -emit-objc-header -emit-objc-header-path /Users/admin/builder/spi-builder-workspace/.derivedData/Build/Intermediates.noindex/SwipeButton.build/Debug-appletvos/SwipeButton-t.build/Objects-normal/arm64/SwipeButton-Swift.h -working-directory /Users/admin/builder/spi-builder-workspace/.swiftpm/xcode -experimental-emit-module-separately -disable-cmo
SwiftCompile normal arm64 Compiling\ SwipeButton.swift /Users/admin/builder/spi-builder-workspace/Sources/SwipeButton/SwipeButton.swift (in target 'SwipeButton' from project 'SwipeButton')
SwiftCompile normal arm64 /Users/admin/builder/spi-builder-workspace/Sources/SwipeButton/SwipeButton.swift (in target 'SwipeButton' from project 'SwipeButton')
cd /Users/admin/builder/spi-builder-workspace/.swiftpm/xcode
builtin-SwiftPerFileCompile SwipeButton.swift
SwiftCompile normal arm64 Compiling\ WaveShape.swift /Users/admin/builder/spi-builder-workspace/Sources/SwipeButton/WaveShape.swift (in target 'SwipeButton' from project 'SwipeButton')
SwiftCompile normal arm64 /Users/admin/builder/spi-builder-workspace/Sources/SwipeButton/WaveShape.swift (in target 'SwipeButton' from project 'SwipeButton')
cd /Users/admin/builder/spi-builder-workspace/.swiftpm/xcode
builtin-SwiftPerFileCompile WaveShape.swift
SwiftEmitModule normal arm64 Emitting\ module\ for\ SwipeButton (in target 'SwipeButton' from project 'SwipeButton')
SwiftCompile normal arm64 (in target 'SwipeButton' from project 'SwipeButton')
cd /Users/admin/builder/spi-builder-workspace/.swiftpm/xcode
SwiftCompile normal arm64 Compiling\ RectangleShape.swift /Users/admin/builder/spi-builder-workspace/Sources/SwipeButton/RectangleShape.swift (in target 'SwipeButton' from project 'SwipeButton')
SwiftCompile normal arm64 /Users/admin/builder/spi-builder-workspace/Sources/SwipeButton/RectangleShape.swift (in target 'SwipeButton' from project 'SwipeButton')
cd /Users/admin/builder/spi-builder-workspace/.swiftpm/xcode
builtin-SwiftPerFileCompile RectangleShape.swift
SwiftCompile normal arm64 Compiling\ SwipeButtonView.swift /Users/admin/builder/spi-builder-workspace/Sources/SwipeButton/SwipeButtonView.swift (in target 'SwipeButton' from project 'SwipeButton')
/Users/admin/builder/spi-builder-workspace/Sources/SwipeButton/SwipeButtonView.swift:27:34: warning: 'animation' was deprecated in tvOS 15.0: Use withAnimation or animation(_:value:) instead. [#DeprecatedDeclaration]
25 | .fill(leftButtonColor)
26 | .frame(width: 60)
27 | .animation(willAuto ? .easeOut(duration: 0.2) : .easeIn(duration: 0.2))
| `- warning: 'animation' was deprecated in tvOS 15.0: Use withAnimation or animation(_:value:) instead. [#DeprecatedDeclaration]
28 | .opacity(offsetX == 0 ? 0 : 1)
29 | } else {
/Users/admin/builder/spi-builder-workspace/Sources/SwipeButton/SwipeButtonView.swift:33:34: warning: 'animation' was deprecated in tvOS 15.0: Use withAnimation or animation(_:value:) instead. [#DeprecatedDeclaration]
31 | .fill(leftButtonColor)
32 | .frame(width: 60)
33 | .animation(willAuto ? .easeOut(duration: 0.2) : .easeIn(duration: 0.2))
| `- warning: 'animation' was deprecated in tvOS 15.0: Use withAnimation or animation(_:value:) instead. [#DeprecatedDeclaration]
34 | .opacity(offsetX == 0 ? 0 : 1)
35 | }
/Users/admin/builder/spi-builder-workspace/Sources/SwipeButton/SwipeButtonView.swift:37:30: warning: 'animation' was deprecated in tvOS 15.0: Use withAnimation or animation(_:value:) instead. [#DeprecatedDeclaration]
35 | }
36 | leftButtonLabel!()
37 | .animation(willAuto ? .easeOut(duration: 0.2) : .easeIn(duration: 0.2))
| `- warning: 'animation' was deprecated in tvOS 15.0: Use withAnimation or animation(_:value:) instead. [#DeprecatedDeclaration]
38 | .offset(x: willAuto ? offsetX - 75 : min(offsetX, 75) - 75)
39 | .opacity(offsetX == 0 ? 0 : 1)
/Users/admin/builder/spi-builder-workspace/Sources/SwipeButton/SwipeButtonView.swift:41:22: error: 'onTapGesture(count:perform:)' is only available in tvOS 16.0 or newer
1 | import SwiftUI
2 |
3 | struct SwipeButtonView<Content:View> : View {
| `- note: add '@available' attribute to enclosing generic struct
4 |
5 | @Binding var offsetX : CGFloat
:
16 | var style: SwipeButtonStyle = .wave
17 |
18 | var body: some View {
| `- note: add '@available' attribute to enclosing property
19 | ZStack {
20 | if leftButtonLabel != nil {
:
39 | .opacity(offsetX == 0 ? 0 : 1)
40 | }
41 | .onTapGesture {
| |- error: 'onTapGesture(count:perform:)' is only available in tvOS 16.0 or newer
| `- note: add 'if #available' version check
42 | if leftButtonAction != nil {
43 | leftButtonAction!()
/Users/admin/builder/spi-builder-workspace/Sources/SwipeButton/SwipeButtonView.swift:63:34: warning: 'animation' was deprecated in tvOS 15.0: Use withAnimation or animation(_:value:) instead. [#DeprecatedDeclaration]
61 | .fill(rightButtonColor)
62 | .frame(width: 60)
63 | .animation(willAuto ? .easeOut(duration: 0.2) : .easeIn(duration: 0.2))
| `- warning: 'animation' was deprecated in tvOS 15.0: Use withAnimation or animation(_:value:) instead. [#DeprecatedDeclaration]
64 | .opacity(offsetX == 0 ? 0 : 1)
65 | } else {
/Users/admin/builder/spi-builder-workspace/Sources/SwipeButton/SwipeButtonView.swift:69:34: warning: 'animation' was deprecated in tvOS 15.0: Use withAnimation or animation(_:value:) instead. [#DeprecatedDeclaration]
67 | .fill(rightButtonColor)
68 | .frame(width: 60)
69 | .animation(willAuto ? .easeOut(duration: 0.2) : .easeIn(duration: 0.2))
| `- warning: 'animation' was deprecated in tvOS 15.0: Use withAnimation or animation(_:value:) instead. [#DeprecatedDeclaration]
70 | .opacity(offsetX == 0 ? 0 : 1)
71 | }
/Users/admin/builder/spi-builder-workspace/Sources/SwipeButton/SwipeButtonView.swift:74:30: warning: 'animation' was deprecated in tvOS 15.0: Use withAnimation or animation(_:value:) instead. [#DeprecatedDeclaration]
72 |
73 | rightButtonLabel!()
74 | .animation(willAuto ? .easeOut(duration: 0.2) : .easeIn(duration: 0.2))
| `- warning: 'animation' was deprecated in tvOS 15.0: Use withAnimation or animation(_:value:) instead. [#DeprecatedDeclaration]
75 | .offset(x: willAuto ? offsetX + 75 : max(offsetX, -75) + 75)
76 | .opacity(offsetX == 0 ? 0 : 1)
/Users/admin/builder/spi-builder-workspace/Sources/SwipeButton/SwipeButtonView.swift:79:22: error: 'onTapGesture(count:perform:)' is only available in tvOS 16.0 or newer
1 | import SwiftUI
2 |
3 | struct SwipeButtonView<Content:View> : View {
| `- note: add '@available' attribute to enclosing generic struct
4 |
5 | @Binding var offsetX : CGFloat
:
16 | var style: SwipeButtonStyle = .wave
17 |
18 | var body: some View {
| `- note: add '@available' attribute to enclosing property
19 | ZStack {
20 | if leftButtonLabel != nil {
:
77 |
78 | }
79 | .onTapGesture {
| |- error: 'onTapGesture(count:perform:)' is only available in tvOS 16.0 or newer
| `- note: add 'if #available' version check
80 | if rightButtonAction != nil {
81 | rightButtonAction!()
[#DeprecatedDeclaration]: <https://docs.swift.org/compiler/documentation/diagnostics/deprecated-declaration>
Failed frontend command:
/Applications/Xcode-27.0.0-Release.Candidate.app/Contents/Developer/Toolchains/XcodeDefault.xctoolchain/usr/bin/swift-frontend -frontend -c /Users/admin/builder/spi-builder-workspace/Sources/SwipeButton/RectangleShape.swift /Users/admin/builder/spi-builder-workspace/Sources/SwipeButton/SwipeButton.swift -primary-file /Users/admin/builder/spi-builder-workspace/Sources/SwipeButton/SwipeButtonView.swift /Users/admin/builder/spi-builder-workspace/Sources/SwipeButton/WaveShape.swift -emit-dependencies-path /Users/admin/builder/spi-builder-workspace/.derivedData/Build/Intermediates.noindex/SwipeButton.build/Debug-appletvos/SwipeButton-t.build/Objects-normal/arm64/SwipeButtonView.d -emit-const-values-path /Users/admin/builder/spi-builder-workspace/.derivedData/Build/Intermediates.noindex/SwipeButton.build/Debug-appletvos/SwipeButton-t.build/Objects-normal/arm64/SwipeButtonView.swiftconstvalues -emit-reference-dependencies-path /Users/admin/builder/spi-builder-workspace/.derivedData/Build/Intermediates.noindex/SwipeButton.build/Debug-appletvos/SwipeButton-t.build/Objects-normal/arm64/SwipeButtonView.swiftdeps -serialize-diagnostics-path /Users/admin/builder/spi-builder-workspace/.derivedData/Build/Intermediates.noindex/SwipeButton.build/Debug-appletvos/SwipeButton-t.build/Objects-normal/arm64/SwipeButtonView.dia -target arm64-apple-tvos15.0 -disable-cross-import-overlay-search -load-resolved-plugin /Applications/Xcode-27.0.0-Release.Candidate.app/Contents/Developer/Platforms/AppleTVOS.platform/Developer/usr/lib/swift/host/plugins/libFoundationMacros.dylib\#/Applications/Xcode-27.0.0-Release.Candidate.app/Contents/Developer/Platforms/AppleTVOS.platform/Developer/usr/bin/swift-plugin-server\#FoundationMacros -load-resolved-plugin /Applications/Xcode-27.0.0-Release.Candidate.app/Contents/Developer/Platforms/AppleTVOS.platform/Developer/usr/lib/swift/host/plugins/libObservationMacros.dylib\#/Applications/Xcode-27.0.0-Release.Candidate.app/Contents/Developer/Platforms/AppleTVOS.platform/Developer/usr/bin/swift-plugin-server\#ObservationMacros -load-resolved-plugin /Applications/Xcode-27.0.0-Release.Candidate.app/Contents/Developer/Platforms/AppleTVOS.platform/Developer/usr/lib/swift/host/plugins/libPreviewsMacros.dylib\#/Applications/Xcode-27.0.0-Release.Candidate.app/Contents/Developer/Platforms/AppleTVOS.platform/Developer/usr/bin/swift-plugin-server\#PreviewsMacros -load-resolved-plugin /Applications/Xcode-27.0.0-Release.Candidate.app/Contents/Developer/Platforms/AppleTVOS.platform/Developer/usr/lib/swift/host/plugins/libSwiftMacros.dylib\#/Applications/Xcode-27.0.0-Release.Candidate.app/Contents/Developer/Platforms/AppleTVOS.platform/Developer/usr/bin/swift-plugin-server\#SwiftMacros -load-resolved-plugin /Applications/Xcode-27.0.0-Release.Candidate.app/Contents/Developer/Platforms/AppleTVOS.platform/Developer/usr/lib/swift/host/plugins/libSwiftUIMacros.dylib\#/Applications/Xcode-27.0.0-Release.Candidate.app/Contents/Developer/Platforms/AppleTVOS.platform/Developer/usr/bin/swift-plugin-server\#SwiftUIMacros -disable-implicit-swift-modules -Xcc -fno-implicit-modules -Xcc -fno-implicit-module-maps -explicit-swift-module-map-file /Users/admin/builder/spi-builder-workspace/.derivedData/Build/Intermediates.noindex/SwipeButton.build/Debug-appletvos/SwipeButton-t.build/Objects-normal/arm64/SwipeButton-dependencies-1.json -Xllvm -aarch64-use-tbi -enable-objc-interop -stack-check -sdk /Applications/Xcode-27.0.0-Release.Candidate.app/Contents/Developer/Platforms/AppleTVOS.platform/Developer/SDKs/AppleTVOS27.0.sdk -I /Users/admin/builder/spi-builder-workspace/.derivedData/Build/Products/Debug-appletvos -Isystem /Applications/Xcode-27.0.0-Release.Candidate.app/Contents/Developer/Platforms/AppleTVOS.platform/Developer/usr/lib -F /Users/admin/builder/spi-builder-workspace/.derivedData/Build/Products/Debug-appletvos -F /Applications/Xcode-27.0.0-Release.Candidate.app/Contents/Developer/Platforms/AppleTVOS.platform/Developer/Library/Frameworks -F /Applications/Xcode-27.0.0-Release.Candidate.app/Contents/Developer/Platforms/AppleTVOS.platform/Developer/SDKs/AppleTVOS27.0.sdk/Developer/Library/Frameworks -module-cache-path /Users/admin/builder/spi-builder-workspace/.derivedData/Build/Intermediates.noindex/SwiftExplicitPrecompiledModules -no-color-diagnostics -Xcc -fno-color-diagnostics -enable-testing -g -debug-info-format\=dwarf -dwarf-version\=4 -swift-version 5 -Onone -D SWIFT_PACKAGE -D DEBUG -D SWIFT_MODULE_RESOURCE_BUNDLE_UNAVAILABLE -D Xcode -serialize-debugging-options -enable-experimental-feature DebugDescriptionMacro -empty-abi-descriptor -validate-clang-modules-once -clang-build-session-file /Users/admin/builder/spi-builder-workspace/.derivedData/ModuleCache.noindex/Session.modulevalidation -Xcc -working-directory -Xcc /Users/admin/builder/spi-builder-workspace/.swiftpm/xcode -enable-anonymous-context-mangled-names -file-compilation-dir /Users/admin/builder/spi-builder-workspace/.swiftpm/xcode -Xcc -D_LIBCPP_HARDENING_MODE\=_LIBCPP_HARDENING_MODE_DEBUG -Xcc -ivfsstatcache -Xcc /Users/admin/builder/spi-builder-workspace/.derivedData/SDKStatCaches.noindex/appletvos27.0-24J360-e829b21a6f8c9b70876ba0858053c044b32bfd8d43560033f8d89884cdb90028.sdkstatcache -Xcc -fmodules-prune-interval\=86400 -Xcc -fmodules-prune-after\=345600 -Xcc -I/Users/admin/builder/spi-builder-workspace/.derivedData/Build/Products/Debug-appletvos/include -Xcc -I/Users/admin/builder/spi-builder-workspace/.derivedData/Build/Intermediates.noindex/SwipeButton.build/Debug-appletvos/SwipeButton-t.build/DerivedSources-normal/arm64 -Xcc -I/Users/admin/builder/spi-builder-workspace/.derivedData/Build/Intermediates.noindex/SwipeButton.build/Debug-appletvos/SwipeButton-t.build/DerivedSources/arm64 -Xcc -I/Users/admin/builder/spi-builder-workspace/.derivedData/Build/Intermediates.noindex/SwipeButton.build/Debug-appletvos/SwipeButton-t.build/DerivedSources -Xcc -DSWIFT_PACKAGE -Xcc -DDEBUG\=1 -no-auto-bridging-header-chaining -module-name SwipeButton -const-gather-protocols-file /Users/admin/builder/spi-builder-workspace/.derivedData/Build/Intermediates.noindex/SwipeButton.build/Debug-appletvos/SwipeButton-t.build/Objects-normal/arm64/SwipeButton_const_extract_protocols.json -disable-clang-spi -clang-target arm64-apple-tvos27.0 -target-sdk-version 27.0 -target-sdk-name appletvos27.0 -in-process-plugin-server-path /Applications/Xcode-27.0.0-Release.Candidate.app/Contents/Developer/Toolchains/XcodeDefault.xctoolchain/usr/lib/swift/host/libSwiftInProcPluginServer.dylib -parse-as-library -o /Users/admin/builder/spi-builder-workspace/.derivedData/Build/Intermediates.noindex/SwipeButton.build/Debug-appletvos/SwipeButton-t.build/Objects-normal/arm64/SwipeButtonView.o -debug-module-path /Users/admin/builder/spi-builder-workspace/.derivedData/Build/Intermediates.noindex/SwipeButton.build/Debug-appletvos/SwipeButton-t.build/Objects-normal/arm64/SwipeButton.swiftmodule -index-unit-output-path /SwipeButton.build/Debug-appletvos/SwipeButton-t.build/Objects-normal/arm64/SwipeButtonView.o -index-store-path /Users/admin/builder/spi-builder-workspace/.derivedData/Index.noindex/DataStore -index-system-modules
SwiftCompile normal arm64 /Users/admin/builder/spi-builder-workspace/Sources/SwipeButton/SwipeButtonView.swift (in target 'SwipeButton' from project 'SwipeButton')
cd /Users/admin/builder/spi-builder-workspace/.swiftpm/xcode
builtin-SwiftPerFileCompile SwipeButtonView.swift
PruneExplicitPrecompiledModules /Users/admin/builder/spi-builder-workspace/.derivedData/Build/Intermediates.noindex/SwiftExplicitPrecompiledModules
PruneExplicitPrecompiledModules /Users/admin/builder/spi-builder-workspace/.derivedData/SDKExplicitPrecompiledModules
PruneExplicitPrecompiledModules /Users/admin/builder/spi-builder-workspace/.derivedData/Build/Intermediates.noindex/ExplicitPrecompiledModules
2026-09-17 18:21:05.888 xcodebuild[746:4730] [MT] IDERunDestination: Supported platforms for the buildables in the current scheme is empty.
2026-09-17 18:21:05.993 xcodebuild[746:4730] [MT] IDERunDestination: Supported platforms for the buildables in the current scheme is empty.
** BUILD FAILED **
The following build commands failed:
SwiftCompile normal arm64 Compiling\ SwipeButtonView.swift /Users/admin/builder/spi-builder-workspace/Sources/SwipeButton/SwipeButtonView.swift (in target 'SwipeButton' from project 'SwipeButton')
SwiftCompile normal arm64 /Users/admin/builder/spi-builder-workspace/Sources/SwipeButton/SwipeButtonView.swift (in target 'SwipeButton' from project 'SwipeButton')
Building workspace SwipeButton with scheme SwipeButton
(3 failures)
BUILD FAILURE 6.4 tvOS