The Swift Package Index logo.Swift Package Index

Build Information

Failed to build SwiftStreamingMarkdown, reference main (95bb75), with Swift 6.4 for watchOS using Xcode 27.0 on 26 Sep 2026 18:46:48 UTC.

Build Command

env DEVELOPER_DIR=/Applications/Xcode-27.0.0-Release.Candidate.app xcrun xcodebuild -IDEClonedSourcePackagesDirPathOverride=$PWD/.dependencies -skipMacroValidation -skipPackagePluginValidation -derivedDataPath $PWD/.derivedData build -scheme SwiftStreamingMarkdown -destination generic/platform=watchOS

Build Log

    cd /Users/admin/builder/spi-builder-workspace/.swiftpm/xcode

    Using response file: /Users/admin/builder/spi-builder-workspace/.derivedData/Build/Intermediates.noindex/iosMath.build/Debug-watchos/iosMath-t.build/Objects-normal/arm64_32/e6072d4f65d7061329687fe24e3d63a7-common-args.resp

    builtin-ScanDependencies -o /Users/admin/builder/spi-builder-workspace/.derivedData/Build/Intermediates.noindex/iosMath.build/Debug-watchos/iosMath-t.build/Objects-normal/arm64_32/MTMathListBuilder.o.scan -- /Applications/Xcode-27.0.0-Release.Candidate.app/Contents/Developer/Toolchains/XcodeDefault.xctoolchain/usr/bin/clang -x objective-c -ivfsstatcache /Users/admin/builder/spi-builder-workspace/.derivedData/SDKStatCaches.noindex/watchos27.0-24R360-e829b21a6f8c9b70876ba0858053c04477534ef55a1706bf4c1112bbb242f0a2.sdkstatcache -target arm64_32-apple-watchos9.0 -fmessage-length\=0 -fdiagnostics-show-note-include-stack -fmacro-backtrace-limit\=0 -fno-color-diagnostics -fmodules-prune-interval\=86400 -fmodules-prune-after\=345600 -fbuild-session-file\=/Users/admin/builder/spi-builder-workspace/.derivedData/ModuleCache.noindex/Session.modulevalidation -fmodules-validate-once-per-build-session -Wnon-modular-include-in-framework-module -Werror\=non-modular-include-in-framework-module -Wno-trigraphs -Wno-missing-field-initializers -Wno-missing-prototypes -Wno-return-type -Wno-implicit-atomic-properties -Wno-objc-interface-ivars -Wno-arc-repeated-use-of-weak -Wno-missing-braces -Wparentheses -Wswitch -Wno-unused-function -Wno-unused-label -Wno-unused-parameter -Wno-unused-variable -Wunused-value -Wno-empty-body -Wno-uninitialized -Wno-unknown-pragmas -w -Wno-shadow -Wno-four-char-constants -Wno-conversion -Wno-constant-conversion -Wno-int-conversion -Wno-bool-conversion -Wno-enum-conversion -Wno-float-conversion -Wno-non-literal-null-conversion -Wno-objc-literal-conversion -Wno-shorten-64-to-32 -Wpointer-sign -Wno-newline-eof -Wno-selector -Wno-strict-selector-match -Wno-undeclared-selector -Wno-deprecated-implementations -Wno-implicit-fallthrough -isysroot /Applications/Xcode-27.0.0-Release.Candidate.app/Contents/Developer/Platforms/WatchOS.platform/Developer/SDKs/WatchOS27.0.sdk -fstrict-aliasing -Wprotocol -Wdeprecated-declarations -Wno-sign-conversion -Wno-infinite-recursion -Wno-comma -Wno-block-capture-autoreleasing -Wno-strict-prototypes -Wno-semicolon-before-method-body -index-store-path /Users/admin/builder/spi-builder-workspace/.derivedData/Index.noindex/DataStore @/Users/admin/builder/spi-builder-workspace/.derivedData/Build/Intermediates.noindex/iosMath.build/Debug-watchos/iosMath-t.build/Objects-normal/arm64_32/e6072d4f65d7061329687fe24e3d63a7-common-args.resp -include /Users/admin/builder/spi-builder-workspace/.derivedData/Build/Intermediates.noindex/iosMath.build/Debug-watchos/iosMath-t.build/DerivedSources/resource_bundle_accessor.h -MMD -MT dependencies -MF /Users/admin/builder/spi-builder-workspace/.derivedData/Build/Intermediates.noindex/iosMath.build/Debug-watchos/iosMath-t.build/Objects-normal/arm64_32/MTMathListBuilder.d --serialize-diagnostics /Users/admin/builder/spi-builder-workspace/.derivedData/Build/Intermediates.noindex/iosMath.build/Debug-watchos/iosMath-t.build/Objects-normal/arm64_32/MTMathListBuilder.dia -c /Users/admin/builder/spi-builder-workspace/.dependencies/checkouts/iosMath/iosMath/lib/MTMathListBuilder.m -o /Users/admin/builder/spi-builder-workspace/.derivedData/Build/Intermediates.noindex/iosMath.build/Debug-watchos/iosMath-t.build/Objects-normal/arm64_32/MTMathListBuilder.o -index-unit-output-path /iosMath.build/Debug-watchos/iosMath-t.build/Objects-normal/arm64_32/MTMathListBuilder.o
PrecompileModule /Users/admin/builder/spi-builder-workspace/.derivedData/Build/Intermediates.noindex/ExplicitPrecompiledModules/_DarwinFoundation1-CB5CLVQHNLSW4CWC91U6XKBZC.scan
    cd /
    builtin-precompileModule /Users/admin/builder/spi-builder-workspace/.derivedData/Build/Intermediates.noindex/ExplicitPrecompiledModules/_DarwinFoundation1-CB5CLVQHNLSW4CWC91U6XKBZC.scan
ScanDependencies /Users/admin/builder/spi-builder-workspace/.derivedData/Build/Intermediates.noindex/iosMath.build/Debug-watchos/iosMath-t.build/Objects-normal/arm64_32/MTMathList.o /Users/admin/builder/spi-builder-workspace/.dependencies/checkouts/iosMath/iosMath/lib/MTMathList.m normal arm64_32 objective-c com.apple.compilers.llvm.clang.1_0.compiler (in target 'iosMath' from project 'iosMath')
    cd /Users/admin/builder/spi-builder-workspace/.swiftpm/xcode

    Using response file: /Users/admin/builder/spi-builder-workspace/.derivedData/Build/Intermediates.noindex/iosMath.build/Debug-watchos/iosMath-t.build/Objects-normal/arm64_32/e6072d4f65d7061329687fe24e3d63a7-common-args.resp

    builtin-ScanDependencies -o /Users/admin/builder/spi-builder-workspace/.derivedData/Build/Intermediates.noindex/iosMath.build/Debug-watchos/iosMath-t.build/Objects-normal/arm64_32/MTMathList.o.scan -- /Applications/Xcode-27.0.0-Release.Candidate.app/Contents/Developer/Toolchains/XcodeDefault.xctoolchain/usr/bin/clang -x objective-c -ivfsstatcache /Users/admin/builder/spi-builder-workspace/.derivedData/SDKStatCaches.noindex/watchos27.0-24R360-e829b21a6f8c9b70876ba0858053c04477534ef55a1706bf4c1112bbb242f0a2.sdkstatcache -target arm64_32-apple-watchos9.0 -fmessage-length\=0 -fdiagnostics-show-note-include-stack -fmacro-backtrace-limit\=0 -fno-color-diagnostics -fmodules-prune-interval\=86400 -fmodules-prune-after\=345600 -fbuild-session-file\=/Users/admin/builder/spi-builder-workspace/.derivedData/ModuleCache.noindex/Session.modulevalidation -fmodules-validate-once-per-build-session -Wnon-modular-include-in-framework-module -Werror\=non-modular-include-in-framework-module -Wno-trigraphs -Wno-missing-field-initializers -Wno-missing-prototypes -Wno-return-type -Wno-implicit-atomic-properties -Wno-objc-interface-ivars -Wno-arc-repeated-use-of-weak -Wno-missing-braces -Wparentheses -Wswitch -Wno-unused-function -Wno-unused-label -Wno-unused-parameter -Wno-unused-variable -Wunused-value -Wno-empty-body -Wno-uninitialized -Wno-unknown-pragmas -w -Wno-shadow -Wno-four-char-constants -Wno-conversion -Wno-constant-conversion -Wno-int-conversion -Wno-bool-conversion -Wno-enum-conversion -Wno-float-conversion -Wno-non-literal-null-conversion -Wno-objc-literal-conversion -Wno-shorten-64-to-32 -Wpointer-sign -Wno-newline-eof -Wno-selector -Wno-strict-selector-match -Wno-undeclared-selector -Wno-deprecated-implementations -Wno-implicit-fallthrough -isysroot /Applications/Xcode-27.0.0-Release.Candidate.app/Contents/Developer/Platforms/WatchOS.platform/Developer/SDKs/WatchOS27.0.sdk -fstrict-aliasing -Wprotocol -Wdeprecated-declarations -Wno-sign-conversion -Wno-infinite-recursion -Wno-comma -Wno-block-capture-autoreleasing -Wno-strict-prototypes -Wno-semicolon-before-method-body -index-store-path /Users/admin/builder/spi-builder-workspace/.derivedData/Index.noindex/DataStore @/Users/admin/builder/spi-builder-workspace/.derivedData/Build/Intermediates.noindex/iosMath.build/Debug-watchos/iosMath-t.build/Objects-normal/arm64_32/e6072d4f65d7061329687fe24e3d63a7-common-args.resp -include /Users/admin/builder/spi-builder-workspace/.derivedData/Build/Intermediates.noindex/iosMath.build/Debug-watchos/iosMath-t.build/DerivedSources/resource_bundle_accessor.h -MMD -MT dependencies -MF /Users/admin/builder/spi-builder-workspace/.derivedData/Build/Intermediates.noindex/iosMath.build/Debug-watchos/iosMath-t.build/Objects-normal/arm64_32/MTMathList.d --serialize-diagnostics /Users/admin/builder/spi-builder-workspace/.derivedData/Build/Intermediates.noindex/iosMath.build/Debug-watchos/iosMath-t.build/Objects-normal/arm64_32/MTMathList.dia -c /Users/admin/builder/spi-builder-workspace/.dependencies/checkouts/iosMath/iosMath/lib/MTMathList.m -o /Users/admin/builder/spi-builder-workspace/.derivedData/Build/Intermediates.noindex/iosMath.build/Debug-watchos/iosMath-t.build/Objects-normal/arm64_32/MTMathList.o -index-unit-output-path /iosMath.build/Debug-watchos/iosMath-t.build/Objects-normal/arm64_32/MTMathList.o
ScanDependencies /Users/admin/builder/spi-builder-workspace/.derivedData/Build/Intermediates.noindex/iosMath.build/Debug-watchos/iosMath-t.build/Objects-normal/arm64_32/MTMathAtomFactory.o /Users/admin/builder/spi-builder-workspace/.dependencies/checkouts/iosMath/iosMath/lib/MTMathAtomFactory.m normal arm64_32 objective-c com.apple.compilers.llvm.clang.1_0.compiler (in target 'iosMath' from project 'iosMath')
    cd /Users/admin/builder/spi-builder-workspace/.swiftpm/xcode

    Using response file: /Users/admin/builder/spi-builder-workspace/.derivedData/Build/Intermediates.noindex/iosMath.build/Debug-watchos/iosMath-t.build/Objects-normal/arm64_32/e6072d4f65d7061329687fe24e3d63a7-common-args.resp

    builtin-ScanDependencies -o /Users/admin/builder/spi-builder-workspace/.derivedData/Build/Intermediates.noindex/iosMath.build/Debug-watchos/iosMath-t.build/Objects-normal/arm64_32/MTMathAtomFactory.o.scan -- /Applications/Xcode-27.0.0-Release.Candidate.app/Contents/Developer/Toolchains/XcodeDefault.xctoolchain/usr/bin/clang -x objective-c -ivfsstatcache /Users/admin/builder/spi-builder-workspace/.derivedData/SDKStatCaches.noindex/watchos27.0-24R360-e829b21a6f8c9b70876ba0858053c04477534ef55a1706bf4c1112bbb242f0a2.sdkstatcache -target arm64_32-apple-watchos9.0 -fmessage-length\=0 -fdiagnostics-show-note-include-stack -fmacro-backtrace-limit\=0 -fno-color-diagnostics -fmodules-prune-interval\=86400 -fmodules-prune-after\=345600 -fbuild-session-file\=/Users/admin/builder/spi-builder-workspace/.derivedData/ModuleCache.noindex/Session.modulevalidation -fmodules-validate-once-per-build-session -Wnon-modular-include-in-framework-module -Werror\=non-modular-include-in-framework-module -Wno-trigraphs -Wno-missing-field-initializers -Wno-missing-prototypes -Wno-return-type -Wno-implicit-atomic-properties -Wno-objc-interface-ivars -Wno-arc-repeated-use-of-weak -Wno-missing-braces -Wparentheses -Wswitch -Wno-unused-function -Wno-unused-label -Wno-unused-parameter -Wno-unused-variable -Wunused-value -Wno-empty-body -Wno-uninitialized -Wno-unknown-pragmas -w -Wno-shadow -Wno-four-char-constants -Wno-conversion -Wno-constant-conversion -Wno-int-conversion -Wno-bool-conversion -Wno-enum-conversion -Wno-float-conversion -Wno-non-literal-null-conversion -Wno-objc-literal-conversion -Wno-shorten-64-to-32 -Wpointer-sign -Wno-newline-eof -Wno-selector -Wno-strict-selector-match -Wno-undeclared-selector -Wno-deprecated-implementations -Wno-implicit-fallthrough -isysroot /Applications/Xcode-27.0.0-Release.Candidate.app/Contents/Developer/Platforms/WatchOS.platform/Developer/SDKs/WatchOS27.0.sdk -fstrict-aliasing -Wprotocol -Wdeprecated-declarations -Wno-sign-conversion -Wno-infinite-recursion -Wno-comma -Wno-block-capture-autoreleasing -Wno-strict-prototypes -Wno-semicolon-before-method-body -index-store-path /Users/admin/builder/spi-builder-workspace/.derivedData/Index.noindex/DataStore @/Users/admin/builder/spi-builder-workspace/.derivedData/Build/Intermediates.noindex/iosMath.build/Debug-watchos/iosMath-t.build/Objects-normal/arm64_32/e6072d4f65d7061329687fe24e3d63a7-common-args.resp -include /Users/admin/builder/spi-builder-workspace/.derivedData/Build/Intermediates.noindex/iosMath.build/Debug-watchos/iosMath-t.build/DerivedSources/resource_bundle_accessor.h -MMD -MT dependencies -MF /Users/admin/builder/spi-builder-workspace/.derivedData/Build/Intermediates.noindex/iosMath.build/Debug-watchos/iosMath-t.build/Objects-normal/arm64_32/MTMathAtomFactory.d --serialize-diagnostics /Users/admin/builder/spi-builder-workspace/.derivedData/Build/Intermediates.noindex/iosMath.build/Debug-watchos/iosMath-t.build/Objects-normal/arm64_32/MTMathAtomFactory.dia -c /Users/admin/builder/spi-builder-workspace/.dependencies/checkouts/iosMath/iosMath/lib/MTMathAtomFactory.m -o /Users/admin/builder/spi-builder-workspace/.derivedData/Build/Intermediates.noindex/iosMath.build/Debug-watchos/iosMath-t.build/Objects-normal/arm64_32/MTMathAtomFactory.o -index-unit-output-path /iosMath.build/Debug-watchos/iosMath-t.build/Objects-normal/arm64_32/MTMathAtomFactory.o
ScanDependencies /Users/admin/builder/spi-builder-workspace/.derivedData/Build/Intermediates.noindex/iosMath.build/Debug-watchos/iosMath-t.build/Objects-normal/arm64_32/MTLabel.o /Users/admin/builder/spi-builder-workspace/.dependencies/checkouts/iosMath/iosMath/render/MTLabel.m normal arm64_32 objective-c com.apple.compilers.llvm.clang.1_0.compiler (in target 'iosMath' from project 'iosMath')
    cd /Users/admin/builder/spi-builder-workspace/.swiftpm/xcode

    Using response file: /Users/admin/builder/spi-builder-workspace/.derivedData/Build/Intermediates.noindex/iosMath.build/Debug-watchos/iosMath-t.build/Objects-normal/arm64_32/e6072d4f65d7061329687fe24e3d63a7-common-args.resp

    builtin-ScanDependencies -o /Users/admin/builder/spi-builder-workspace/.derivedData/Build/Intermediates.noindex/iosMath.build/Debug-watchos/iosMath-t.build/Objects-normal/arm64_32/MTLabel.o.scan -- /Applications/Xcode-27.0.0-Release.Candidate.app/Contents/Developer/Toolchains/XcodeDefault.xctoolchain/usr/bin/clang -x objective-c -ivfsstatcache /Users/admin/builder/spi-builder-workspace/.derivedData/SDKStatCaches.noindex/watchos27.0-24R360-e829b21a6f8c9b70876ba0858053c04477534ef55a1706bf4c1112bbb242f0a2.sdkstatcache -target arm64_32-apple-watchos9.0 -fmessage-length\=0 -fdiagnostics-show-note-include-stack -fmacro-backtrace-limit\=0 -fno-color-diagnostics -fmodules-prune-interval\=86400 -fmodules-prune-after\=345600 -fbuild-session-file\=/Users/admin/builder/spi-builder-workspace/.derivedData/ModuleCache.noindex/Session.modulevalidation -fmodules-validate-once-per-build-session -Wnon-modular-include-in-framework-module -Werror\=non-modular-include-in-framework-module -Wno-trigraphs -Wno-missing-field-initializers -Wno-missing-prototypes -Wno-return-type -Wno-implicit-atomic-properties -Wno-objc-interface-ivars -Wno-arc-repeated-use-of-weak -Wno-missing-braces -Wparentheses -Wswitch -Wno-unused-function -Wno-unused-label -Wno-unused-parameter -Wno-unused-variable -Wunused-value -Wno-empty-body -Wno-uninitialized -Wno-unknown-pragmas -w -Wno-shadow -Wno-four-char-constants -Wno-conversion -Wno-constant-conversion -Wno-int-conversion -Wno-bool-conversion -Wno-enum-conversion -Wno-float-conversion -Wno-non-literal-null-conversion -Wno-objc-literal-conversion -Wno-shorten-64-to-32 -Wpointer-sign -Wno-newline-eof -Wno-selector -Wno-strict-selector-match -Wno-undeclared-selector -Wno-deprecated-implementations -Wno-implicit-fallthrough -isysroot /Applications/Xcode-27.0.0-Release.Candidate.app/Contents/Developer/Platforms/WatchOS.platform/Developer/SDKs/WatchOS27.0.sdk -fstrict-aliasing -Wprotocol -Wdeprecated-declarations -Wno-sign-conversion -Wno-infinite-recursion -Wno-comma -Wno-block-capture-autoreleasing -Wno-strict-prototypes -Wno-semicolon-before-method-body -index-store-path /Users/admin/builder/spi-builder-workspace/.derivedData/Index.noindex/DataStore @/Users/admin/builder/spi-builder-workspace/.derivedData/Build/Intermediates.noindex/iosMath.build/Debug-watchos/iosMath-t.build/Objects-normal/arm64_32/e6072d4f65d7061329687fe24e3d63a7-common-args.resp -include /Users/admin/builder/spi-builder-workspace/.derivedData/Build/Intermediates.noindex/iosMath.build/Debug-watchos/iosMath-t.build/DerivedSources/resource_bundle_accessor.h -MMD -MT dependencies -MF /Users/admin/builder/spi-builder-workspace/.derivedData/Build/Intermediates.noindex/iosMath.build/Debug-watchos/iosMath-t.build/Objects-normal/arm64_32/MTLabel.d --serialize-diagnostics /Users/admin/builder/spi-builder-workspace/.derivedData/Build/Intermediates.noindex/iosMath.build/Debug-watchos/iosMath-t.build/Objects-normal/arm64_32/MTLabel.dia -c /Users/admin/builder/spi-builder-workspace/.dependencies/checkouts/iosMath/iosMath/render/MTLabel.m -o /Users/admin/builder/spi-builder-workspace/.derivedData/Build/Intermediates.noindex/iosMath.build/Debug-watchos/iosMath-t.build/Objects-normal/arm64_32/MTLabel.o -index-unit-output-path /iosMath.build/Debug-watchos/iosMath-t.build/Objects-normal/arm64_32/MTLabel.o
ScanDependencies /Users/admin/builder/spi-builder-workspace/.derivedData/Build/Intermediates.noindex/iosMath.build/Debug-watchos/iosMath-t.build/Objects-normal/arm64_32/MTFontMathTable.o /Users/admin/builder/spi-builder-workspace/.dependencies/checkouts/iosMath/iosMath/render/internal/MTFontMathTable.m normal arm64_32 objective-c com.apple.compilers.llvm.clang.1_0.compiler (in target 'iosMath' from project 'iosMath')
    cd /Users/admin/builder/spi-builder-workspace/.swiftpm/xcode

    Using response file: /Users/admin/builder/spi-builder-workspace/.derivedData/Build/Intermediates.noindex/iosMath.build/Debug-watchos/iosMath-t.build/Objects-normal/arm64_32/e6072d4f65d7061329687fe24e3d63a7-common-args.resp

    builtin-ScanDependencies -o /Users/admin/builder/spi-builder-workspace/.derivedData/Build/Intermediates.noindex/iosMath.build/Debug-watchos/iosMath-t.build/Objects-normal/arm64_32/MTFontMathTable.o.scan -- /Applications/Xcode-27.0.0-Release.Candidate.app/Contents/Developer/Toolchains/XcodeDefault.xctoolchain/usr/bin/clang -x objective-c -ivfsstatcache /Users/admin/builder/spi-builder-workspace/.derivedData/SDKStatCaches.noindex/watchos27.0-24R360-e829b21a6f8c9b70876ba0858053c04477534ef55a1706bf4c1112bbb242f0a2.sdkstatcache -target arm64_32-apple-watchos9.0 -fmessage-length\=0 -fdiagnostics-show-note-include-stack -fmacro-backtrace-limit\=0 -fno-color-diagnostics -fmodules-prune-interval\=86400 -fmodules-prune-after\=345600 -fbuild-session-file\=/Users/admin/builder/spi-builder-workspace/.derivedData/ModuleCache.noindex/Session.modulevalidation -fmodules-validate-once-per-build-session -Wnon-modular-include-in-framework-module -Werror\=non-modular-include-in-framework-module -Wno-trigraphs -Wno-missing-field-initializers -Wno-missing-prototypes -Wno-return-type -Wno-implicit-atomic-properties -Wno-objc-interface-ivars -Wno-arc-repeated-use-of-weak -Wno-missing-braces -Wparentheses -Wswitch -Wno-unused-function -Wno-unused-label -Wno-unused-parameter -Wno-unused-variable -Wunused-value -Wno-empty-body -Wno-uninitialized -Wno-unknown-pragmas -w -Wno-shadow -Wno-four-char-constants -Wno-conversion -Wno-constant-conversion -Wno-int-conversion -Wno-bool-conversion -Wno-enum-conversion -Wno-float-conversion -Wno-non-literal-null-conversion -Wno-objc-literal-conversion -Wno-shorten-64-to-32 -Wpointer-sign -Wno-newline-eof -Wno-selector -Wno-strict-selector-match -Wno-undeclared-selector -Wno-deprecated-implementations -Wno-implicit-fallthrough -isysroot /Applications/Xcode-27.0.0-Release.Candidate.app/Contents/Developer/Platforms/WatchOS.platform/Developer/SDKs/WatchOS27.0.sdk -fstrict-aliasing -Wprotocol -Wdeprecated-declarations -Wno-sign-conversion -Wno-infinite-recursion -Wno-comma -Wno-block-capture-autoreleasing -Wno-strict-prototypes -Wno-semicolon-before-method-body -index-store-path /Users/admin/builder/spi-builder-workspace/.derivedData/Index.noindex/DataStore @/Users/admin/builder/spi-builder-workspace/.derivedData/Build/Intermediates.noindex/iosMath.build/Debug-watchos/iosMath-t.build/Objects-normal/arm64_32/e6072d4f65d7061329687fe24e3d63a7-common-args.resp -include /Users/admin/builder/spi-builder-workspace/.derivedData/Build/Intermediates.noindex/iosMath.build/Debug-watchos/iosMath-t.build/DerivedSources/resource_bundle_accessor.h -MMD -MT dependencies -MF /Users/admin/builder/spi-builder-workspace/.derivedData/Build/Intermediates.noindex/iosMath.build/Debug-watchos/iosMath-t.build/Objects-normal/arm64_32/MTFontMathTable.d --serialize-diagnostics /Users/admin/builder/spi-builder-workspace/.derivedData/Build/Intermediates.noindex/iosMath.build/Debug-watchos/iosMath-t.build/Objects-normal/arm64_32/MTFontMathTable.dia -c /Users/admin/builder/spi-builder-workspace/.dependencies/checkouts/iosMath/iosMath/render/internal/MTFontMathTable.m -o /Users/admin/builder/spi-builder-workspace/.derivedData/Build/Intermediates.noindex/iosMath.build/Debug-watchos/iosMath-t.build/Objects-normal/arm64_32/MTFontMathTable.o -index-unit-output-path /iosMath.build/Debug-watchos/iosMath-t.build/Objects-normal/arm64_32/MTFontMathTable.o
ScanDependencies /Users/admin/builder/spi-builder-workspace/.derivedData/Build/Intermediates.noindex/iosMath.build/Debug-watchos/iosMath-t.build/Objects-normal/arm64_32/MTFontManager.o /Users/admin/builder/spi-builder-workspace/.dependencies/checkouts/iosMath/iosMath/render/MTFontManager.m normal arm64_32 objective-c com.apple.compilers.llvm.clang.1_0.compiler (in target 'iosMath' from project 'iosMath')
    cd /Users/admin/builder/spi-builder-workspace/.swiftpm/xcode

    Using response file: /Users/admin/builder/spi-builder-workspace/.derivedData/Build/Intermediates.noindex/iosMath.build/Debug-watchos/iosMath-t.build/Objects-normal/arm64_32/e6072d4f65d7061329687fe24e3d63a7-common-args.resp

    builtin-ScanDependencies -o /Users/admin/builder/spi-builder-workspace/.derivedData/Build/Intermediates.noindex/iosMath.build/Debug-watchos/iosMath-t.build/Objects-normal/arm64_32/MTFontManager.o.scan -- /Applications/Xcode-27.0.0-Release.Candidate.app/Contents/Developer/Toolchains/XcodeDefault.xctoolchain/usr/bin/clang -x objective-c -ivfsstatcache /Users/admin/builder/spi-builder-workspace/.derivedData/SDKStatCaches.noindex/watchos27.0-24R360-e829b21a6f8c9b70876ba0858053c04477534ef55a1706bf4c1112bbb242f0a2.sdkstatcache -target arm64_32-apple-watchos9.0 -fmessage-length\=0 -fdiagnostics-show-note-include-stack -fmacro-backtrace-limit\=0 -fno-color-diagnostics -fmodules-prune-interval\=86400 -fmodules-prune-after\=345600 -fbuild-session-file\=/Users/admin/builder/spi-builder-workspace/.derivedData/ModuleCache.noindex/Session.modulevalidation -fmodules-validate-once-per-build-session -Wnon-modular-include-in-framework-module -Werror\=non-modular-include-in-framework-module -Wno-trigraphs -Wno-missing-field-initializers -Wno-missing-prototypes -Wno-return-type -Wno-implicit-atomic-properties -Wno-objc-interface-ivars -Wno-arc-repeated-use-of-weak -Wno-missing-braces -Wparentheses -Wswitch -Wno-unused-function -Wno-unused-label -Wno-unused-parameter -Wno-unused-variable -Wunused-value -Wno-empty-body -Wno-uninitialized -Wno-unknown-pragmas -w -Wno-shadow -Wno-four-char-constants -Wno-conversion -Wno-constant-conversion -Wno-int-conversion -Wno-bool-conversion -Wno-enum-conversion -Wno-float-conversion -Wno-non-literal-null-conversion -Wno-objc-literal-conversion -Wno-shorten-64-to-32 -Wpointer-sign -Wno-newline-eof -Wno-selector -Wno-strict-selector-match -Wno-undeclared-selector -Wno-deprecated-implementations -Wno-implicit-fallthrough -isysroot /Applications/Xcode-27.0.0-Release.Candidate.app/Contents/Developer/Platforms/WatchOS.platform/Developer/SDKs/WatchOS27.0.sdk -fstrict-aliasing -Wprotocol -Wdeprecated-declarations -Wno-sign-conversion -Wno-infinite-recursion -Wno-comma -Wno-block-capture-autoreleasing -Wno-strict-prototypes -Wno-semicolon-before-method-body -index-store-path /Users/admin/builder/spi-builder-workspace/.derivedData/Index.noindex/DataStore @/Users/admin/builder/spi-builder-workspace/.derivedData/Build/Intermediates.noindex/iosMath.build/Debug-watchos/iosMath-t.build/Objects-normal/arm64_32/e6072d4f65d7061329687fe24e3d63a7-common-args.resp -include /Users/admin/builder/spi-builder-workspace/.derivedData/Build/Intermediates.noindex/iosMath.build/Debug-watchos/iosMath-t.build/DerivedSources/resource_bundle_accessor.h -MMD -MT dependencies -MF /Users/admin/builder/spi-builder-workspace/.derivedData/Build/Intermediates.noindex/iosMath.build/Debug-watchos/iosMath-t.build/Objects-normal/arm64_32/MTFontManager.d --serialize-diagnostics /Users/admin/builder/spi-builder-workspace/.derivedData/Build/Intermediates.noindex/iosMath.build/Debug-watchos/iosMath-t.build/Objects-normal/arm64_32/MTFontManager.dia -c /Users/admin/builder/spi-builder-workspace/.dependencies/checkouts/iosMath/iosMath/render/MTFontManager.m -o /Users/admin/builder/spi-builder-workspace/.derivedData/Build/Intermediates.noindex/iosMath.build/Debug-watchos/iosMath-t.build/Objects-normal/arm64_32/MTFontManager.o -index-unit-output-path /iosMath.build/Debug-watchos/iosMath-t.build/Objects-normal/arm64_32/MTFontManager.o
PrecompileModule /Users/admin/builder/spi-builder-workspace/.derivedData/Build/Intermediates.noindex/ExplicitPrecompiledModules/_DarwinFoundation2-DV29VFFMWW4YXVD6R34COO3X6.scan
    cd /
    builtin-precompileModule /Users/admin/builder/spi-builder-workspace/.derivedData/Build/Intermediates.noindex/ExplicitPrecompiledModules/_DarwinFoundation2-DV29VFFMWW4YXVD6R34COO3X6.scan
PrecompileModule /Users/admin/builder/spi-builder-workspace/.derivedData/Build/Intermediates.noindex/ExplicitPrecompiledModules/_Builtin_limits-7J1YEYEHS7W2EL1SNW7TGO5KY.scan
    cd /
    builtin-precompileModule /Users/admin/builder/spi-builder-workspace/.derivedData/Build/Intermediates.noindex/ExplicitPrecompiledModules/_Builtin_limits-7J1YEYEHS7W2EL1SNW7TGO5KY.scan
ScanDependencies /Users/admin/builder/spi-builder-workspace/.derivedData/Build/Intermediates.noindex/iosMath.build/Debug-watchos/iosMath-t.build/Objects-normal/arm64_32/MTFont.o /Users/admin/builder/spi-builder-workspace/.dependencies/checkouts/iosMath/iosMath/render/MTFont.m normal arm64_32 objective-c com.apple.compilers.llvm.clang.1_0.compiler (in target 'iosMath' from project 'iosMath')
    cd /Users/admin/builder/spi-builder-workspace/.swiftpm/xcode

    Using response file: /Users/admin/builder/spi-builder-workspace/.derivedData/Build/Intermediates.noindex/iosMath.build/Debug-watchos/iosMath-t.build/Objects-normal/arm64_32/e6072d4f65d7061329687fe24e3d63a7-common-args.resp

    builtin-ScanDependencies -o /Users/admin/builder/spi-builder-workspace/.derivedData/Build/Intermediates.noindex/iosMath.build/Debug-watchos/iosMath-t.build/Objects-normal/arm64_32/MTFont.o.scan -- /Applications/Xcode-27.0.0-Release.Candidate.app/Contents/Developer/Toolchains/XcodeDefault.xctoolchain/usr/bin/clang -x objective-c -ivfsstatcache /Users/admin/builder/spi-builder-workspace/.derivedData/SDKStatCaches.noindex/watchos27.0-24R360-e829b21a6f8c9b70876ba0858053c04477534ef55a1706bf4c1112bbb242f0a2.sdkstatcache -target arm64_32-apple-watchos9.0 -fmessage-length\=0 -fdiagnostics-show-note-include-stack -fmacro-backtrace-limit\=0 -fno-color-diagnostics -fmodules-prune-interval\=86400 -fmodules-prune-after\=345600 -fbuild-session-file\=/Users/admin/builder/spi-builder-workspace/.derivedData/ModuleCache.noindex/Session.modulevalidation -fmodules-validate-once-per-build-session -Wnon-modular-include-in-framework-module -Werror\=non-modular-include-in-framework-module -Wno-trigraphs -Wno-missing-field-initializers -Wno-missing-prototypes -Wno-return-type -Wno-implicit-atomic-properties -Wno-objc-interface-ivars -Wno-arc-repeated-use-of-weak -Wno-missing-braces -Wparentheses -Wswitch -Wno-unused-function -Wno-unused-label -Wno-unused-parameter -Wno-unused-variable -Wunused-value -Wno-empty-body -Wno-uninitialized -Wno-unknown-pragmas -w -Wno-shadow -Wno-four-char-constants -Wno-conversion -Wno-constant-conversion -Wno-int-conversion -Wno-bool-conversion -Wno-enum-conversion -Wno-float-conversion -Wno-non-literal-null-conversion -Wno-objc-literal-conversion -Wno-shorten-64-to-32 -Wpointer-sign -Wno-newline-eof -Wno-selector -Wno-strict-selector-match -Wno-undeclared-selector -Wno-deprecated-implementations -Wno-implicit-fallthrough -isysroot /Applications/Xcode-27.0.0-Release.Candidate.app/Contents/Developer/Platforms/WatchOS.platform/Developer/SDKs/WatchOS27.0.sdk -fstrict-aliasing -Wprotocol -Wdeprecated-declarations -Wno-sign-conversion -Wno-infinite-recursion -Wno-comma -Wno-block-capture-autoreleasing -Wno-strict-prototypes -Wno-semicolon-before-method-body -index-store-path /Users/admin/builder/spi-builder-workspace/.derivedData/Index.noindex/DataStore @/Users/admin/builder/spi-builder-workspace/.derivedData/Build/Intermediates.noindex/iosMath.build/Debug-watchos/iosMath-t.build/Objects-normal/arm64_32/e6072d4f65d7061329687fe24e3d63a7-common-args.resp -include /Users/admin/builder/spi-builder-workspace/.derivedData/Build/Intermediates.noindex/iosMath.build/Debug-watchos/iosMath-t.build/DerivedSources/resource_bundle_accessor.h -MMD -MT dependencies -MF /Users/admin/builder/spi-builder-workspace/.derivedData/Build/Intermediates.noindex/iosMath.build/Debug-watchos/iosMath-t.build/Objects-normal/arm64_32/MTFont.d --serialize-diagnostics /Users/admin/builder/spi-builder-workspace/.derivedData/Build/Intermediates.noindex/iosMath.build/Debug-watchos/iosMath-t.build/Objects-normal/arm64_32/MTFont.dia -c /Users/admin/builder/spi-builder-workspace/.dependencies/checkouts/iosMath/iosMath/render/MTFont.m -o /Users/admin/builder/spi-builder-workspace/.derivedData/Build/Intermediates.noindex/iosMath.build/Debug-watchos/iosMath-t.build/Objects-normal/arm64_32/MTFont.o -index-unit-output-path /iosMath.build/Debug-watchos/iosMath-t.build/Objects-normal/arm64_32/MTFont.o
ScanDependencies /Users/admin/builder/spi-builder-workspace/.derivedData/Build/Intermediates.noindex/iosMath.build/Debug-watchos/iosMath-t.build/Objects-normal/arm64/resource_bundle_accessor.o /Users/admin/builder/spi-builder-workspace/.derivedData/Build/Intermediates.noindex/iosMath.build/Debug-watchos/iosMath-t.build/DerivedSources/resource_bundle_accessor.m normal arm64 objective-c com.apple.compilers.llvm.clang.1_0.compiler (in target 'iosMath' from project 'iosMath')
    cd /Users/admin/builder/spi-builder-workspace/.swiftpm/xcode

    Using response file: /Users/admin/builder/spi-builder-workspace/.derivedData/Build/Intermediates.noindex/iosMath.build/Debug-watchos/iosMath-t.build/Objects-normal/arm64/e6072d4f65d7061329687fe24e3d63a7-common-args.resp

    builtin-ScanDependencies -o /Users/admin/builder/spi-builder-workspace/.derivedData/Build/Intermediates.noindex/iosMath.build/Debug-watchos/iosMath-t.build/Objects-normal/arm64/resource_bundle_accessor.o.scan -- /Applications/Xcode-27.0.0-Release.Candidate.app/Contents/Developer/Toolchains/XcodeDefault.xctoolchain/usr/bin/clang -x objective-c -ivfsstatcache /Users/admin/builder/spi-builder-workspace/.derivedData/SDKStatCaches.noindex/watchos27.0-24R360-e829b21a6f8c9b70876ba0858053c04477534ef55a1706bf4c1112bbb242f0a2.sdkstatcache -target arm64-apple-watchos9.0 -fmessage-length\=0 -fdiagnostics-show-note-include-stack -fmacro-backtrace-limit\=0 -fno-color-diagnostics -fmodules-prune-interval\=86400 -fmodules-prune-after\=345600 -fbuild-session-file\=/Users/admin/builder/spi-builder-workspace/.derivedData/ModuleCache.noindex/Session.modulevalidation -fmodules-validate-once-per-build-session -Wnon-modular-include-in-framework-module -Werror\=non-modular-include-in-framework-module -Wno-trigraphs -Wno-missing-field-initializers -Wno-missing-prototypes -Wno-return-type -Wno-implicit-atomic-properties -Wno-objc-interface-ivars -Wno-arc-repeated-use-of-weak -Wno-missing-braces -Wparentheses -Wswitch -Wno-unused-function -Wno-unused-label -Wno-unused-parameter -Wno-unused-variable -Wunused-value -Wno-empty-body -Wno-uninitialized -Wno-unknown-pragmas -w -Wno-shadow -Wno-four-char-constants -Wno-conversion -Wno-constant-conversion -Wno-int-conversion -Wno-bool-conversion -Wno-enum-conversion -Wno-float-conversion -Wno-non-literal-null-conversion -Wno-objc-literal-conversion -Wshorten-64-to-32 -Wpointer-sign -Wno-newline-eof -Wno-selector -Wno-strict-selector-match -Wno-undeclared-selector -Wno-deprecated-implementations -Wno-implicit-fallthrough -isysroot /Applications/Xcode-27.0.0-Release.Candidate.app/Contents/Developer/Platforms/WatchOS.platform/Developer/SDKs/WatchOS27.0.sdk -fstrict-aliasing -Wprotocol -Wdeprecated-declarations -Wno-sign-conversion -Wno-infinite-recursion -Wno-comma -Wno-block-capture-autoreleasing -Wno-strict-prototypes -Wno-semicolon-before-method-body -index-store-path /Users/admin/builder/spi-builder-workspace/.derivedData/Index.noindex/DataStore @/Users/admin/builder/spi-builder-workspace/.derivedData/Build/Intermediates.noindex/iosMath.build/Debug-watchos/iosMath-t.build/Objects-normal/arm64/e6072d4f65d7061329687fe24e3d63a7-common-args.resp -include /Users/admin/builder/spi-builder-workspace/.derivedData/Build/Intermediates.noindex/iosMath.build/Debug-watchos/iosMath-t.build/DerivedSources/resource_bundle_accessor.h -MMD -MT dependencies -MF /Users/admin/builder/spi-builder-workspace/.derivedData/Build/Intermediates.noindex/iosMath.build/Debug-watchos/iosMath-t.build/Objects-normal/arm64/resource_bundle_accessor.d --serialize-diagnostics /Users/admin/builder/spi-builder-workspace/.derivedData/Build/Intermediates.noindex/iosMath.build/Debug-watchos/iosMath-t.build/Objects-normal/arm64/resource_bundle_accessor.dia -c /Users/admin/builder/spi-builder-workspace/.derivedData/Build/Intermediates.noindex/iosMath.build/Debug-watchos/iosMath-t.build/DerivedSources/resource_bundle_accessor.m -o /Users/admin/builder/spi-builder-workspace/.derivedData/Build/Intermediates.noindex/iosMath.build/Debug-watchos/iosMath-t.build/Objects-normal/arm64/resource_bundle_accessor.o -index-unit-output-path /iosMath.build/Debug-watchos/iosMath-t.build/Objects-normal/arm64/resource_bundle_accessor.o
ScanDependencies /Users/admin/builder/spi-builder-workspace/.derivedData/Build/Intermediates.noindex/iosMath.build/Debug-watchos/iosMath-t.build/Objects-normal/arm64/UIColor+HexString.o /Users/admin/builder/spi-builder-workspace/.dependencies/checkouts/iosMath/iosMath/render/UIColor+HexString.m normal arm64 objective-c com.apple.compilers.llvm.clang.1_0.compiler (in target 'iosMath' from project 'iosMath')
    cd /Users/admin/builder/spi-builder-workspace/.swiftpm/xcode

    Using response file: /Users/admin/builder/spi-builder-workspace/.derivedData/Build/Intermediates.noindex/iosMath.build/Debug-watchos/iosMath-t.build/Objects-normal/arm64/e6072d4f65d7061329687fe24e3d63a7-common-args.resp

    builtin-ScanDependencies -o /Users/admin/builder/spi-builder-workspace/.derivedData/Build/Intermediates.noindex/iosMath.build/Debug-watchos/iosMath-t.build/Objects-normal/arm64/UIColor+HexString.o.scan -- /Applications/Xcode-27.0.0-Release.Candidate.app/Contents/Developer/Toolchains/XcodeDefault.xctoolchain/usr/bin/clang -x objective-c -ivfsstatcache /Users/admin/builder/spi-builder-workspace/.derivedData/SDKStatCaches.noindex/watchos27.0-24R360-e829b21a6f8c9b70876ba0858053c04477534ef55a1706bf4c1112bbb242f0a2.sdkstatcache -target arm64-apple-watchos9.0 -fmessage-length\=0 -fdiagnostics-show-note-include-stack -fmacro-backtrace-limit\=0 -fno-color-diagnostics -fmodules-prune-interval\=86400 -fmodules-prune-after\=345600 -fbuild-session-file\=/Users/admin/builder/spi-builder-workspace/.derivedData/ModuleCache.noindex/Session.modulevalidation -fmodules-validate-once-per-build-session -Wnon-modular-include-in-framework-module -Werror\=non-modular-include-in-framework-module -Wno-trigraphs -Wno-missing-field-initializers -Wno-missing-prototypes -Wno-return-type -Wno-implicit-atomic-properties -Wno-objc-interface-ivars -Wno-arc-repeated-use-of-weak -Wno-missing-braces -Wparentheses -Wswitch -Wno-unused-function -Wno-unused-label -Wno-unused-parameter -Wno-unused-variable -Wunused-value -Wno-empty-body -Wno-uninitialized -Wno-unknown-pragmas -w -Wno-shadow -Wno-four-char-constants -Wno-conversion -Wno-constant-conversion -Wno-int-conversion -Wno-bool-conversion -Wno-enum-conversion -Wno-float-conversion -Wno-non-literal-null-conversion -Wno-objc-literal-conversion -Wshorten-64-to-32 -Wpointer-sign -Wno-newline-eof -Wno-selector -Wno-strict-selector-match -Wno-undeclared-selector -Wno-deprecated-implementations -Wno-implicit-fallthrough -isysroot /Applications/Xcode-27.0.0-Release.Candidate.app/Contents/Developer/Platforms/WatchOS.platform/Developer/SDKs/WatchOS27.0.sdk -fstrict-aliasing -Wprotocol -Wdeprecated-declarations -Wno-sign-conversion -Wno-infinite-recursion -Wno-comma -Wno-block-capture-autoreleasing -Wno-strict-prototypes -Wno-semicolon-before-method-body -index-store-path /Users/admin/builder/spi-builder-workspace/.derivedData/Index.noindex/DataStore @/Users/admin/builder/spi-builder-workspace/.derivedData/Build/Intermediates.noindex/iosMath.build/Debug-watchos/iosMath-t.build/Objects-normal/arm64/e6072d4f65d7061329687fe24e3d63a7-common-args.resp -include /Users/admin/builder/spi-builder-workspace/.derivedData/Build/Intermediates.noindex/iosMath.build/Debug-watchos/iosMath-t.build/DerivedSources/resource_bundle_accessor.h -MMD -MT dependencies -MF /Users/admin/builder/spi-builder-workspace/.derivedData/Build/Intermediates.noindex/iosMath.build/Debug-watchos/iosMath-t.build/Objects-normal/arm64/UIColor+HexString.d --serialize-diagnostics /Users/admin/builder/spi-builder-workspace/.derivedData/Build/Intermediates.noindex/iosMath.build/Debug-watchos/iosMath-t.build/Objects-normal/arm64/UIColor+HexString.dia -c /Users/admin/builder/spi-builder-workspace/.dependencies/checkouts/iosMath/iosMath/render/UIColor+HexString.m -o /Users/admin/builder/spi-builder-workspace/.derivedData/Build/Intermediates.noindex/iosMath.build/Debug-watchos/iosMath-t.build/Objects-normal/arm64/UIColor+HexString.o -index-unit-output-path /iosMath.build/Debug-watchos/iosMath-t.build/Objects-normal/arm64/UIColor+HexString.o
ScanDependencies /Users/admin/builder/spi-builder-workspace/.derivedData/Build/Intermediates.noindex/iosMath.build/Debug-watchos/iosMath-t.build/Objects-normal/arm64/NSView+backgroundColor.o /Users/admin/builder/spi-builder-workspace/.dependencies/checkouts/iosMath/iosMath/render/NSView+backgroundColor.m normal arm64 objective-c com.apple.compilers.llvm.clang.1_0.compiler (in target 'iosMath' from project 'iosMath')
    cd /Users/admin/builder/spi-builder-workspace/.swiftpm/xcode

    Using response file: /Users/admin/builder/spi-builder-workspace/.derivedData/Build/Intermediates.noindex/iosMath.build/Debug-watchos/iosMath-t.build/Objects-normal/arm64/e6072d4f65d7061329687fe24e3d63a7-common-args.resp

    builtin-ScanDependencies -o /Users/admin/builder/spi-builder-workspace/.derivedData/Build/Intermediates.noindex/iosMath.build/Debug-watchos/iosMath-t.build/Objects-normal/arm64/NSView+backgroundColor.o.scan -- /Applications/Xcode-27.0.0-Release.Candidate.app/Contents/Developer/Toolchains/XcodeDefault.xctoolchain/usr/bin/clang -x objective-c -ivfsstatcache /Users/admin/builder/spi-builder-workspace/.derivedData/SDKStatCaches.noindex/watchos27.0-24R360-e829b21a6f8c9b70876ba0858053c04477534ef55a1706bf4c1112bbb242f0a2.sdkstatcache -target arm64-apple-watchos9.0 -fmessage-length\=0 -fdiagnostics-show-note-include-stack -fmacro-backtrace-limit\=0 -fno-color-diagnostics -fmodules-prune-interval\=86400 -fmodules-prune-after\=345600 -fbuild-session-file\=/Users/admin/builder/spi-builder-workspace/.derivedData/ModuleCache.noindex/Session.modulevalidation -fmodules-validate-once-per-build-session -Wnon-modular-include-in-framework-module -Werror\=non-modular-include-in-framework-module -Wno-trigraphs -Wno-missing-field-initializers -Wno-missing-prototypes -Wno-return-type -Wno-implicit-atomic-properties -Wno-objc-interface-ivars -Wno-arc-repeated-use-of-weak -Wno-missing-braces -Wparentheses -Wswitch -Wno-unused-function -Wno-unused-label -Wno-unused-parameter -Wno-unused-variable -Wunused-value -Wno-empty-body -Wno-uninitialized -Wno-unknown-pragmas -w -Wno-shadow -Wno-four-char-constants -Wno-conversion -Wno-constant-conversion -Wno-int-conversion -Wno-bool-conversion -Wno-enum-conversion -Wno-float-conversion -Wno-non-literal-null-conversion -Wno-objc-literal-conversion -Wshorten-64-to-32 -Wpointer-sign -Wno-newline-eof -Wno-selector -Wno-strict-selector-match -Wno-undeclared-selector -Wno-deprecated-implementations -Wno-implicit-fallthrough -isysroot /Applications/Xcode-27.0.0-Release.Candidate.app/Contents/Developer/Platforms/WatchOS.platform/Developer/SDKs/WatchOS27.0.sdk -fstrict-aliasing -Wprotocol -Wdeprecated-declarations -Wno-sign-conversion -Wno-infinite-recursion -Wno-comma -Wno-block-capture-autoreleasing -Wno-strict-prototypes -Wno-semicolon-before-method-body -index-store-path /Users/admin/builder/spi-builder-workspace/.derivedData/Index.noindex/DataStore @/Users/admin/builder/spi-builder-workspace/.derivedData/Build/Intermediates.noindex/iosMath.build/Debug-watchos/iosMath-t.build/Objects-normal/arm64/e6072d4f65d7061329687fe24e3d63a7-common-args.resp -include /Users/admin/builder/spi-builder-workspace/.derivedData/Build/Intermediates.noindex/iosMath.build/Debug-watchos/iosMath-t.build/DerivedSources/resource_bundle_accessor.h -MMD -MT dependencies -MF /Users/admin/builder/spi-builder-workspace/.derivedData/Build/Intermediates.noindex/iosMath.build/Debug-watchos/iosMath-t.build/Objects-normal/arm64/NSView+backgroundColor.d --serialize-diagnostics /Users/admin/builder/spi-builder-workspace/.derivedData/Build/Intermediates.noindex/iosMath.build/Debug-watchos/iosMath-t.build/Objects-normal/arm64/NSView+backgroundColor.dia -c /Users/admin/builder/spi-builder-workspace/.dependencies/checkouts/iosMath/iosMath/render/NSView+backgroundColor.m -o /Users/admin/builder/spi-builder-workspace/.derivedData/Build/Intermediates.noindex/iosMath.build/Debug-watchos/iosMath-t.build/Objects-normal/arm64/NSView+backgroundColor.o -index-unit-output-path /iosMath.build/Debug-watchos/iosMath-t.build/Objects-normal/arm64/NSView+backgroundColor.o
ScanDependencies /Users/admin/builder/spi-builder-workspace/.derivedData/Build/Intermediates.noindex/iosMath.build/Debug-watchos/iosMath-t.build/Objects-normal/arm64/NSColor+HexString.o /Users/admin/builder/spi-builder-workspace/.dependencies/checkouts/iosMath/iosMath/render/NSColor+HexString.m normal arm64 objective-c com.apple.compilers.llvm.clang.1_0.compiler (in target 'iosMath' from project 'iosMath')
    cd /Users/admin/builder/spi-builder-workspace/.swiftpm/xcode

    Using response file: /Users/admin/builder/spi-builder-workspace/.derivedData/Build/Intermediates.noindex/iosMath.build/Debug-watchos/iosMath-t.build/Objects-normal/arm64/e6072d4f65d7061329687fe24e3d63a7-common-args.resp

    builtin-ScanDependencies -o /Users/admin/builder/spi-builder-workspace/.derivedData/Build/Intermediates.noindex/iosMath.build/Debug-watchos/iosMath-t.build/Objects-normal/arm64/NSColor+HexString.o.scan -- /Applications/Xcode-27.0.0-Release.Candidate.app/Contents/Developer/Toolchains/XcodeDefault.xctoolchain/usr/bin/clang -x objective-c -ivfsstatcache /Users/admin/builder/spi-builder-workspace/.derivedData/SDKStatCaches.noindex/watchos27.0-24R360-e829b21a6f8c9b70876ba0858053c04477534ef55a1706bf4c1112bbb242f0a2.sdkstatcache -target arm64-apple-watchos9.0 -fmessage-length\=0 -fdiagnostics-show-note-include-stack -fmacro-backtrace-limit\=0 -fno-color-diagnostics -fmodules-prune-interval\=86400 -fmodules-prune-after\=345600 -fbuild-session-file\=/Users/admin/builder/spi-builder-workspace/.derivedData/ModuleCache.noindex/Session.modulevalidation -fmodules-validate-once-per-build-session -Wnon-modular-include-in-framework-module -Werror\=non-modular-include-in-framework-module -Wno-trigraphs -Wno-missing-field-initializers -Wno-missing-prototypes -Wno-return-type -Wno-implicit-atomic-properties -Wno-objc-interface-ivars -Wno-arc-repeated-use-of-weak -Wno-missing-braces -Wparentheses -Wswitch -Wno-unused-function -Wno-unused-label -Wno-unused-parameter -Wno-unused-variable -Wunused-value -Wno-empty-body -Wno-uninitialized -Wno-unknown-pragmas -w -Wno-shadow -Wno-four-char-constants -Wno-conversion -Wno-constant-conversion -Wno-int-conversion -Wno-bool-conversion -Wno-enum-conversion -Wno-float-conversion -Wno-non-literal-null-conversion -Wno-objc-literal-conversion -Wshorten-64-to-32 -Wpointer-sign -Wno-newline-eof -Wno-selector -Wno-strict-selector-match -Wno-undeclared-selector -Wno-deprecated-implementations -Wno-implicit-fallthrough -isysroot /Applications/Xcode-27.0.0-Release.Candidate.app/Contents/Developer/Platforms/WatchOS.platform/Developer/SDKs/WatchOS27.0.sdk -fstrict-aliasing -Wprotocol -Wdeprecated-declarations -Wno-sign-conversion -Wno-infinite-recursion -Wno-comma -Wno-block-capture-autoreleasing -Wno-strict-prototypes -Wno-semicolon-before-method-body -index-store-path /Users/admin/builder/spi-builder-workspace/.derivedData/Index.noindex/DataStore @/Users/admin/builder/spi-builder-workspace/.derivedData/Build/Intermediates.noindex/iosMath.build/Debug-watchos/iosMath-t.build/Objects-normal/arm64/e6072d4f65d7061329687fe24e3d63a7-common-args.resp -include /Users/admin/builder/spi-builder-workspace/.derivedData/Build/Intermediates.noindex/iosMath.build/Debug-watchos/iosMath-t.build/DerivedSources/resource_bundle_accessor.h -MMD -MT dependencies -MF /Users/admin/builder/spi-builder-workspace/.derivedData/Build/Intermediates.noindex/iosMath.build/Debug-watchos/iosMath-t.build/Objects-normal/arm64/NSColor+HexString.d --serialize-diagnostics /Users/admin/builder/spi-builder-workspace/.derivedData/Build/Intermediates.noindex/iosMath.build/Debug-watchos/iosMath-t.build/Objects-normal/arm64/NSColor+HexString.dia -c /Users/admin/builder/spi-builder-workspace/.dependencies/checkouts/iosMath/iosMath/render/NSColor+HexString.m -o /Users/admin/builder/spi-builder-workspace/.derivedData/Build/Intermediates.noindex/iosMath.build/Debug-watchos/iosMath-t.build/Objects-normal/arm64/NSColor+HexString.o -index-unit-output-path /iosMath.build/Debug-watchos/iosMath-t.build/Objects-normal/arm64/NSColor+HexString.o
SwiftExplicitDependencyGeneratePcm arm64 /Users/admin/builder/spi-builder-workspace/.derivedData/SDKExplicitPrecompiledModules/_Builtin_stdbool-83J96QSOFE9VX04AAS6310UAE.pcm
SwiftExplicitDependencyGeneratePcm arm64_32 /Users/admin/builder/spi-builder-workspace/.derivedData/SDKExplicitPrecompiledModules/SwiftShims-9CQQGWTSNTN9EB5NSHDWUJICH.pcm
SwiftExplicitDependencyGeneratePcm arm64 /Users/admin/builder/spi-builder-workspace/.derivedData/SDKExplicitPrecompiledModules/_Builtin_stddef-1FU30Y8SWFB7OUUHMJQH5J6FM.pcm
SwiftExplicitDependencyGeneratePcm arm64 /Users/admin/builder/spi-builder-workspace/.derivedData/SDKExplicitPrecompiledModules/ptrcheck-AIF0NDOYZ8ORBNHQAQR5NNB8M.pcm
SwiftExplicitDependencyGeneratePcm arm64_32 /Users/admin/builder/spi-builder-workspace/.derivedData/SDKExplicitPrecompiledModules/_SwiftConcurrencyShims-6RTBPQ03V7BM9SPRK8SUE055H.pcm
SwiftExplicitDependencyGeneratePcm arm64_32 /Users/admin/builder/spi-builder-workspace/.derivedData/SDKExplicitPrecompiledModules/_Builtin_stdbool-A967K8W8YUYEC9SN52KJ7OO88.pcm
SwiftExplicitDependencyGeneratePcm arm64_32 /Users/admin/builder/spi-builder-workspace/.derivedData/SDKExplicitPrecompiledModules/ptrcheck-7ELIH9BTIGVKX3UBITM9N72WD.pcm
SwiftExplicitDependencyGeneratePcm arm64_32 /Users/admin/builder/spi-builder-workspace/.derivedData/SDKExplicitPrecompiledModules/_Builtin_stddef-H44EFHQX6XSS5MZ7QP6YJZ76.pcm
SwiftExplicitDependencyGeneratePcm arm64 /Users/admin/builder/spi-builder-workspace/.derivedData/SDKExplicitPrecompiledModules/_SwiftConcurrencyShims-659N52XSKR5F0QSB880BH2FJR.pcm
SwiftExplicitDependencyGeneratePcm arm64 /Users/admin/builder/spi-builder-workspace/.derivedData/SDKExplicitPrecompiledModules/ptrauth-3TZ9WJCGLYD25HQPWH4968ONX.pcm
SwiftExplicitDependencyGeneratePcm arm64_32 /Users/admin/builder/spi-builder-workspace/.derivedData/SDKExplicitPrecompiledModules/ptrauth-BFXF358ME5AK535N5A9Z766WU.pcm
SwiftExplicitDependencyGeneratePcm arm64_32 /Users/admin/builder/spi-builder-workspace/.derivedData/SDKExplicitPrecompiledModules/_AvailabilityInternal-244WAN3Z1QBT7PIA64EZEFY1R.pcm
SwiftExplicitDependencyGeneratePcm arm64 /Users/admin/builder/spi-builder-workspace/.derivedData/SDKExplicitPrecompiledModules/_Builtin_stdarg-A7UU8LE6MP85SM26YO7PBZNUQ.pcm
SwiftExplicitDependencyGeneratePcm arm64_32 /Users/admin/builder/spi-builder-workspace/.derivedData/SDKExplicitPrecompiledModules/_Builtin_float-6KO8O3PEWRCA4WC6PPLOYO6WJ.pcm
SwiftExplicitDependencyGeneratePcm arm64_32 /Users/admin/builder/spi-builder-workspace/.derivedData/SDKExplicitPrecompiledModules/_Builtin_stdarg-D305JG44A2WPI6CJY37X3QJE8.pcm
SwiftExplicitDependencyGeneratePcm arm64 /Users/admin/builder/spi-builder-workspace/.derivedData/SDKExplicitPrecompiledModules/_Builtin_float-C0CW5Q4HGBQYKE77TC42IAFB5.pcm
SwiftExplicitDependencyGeneratePcm arm64 /Users/admin/builder/spi-builder-workspace/.derivedData/SDKExplicitPrecompiledModules/_AvailabilityInternal-BUNV3UXM65NT37THI4W1AM0SF.pcm
SwiftExplicitDependencyGeneratePcm arm64 /Users/admin/builder/spi-builder-workspace/.derivedData/SDKExplicitPrecompiledModules/SwiftShims-4MXFZPV6FEB0XBYXCGPWAMQGL.pcm
PruneExplicitPrecompiledModules /Users/admin/builder/spi-builder-workspace/.derivedData/Build/Intermediates.noindex/ExplicitPrecompiledModules
PruneExplicitPrecompiledModules /Users/admin/builder/spi-builder-workspace/.derivedData/Build/Intermediates.noindex/SwiftExplicitPrecompiledModules
PruneExplicitPrecompiledModules /Users/admin/builder/spi-builder-workspace/.derivedData/SDKExplicitPrecompiledModules
2026-09-26 14:46:31.482 xcodebuild[1083:6146] [MT] IDERunDestination: Supported platforms for the buildables in the current scheme is empty.
** BUILD FAILED **
The following build commands failed:
	SwiftDriver HighlightSwift normal arm64 com.apple.xcode.tools.swift.compiler (in target 'HighlightSwift' from project 'HighlightSwift')
	SwiftDriver HighlightSwift normal arm64_32 com.apple.xcode.tools.swift.compiler (in target 'HighlightSwift' from project 'HighlightSwift')
	Building workspace SwiftStreamingMarkdown with scheme SwiftStreamingMarkdown
(3 failures)
Command line invocation:
    /Applications/Xcode-27.0.0-Release.Candidate.app/Contents/Developer/usr/bin/xcodebuild -IDEClonedSourcePackagesDirPathOverride=/Users/admin/builder/spi-builder-workspace/.dependencies -resolvePackageDependencies
Resolve Package Graph
Resolved source packages:
  SwiftStreamingMarkdown: /Users/admin/builder/spi-builder-workspace
  iosMath: https://github.com/junyan72/iosMath @ ba9ab77
  swift-issue-reporting: https://github.com/pointfreeco/swift-issue-reporting @ 2.1.1
  swift-syntax: https://github.com/swiftlang/swift-syntax @ 603.0.2
  HighlightSwift: https://github.com/appstefan/highlightswift @ 99c431b
  swift-custom-dump: https://github.com/pointfreeco/swift-custom-dump @ 1.7.3
  cmark-gfm: https://github.com/swiftlang/swift-cmark.git @ 0.9.0
  Equatable: https://github.com/ordo-one/equatable @ 1.4.1
  swift-snapshot-testing: https://github.com/pointfreeco/swift-snapshot-testing @ 1.19.4
  SwiftUI-Shimmer: https://github.com/markiv/SwiftUI-Shimmer @ 1.5.1
  swift-markdown: https://github.com/swiftlang/swift-markdown.git @ 0.7.3
resolved source packages: SwiftStreamingMarkdown, iosMath, swift-issue-reporting, swift-syntax, HighlightSwift, swift-custom-dump, cmark-gfm, Equatable, swift-snapshot-testing, SwiftUI-Shimmer, swift-markdown
2026-09-26 14:46:40.072 xcodebuild[1227:7242] [MT] IDERunDestination: Supported platforms for the buildables in the current scheme is empty.
{
  "default_localization" : "en",
  "dependencies" : [
    {
      "identity" : "equatable",
      "requirement" : {
        "exact" : [
          "1.4.1"
        ]
      },
      "type" : "sourceControl",
      "url" : "https://github.com/ordo-one/equatable"
    },
    {
      "identity" : "swift-snapshot-testing",
      "requirement" : {
        "exact" : [
          "1.19.4"
        ]
      },
      "type" : "sourceControl",
      "url" : "https://github.com/pointfreeco/swift-snapshot-testing"
    },
    {
      "identity" : "swift-markdown",
      "requirement" : {
        "exact" : [
          "0.7.3"
        ]
      },
      "type" : "sourceControl",
      "url" : "https://github.com/swiftlang/swift-markdown.git"
    },
    {
      "identity" : "highlightswift",
      "requirement" : {
        "revision" : [
          "99c431b38a1444a5fd6a4978307fbbefe3a7af53"
        ]
      },
      "type" : "sourceControl",
      "url" : "https://github.com/appstefan/highlightswift"
    },
    {
      "identity" : "iosmath",
      "requirement" : {
        "revision" : [
          "ba9ab7729b151329c54fd895a7c1859981d9484c"
        ]
      },
      "type" : "sourceControl",
      "url" : "https://github.com/junyan72/iosMath"
    },
    {
      "identity" : "swiftui-shimmer",
      "requirement" : {
        "exact" : [
          "1.5.1"
        ]
      },
      "type" : "sourceControl",
      "url" : "https://github.com/markiv/SwiftUI-Shimmer"
    }
  ],
  "manifest_display_name" : "SwiftStreamingMarkdown",
  "name" : "SwiftStreamingMarkdown",
  "path" : "/Users/admin/builder/spi-builder-workspace",
  "platforms" : [
    {
      "name" : "ios",
      "version" : "16.0"
    },
    {
      "name" : "macos",
      "version" : "14.0"
    }
  ],
  "products" : [
    {
      "name" : "SwiftStreamingMarkdown",
      "targets" : [
        "SwiftStreamingMarkdown"
      ],
      "type" : {
        "library" : [
          "automatic"
        ]
      }
    }
  ],
  "targets" : [
    {
      "c99name" : "SwiftStreamingMarkdownTests",
      "module_type" : "SwiftTarget",
      "name" : "SwiftStreamingMarkdownTests",
      "path" : "Tests/MarkdownTextTests",
      "product_dependencies" : [
        "SnapshotTesting"
      ],
      "resources" : [
        {
          "path" : "/Users/admin/builder/spi-builder-workspace/Tests/MarkdownTextTests/Resources/sample-landscape.png",
          "rule" : {
            "process" : {
            }
          }
        }
      ],
      "sources" : [
        "AttributeTypeSafetyTests.swift",
        "BlockQuoteViewSnapshotTests.swift",
        "CodeBlockConfigTests.swift",
        "ExtractPlainTextTests.swift",
        "ImageBlockRenderingTests.swift",
        "ImageBlockRewriterTests.swift",
        "ImageBlockSnapshotTests.swift",
        "ImageConfigTests.swift",
        "ImageTapTests.swift",
        "LaTexPreProcessorTests.swift",
        "LinkRenderingTests.swift",
        "MarkdownParserTests.swift",
        "MarkdownTextSnapshotTests.swift",
        "MarkdownTextTests.swift",
        "OrderedListViewTests.swift",
        "ParagraphNSViewTests.swift",
        "ParagraphViewTests.swift",
        "PartialMarkdownRewriterTests.swift",
        "SnapshotTestFoundation/CanvasView.swift",
        "SnapshotTestFoundation/IOSVariant.swift",
        "SnapshotTestFoundation/MacVariant.swift",
        "SnapshotTestFoundation/SnapshotTestCase.swift",
        "TableViewSnapshotTests.swift",
        "TableViewTests.swift",
        "TaskListTests.swift",
        "TypographyPropagationTests.swift",
        "UnorderedListViewTests.swift",
        "ViewImageConfig.swift"
      ],
      "target_dependencies" : [
        "SwiftStreamingMarkdown"
      ],
      "type" : "test"
    },
    {
      "c99name" : "SwiftStreamingMarkdown",
      "module_type" : "SwiftTarget",
      "name" : "SwiftStreamingMarkdown",
      "path" : "Sources/MarkdownText",
      "product_dependencies" : [
        "Equatable",
        "Markdown",
        "HighlightSwift",
        "iosMath",
        "Shimmer"
      ],
      "product_memberships" : [
        "SwiftStreamingMarkdown"
      ],
      "resources" : [
        {
          "path" : "/Users/admin/builder/spi-builder-workspace/Sources/MarkdownText/Resources/Assets.xcassets",
          "rule" : {
            "process" : {
            }
          }
        },
        {
          "path" : "/Users/admin/builder/spi-builder-workspace/Sources/MarkdownText/Resources/Localizable.xcstrings",
          "rule" : {
            "process" : {
            }
          }
        },
        {
          "path" : "/Users/admin/builder/spi-builder-workspace/Sources/MarkdownText/Resources/Media.xcassets",
          "rule" : {
            "process" : {
            }
          }
        }
      ],
      "sources" : [
        "Block/BlockConvertible.swift",
        "Block/BlockQuote+.swift",
        "Block/CodeBlock+.swift",
        "Block/Document+.swift",
        "Block/Heading+.swift",
        "Block/OrderedList+.swift",
        "Block/Paragraph+.swift",
        "Block/Table+.swift",
        "Block/ThematicBreak+.swift",
        "Block/UnorderedList+.swift",
        "Citation/CitationCoder.swift",
        "Citation/InlineAttachmentData.swift",
        "Citation/InlineCitationAttachment.swift",
        "ContextMenu/TextContextMenu.swift",
        "ContextMenu/TextContextMenuGroup.swift",
        "ContextMenu/TextContextMenuItem.swift",
        "Inline/InlineConvertible.swift",
        "Inline/Markdown+InlineConvertible.swift",
        "Inline/Markup+.swift",
        "MarkdownView.swift",
        "Models/CodeBlockConfig.swift",
        "Models/ImageConfig+SourceResolution.swift",
        "Models/ImageConfig.swift",
        "Models/ImageData.swift",
        "Models/LatexAttachmentData.swift",
        "Models/ListItem+.swift",
        "Models/MarkdownImage.swift",
        "Models/MarkdownRenderConfig+Builders.swift",
        "Models/MarkdownRenderConfig.swift",
        "Models/MarkdownRenderable.swift",
        "Models/Markup+ID.swift",
        "Models/RenderableDocument.swift",
        "Models/TextSelectionConfig.swift",
        "Parser/LaTexPreProcessor.swift",
        "Parser/MarkdownParseOption.swift",
        "Parser/MarkdownParseResult.swift",
        "Parser/MarkdownParser.swift",
        "Parser/MarkdownParserImpl.swift",
        "Parser/Rewriters/ImageBlockRewriter.swift",
        "Parser/Rewriters/PartialEmphasisRewriter.swift",
        "Parser/Rewriters/PartialTableRewriter.swift",
        "Parser/Scanners/MarkupPostParsingRewriter.swift",
        "Parser/Scanners/MarkupScanner.swift",
        "Parser/Scanners/PartialEmphasisScanner.swift",
        "Parser/Scanners/PartialTableScanner.swift",
        "StreamedMarkdownView.swift",
        "Style/Color+Dynamic.swift",
        "Style/Colors+Static.swift",
        "Style/Colors+Theme.swift",
        "Style/TextFonts.swift",
        "Style/Typography.swift",
        "TextTransition/FadeInTextTransition.swift",
        "TextTransition/FadeInTextTransitionViewModifier.swift",
        "UI/BlockMathView.swift",
        "UI/BlockQuoteView.swift",
        "UI/BlockView.swift",
        "UI/CodeBlockView.swift",
        "UI/DocumentView.swift",
        "UI/EdgeBorder.swift",
        "UI/HighlightTaskManager.swift",
        "UI/Images/BlockImageFailureView.swift",
        "UI/Images/BlockImageLoadingView.swift",
        "UI/Images/BlockImageView.swift",
        "UI/Images/BundledResourceImage.swift",
        "UI/Images/ImageViewerView.swift",
        "UI/Images/PinchZoomView.swift",
        "UI/OrderedListView.swift",
        "UI/Paragraph/AppKit/ParagraphNSView.swift",
        "UI/Paragraph/AppKit/ParagraphView+macOS.swift",
        "UI/Paragraph/LatexViewProvider.swift",
        "UI/Paragraph/ParagraphAnimation.swift",
        "UI/Paragraph/ParagraphViewCache.swift",
        "UI/Paragraph/UIKit/ParagraphUIView.swift",
        "UI/Paragraph/UIKit/ParagraphView+iOS.swift",
        "UI/TableView.swift",
        "UI/TextSelection/SelectableTextView.swift",
        "UI/TextSelection/TextSelectionView.swift",
        "UI/ThematicBreakView.swift",
        "UI/UnorderedListView.swift",
        "Utilities/AppAppearance.swift",
        "Utilities/Image+MDImage.swift",
        "Utilities/MDColor+Hex.swift",
        "Utilities/MDColor.swift",
        "Utilities/MDEdgeInsets.swift",
        "Utilities/MDFont.swift",
        "Utilities/MDImage.swift",
        "Utilities/MDParagraphView.swift",
        "Utilities/MarkdownListener.swift",
        "Utilities/NSAttributedString+.swift",
        "Utilities/NSFont+LineHeight.swift",
        "Utilities/String+.swift",
        "Utilities/String+BundledImage.swift",
        "Utilities/TaskExtensions.swift",
        "Utilities/URL+MixedEncoding.swift",
        "Utilities/View+If.swift",
        "Utilities/View+TrackSize.swift",
        "Utilities/WithLock.swift"
      ],
      "type" : "library"
    }
  ],
  "tools_version" : "5.9"
}
{
  "workspace" : {
    "name" : "SwiftStreamingMarkdown",
    "schemes" : [
      "HighlightSwift",
      "SwiftStreamingMarkdown"
    ]
  }
}
2026-09-26 14:46:42.376 xcodebuild[1236:7304] [MT] IDERunDestination: Supported platforms for the buildables in the current scheme is empty.
{
  "workspace" : {
    "name" : "SwiftStreamingMarkdown",
    "schemes" : [
      "HighlightSwift",
      "SwiftStreamingMarkdown"
    ]
  }
}
2026-09-26 14:46:44.407 xcodebuild[1239:7342] [MT] IDERunDestination: Supported platforms for the buildables in the current scheme is empty.
Running build ...
env DEVELOPER_DIR=/Applications/Xcode-27.0.0-Release.Candidate.app xcrun xcodebuild -IDEClonedSourcePackagesDirPathOverride=$PWD/.dependencies -skipMacroValidation -skipPackagePluginValidation -derivedDataPath $PWD/.derivedData build -scheme SwiftStreamingMarkdown -destination generic/platform=watchOS
Command line invocation:
    /Applications/Xcode-27.0.0-Release.Candidate.app/Contents/Developer/usr/bin/xcodebuild -IDEClonedSourcePackagesDirPathOverride=/Users/admin/builder/spi-builder-workspace/.dependencies -skipMacroValidation -skipPackagePluginValidation -derivedDataPath /Users/admin/builder/spi-builder-workspace/.derivedData build -scheme SwiftStreamingMarkdown -destination generic/platform=watchOS
Resolve Package Graph
Resolved source packages:
  swift-custom-dump: https://github.com/pointfreeco/swift-custom-dump @ 1.7.3
  SwiftUI-Shimmer: https://github.com/markiv/SwiftUI-Shimmer @ 1.5.1
  iosMath: https://github.com/junyan72/iosMath @ ba9ab77
  swift-snapshot-testing: https://github.com/pointfreeco/swift-snapshot-testing @ 1.19.4
  SwiftStreamingMarkdown: /Users/admin/builder/spi-builder-workspace
  HighlightSwift: https://github.com/appstefan/highlightswift @ 99c431b
  swift-markdown: https://github.com/swiftlang/swift-markdown.git @ 0.7.3
  swift-syntax: https://github.com/swiftlang/swift-syntax @ 603.0.2
  Equatable: https://github.com/ordo-one/equatable @ 1.4.1
  swift-issue-reporting: https://github.com/pointfreeco/swift-issue-reporting @ 2.1.1
  cmark-gfm: https://github.com/swiftlang/swift-cmark.git @ 0.9.0
ComputePackagePrebuildTargetDependencyGraph
Prepare packages
CreateBuildRequest
SendProjectDescription
CreateBuildOperation
ComputeTargetDependencyGraph
note: Building targets in dependency order
note: Target dependency graph (21 targets)
    Target 'SwiftStreamingMarkdown-product' in project 'SwiftStreamingMarkdown'
        ➜ Explicit dependency on target 'SwiftStreamingMarkdown' in project 'SwiftStreamingMarkdown'
        ➜ Explicit dependency on target 'SwiftStreamingMarkdown_SwiftStreamingMarkdown' in project 'SwiftStreamingMarkdown'
        ➜ Explicit dependency on target 'Equatable-product' in project 'Equatable'
        ➜ Explicit dependency on target 'Markdown-product' in project 'swift-markdown'
        ➜ Explicit dependency on target 'HighlightSwift-product' in project 'HighlightSwift'
        ➜ Explicit dependency on target 'iosMath-product' in project 'iosMath'
        ➜ Explicit dependency on target 'Shimmer-product' in project 'SwiftUI-Shimmer'
    Target 'SwiftStreamingMarkdown' in project 'SwiftStreamingMarkdown'
        ➜ Explicit dependency on target 'SwiftStreamingMarkdown_SwiftStreamingMarkdown' in project 'SwiftStreamingMarkdown'
        ➜ Explicit dependency on target 'Equatable-product' in project 'Equatable'
        ➜ Explicit dependency on target 'Markdown-product' in project 'swift-markdown'
        ➜ Explicit dependency on target 'HighlightSwift-product' in project 'HighlightSwift'
        ➜ Explicit dependency on target 'iosMath-product' in project 'iosMath'
        ➜ Explicit dependency on target 'Shimmer-product' in project 'SwiftUI-Shimmer'
    Target 'Shimmer-product' in project 'SwiftUI-Shimmer'
        ➜ Explicit dependency on target 'Shimmer' in project 'SwiftUI-Shimmer'
    Target 'Shimmer' in project 'SwiftUI-Shimmer' (no dependencies)
    Target 'iosMath-product' in project 'iosMath'
        ➜ Explicit dependency on target 'iosMath' in project 'iosMath'
        ➜ Explicit dependency on target 'iosMath_iosMath' in project 'iosMath'
    Target 'iosMath' in project 'iosMath'
        ➜ Explicit dependency on target 'iosMath_iosMath' in project 'iosMath'
    Target 'iosMath_iosMath' in project 'iosMath' (no dependencies)
    Target 'HighlightSwift-product' in project 'HighlightSwift'
        ➜ Explicit dependency on target 'HighlightSwift' in project 'HighlightSwift'
        ➜ Explicit dependency on target 'HighlightSwift_HighlightSwift' in project 'HighlightSwift'
    Target 'HighlightSwift' in project 'HighlightSwift'
        ➜ Explicit dependency on target 'HighlightSwift_HighlightSwift' in project 'HighlightSwift'
    Target 'HighlightSwift_HighlightSwift' in project 'HighlightSwift' (no dependencies)
    Target 'Markdown-product' in project 'swift-markdown'
        ➜ Explicit dependency on target 'Markdown' in project 'swift-markdown'
        ➜ Explicit dependency on target 'CAtomic' in project 'swift-markdown'
        ➜ Explicit dependency on target 'cmark-gfm-product' in project 'cmark-gfm'
        ➜ Explicit dependency on target 'cmark-gfm-extensions-product' in project 'cmark-gfm'
    Target 'Markdown' in project 'swift-markdown'
        ➜ Explicit dependency on target 'CAtomic' in project 'swift-markdown'
        ➜ Explicit dependency on target 'cmark-gfm-product' in project 'cmark-gfm'
        ➜ Explicit dependency on target 'cmark-gfm-extensions-product' in project 'cmark-gfm'
    Target 'cmark-gfm-extensions-product' in project 'cmark-gfm'
        ➜ Explicit dependency on target 'cmark-gfm-extensions' in project 'cmark-gfm'
        ➜ Explicit dependency on target 'cmark-gfm' in project 'cmark-gfm'
    Target 'cmark-gfm-extensions' in project 'cmark-gfm'
        ➜ Explicit dependency on target 'cmark-gfm' in project 'cmark-gfm'
    Target 'cmark-gfm-product' in project 'cmark-gfm'
        ➜ Explicit dependency on target 'cmark-gfm' in project 'cmark-gfm'
    Target 'cmark-gfm' in project 'cmark-gfm' (no dependencies)
    Target 'CAtomic' in project 'swift-markdown' (no dependencies)
    Target 'Equatable-product' in project 'Equatable'
        ➜ Explicit dependency on target 'Equatable' in project 'Equatable'
        ➜ Explicit dependency on target 'EquatableMacros' in project 'Equatable'
    Target 'Equatable' in project 'Equatable'
        ➜ Explicit dependency on target 'EquatableMacros' in project 'Equatable'
    Target 'EquatableMacros' in project 'Equatable' (no dependencies)
    Target 'SwiftStreamingMarkdown_SwiftStreamingMarkdown' in project 'SwiftStreamingMarkdown' (no dependencies)
GatherProvisioningInputs
CreateBuildDescription
ClangStatCache /Applications/Xcode-27.0.0-Release.Candidate.app/Contents/Developer/Toolchains/XcodeDefault.xctoolchain/usr/bin/clang-stat-cache /Applications/Xcode-27.0.0-Release.Candidate.app/Contents/Developer/Platforms/MacOSX.platform/Developer/SDKs/MacOSX27.0.sdk /Users/admin/builder/spi-builder-workspace/.derivedData/SDKStatCaches.noindex/macosx27.0-26A425-e829b21a6f8c9b70876ba0858053c0446a22442a12e9d48fe1a705f55a1adfc4.sdkstatcache
    cd /Users/admin/builder/spi-builder-workspace/.swiftpm/xcode
    /Applications/Xcode-27.0.0-Release.Candidate.app/Contents/Developer/Toolchains/XcodeDefault.xctoolchain/usr/bin/clang-stat-cache /Applications/Xcode-27.0.0-Release.Candidate.app/Contents/Developer/Platforms/MacOSX.platform/Developer/SDKs/MacOSX27.0.sdk -o /Users/admin/builder/spi-builder-workspace/.derivedData/SDKStatCaches.noindex/macosx27.0-26A425-e829b21a6f8c9b70876ba0858053c0446a22442a12e9d48fe1a705f55a1adfc4.sdkstatcache
ClangStatCache /Applications/Xcode-27.0.0-Release.Candidate.app/Contents/Developer/Toolchains/XcodeDefault.xctoolchain/usr/bin/clang-stat-cache /Applications/Xcode-27.0.0-Release.Candidate.app/Contents/Developer/Platforms/WatchOS.platform/Developer/SDKs/WatchOS27.0.sdk /Users/admin/builder/spi-builder-workspace/.derivedData/SDKStatCaches.noindex/watchos27.0-24R360-e829b21a6f8c9b70876ba0858053c04477534ef55a1706bf4c1112bbb242f0a2.sdkstatcache
    cd /Users/admin/builder/spi-builder-workspace/.swiftpm/xcode
    /Applications/Xcode-27.0.0-Release.Candidate.app/Contents/Developer/Toolchains/XcodeDefault.xctoolchain/usr/bin/clang-stat-cache /Applications/Xcode-27.0.0-Release.Candidate.app/Contents/Developer/Platforms/WatchOS.platform/Developer/SDKs/WatchOS27.0.sdk -o /Users/admin/builder/spi-builder-workspace/.derivedData/SDKStatCaches.noindex/watchos27.0-24R360-e829b21a6f8c9b70876ba0858053c04477534ef55a1706bf4c1112bbb242f0a2.sdkstatcache
ScanDependencies /Users/admin/builder/spi-builder-workspace/.derivedData/Build/Intermediates.noindex/iosMath.build/Debug-watchos/iosMath-t.build/Objects-normal/arm64/MTTypesetter.o /Users/admin/builder/spi-builder-workspace/.dependencies/checkouts/iosMath/iosMath/render/internal/MTTypesetter.m normal arm64 objective-c com.apple.compilers.llvm.clang.1_0.compiler (in target 'iosMath' from project 'iosMath')
    cd /Users/admin/builder/spi-builder-workspace/.swiftpm/xcode

    Using response file: /Users/admin/builder/spi-builder-workspace/.derivedData/Build/Intermediates.noindex/iosMath.build/Debug-watchos/iosMath-t.build/Objects-normal/arm64/e6072d4f65d7061329687fe24e3d63a7-common-args.resp

    builtin-ScanDependencies -o /Users/admin/builder/spi-builder-workspace/.derivedData/Build/Intermediates.noindex/iosMath.build/Debug-watchos/iosMath-t.build/Objects-normal/arm64/MTTypesetter.o.scan -- /Applications/Xcode-27.0.0-Release.Candidate.app/Contents/Developer/Toolchains/XcodeDefault.xctoolchain/usr/bin/clang -x objective-c -ivfsstatcache /Users/admin/builder/spi-builder-workspace/.derivedData/SDKStatCaches.noindex/watchos27.0-24R360-e829b21a6f8c9b70876ba0858053c04477534ef55a1706bf4c1112bbb242f0a2.sdkstatcache -target arm64-apple-watchos9.0 -fmessage-length\=0 -fdiagnostics-show-note-include-stack -fmacro-backtrace-limit\=0 -fno-color-diagnostics -fmodules-prune-interval\=86400 -fmodules-prune-after\=345600 -fbuild-session-file\=/Users/admin/builder/spi-builder-workspace/.derivedData/ModuleCache.noindex/Session.modulevalidation -fmodules-validate-once-per-build-session -Wnon-modular-include-in-framework-module -Werror\=non-modular-include-in-framework-module -Wno-trigraphs -Wno-missing-field-initializers -Wno-missing-prototypes -Wno-return-type -Wno-implicit-atomic-properties -Wno-objc-interface-ivars -Wno-arc-repeated-use-of-weak -Wno-missing-braces -Wparentheses -Wswitch -Wno-unused-function -Wno-unused-label -Wno-unused-parameter -Wno-unused-variable -Wunused-value -Wno-empty-body -Wno-uninitialized -Wno-unknown-pragmas -w -Wno-shadow -Wno-four-char-constants -Wno-conversion -Wno-constant-conversion -Wno-int-conversion -Wno-bool-conversion -Wno-enum-conversion -Wno-float-conversion -Wno-non-literal-null-conversion -Wno-objc-literal-conversion -Wshorten-64-to-32 -Wpointer-sign -Wno-newline-eof -Wno-selector -Wno-strict-selector-match -Wno-undeclared-selector -Wno-deprecated-implementations -Wno-implicit-fallthrough -isysroot /Applications/Xcode-27.0.0-Release.Candidate.app/Contents/Developer/Platforms/WatchOS.platform/Developer/SDKs/WatchOS27.0.sdk -fstrict-aliasing -Wprotocol -Wdeprecated-declarations -Wno-sign-conversion -Wno-infinite-recursion -Wno-comma -Wno-block-capture-autoreleasing -Wno-strict-prototypes -Wno-semicolon-before-method-body -index-store-path /Users/admin/builder/spi-builder-workspace/.derivedData/Index.noindex/DataStore @/Users/admin/builder/spi-builder-workspace/.derivedData/Build/Intermediates.noindex/iosMath.build/Debug-watchos/iosMath-t.build/Objects-normal/arm64/e6072d4f65d7061329687fe24e3d63a7-common-args.resp -include /Users/admin/builder/spi-builder-workspace/.derivedData/Build/Intermediates.noindex/iosMath.build/Debug-watchos/iosMath-t.build/DerivedSources/resource_bundle_accessor.h -MMD -MT dependencies -MF /Users/admin/builder/spi-builder-workspace/.derivedData/Build/Intermediates.noindex/iosMath.build/Debug-watchos/iosMath-t.build/Objects-normal/arm64/MTTypesetter.d --serialize-diagnostics /Users/admin/builder/spi-builder-workspace/.derivedData/Build/Intermediates.noindex/iosMath.build/Debug-watchos/iosMath-t.build/Objects-normal/arm64/MTTypesetter.dia -c /Users/admin/builder/spi-builder-workspace/.dependencies/checkouts/iosMath/iosMath/render/internal/MTTypesetter.m -o /Users/admin/builder/spi-builder-workspace/.derivedData/Build/Intermediates.noindex/iosMath.build/Debug-watchos/iosMath-t.build/Objects-normal/arm64/MTTypesetter.o -index-unit-output-path /iosMath.build/Debug-watchos/iosMath-t.build/Objects-normal/arm64/MTTypesetter.o
ScanDependencies /Users/admin/builder/spi-builder-workspace/.derivedData/Build/Intermediates.noindex/iosMath.build/Debug-watchos/iosMath-t.build/Objects-normal/arm64/NSBezierPath+addLineToPoint.o /Users/admin/builder/spi-builder-workspace/.dependencies/checkouts/iosMath/iosMath/render/NSBezierPath+addLineToPoint.m normal arm64 objective-c com.apple.compilers.llvm.clang.1_0.compiler (in target 'iosMath' from project 'iosMath')
    cd /Users/admin/builder/spi-builder-workspace/.swiftpm/xcode

    Using response file: /Users/admin/builder/spi-builder-workspace/.derivedData/Build/Intermediates.noindex/iosMath.build/Debug-watchos/iosMath-t.build/Objects-normal/arm64/e6072d4f65d7061329687fe24e3d63a7-common-args.resp

    builtin-ScanDependencies -o /Users/admin/builder/spi-builder-workspace/.derivedData/Build/Intermediates.noindex/iosMath.build/Debug-watchos/iosMath-t.build/Objects-normal/arm64/NSBezierPath+addLineToPoint.o.scan -- /Applications/Xcode-27.0.0-Release.Candidate.app/Contents/Developer/Toolchains/XcodeDefault.xctoolchain/usr/bin/clang -x objective-c -ivfsstatcache /Users/admin/builder/spi-builder-workspace/.derivedData/SDKStatCaches.noindex/watchos27.0-24R360-e829b21a6f8c9b70876ba0858053c04477534ef55a1706bf4c1112bbb242f0a2.sdkstatcache -target arm64-apple-watchos9.0 -fmessage-length\=0 -fdiagnostics-show-note-include-stack -fmacro-backtrace-limit\=0 -fno-color-diagnostics -fmodules-prune-interval\=86400 -fmodules-prune-after\=345600 -fbuild-session-file\=/Users/admin/builder/spi-builder-workspace/.derivedData/ModuleCache.noindex/Session.modulevalidation -fmodules-validate-once-per-build-session -Wnon-modular-include-in-framework-module -Werror\=non-modular-include-in-framework-module -Wno-trigraphs -Wno-missing-field-initializers -Wno-missing-prototypes -Wno-return-type -Wno-implicit-atomic-properties -Wno-objc-interface-ivars -Wno-arc-repeated-use-of-weak -Wno-missing-braces -Wparentheses -Wswitch -Wno-unused-function -Wno-unused-label -Wno-unused-parameter -Wno-unused-variable -Wunused-value -Wno-empty-body -Wno-uninitialized -Wno-unknown-pragmas -w -Wno-shadow -Wno-four-char-constants -Wno-conversion -Wno-constant-conversion -Wno-int-conversion -Wno-bool-conversion -Wno-enum-conversion -Wno-float-conversion -Wno-non-literal-null-conversion -Wno-objc-literal-conversion -Wshorten-64-to-32 -Wpointer-sign -Wno-newline-eof -Wno-selector -Wno-strict-selector-match -Wno-undeclared-selector -Wno-deprecated-implementations -Wno-implicit-fallthrough -isysroot /Applications/Xcode-27.0.0-Release.Candidate.app/Contents/Developer/Platforms/WatchOS.platform/Developer/SDKs/WatchOS27.0.sdk -fstrict-aliasing -Wprotocol -Wdeprecated-declarations -Wno-sign-conversion -Wno-infinite-recursion -Wno-comma -Wno-block-capture-autoreleasing -Wno-strict-prototypes -Wno-semicolon-before-method-body -index-store-path /Users/admin/builder/spi-builder-workspace/.derivedData/Index.noindex/DataStore @/Users/admin/builder/spi-builder-workspace/.derivedData/Build/Intermediates.noindex/iosMath.build/Debug-watchos/iosMath-t.build/Objects-normal/arm64/e6072d4f65d7061329687fe24e3d63a7-common-args.resp -include /Users/admin/builder/spi-builder-workspace/.derivedData/Build/Intermediates.noindex/iosMath.build/Debug-watchos/iosMath-t.build/DerivedSources/resource_bundle_accessor.h -MMD -MT dependencies -MF /Users/admin/builder/spi-builder-workspace/.derivedData/Build/Intermediates.noindex/iosMath.build/Debug-watchos/iosMath-t.build/Objects-normal/arm64/NSBezierPath+addLineToPoint.d --serialize-diagnostics /Users/admin/builder/spi-builder-workspace/.derivedData/Build/Intermediates.noindex/iosMath.build/Debug-watchos/iosMath-t.build/Objects-normal/arm64/NSBezierPath+addLineToPoint.dia -c /Users/admin/builder/spi-builder-workspace/.dependencies/checkouts/iosMath/iosMath/render/NSBezierPath+addLineToPoint.m -o /Users/admin/builder/spi-builder-workspace/.derivedData/Build/Intermediates.noindex/iosMath.build/Debug-watchos/iosMath-t.build/Objects-normal/arm64/NSBezierPath+addLineToPoint.o -index-unit-output-path /iosMath.build/Debug-watchos/iosMath-t.build/Objects-normal/arm64/NSBezierPath+addLineToPoint.o
ScanDependencies /Users/admin/builder/spi-builder-workspace/.derivedData/Build/Intermediates.noindex/iosMath.build/Debug-watchos/iosMath-t.build/Objects-normal/arm64/MTUnicode.o /Users/admin/builder/spi-builder-workspace/.dependencies/checkouts/iosMath/iosMath/lib/MTUnicode.m normal arm64 objective-c com.apple.compilers.llvm.clang.1_0.compiler (in target 'iosMath' from project 'iosMath')
    cd /Users/admin/builder/spi-builder-workspace/.swiftpm/xcode

    Using response file: /Users/admin/builder/spi-builder-workspace/.derivedData/Build/Intermediates.noindex/iosMath.build/Debug-watchos/iosMath-t.build/Objects-normal/arm64/e6072d4f65d7061329687fe24e3d63a7-common-args.resp

    builtin-ScanDependencies -o /Users/admin/builder/spi-builder-workspace/.derivedData/Build/Intermediates.noindex/iosMath.build/Debug-watchos/iosMath-t.build/Objects-normal/arm64/MTUnicode.o.scan -- /Applications/Xcode-27.0.0-Release.Candidate.app/Contents/Developer/Toolchains/XcodeDefault.xctoolchain/usr/bin/clang -x objective-c -ivfsstatcache /Users/admin/builder/spi-builder-workspace/.derivedData/SDKStatCaches.noindex/watchos27.0-24R360-e829b21a6f8c9b70876ba0858053c04477534ef55a1706bf4c1112bbb242f0a2.sdkstatcache -target arm64-apple-watchos9.0 -fmessage-length\=0 -fdiagnostics-show-note-include-stack -fmacro-backtrace-limit\=0 -fno-color-diagnostics -fmodules-prune-interval\=86400 -fmodules-prune-after\=345600 -fbuild-session-file\=/Users/admin/builder/spi-builder-workspace/.derivedData/ModuleCache.noindex/Session.modulevalidation -fmodules-validate-once-per-build-session -Wnon-modular-include-in-framework-module -Werror\=non-modular-include-in-framework-module -Wno-trigraphs -Wno-missing-field-initializers -Wno-missing-prototypes -Wno-return-type -Wno-implicit-atomic-properties -Wno-objc-interface-ivars -Wno-arc-repeated-use-of-weak -Wno-missing-braces -Wparentheses -Wswitch -Wno-unused-function -Wno-unused-label -Wno-unused-parameter -Wno-unused-variable -Wunused-value -Wno-empty-body -Wno-uninitialized -Wno-unknown-pragmas -w -Wno-shadow -Wno-four-char-constants -Wno-conversion -Wno-constant-conversion -Wno-int-conversion -Wno-bool-conversion -Wno-enum-conversion -Wno-float-conversion -Wno-non-literal-null-conversion -Wno-objc-literal-conversion -Wshorten-64-to-32 -Wpointer-sign -Wno-newline-eof -Wno-selector -Wno-strict-selector-match -Wno-undeclared-selector -Wno-deprecated-implementations -Wno-implicit-fallthrough -isysroot /Applications/Xcode-27.0.0-Release.Candidate.app/Contents/Developer/Platforms/WatchOS.platform/Developer/SDKs/WatchOS27.0.sdk -fstrict-aliasing -Wprotocol -Wdeprecated-declarations -Wno-sign-conversion -Wno-infinite-recursion -Wno-comma -Wno-block-capture-autoreleasing -Wno-strict-prototypes -Wno-semicolon-before-method-body -index-store-path /Users/admin/builder/spi-builder-workspace/.derivedData/Index.noindex/DataStore @/Users/admin/builder/spi-builder-workspace/.derivedData/Build/Intermediates.noindex/iosMath.build/Debug-watchos/iosMath-t.build/Objects-normal/arm64/e6072d4f65d7061329687fe24e3d63a7-common-args.resp -include /Users/admin/builder/spi-builder-workspace/.derivedData/Build/Intermediates.noindex/iosMath.build/Debug-watchos/iosMath-t.build/DerivedSources/resource_bundle_accessor.h -MMD -MT dependencies -MF /Users/admin/builder/spi-builder-workspace/.derivedData/Build/Intermediates.noindex/iosMath.build/Debug-watchos/iosMath-t.build/Objects-normal/arm64/MTUnicode.d --serialize-diagnostics /Users/admin/builder/spi-builder-workspace/.derivedData/Build/Intermediates.noindex/iosMath.build/Debug-watchos/iosMath-t.build/Objects-normal/arm64/MTUnicode.dia -c /Users/admin/builder/spi-builder-workspace/.dependencies/checkouts/iosMath/iosMath/lib/MTUnicode.m -o /Users/admin/builder/spi-builder-workspace/.derivedData/Build/Intermediates.noindex/iosMath.build/Debug-watchos/iosMath-t.build/Objects-normal/arm64/MTUnicode.o -index-unit-output-path /iosMath.build/Debug-watchos/iosMath-t.build/Objects-normal/arm64/MTUnicode.o
ScanDependencies /Users/admin/builder/spi-builder-workspace/.derivedData/Build/Intermediates.noindex/iosMath.build/Debug-watchos/iosMath-t.build/Objects-normal/arm64/MTMathListIndex.o /Users/admin/builder/spi-builder-workspace/.dependencies/checkouts/iosMath/iosMath/lib/MTMathListIndex.m normal arm64 objective-c com.apple.compilers.llvm.clang.1_0.compiler (in target 'iosMath' from project 'iosMath')
    cd /Users/admin/builder/spi-builder-workspace/.swiftpm/xcode

    Using response file: /Users/admin/builder/spi-builder-workspace/.derivedData/Build/Intermediates.noindex/iosMath.build/Debug-watchos/iosMath-t.build/Objects-normal/arm64/e6072d4f65d7061329687fe24e3d63a7-common-args.resp

    builtin-ScanDependencies -o /Users/admin/builder/spi-builder-workspace/.derivedData/Build/Intermediates.noindex/iosMath.build/Debug-watchos/iosMath-t.build/Objects-normal/arm64/MTMathListIndex.o.scan -- /Applications/Xcode-27.0.0-Release.Candidate.app/Contents/Developer/Toolchains/XcodeDefault.xctoolchain/usr/bin/clang -x objective-c -ivfsstatcache /Users/admin/builder/spi-builder-workspace/.derivedData/SDKStatCaches.noindex/watchos27.0-24R360-e829b21a6f8c9b70876ba0858053c04477534ef55a1706bf4c1112bbb242f0a2.sdkstatcache -target arm64-apple-watchos9.0 -fmessage-length\=0 -fdiagnostics-show-note-include-stack -fmacro-backtrace-limit\=0 -fno-color-diagnostics -fmodules-prune-interval\=86400 -fmodules-prune-after\=345600 -fbuild-session-file\=/Users/admin/builder/spi-builder-workspace/.derivedData/ModuleCache.noindex/Session.modulevalidation -fmodules-validate-once-per-build-session -Wnon-modular-include-in-framework-module -Werror\=non-modular-include-in-framework-module -Wno-trigraphs -Wno-missing-field-initializers -Wno-missing-prototypes -Wno-return-type -Wno-implicit-atomic-properties -Wno-objc-interface-ivars -Wno-arc-repeated-use-of-weak -Wno-missing-braces -Wparentheses -Wswitch -Wno-unused-function -Wno-unused-label -Wno-unused-parameter -Wno-unused-variable -Wunused-value -Wno-empty-body -Wno-uninitialized -Wno-unknown-pragmas -w -Wno-shadow -Wno-four-char-constants -Wno-conversion -Wno-constant-conversion -Wno-int-conversion -Wno-bool-conversion -Wno-enum-conversion -Wno-float-conversion -Wno-non-literal-null-conversion -Wno-objc-literal-conversion -Wshorten-64-to-32 -Wpointer-sign -Wno-newline-eof -Wno-selector -Wno-strict-selector-match -Wno-undeclared-selector -Wno-deprecated-implementations -Wno-implicit-fallthrough -isysroot /Applications/Xcode-27.0.0-Release.Candidate.app/Contents/Developer/Platforms/WatchOS.platform/Developer/SDKs/WatchOS27.0.sdk -fstrict-aliasing -Wprotocol -Wdeprecated-declarations -Wno-sign-conversion -Wno-infinite-recursion -Wno-comma -Wno-block-capture-autoreleasing -Wno-strict-prototypes -Wno-semicolon-before-method-body -index-store-path /Users/admin/builder/spi-builder-workspace/.derivedData/Index.noindex/DataStore @/Users/admin/builder/spi-builder-workspace/.derivedData/Build/Intermediates.noindex/iosMath.build/Debug-watchos/iosMath-t.build/Objects-normal/arm64/e6072d4f65d7061329687fe24e3d63a7-common-args.resp -include /Users/admin/builder/spi-builder-workspace/.derivedData/Build/Intermediates.noindex/iosMath.build/Debug-watchos/iosMath-t.build/DerivedSources/resource_bundle_accessor.h -MMD -MT dependencies -MF /Users/admin/builder/spi-builder-workspace/.derivedData/Build/Intermediates.noindex/iosMath.build/Debug-watchos/iosMath-t.build/Objects-normal/arm64/MTMathListIndex.d --serialize-diagnostics /Users/admin/builder/spi-builder-workspace/.derivedData/Build/Intermediates.noindex/iosMath.build/Debug-watchos/iosMath-t.build/Objects-normal/arm64/MTMathListIndex.dia -c /Users/admin/builder/spi-builder-workspace/.dependencies/checkouts/iosMath/iosMath/lib/MTMathListIndex.m -o /Users/admin/builder/spi-builder-workspace/.derivedData/Build/Intermediates.noindex/iosMath.build/Debug-watchos/iosMath-t.build/Objects-normal/arm64/MTMathListIndex.o -index-unit-output-path /iosMath.build/Debug-watchos/iosMath-t.build/Objects-normal/arm64/MTMathListIndex.o
ScanDependencies /Users/admin/builder/spi-builder-workspace/.derivedData/Build/Intermediates.noindex/iosMath.build/Debug-watchos/iosMath-t.build/Objects-normal/arm64/MTMathUILabel.o /Users/admin/builder/spi-builder-workspace/.dependencies/checkouts/iosMath/iosMath/render/MTMathUILabel.m normal arm64 objective-c com.apple.compilers.llvm.clang.1_0.compiler (in target 'iosMath' from project 'iosMath')
    cd /Users/admin/builder/spi-builder-workspace/.swiftpm/xcode

    Using response file: /Users/admin/builder/spi-builder-workspace/.derivedData/Build/Intermediates.noindex/iosMath.build/Debug-watchos/iosMath-t.build/Objects-normal/arm64/e6072d4f65d7061329687fe24e3d63a7-common-args.resp

    builtin-ScanDependencies -o /Users/admin/builder/spi-builder-workspace/.derivedData/Build/Intermediates.noindex/iosMath.build/Debug-watchos/iosMath-t.build/Objects-normal/arm64/MTMathUILabel.o.scan -- /Applications/Xcode-27.0.0-Release.Candidate.app/Contents/Developer/Toolchains/XcodeDefault.xctoolchain/usr/bin/clang -x objective-c -ivfsstatcache /Users/admin/builder/spi-builder-workspace/.derivedData/SDKStatCaches.noindex/watchos27.0-24R360-e829b21a6f8c9b70876ba0858053c04477534ef55a1706bf4c1112bbb242f0a2.sdkstatcache -target arm64-apple-watchos9.0 -fmessage-length\=0 -fdiagnostics-show-note-include-stack -fmacro-backtrace-limit\=0 -fno-color-diagnostics -fmodules-prune-interval\=86400 -fmodules-prune-after\=345600 -fbuild-session-file\=/Users/admin/builder/spi-builder-workspace/.derivedData/ModuleCache.noindex/Session.modulevalidation -fmodules-validate-once-per-build-session -Wnon-modular-include-in-framework-module -Werror\=non-modular-include-in-framework-module -Wno-trigraphs -Wno-missing-field-initializers -Wno-missing-prototypes -Wno-return-type -Wno-implicit-atomic-properties -Wno-objc-interface-ivars -Wno-arc-repeated-use-of-weak -Wno-missing-braces -Wparentheses -Wswitch -Wno-unused-function -Wno-unused-label -Wno-unused-parameter -Wno-unused-variable -Wunused-value -Wno-empty-body -Wno-uninitialized -Wno-unknown-pragmas -w -Wno-shadow -Wno-four-char-constants -Wno-conversion -Wno-constant-conversion -Wno-int-conversion -Wno-bool-conversion -Wno-enum-conversion -Wno-float-conversion -Wno-non-literal-null-conversion -Wno-objc-literal-conversion -Wshorten-64-to-32 -Wpointer-sign -Wno-newline-eof -Wno-selector -Wno-strict-selector-match -Wno-undeclared-selector -Wno-deprecated-implementations -Wno-implicit-fallthrough -isysroot /Applications/Xcode-27.0.0-Release.Candidate.app/Contents/Developer/Platforms/WatchOS.platform/Developer/SDKs/WatchOS27.0.sdk -fstrict-aliasing -Wprotocol -Wdeprecated-declarations -Wno-sign-conversion -Wno-infinite-recursion -Wno-comma -Wno-block-capture-autoreleasing -Wno-strict-prototypes -Wno-semicolon-before-method-body -index-store-path /Users/admin/builder/spi-builder-workspace/.derivedData/Index.noindex/DataStore @/Users/admin/builder/spi-builder-workspace/.derivedData/Build/Intermediates.noindex/iosMath.build/Debug-watchos/iosMath-t.build/Objects-normal/arm64/e6072d4f65d7061329687fe24e3d63a7-common-args.resp -include /Users/admin/builder/spi-builder-workspace/.derivedData/Build/Intermediates.noindex/iosMath.build/Debug-watchos/iosMath-t.build/DerivedSources/resource_bundle_accessor.h -MMD -MT dependencies -MF /Users/admin/builder/spi-builder-workspace/.derivedData/Build/Intermediates.noindex/iosMath.build/Debug-watchos/iosMath-t.build/Objects-normal/arm64/MTMathUILabel.d --serialize-diagnostics /Users/admin/builder/spi-builder-workspace/.derivedData/Build/Intermediates.noindex/iosMath.build/Debug-watchos/iosMath-t.build/Objects-normal/arm64/MTMathUILabel.dia -c /Users/admin/builder/spi-builder-workspace/.dependencies/checkouts/iosMath/iosMath/render/MTMathUILabel.m -o /Users/admin/builder/spi-builder-workspace/.derivedData/Build/Intermediates.noindex/iosMath.build/Debug-watchos/iosMath-t.build/Objects-normal/arm64/MTMathUILabel.o -index-unit-output-path /iosMath.build/Debug-watchos/iosMath-t.build/Objects-normal/arm64/MTMathUILabel.o
ScanDependencies /Users/admin/builder/spi-builder-workspace/.derivedData/Build/Intermediates.noindex/iosMath.build/Debug-watchos/iosMath-t.build/Objects-normal/arm64/MTMathListBuilder.o /Users/admin/builder/spi-builder-workspace/.dependencies/checkouts/iosMath/iosMath/lib/MTMathListBuilder.m normal arm64 objective-c com.apple.compilers.llvm.clang.1_0.compiler (in target 'iosMath' from project 'iosMath')
    cd /Users/admin/builder/spi-builder-workspace/.swiftpm/xcode

    Using response file: /Users/admin/builder/spi-builder-workspace/.derivedData/Build/Intermediates.noindex/iosMath.build/Debug-watchos/iosMath-t.build/Objects-normal/arm64/e6072d4f65d7061329687fe24e3d63a7-common-args.resp

    builtin-ScanDependencies -o /Users/admin/builder/spi-builder-workspace/.derivedData/Build/Intermediates.noindex/iosMath.build/Debug-watchos/iosMath-t.build/Objects-normal/arm64/MTMathListBuilder.o.scan -- /Applications/Xcode-27.0.0-Release.Candidate.app/Contents/Developer/Toolchains/XcodeDefault.xctoolchain/usr/bin/clang -x objective-c -ivfsstatcache /Users/admin/builder/spi-builder-workspace/.derivedData/SDKStatCaches.noindex/watchos27.0-24R360-e829b21a6f8c9b70876ba0858053c04477534ef55a1706bf4c1112bbb242f0a2.sdkstatcache -target arm64-apple-watchos9.0 -fmessage-length\=0 -fdiagnostics-show-note-include-stack -fmacro-backtrace-limit\=0 -fno-color-diagnostics -fmodules-prune-interval\=86400 -fmodules-prune-after\=345600 -fbuild-session-file\=/Users/admin/builder/spi-builder-workspace/.derivedData/ModuleCache.noindex/Session.modulevalidation -fmodules-validate-once-per-build-session -Wnon-modular-include-in-framework-module -Werror\=non-modular-include-in-framework-module -Wno-trigraphs -Wno-missing-field-initializers -Wno-missing-prototypes -Wno-return-type -Wno-implicit-atomic-properties -Wno-objc-interface-ivars -Wno-arc-repeated-use-of-weak -Wno-missing-braces -Wparentheses -Wswitch -Wno-unused-function -Wno-unused-label -Wno-unused-parameter -Wno-unused-variable -Wunused-value -Wno-empty-body -Wno-uninitialized -Wno-unknown-pragmas -w -Wno-shadow -Wno-four-char-constants -Wno-conversion -Wno-constant-conversion -Wno-int-conversion -Wno-bool-conversion -Wno-enum-conversion -Wno-float-conversion -Wno-non-literal-null-conversion -Wno-objc-literal-conversion -Wshorten-64-to-32 -Wpointer-sign -Wno-newline-eof -Wno-selector -Wno-strict-selector-match -Wno-undeclared-selector -Wno-deprecated-implementations -Wno-implicit-fallthrough -isysroot /Applications/Xcode-27.0.0-Release.Candidate.app/Contents/Developer/Platforms/WatchOS.platform/Developer/SDKs/WatchOS27.0.sdk -fstrict-aliasing -Wprotocol -Wdeprecated-declarations -Wno-sign-conversion -Wno-infinite-recursion -Wno-comma -Wno-block-capture-autoreleasing -Wno-strict-prototypes -Wno-semicolon-before-method-body -index-store-path /Users/admin/builder/spi-builder-workspace/.derivedData/Index.noindex/DataStore @/Users/admin/builder/spi-builder-workspace/.derivedData/Build/Intermediates.noindex/iosMath.build/Debug-watchos/iosMath-t.build/Objects-normal/arm64/e6072d4f65d7061329687fe24e3d63a7-common-args.resp -include /Users/admin/builder/spi-builder-workspace/.derivedData/Build/Intermediates.noindex/iosMath.build/Debug-watchos/iosMath-t.build/DerivedSources/resource_bundle_accessor.h -MMD -MT dependencies -MF /Users/admin/builder/spi-builder-workspace/.derivedData/Build/Intermediates.noindex/iosMath.build/Debug-watchos/iosMath-t.build/Objects-normal/arm64/MTMathListBuilder.d --serialize-diagnostics /Users/admin/builder/spi-builder-workspace/.derivedData/Build/Intermediates.noindex/iosMath.build/Debug-watchos/iosMath-t.build/Objects-normal/arm64/MTMathListBuilder.dia -c /Users/admin/builder/spi-builder-workspace/.dependencies/checkouts/iosMath/iosMath/lib/MTMathListBuilder.m -o /Users/admin/builder/spi-builder-workspace/.derivedData/Build/Intermediates.noindex/iosMath.build/Debug-watchos/iosMath-t.build/Objects-normal/arm64/MTMathListBuilder.o -index-unit-output-path /iosMath.build/Debug-watchos/iosMath-t.build/Objects-normal/arm64/MTMathListBuilder.o
ScanDependencies /Users/admin/builder/spi-builder-workspace/.derivedData/Build/Intermediates.noindex/iosMath.build/Debug-watchos/iosMath-t.build/Objects-normal/arm64/MTMathListDisplay.o /Users/admin/builder/spi-builder-workspace/.dependencies/checkouts/iosMath/iosMath/render/MTMathListDisplay.m normal arm64 objective-c com.apple.compilers.llvm.clang.1_0.compiler (in target 'iosMath' from project 'iosMath')
    cd /Users/admin/builder/spi-builder-workspace/.swiftpm/xcode

    Using response file: /Users/admin/builder/spi-builder-workspace/.derivedData/Build/Intermediates.noindex/iosMath.build/Debug-watchos/iosMath-t.build/Objects-normal/arm64/e6072d4f65d7061329687fe24e3d63a7-common-args.resp

    builtin-ScanDependencies -o /Users/admin/builder/spi-builder-workspace/.derivedData/Build/Intermediates.noindex/iosMath.build/Debug-watchos/iosMath-t.build/Objects-normal/arm64/MTMathListDisplay.o.scan -- /Applications/Xcode-27.0.0-Release.Candidate.app/Contents/Developer/Toolchains/XcodeDefault.xctoolchain/usr/bin/clang -x objective-c -ivfsstatcache /Users/admin/builder/spi-builder-workspace/.derivedData/SDKStatCaches.noindex/watchos27.0-24R360-e829b21a6f8c9b70876ba0858053c04477534ef55a1706bf4c1112bbb242f0a2.sdkstatcache -target arm64-apple-watchos9.0 -fmessage-length\=0 -fdiagnostics-show-note-include-stack -fmacro-backtrace-limit\=0 -fno-color-diagnostics -fmodules-prune-interval\=86400 -fmodules-prune-after\=345600 -fbuild-session-file\=/Users/admin/builder/spi-builder-workspace/.derivedData/ModuleCache.noindex/Session.modulevalidation -fmodules-validate-once-per-build-session -Wnon-modular-include-in-framework-module -Werror\=non-modular-include-in-framework-module -Wno-trigraphs -Wno-missing-field-initializers -Wno-missing-prototypes -Wno-return-type -Wno-implicit-atomic-properties -Wno-objc-interface-ivars -Wno-arc-repeated-use-of-weak -Wno-missing-braces -Wparentheses -Wswitch -Wno-unused-function -Wno-unused-label -Wno-unused-parameter -Wno-unused-variable -Wunused-value -Wno-empty-body -Wno-uninitialized -Wno-unknown-pragmas -w -Wno-shadow -Wno-four-char-constants -Wno-conversion -Wno-constant-conversion -Wno-int-conversion -Wno-bool-conversion -Wno-enum-conversion -Wno-float-conversion -Wno-non-literal-null-conversion -Wno-objc-literal-conversion -Wshorten-64-to-32 -Wpointer-sign -Wno-newline-eof -Wno-selector -Wno-strict-selector-match -Wno-undeclared-selector -Wno-deprecated-implementations -Wno-implicit-fallthrough -isysroot /Applications/Xcode-27.0.0-Release.Candidate.app/Contents/Developer/Platforms/WatchOS.platform/Developer/SDKs/WatchOS27.0.sdk -fstrict-aliasing -Wprotocol -Wdeprecated-declarations -Wno-sign-conversion -Wno-infinite-recursion -Wno-comma -Wno-block-capture-autoreleasing -Wno-strict-prototypes -Wno-semicolon-before-method-body -index-store-path /Users/admin/builder/spi-builder-workspace/.derivedData/Index.noindex/DataStore @/Users/admin/builder/spi-builder-workspace/.derivedData/Build/Intermediates.noindex/iosMath.build/Debug-watchos/iosMath-t.build/Objects-normal/arm64/e6072d4f65d7061329687fe24e3d63a7-common-args.resp -include /Users/admin/builder/spi-builder-workspace/.derivedData/Build/Intermediates.noindex/iosMath.build/Debug-watchos/iosMath-t.build/DerivedSources/resource_bundle_accessor.h -MMD -MT dependencies -MF /Users/admin/builder/spi-builder-workspace/.derivedData/Build/Intermediates.noindex/iosMath.build/Debug-watchos/iosMath-t.build/Objects-normal/arm64/MTMathListDisplay.d --serialize-diagnostics /Users/admin/builder/spi-builder-workspace/.derivedData/Build/Intermediates.noindex/iosMath.build/Debug-watchos/iosMath-t.build/Objects-normal/arm64/MTMathListDisplay.dia -c /Users/admin/builder/spi-builder-workspace/.dependencies/checkouts/iosMath/iosMath/render/MTMathListDisplay.m -o /Users/admin/builder/spi-builder-workspace/.derivedData/Build/Intermediates.noindex/iosMath.build/Debug-watchos/iosMath-t.build/Objects-normal/arm64/MTMathListDisplay.o -index-unit-output-path /iosMath.build/Debug-watchos/iosMath-t.build/Objects-normal/arm64/MTMathListDisplay.o
ScanDependencies /Users/admin/builder/spi-builder-workspace/.derivedData/Build/Intermediates.noindex/iosMath.build/Debug-watchos/iosMath-t.build/Objects-normal/arm64/MTMathList.o /Users/admin/builder/spi-builder-workspace/.dependencies/checkouts/iosMath/iosMath/lib/MTMathList.m normal arm64 objective-c com.apple.compilers.llvm.clang.1_0.compiler (in target 'iosMath' from project 'iosMath')
    cd /Users/admin/builder/spi-builder-workspace/.swiftpm/xcode

    Using response file: /Users/admin/builder/spi-builder-workspace/.derivedData/Build/Intermediates.noindex/iosMath.build/Debug-watchos/iosMath-t.build/Objects-normal/arm64/e6072d4f65d7061329687fe24e3d63a7-common-args.resp

    builtin-ScanDependencies -o /Users/admin/builder/spi-builder-workspace/.derivedData/Build/Intermediates.noindex/iosMath.build/Debug-watchos/iosMath-t.build/Objects-normal/arm64/MTMathList.o.scan -- /Applications/Xcode-27.0.0-Release.Candidate.app/Contents/Developer/Toolchains/XcodeDefault.xctoolchain/usr/bin/clang -x objective-c -ivfsstatcache /Users/admin/builder/spi-builder-workspace/.derivedData/SDKStatCaches.noindex/watchos27.0-24R360-e829b21a6f8c9b70876ba0858053c04477534ef55a1706bf4c1112bbb242f0a2.sdkstatcache -target arm64-apple-watchos9.0 -fmessage-length\=0 -fdiagnostics-show-note-include-stack -fmacro-backtrace-limit\=0 -fno-color-diagnostics -fmodules-prune-interval\=86400 -fmodules-prune-after\=345600 -fbuild-session-file\=/Users/admin/builder/spi-builder-workspace/.derivedData/ModuleCache.noindex/Session.modulevalidation -fmodules-validate-once-per-build-session -Wnon-modular-include-in-framework-module -Werror\=non-modular-include-in-framework-module -Wno-trigraphs -Wno-missing-field-initializers -Wno-missing-prototypes -Wno-return-type -Wno-implicit-atomic-properties -Wno-objc-interface-ivars -Wno-arc-repeated-use-of-weak -Wno-missing-braces -Wparentheses -Wswitch -Wno-unused-function -Wno-unused-label -Wno-unused-parameter -Wno-unused-variable -Wunused-value -Wno-empty-body -Wno-uninitialized -Wno-unknown-pragmas -w -Wno-shadow -Wno-four-char-constants -Wno-conversion -Wno-constant-conversion -Wno-int-conversion -Wno-bool-conversion -Wno-enum-conversion -Wno-float-conversion -Wno-non-literal-null-conversion -Wno-objc-literal-conversion -Wshorten-64-to-32 -Wpointer-sign -Wno-newline-eof -Wno-selector -Wno-strict-selector-match -Wno-undeclared-selector -Wno-deprecated-implementations -Wno-implicit-fallthrough -isysroot /Applications/Xcode-27.0.0-Release.Candidate.app/Contents/Developer/Platforms/WatchOS.platform/Developer/SDKs/WatchOS27.0.sdk -fstrict-aliasing -Wprotocol -Wdeprecated-declarations -Wno-sign-conversion -Wno-infinite-recursion -Wno-comma -Wno-block-capture-autoreleasing -Wno-strict-prototypes -Wno-semicolon-before-method-body -index-store-path /Users/admin/builder/spi-builder-workspace/.derivedData/Index.noindex/DataStore @/Users/admin/builder/spi-builder-workspace/.derivedData/Build/Intermediates.noindex/iosMath.build/Debug-watchos/iosMath-t.build/Objects-normal/arm64/e6072d4f65d7061329687fe24e3d63a7-common-args.resp -include /Users/admin/builder/spi-builder-workspace/.derivedData/Build/Intermediates.noindex/iosMath.build/Debug-watchos/iosMath-t.build/DerivedSources/resource_bundle_accessor.h -MMD -MT dependencies -MF /Users/admin/builder/spi-builder-workspace/.derivedData/Build/Intermediates.noindex/iosMath.build/Debug-watchos/iosMath-t.build/Objects-normal/arm64/MTMathList.d --serialize-diagnostics /Users/admin/builder/spi-builder-workspace/.derivedData/Build/Intermediates.noindex/iosMath.build/Debug-watchos/iosMath-t.build/Objects-normal/arm64/MTMathList.dia -c /Users/admin/builder/spi-builder-workspace/.dependencies/checkouts/iosMath/iosMath/lib/MTMathList.m -o /Users/admin/builder/spi-builder-workspace/.derivedData/Build/Intermediates.noindex/iosMath.build/Debug-watchos/iosMath-t.build/Objects-normal/arm64/MTMathList.o -index-unit-output-path /iosMath.build/Debug-watchos/iosMath-t.build/Objects-normal/arm64/MTMathList.o
ScanDependencies /Users/admin/builder/spi-builder-workspace/.derivedData/Build/Intermediates.noindex/iosMath.build/Debug-watchos/iosMath-t.build/Objects-normal/arm64/MTMathAtomFactory.o /Users/admin/builder/spi-builder-workspace/.dependencies/checkouts/iosMath/iosMath/lib/MTMathAtomFactory.m normal arm64 objective-c com.apple.compilers.llvm.clang.1_0.compiler (in target 'iosMath' from project 'iosMath')
    cd /Users/admin/builder/spi-builder-workspace/.swiftpm/xcode

    Using response file: /Users/admin/builder/spi-builder-workspace/.derivedData/Build/Intermediates.noindex/iosMath.build/Debug-watchos/iosMath-t.build/Objects-normal/arm64/e6072d4f65d7061329687fe24e3d63a7-common-args.resp

    builtin-ScanDependencies -o /Users/admin/builder/spi-builder-workspace/.derivedData/Build/Intermediates.noindex/iosMath.build/Debug-watchos/iosMath-t.build/Objects-normal/arm64/MTMathAtomFactory.o.scan -- /Applications/Xcode-27.0.0-Release.Candidate.app/Contents/Developer/Toolchains/XcodeDefault.xctoolchain/usr/bin/clang -x objective-c -ivfsstatcache /Users/admin/builder/spi-builder-workspace/.derivedData/SDKStatCaches.noindex/watchos27.0-24R360-e829b21a6f8c9b70876ba0858053c04477534ef55a1706bf4c1112bbb242f0a2.sdkstatcache -target arm64-apple-watchos9.0 -fmessage-length\=0 -fdiagnostics-show-note-include-stack -fmacro-backtrace-limit\=0 -fno-color-diagnostics -fmodules-prune-interval\=86400 -fmodules-prune-after\=345600 -fbuild-session-file\=/Users/admin/builder/spi-builder-workspace/.derivedData/ModuleCache.noindex/Session.modulevalidation -fmodules-validate-once-per-build-session -Wnon-modular-include-in-framework-module -Werror\=non-modular-include-in-framework-module -Wno-trigraphs -Wno-missing-field-initializers -Wno-missing-prototypes -Wno-return-type -Wno-implicit-atomic-properties -Wno-objc-interface-ivars -Wno-arc-repeated-use-of-weak -Wno-missing-braces -Wparentheses -Wswitch -Wno-unused-function -Wno-unused-label -Wno-unused-parameter -Wno-unused-variable -Wunused-value -Wno-empty-body -Wno-uninitialized -Wno-unknown-pragmas -w -Wno-shadow -Wno-four-char-constants -Wno-conversion -Wno-constant-conversion -Wno-int-conversion -Wno-bool-conversion -Wno-enum-conversion -Wno-float-conversion -Wno-non-literal-null-conversion -Wno-objc-literal-conversion -Wshorten-64-to-32 -Wpointer-sign -Wno-newline-eof -Wno-selector -Wno-strict-selector-match -Wno-undeclared-selector -Wno-deprecated-implementations -Wno-implicit-fallthrough -isysroot /Applications/Xcode-27.0.0-Release.Candidate.app/Contents/Developer/Platforms/WatchOS.platform/Developer/SDKs/WatchOS27.0.sdk -fstrict-aliasing -Wprotocol -Wdeprecated-declarations -Wno-sign-conversion -Wno-infinite-recursion -Wno-comma -Wno-block-capture-autoreleasing -Wno-strict-prototypes -Wno-semicolon-before-method-body -index-store-path /Users/admin/builder/spi-builder-workspace/.derivedData/Index.noindex/DataStore @/Users/admin/builder/spi-builder-workspace/.derivedData/Build/Intermediates.noindex/iosMath.build/Debug-watchos/iosMath-t.build/Objects-normal/arm64/e6072d4f65d7061329687fe24e3d63a7-common-args.resp -include /Users/admin/builder/spi-builder-workspace/.derivedData/Build/Intermediates.noindex/iosMath.build/Debug-watchos/iosMath-t.build/DerivedSources/resource_bundle_accessor.h -MMD -MT dependencies -MF /Users/admin/builder/spi-builder-workspace/.derivedData/Build/Intermediates.noindex/iosMath.build/Debug-watchos/iosMath-t.build/Objects-normal/arm64/MTMathAtomFactory.d --serialize-diagnostics /Users/admin/builder/spi-builder-workspace/.derivedData/Build/Intermediates.noindex/iosMath.build/Debug-watchos/iosMath-t.build/Objects-normal/arm64/MTMathAtomFactory.dia -c /Users/admin/builder/spi-builder-workspace/.dependencies/checkouts/iosMath/iosMath/lib/MTMathAtomFactory.m -o /Users/admin/builder/spi-builder-workspace/.derivedData/Build/Intermediates.noindex/iosMath.build/Debug-watchos/iosMath-t.build/Objects-normal/arm64/MTMathAtomFactory.o -index-unit-output-path /iosMath.build/Debug-watchos/iosMath-t.build/Objects-normal/arm64/MTMathAtomFactory.o
SwiftDriver Shimmer normal arm64 com.apple.xcode.tools.swift.compiler (in target 'Shimmer' from project 'SwiftUI-Shimmer')
    cd /Users/admin/builder/spi-builder-workspace/.swiftpm/xcode
    builtin-SwiftDriver -- /Applications/Xcode-27.0.0-Release.Candidate.app/Contents/Developer/Toolchains/XcodeDefault.xctoolchain/usr/bin/swiftc -parse-as-library -module-name Shimmer -Onone @/Users/admin/builder/spi-builder-workspace/.derivedData/Build/Intermediates.noindex/SwiftUI-Shimmer.build/Debug-watchos/Shimmer-t.build/Objects-normal/arm64/Shimmer.SwiftFileList -DSWIFT_PACKAGE -DDEBUG -DSWIFT_MODULE_RESOURCE_BUNDLE_UNAVAILABLE -DXcode -plugin-path /Applications/Xcode-27.0.0-Release.Candidate.app/Contents/Developer/Toolchains/XcodeDefault.xctoolchain/usr/lib/swift/host/plugins/testing -enable-experimental-feature DebugDescriptionMacro -sdk /Applications/Xcode-27.0.0-Release.Candidate.app/Contents/Developer/Platforms/WatchOS.platform/Developer/SDKs/WatchOS27.0.sdk -target arm64-apple-watchos9.0 -g -module-cache-path /Users/admin/builder/spi-builder-workspace/.derivedData/ModuleCache.noindex -Xfrontend -serialize-debugging-options -profile-coverage-mapping -profile-generate -enable-testing -suppress-warnings -index-store-path /Users/admin/builder/spi-builder-workspace/.derivedData/Index.noindex/DataStore -Xcc -D_LIBCPP_HARDENING_MODE\=_LIBCPP_HARDENING_MODE_DEBUG -swift-version 5 -I /Users/admin/builder/spi-builder-workspace/.derivedData/Build/Products/Debug-watchos -Isystem /Applications/Xcode-27.0.0-Release.Candidate.app/Contents/Developer/Platforms/WatchOS.platform/Developer/usr/lib -F /Users/admin/builder/spi-builder-workspace/.derivedData/Build/Products/Debug-watchos -F /Applications/Xcode-27.0.0-Release.Candidate.app/Contents/Developer/Platforms/WatchOS.platform/Developer/Library/Frameworks -F /Applications/Xcode-27.0.0-Release.Candidate.app/Contents/Developer/Platforms/WatchOS.platform/Developer/SDKs/WatchOS27.0.sdk/Developer/Library/Frameworks -c -j10 -enable-batch-mode -incremental -Xcc -ivfsstatcache -Xcc /Users/admin/builder/spi-builder-workspace/.derivedData/SDKStatCaches.noindex/watchos27.0-24R360-e829b21a6f8c9b70876ba0858053c04477534ef55a1706bf4c1112bbb242f0a2.sdkstatcache -output-file-map /Users/admin/builder/spi-builder-workspace/.derivedData/Build/Intermediates.noindex/SwiftUI-Shimmer.build/Debug-watchos/Shimmer-t.build/Objects-normal/arm64/Shimmer-OutputFileMap.json -save-temps -no-color-diagnostics -explicit-module-build -module-cache-path /Users/admin/builder/spi-builder-workspace/.derivedData/Build/Intermediates.noindex/SwiftExplicitPrecompiledModules -clang-scanner-module-cache-path /Users/admin/builder/spi-builder-workspace/.derivedData/ModuleCache.noindex -sdk-module-cache-path /Users/admin/builder/spi-builder-workspace/.derivedData/SDKExplicitPrecompiledModules -emit-dependencies -emit-module -emit-module-path /Users/admin/builder/spi-builder-workspace/.derivedData/Build/Intermediates.noindex/SwiftUI-Shimmer.build/Debug-watchos/Shimmer-t.build/Objects-normal/arm64/Shimmer.swiftmodule -serialize-diagnostics -dependency-scan-serialize-diagnostics-path /Users/admin/builder/spi-builder-workspace/.derivedData/Build/Intermediates.noindex/SwiftUI-Shimmer.build/Debug-watchos/Shimmer-t.build/Objects-normal/arm64/Shimmer-dependency-scan.dia -validate-clang-modules-once -clang-build-session-file /Users/admin/builder/spi-builder-workspace/.derivedData/ModuleCache.noindex/Session.modulevalidation -Xcc -fmodules-prune-interval\=86400 -Xcc -fmodules-prune-after\=345600 -emit-const-values -const-gather-protocols-list /Users/admin/builder/spi-builder-workspace/.derivedData/Build/Intermediates.noindex/SwiftUI-Shimmer.build/Debug-watchos/Shimmer-t.build/Objects-normal/arm64/Shimmer_const_extract_protocols.json -Xcc -I/Users/admin/builder/spi-builder-workspace/.derivedData/Build/Products/Debug-watchos/include -Xcc -I/Users/admin/builder/spi-builder-workspace/.derivedData/Build/Intermediates.noindex/SwiftUI-Shimmer.build/Debug-watchos/Shimmer-t.build/DerivedSources-normal/arm64 -Xcc -I/Users/admin/builder/spi-builder-workspace/.derivedData/Build/Intermediates.noindex/SwiftUI-Shimmer.build/Debug-watchos/Shimmer-t.build/DerivedSources/arm64 -Xcc -I/Users/admin/builder/spi-builder-workspace/.derivedData/Build/Intermediates.noindex/SwiftUI-Shimmer.build/Debug-watchos/Shimmer-t.build/DerivedSources -Xcc -DSWIFT_PACKAGE -Xcc -DDEBUG\=1 -emit-objc-header -emit-objc-header-path /Users/admin/builder/spi-builder-workspace/.derivedData/Build/Intermediates.noindex/SwiftUI-Shimmer.build/Debug-watchos/Shimmer-t.build/Objects-normal/arm64/Shimmer-Swift.h -working-directory /Users/admin/builder/spi-builder-workspace/.swiftpm/xcode -experimental-emit-module-separately -disable-cmo
SwiftDriver Shimmer normal arm64_32 com.apple.xcode.tools.swift.compiler (in target 'Shimmer' from project 'SwiftUI-Shimmer')
    cd /Users/admin/builder/spi-builder-workspace/.swiftpm/xcode
    builtin-SwiftDriver -- /Applications/Xcode-27.0.0-Release.Candidate.app/Contents/Developer/Toolchains/XcodeDefault.xctoolchain/usr/bin/swiftc -parse-as-library -module-name Shimmer -Onone @/Users/admin/builder/spi-builder-workspace/.derivedData/Build/Intermediates.noindex/SwiftUI-Shimmer.build/Debug-watchos/Shimmer-t.build/Objects-normal/arm64_32/Shimmer.SwiftFileList -DSWIFT_PACKAGE -DDEBUG -DSWIFT_MODULE_RESOURCE_BUNDLE_UNAVAILABLE -DXcode -plugin-path /Applications/Xcode-27.0.0-Release.Candidate.app/Contents/Developer/Toolchains/XcodeDefault.xctoolchain/usr/lib/swift/host/plugins/testing -enable-experimental-feature DebugDescriptionMacro -sdk /Applications/Xcode-27.0.0-Release.Candidate.app/Contents/Developer/Platforms/WatchOS.platform/Developer/SDKs/WatchOS27.0.sdk -target arm64_32-apple-watchos9.0 -g -module-cache-path /Users/admin/builder/spi-builder-workspace/.derivedData/ModuleCache.noindex -Xfrontend -serialize-debugging-options -profile-coverage-mapping -profile-generate -enable-testing -suppress-warnings -index-store-path /Users/admin/builder/spi-builder-workspace/.derivedData/Index.noindex/DataStore -Xcc -D_LIBCPP_HARDENING_MODE\=_LIBCPP_HARDENING_MODE_DEBUG -swift-version 5 -I /Users/admin/builder/spi-builder-workspace/.derivedData/Build/Products/Debug-watchos -Isystem /Applications/Xcode-27.0.0-Release.Candidate.app/Contents/Developer/Platforms/WatchOS.platform/Developer/usr/lib -F /Users/admin/builder/spi-builder-workspace/.derivedData/Build/Products/Debug-watchos -F /Applications/Xcode-27.0.0-Release.Candidate.app/Contents/Developer/Platforms/WatchOS.platform/Developer/Library/Frameworks -F /Applications/Xcode-27.0.0-Release.Candidate.app/Contents/Developer/Platforms/WatchOS.platform/Developer/SDKs/WatchOS27.0.sdk/Developer/Library/Frameworks -c -j10 -enable-batch-mode -incremental -Xcc -ivfsstatcache -Xcc /Users/admin/builder/spi-builder-workspace/.derivedData/SDKStatCaches.noindex/watchos27.0-24R360-e829b21a6f8c9b70876ba0858053c04477534ef55a1706bf4c1112bbb242f0a2.sdkstatcache -output-file-map /Users/admin/builder/spi-builder-workspace/.derivedData/Build/Intermediates.noindex/SwiftUI-Shimmer.build/Debug-watchos/Shimmer-t.build/Objects-normal/arm64_32/Shimmer-OutputFileMap.json -save-temps -no-color-diagnostics -explicit-module-build -module-cache-path /Users/admin/builder/spi-builder-workspace/.derivedData/Build/Intermediates.noindex/SwiftExplicitPrecompiledModules -clang-scanner-module-cache-path /Users/admin/builder/spi-builder-workspace/.derivedData/ModuleCache.noindex -sdk-module-cache-path /Users/admin/builder/spi-builder-workspace/.derivedData/SDKExplicitPrecompiledModules -emit-dependencies -emit-module -emit-module-path /Users/admin/builder/spi-builder-workspace/.derivedData/Build/Intermediates.noindex/SwiftUI-Shimmer.build/Debug-watchos/Shimmer-t.build/Objects-normal/arm64_32/Shimmer.swiftmodule -serialize-diagnostics -dependency-scan-serialize-diagnostics-path /Users/admin/builder/spi-builder-workspace/.derivedData/Build/Intermediates.noindex/SwiftUI-Shimmer.build/Debug-watchos/Shimmer-t.build/Objects-normal/arm64_32/Shimmer-dependency-scan.dia -validate-clang-modules-once -clang-build-session-file /Users/admin/builder/spi-builder-workspace/.derivedData/ModuleCache.noindex/Session.modulevalidation -Xcc -fmodules-prune-interval\=86400 -Xcc -fmodules-prune-after\=345600 -emit-const-values -const-gather-protocols-list /Users/admin/builder/spi-builder-workspace/.derivedData/Build/Intermediates.noindex/SwiftUI-Shimmer.build/Debug-watchos/Shimmer-t.build/Objects-normal/arm64_32/Shimmer_const_extract_protocols.json -Xcc -I/Users/admin/builder/spi-builder-workspace/.derivedData/Build/Products/Debug-watchos/include -Xcc -I/Users/admin/builder/spi-builder-workspace/.derivedData/Build/Intermediates.noindex/SwiftUI-Shimmer.build/Debug-watchos/Shimmer-t.build/DerivedSources-normal/arm64_32 -Xcc -I/Users/admin/builder/spi-builder-workspace/.derivedData/Build/Intermediates.noindex/SwiftUI-Shimmer.build/Debug-watchos/Shimmer-t.build/DerivedSources/arm64_32 -Xcc -I/Users/admin/builder/spi-builder-workspace/.derivedData/Build/Intermediates.noindex/SwiftUI-Shimmer.build/Debug-watchos/Shimmer-t.build/DerivedSources -Xcc -DSWIFT_PACKAGE -Xcc -DDEBUG\=1 -emit-objc-header -emit-objc-header-path /Users/admin/builder/spi-builder-workspace/.derivedData/Build/Intermediates.noindex/SwiftUI-Shimmer.build/Debug-watchos/Shimmer-t.build/Objects-normal/arm64_32/Shimmer-Swift.h -working-directory /Users/admin/builder/spi-builder-workspace/.swiftpm/xcode -experimental-emit-module-separately -disable-cmo
SwiftDriver Markdown normal arm64_32 com.apple.xcode.tools.swift.compiler (in target 'Markdown' from project 'swift-markdown')
    cd /Users/admin/builder/spi-builder-workspace/.swiftpm/xcode
    builtin-SwiftDriver -- /Applications/Xcode-27.0.0-Release.Candidate.app/Contents/Developer/Toolchains/XcodeDefault.xctoolchain/usr/bin/swiftc -parse-as-library -module-name Markdown -Onone @/Users/admin/builder/spi-builder-workspace/.derivedData/Build/Intermediates.noindex/swift-markdown.build/Debug-watchos/Markdown-t.build/Objects-normal/arm64_32/Markdown.SwiftFileList -DSWIFT_PACKAGE -DDEBUG -DSWIFT_MODULE_RESOURCE_BUNDLE_UNAVAILABLE -Xcc -fmodule-map-file\=/Users/admin/builder/spi-builder-workspace/.dependencies/checkouts/swift-cmark/src/include/module.modulemap -Xcc -fmodule-map-file\=/Users/admin/builder/spi-builder-workspace/.dependencies/checkouts/swift-cmark/extensions/include/module.modulemap -Xcc -fmodule-map-file\=/Users/admin/builder/spi-builder-workspace/.dependencies/checkouts/swift-markdown/Sources/CAtomic/include/module.modulemap -DXcode -plugin-path /Applications/Xcode-27.0.0-Release.Candidate.app/Contents/Developer/Toolchains/XcodeDefault.xctoolchain/usr/lib/swift/host/plugins/testing -enable-experimental-feature DebugDescriptionMacro -sdk /Applications/Xcode-27.0.0-Release.Candidate.app/Contents/Developer/Platforms/WatchOS.platform/Developer/SDKs/WatchOS27.0.sdk -target arm64_32-apple-watchos9.0 -g -module-cache-path /Users/admin/builder/spi-builder-workspace/.derivedData/ModuleCache.noindex -Xfrontend -serialize-debugging-options -profile-coverage-mapping -profile-generate -enable-testing -suppress-warnings -index-store-path /Users/admin/builder/spi-builder-workspace/.derivedData/Index.noindex/DataStore -Xcc -D_LIBCPP_HARDENING_MODE\=_LIBCPP_HARDENING_MODE_DEBUG -swift-version 5 -I /Users/admin/builder/spi-builder-workspace/.derivedData/Build/Products/Debug-watchos -Isystem /Applications/Xcode-27.0.0-Release.Candidate.app/Contents/Developer/Platforms/WatchOS.platform/Developer/usr/lib -F /Users/admin/builder/spi-builder-workspace/.derivedData/Build/Products/Debug-watchos/PackageFrameworks -F /Users/admin/builder/spi-builder-workspace/.derivedData/Build/Products/Debug-watchos -F /Applications/Xcode-27.0.0-Release.Candidate.app/Contents/Developer/Platforms/WatchOS.platform/Developer/Library/Frameworks -F /Applications/Xcode-27.0.0-Release.Candidate.app/Contents/Developer/Platforms/WatchOS.platform/Developer/SDKs/WatchOS27.0.sdk/Developer/Library/Frameworks -c -j10 -enable-batch-mode -incremental -Xcc -ivfsstatcache -Xcc /Users/admin/builder/spi-builder-workspace/.derivedData/SDKStatCaches.noindex/watchos27.0-24R360-e829b21a6f8c9b70876ba0858053c04477534ef55a1706bf4c1112bbb242f0a2.sdkstatcache -output-file-map /Users/admin/builder/spi-builder-workspace/.derivedData/Build/Intermediates.noindex/swift-markdown.build/Debug-watchos/Markdown-t.build/Objects-normal/arm64_32/Markdown-OutputFileMap.json -save-temps -no-color-diagnostics -explicit-module-build -module-cache-path /Users/admin/builder/spi-builder-workspace/.derivedData/Build/Intermediates.noindex/SwiftExplicitPrecompiledModules -clang-scanner-module-cache-path /Users/admin/builder/spi-builder-workspace/.derivedData/ModuleCache.noindex -sdk-module-cache-path /Users/admin/builder/spi-builder-workspace/.derivedData/SDKExplicitPrecompiledModules -emit-dependencies -emit-module -emit-module-path /Users/admin/builder/spi-builder-workspace/.derivedData/Build/Intermediates.noindex/swift-markdown.build/Debug-watchos/Markdown-t.build/Objects-normal/arm64_32/Markdown.swiftmodule -serialize-diagnostics -dependency-scan-serialize-diagnostics-path /Users/admin/builder/spi-builder-workspace/.derivedData/Build/Intermediates.noindex/swift-markdown.build/Debug-watchos/Markdown-t.build/Objects-normal/arm64_32/Markdown-dependency-scan.dia -user-module-version 0.7.3 -validate-clang-modules-once -clang-build-session-file /Users/admin/builder/spi-builder-workspace/.derivedData/ModuleCache.noindex/Session.modulevalidation -Xcc -fmodules-prune-interval\=86400 -Xcc -fmodules-prune-after\=345600 -package-name swift_markdown -emit-const-values -const-gather-protocols-list /Users/admin/builder/spi-builder-workspace/.derivedData/Build/Intermediates.noindex/swift-markdown.build/Debug-watchos/Markdown-t.build/Objects-normal/arm64_32/Markdown_const_extract_protocols.json -Xcc -I/Users/admin/builder/spi-builder-workspace/.dependencies/checkouts/swift-cmark/src/include -Xcc -I/Users/admin/builder/spi-builder-workspace/.dependencies/checkouts/swift-cmark/extensions/include -Xcc -I/Users/admin/builder/spi-builder-workspace/.dependencies/checkouts/swift-markdown/Sources/CAtomic/include -Xcc -I/Users/admin/builder/spi-builder-workspace/.derivedData/Build/Products/Debug-watchos/include -Xcc -I/Users/admin/builder/spi-builder-workspace/.derivedData/Build/Intermediates.noindex/swift-markdown.build/Debug-watchos/Markdown-t.build/DerivedSources-normal/arm64_32 -Xcc -I/Users/admin/builder/spi-builder-workspace/.derivedData/Build/Intermediates.noindex/swift-markdown.build/Debug-watchos/Markdown-t.build/DerivedSources/arm64_32 -Xcc -I/Users/admin/builder/spi-builder-workspace/.derivedData/Build/Intermediates.noindex/swift-markdown.build/Debug-watchos/Markdown-t.build/DerivedSources -Xcc -DSWIFT_PACKAGE -Xcc -DDEBUG\=1 -emit-objc-header -emit-objc-header-path /Users/admin/builder/spi-builder-workspace/.derivedData/Build/Intermediates.noindex/swift-markdown.build/Debug-watchos/Markdown-t.build/Objects-normal/arm64_32/Markdown-Swift.h -working-directory /Users/admin/builder/spi-builder-workspace/.swiftpm/xcode -experimental-emit-module-separately -disable-cmo
SwiftDriver Markdown normal arm64 com.apple.xcode.tools.swift.compiler (in target 'Markdown' from project 'swift-markdown')
    cd /Users/admin/builder/spi-builder-workspace/.swiftpm/xcode
    builtin-SwiftDriver -- /Applications/Xcode-27.0.0-Release.Candidate.app/Contents/Developer/Toolchains/XcodeDefault.xctoolchain/usr/bin/swiftc -parse-as-library -module-name Markdown -Onone @/Users/admin/builder/spi-builder-workspace/.derivedData/Build/Intermediates.noindex/swift-markdown.build/Debug-watchos/Markdown-t.build/Objects-normal/arm64/Markdown.SwiftFileList -DSWIFT_PACKAGE -DDEBUG -DSWIFT_MODULE_RESOURCE_BUNDLE_UNAVAILABLE -Xcc -fmodule-map-file\=/Users/admin/builder/spi-builder-workspace/.dependencies/checkouts/swift-cmark/src/include/module.modulemap -Xcc -fmodule-map-file\=/Users/admin/builder/spi-builder-workspace/.dependencies/checkouts/swift-cmark/extensions/include/module.modulemap -Xcc -fmodule-map-file\=/Users/admin/builder/spi-builder-workspace/.dependencies/checkouts/swift-markdown/Sources/CAtomic/include/module.modulemap -DXcode -plugin-path /Applications/Xcode-27.0.0-Release.Candidate.app/Contents/Developer/Toolchains/XcodeDefault.xctoolchain/usr/lib/swift/host/plugins/testing -enable-experimental-feature DebugDescriptionMacro -sdk /Applications/Xcode-27.0.0-Release.Candidate.app/Contents/Developer/Platforms/WatchOS.platform/Developer/SDKs/WatchOS27.0.sdk -target arm64-apple-watchos9.0 -g -module-cache-path /Users/admin/builder/spi-builder-workspace/.derivedData/ModuleCache.noindex -Xfrontend -serialize-debugging-options -profile-coverage-mapping -profile-generate -enable-testing -suppress-warnings -index-store-path /Users/admin/builder/spi-builder-workspace/.derivedData/Index.noindex/DataStore -Xcc -D_LIBCPP_HARDENING_MODE\=_LIBCPP_HARDENING_MODE_DEBUG -swift-version 5 -I /Users/admin/builder/spi-builder-workspace/.derivedData/Build/Products/Debug-watchos -Isystem /Applications/Xcode-27.0.0-Release.Candidate.app/Contents/Developer/Platforms/WatchOS.platform/Developer/usr/lib -F /Users/admin/builder/spi-builder-workspace/.derivedData/Build/Products/Debug-watchos/PackageFrameworks -F /Users/admin/builder/spi-builder-workspace/.derivedData/Build/Products/Debug-watchos -F /Applications/Xcode-27.0.0-Release.Candidate.app/Contents/Developer/Platforms/WatchOS.platform/Developer/Library/Frameworks -F /Applications/Xcode-27.0.0-Release.Candidate.app/Contents/Developer/Platforms/WatchOS.platform/Developer/SDKs/WatchOS27.0.sdk/Developer/Library/Frameworks -c -j10 -enable-batch-mode -incremental -Xcc -ivfsstatcache -Xcc /Users/admin/builder/spi-builder-workspace/.derivedData/SDKStatCaches.noindex/watchos27.0-24R360-e829b21a6f8c9b70876ba0858053c04477534ef55a1706bf4c1112bbb242f0a2.sdkstatcache -output-file-map /Users/admin/builder/spi-builder-workspace/.derivedData/Build/Intermediates.noindex/swift-markdown.build/Debug-watchos/Markdown-t.build/Objects-normal/arm64/Markdown-OutputFileMap.json -save-temps -no-color-diagnostics -explicit-module-build -module-cache-path /Users/admin/builder/spi-builder-workspace/.derivedData/Build/Intermediates.noindex/SwiftExplicitPrecompiledModules -clang-scanner-module-cache-path /Users/admin/builder/spi-builder-workspace/.derivedData/ModuleCache.noindex -sdk-module-cache-path /Users/admin/builder/spi-builder-workspace/.derivedData/SDKExplicitPrecompiledModules -emit-dependencies -emit-module -emit-module-path /Users/admin/builder/spi-builder-workspace/.derivedData/Build/Intermediates.noindex/swift-markdown.build/Debug-watchos/Markdown-t.build/Objects-normal/arm64/Markdown.swiftmodule -serialize-diagnostics -dependency-scan-serialize-diagnostics-path /Users/admin/builder/spi-builder-workspace/.derivedData/Build/Intermediates.noindex/swift-markdown.build/Debug-watchos/Markdown-t.build/Objects-normal/arm64/Markdown-dependency-scan.dia -user-module-version 0.7.3 -validate-clang-modules-once -clang-build-session-file /Users/admin/builder/spi-builder-workspace/.derivedData/ModuleCache.noindex/Session.modulevalidation -Xcc -fmodules-prune-interval\=86400 -Xcc -fmodules-prune-after\=345600 -package-name swift_markdown -emit-const-values -const-gather-protocols-list /Users/admin/builder/spi-builder-workspace/.derivedData/Build/Intermediates.noindex/swift-markdown.build/Debug-watchos/Markdown-t.build/Objects-normal/arm64/Markdown_const_extract_protocols.json -Xcc -I/Users/admin/builder/spi-builder-workspace/.dependencies/checkouts/swift-cmark/src/include -Xcc -I/Users/admin/builder/spi-builder-workspace/.dependencies/checkouts/swift-cmark/extensions/include -Xcc -I/Users/admin/builder/spi-builder-workspace/.dependencies/checkouts/swift-markdown/Sources/CAtomic/include -Xcc -I/Users/admin/builder/spi-builder-workspace/.derivedData/Build/Products/Debug-watchos/include -Xcc -I/Users/admin/builder/spi-builder-workspace/.derivedData/Build/Intermediates.noindex/swift-markdown.build/Debug-watchos/Markdown-t.build/DerivedSources-normal/arm64 -Xcc -I/Users/admin/builder/spi-builder-workspace/.derivedData/Build/Intermediates.noindex/swift-markdown.build/Debug-watchos/Markdown-t.build/DerivedSources/arm64 -Xcc -I/Users/admin/builder/spi-builder-workspace/.derivedData/Build/Intermediates.noindex/swift-markdown.build/Debug-watchos/Markdown-t.build/DerivedSources -Xcc -DSWIFT_PACKAGE -Xcc -DDEBUG\=1 -emit-objc-header -emit-objc-header-path /Users/admin/builder/spi-builder-workspace/.derivedData/Build/Intermediates.noindex/swift-markdown.build/Debug-watchos/Markdown-t.build/Objects-normal/arm64/Markdown-Swift.h -working-directory /Users/admin/builder/spi-builder-workspace/.swiftpm/xcode -experimental-emit-module-separately -disable-cmo
SwiftDriver HighlightSwift normal arm64 com.apple.xcode.tools.swift.compiler (in target 'HighlightSwift' from project 'HighlightSwift')
    cd /Users/admin/builder/spi-builder-workspace/.swiftpm/xcode
    builtin-SwiftDriver -- /Applications/Xcode-27.0.0-Release.Candidate.app/Contents/Developer/Toolchains/XcodeDefault.xctoolchain/usr/bin/swiftc -parse-as-library -module-name HighlightSwift -Onone @/Users/admin/builder/spi-builder-workspace/.derivedData/Build/Intermediates.noindex/HighlightSwift.build/Debug-watchos/HighlightSwift-t.build/Objects-normal/arm64/HighlightSwift.SwiftFileList -DSWIFT_PACKAGE -DDEBUG -DSWIFT_MODULE_RESOURCE_BUNDLE_AVAILABLE -DXcode -enable-experimental-feature StrictConcurrency -plugin-path /Applications/Xcode-27.0.0-Release.Candidate.app/Contents/Developer/Toolchains/XcodeDefault.xctoolchain/usr/lib/swift/host/plugins/testing -enable-experimental-feature DebugDescriptionMacro -sdk /Applications/Xcode-27.0.0-Release.Candidate.app/Contents/Developer/Platforms/WatchOS.platform/Developer/SDKs/WatchOS27.0.sdk -target arm64-apple-watchos9.0 -g -module-cache-path /Users/admin/builder/spi-builder-workspace/.derivedData/ModuleCache.noindex -Xfrontend -serialize-debugging-options -profile-coverage-mapping -profile-generate -enable-testing -suppress-warnings -index-store-path /Users/admin/builder/spi-builder-workspace/.derivedData/Index.noindex/DataStore -Xcc -D_LIBCPP_HARDENING_MODE\=_LIBCPP_HARDENING_MODE_DEBUG -swift-version 5 -I /Users/admin/builder/spi-builder-workspace/.derivedData/Build/Products/Debug-watchos -Isystem /Applications/Xcode-27.0.0-Release.Candidate.app/Contents/Developer/Platforms/WatchOS.platform/Developer/usr/lib -F /Users/admin/builder/spi-builder-workspace/.derivedData/Build/Products/Debug-watchos -F /Applications/Xcode-27.0.0-Release.Candidate.app/Contents/Developer/Platforms/WatchOS.platform/Developer/Library/Frameworks -F /Applications/Xcode-27.0.0-Release.Candidate.app/Contents/Developer/Platforms/WatchOS.platform/Developer/SDKs/WatchOS27.0.sdk/Developer/Library/Frameworks -c -j10 -enable-batch-mode -incremental -Xcc -ivfsstatcache -Xcc /Users/admin/builder/spi-builder-workspace/.derivedData/SDKStatCaches.noindex/watchos27.0-24R360-e829b21a6f8c9b70876ba0858053c04477534ef55a1706bf4c1112bbb242f0a2.sdkstatcache -output-file-map /Users/admin/builder/spi-builder-workspace/.derivedData/Build/Intermediates.noindex/HighlightSwift.build/Debug-watchos/HighlightSwift-t.build/Objects-normal/arm64/HighlightSwift-OutputFileMap.json -save-temps -no-color-diagnostics -explicit-module-build -module-cache-path /Users/admin/builder/spi-builder-workspace/.derivedData/Build/Intermediates.noindex/SwiftExplicitPrecompiledModules -clang-scanner-module-cache-path /Users/admin/builder/spi-builder-workspace/.derivedData/ModuleCache.noindex -sdk-module-cache-path /Users/admin/builder/spi-builder-workspace/.derivedData/SDKExplicitPrecompiledModules -emit-dependencies -emit-module -emit-module-path /Users/admin/builder/spi-builder-workspace/.derivedData/Build/Intermediates.noindex/HighlightSwift.build/Debug-watchos/HighlightSwift-t.build/Objects-normal/arm64/HighlightSwift.swiftmodule -serialize-diagnostics -dependency-scan-serialize-diagnostics-path /Users/admin/builder/spi-builder-workspace/.derivedData/Build/Intermediates.noindex/HighlightSwift.build/Debug-watchos/HighlightSwift-t.build/Objects-normal/arm64/HighlightSwift-dependency-scan.dia -validate-clang-modules-once -clang-build-session-file /Users/admin/builder/spi-builder-workspace/.derivedData/ModuleCache.noindex/Session.modulevalidation -Xcc -fmodules-prune-interval\=86400 -Xcc -fmodules-prune-after\=345600 -package-name highlightswift -emit-const-values -const-gather-protocols-list /Users/admin/builder/spi-builder-workspace/.derivedData/Build/Intermediates.noindex/HighlightSwift.build/Debug-watchos/HighlightSwift-t.build/Objects-normal/arm64/HighlightSwift_const_extract_protocols.json -Xcc -I/Users/admin/builder/spi-builder-workspace/.derivedData/Build/Products/Debug-watchos/include -Xcc -I/Users/admin/builder/spi-builder-workspace/.derivedData/Build/Intermediates.noindex/HighlightSwift.build/Debug-watchos/HighlightSwift-t.build/DerivedSources-normal/arm64 -Xcc -I/Users/admin/builder/spi-builder-workspace/.derivedData/Build/Intermediates.noindex/HighlightSwift.build/Debug-watchos/HighlightSwift-t.build/DerivedSources/arm64 -Xcc -I/Users/admin/builder/spi-builder-workspace/.derivedData/Build/Intermediates.noindex/HighlightSwift.build/Debug-watchos/HighlightSwift-t.build/DerivedSources -Xcc -DSWIFT_PACKAGE -Xcc -DDEBUG\=1 -emit-objc-header -emit-objc-header-path /Users/admin/builder/spi-builder-workspace/.derivedData/Build/Intermediates.noindex/HighlightSwift.build/Debug-watchos/HighlightSwift-t.build/Objects-normal/arm64/HighlightSwift-Swift.h -working-directory /Users/admin/builder/spi-builder-workspace/.swiftpm/xcode -experimental-emit-module-separately -disable-cmo
/Users/admin/builder/spi-builder-workspace/.dependencies/checkouts/highlightswift/Sources/HighlightSwift/HLJS/HLJS.swift:1:8: error: Unable to resolve module dependency: 'JavaScriptCore' (in target 'HighlightSwift' from project 'HighlightSwift')
    note: A dependency of main module 'HighlightSwift'
/Users/admin/builder/spi-builder-workspace/.dependencies/checkouts/highlightswift/Sources/HighlightSwift/HLJS/HLJS.swift:1:8: note: A dependency of main module 'HighlightSwift'
import JavaScriptCore
       ^ (in target 'HighlightSwift' from project 'HighlightSwift')
SwiftDriver HighlightSwift normal arm64_32 com.apple.xcode.tools.swift.compiler (in target 'HighlightSwift' from project 'HighlightSwift')
    cd /Users/admin/builder/spi-builder-workspace/.swiftpm/xcode
    builtin-SwiftDriver -- /Applications/Xcode-27.0.0-Release.Candidate.app/Contents/Developer/Toolchains/XcodeDefault.xctoolchain/usr/bin/swiftc -parse-as-library -module-name HighlightSwift -Onone @/Users/admin/builder/spi-builder-workspace/.derivedData/Build/Intermediates.noindex/HighlightSwift.build/Debug-watchos/HighlightSwift-t.build/Objects-normal/arm64_32/HighlightSwift.SwiftFileList -DSWIFT_PACKAGE -DDEBUG -DSWIFT_MODULE_RESOURCE_BUNDLE_AVAILABLE -DXcode -enable-experimental-feature StrictConcurrency -plugin-path /Applications/Xcode-27.0.0-Release.Candidate.app/Contents/Developer/Toolchains/XcodeDefault.xctoolchain/usr/lib/swift/host/plugins/testing -enable-experimental-feature DebugDescriptionMacro -sdk /Applications/Xcode-27.0.0-Release.Candidate.app/Contents/Developer/Platforms/WatchOS.platform/Developer/SDKs/WatchOS27.0.sdk -target arm64_32-apple-watchos9.0 -g -module-cache-path /Users/admin/builder/spi-builder-workspace/.derivedData/ModuleCache.noindex -Xfrontend -serialize-debugging-options -profile-coverage-mapping -profile-generate -enable-testing -suppress-warnings -index-store-path /Users/admin/builder/spi-builder-workspace/.derivedData/Index.noindex/DataStore -Xcc -D_LIBCPP_HARDENING_MODE\=_LIBCPP_HARDENING_MODE_DEBUG -swift-version 5 -I /Users/admin/builder/spi-builder-workspace/.derivedData/Build/Products/Debug-watchos -Isystem /Applications/Xcode-27.0.0-Release.Candidate.app/Contents/Developer/Platforms/WatchOS.platform/Developer/usr/lib -F /Users/admin/builder/spi-builder-workspace/.derivedData/Build/Products/Debug-watchos -F /Applications/Xcode-27.0.0-Release.Candidate.app/Contents/Developer/Platforms/WatchOS.platform/Developer/Library/Frameworks -F /Applications/Xcode-27.0.0-Release.Candidate.app/Contents/Developer/Platforms/WatchOS.platform/Developer/SDKs/WatchOS27.0.sdk/Developer/Library/Frameworks -c -j10 -enable-batch-mode -incremental -Xcc -ivfsstatcache -Xcc /Users/admin/builder/spi-builder-workspace/.derivedData/SDKStatCaches.noindex/watchos27.0-24R360-e829b21a6f8c9b70876ba0858053c04477534ef55a1706bf4c1112bbb242f0a2.sdkstatcache -output-file-map /Users/admin/builder/spi-builder-workspace/.derivedData/Build/Intermediates.noindex/HighlightSwift.build/Debug-watchos/HighlightSwift-t.build/Objects-normal/arm64_32/HighlightSwift-OutputFileMap.json -save-temps -no-color-diagnostics -explicit-module-build -module-cache-path /Users/admin/builder/spi-builder-workspace/.derivedData/Build/Intermediates.noindex/SwiftExplicitPrecompiledModules -clang-scanner-module-cache-path /Users/admin/builder/spi-builder-workspace/.derivedData/ModuleCache.noindex -sdk-module-cache-path /Users/admin/builder/spi-builder-workspace/.derivedData/SDKExplicitPrecompiledModules -emit-dependencies -emit-module -emit-module-path /Users/admin/builder/spi-builder-workspace/.derivedData/Build/Intermediates.noindex/HighlightSwift.build/Debug-watchos/HighlightSwift-t.build/Objects-normal/arm64_32/HighlightSwift.swiftmodule -serialize-diagnostics -dependency-scan-serialize-diagnostics-path /Users/admin/builder/spi-builder-workspace/.derivedData/Build/Intermediates.noindex/HighlightSwift.build/Debug-watchos/HighlightSwift-t.build/Objects-normal/arm64_32/HighlightSwift-dependency-scan.dia -validate-clang-modules-once -clang-build-session-file /Users/admin/builder/spi-builder-workspace/.derivedData/ModuleCache.noindex/Session.modulevalidation -Xcc -fmodules-prune-interval\=86400 -Xcc -fmodules-prune-after\=345600 -package-name highlightswift -emit-const-values -const-gather-protocols-list /Users/admin/builder/spi-builder-workspace/.derivedData/Build/Intermediates.noindex/HighlightSwift.build/Debug-watchos/HighlightSwift-t.build/Objects-normal/arm64_32/HighlightSwift_const_extract_protocols.json -Xcc -I/Users/admin/builder/spi-builder-workspace/.derivedData/Build/Products/Debug-watchos/include -Xcc -I/Users/admin/builder/spi-builder-workspace/.derivedData/Build/Intermediates.noindex/HighlightSwift.build/Debug-watchos/HighlightSwift-t.build/DerivedSources-normal/arm64_32 -Xcc -I/Users/admin/builder/spi-builder-workspace/.derivedData/Build/Intermediates.noindex/HighlightSwift.build/Debug-watchos/HighlightSwift-t.build/DerivedSources/arm64_32 -Xcc -I/Users/admin/builder/spi-builder-workspace/.derivedData/Build/Intermediates.noindex/HighlightSwift.build/Debug-watchos/HighlightSwift-t.build/DerivedSources -Xcc -DSWIFT_PACKAGE -Xcc -DDEBUG\=1 -emit-objc-header -emit-objc-header-path /Users/admin/builder/spi-builder-workspace/.derivedData/Build/Intermediates.noindex/HighlightSwift.build/Debug-watchos/HighlightSwift-t.build/Objects-normal/arm64_32/HighlightSwift-Swift.h -working-directory /Users/admin/builder/spi-builder-workspace/.swiftpm/xcode -experimental-emit-module-separately -disable-cmo
/Users/admin/builder/spi-builder-workspace/.dependencies/checkouts/highlightswift/Sources/HighlightSwift/HLJS/HLJS.swift:1:8: error: Unable to resolve module dependency: 'JavaScriptCore' (in target 'HighlightSwift' from project 'HighlightSwift')
    note: A dependency of main module 'HighlightSwift'
/Users/admin/builder/spi-builder-workspace/.dependencies/checkouts/highlightswift/Sources/HighlightSwift/HLJS/HLJS.swift:1:8: note: A dependency of main module 'HighlightSwift'
import JavaScriptCore
       ^ (in target 'HighlightSwift' from project 'HighlightSwift')
PrecompileModule /Users/admin/builder/spi-builder-workspace/.derivedData/Build/Intermediates.noindex/ExplicitPrecompiledModules/_Builtin_stdbool-4FRMTPV81H51QCAVL92ATFHY2.scan
    cd /
    builtin-precompileModule /Users/admin/builder/spi-builder-workspace/.derivedData/Build/Intermediates.noindex/ExplicitPrecompiledModules/_Builtin_stdbool-4FRMTPV81H51QCAVL92ATFHY2.scan
PrecompileModule /Users/admin/builder/spi-builder-workspace/.derivedData/Build/Intermediates.noindex/ExplicitPrecompiledModules/ptrcheck-AG7POCMG9CLBF0ZSF80OK7JD1.scan
    cd /
    builtin-precompileModule /Users/admin/builder/spi-builder-workspace/.derivedData/Build/Intermediates.noindex/ExplicitPrecompiledModules/ptrcheck-AG7POCMG9CLBF0ZSF80OK7JD1.scan
PrecompileModule /Users/admin/builder/spi-builder-workspace/.derivedData/Build/Intermediates.noindex/ExplicitPrecompiledModules/_Builtin_stddef-3PTFC0TI8ST8RQ327R0ES200M.scan
    cd /
    builtin-precompileModule /Users/admin/builder/spi-builder-workspace/.derivedData/Build/Intermediates.noindex/ExplicitPrecompiledModules/_Builtin_stddef-3PTFC0TI8ST8RQ327R0ES200M.scan
PrecompileModule /Users/admin/builder/spi-builder-workspace/.derivedData/Build/Intermediates.noindex/ExplicitPrecompiledModules/_Builtin_stdint-61DBY1OPUMSQTI3GB2MXHOOX9.scan
    cd /
    builtin-precompileModule /Users/admin/builder/spi-builder-workspace/.derivedData/Build/Intermediates.noindex/ExplicitPrecompiledModules/_Builtin_stdint-61DBY1OPUMSQTI3GB2MXHOOX9.scan
PrecompileModule /Users/admin/builder/spi-builder-workspace/.derivedData/Build/Intermediates.noindex/ExplicitPrecompiledModules/_Builtin_float-8FQTUSWX0EIXIHN62LPGVPUGD.scan
    cd /
    builtin-precompileModule /Users/admin/builder/spi-builder-workspace/.derivedData/Build/Intermediates.noindex/ExplicitPrecompiledModules/_Builtin_float-8FQTUSWX0EIXIHN62LPGVPUGD.scan
PrecompileModule /Users/admin/builder/spi-builder-workspace/.derivedData/Build/Intermediates.noindex/ExplicitPrecompiledModules/ptrauth-BKO8BMM8EMA0CLEKAZP13VXWS.scan
    cd /
    builtin-precompileModule /Users/admin/builder/spi-builder-workspace/.derivedData/Build/Intermediates.noindex/ExplicitPrecompiledModules/ptrauth-BKO8BMM8EMA0CLEKAZP13VXWS.scan
PrecompileModule /Users/admin/builder/spi-builder-workspace/.derivedData/Build/Intermediates.noindex/ExplicitPrecompiledModules/_Builtin_stdarg-2SWSTXEVT17GJOVBI1YJW9RDK.scan
    cd /
    builtin-precompileModule /Users/admin/builder/spi-builder-workspace/.derivedData/Build/Intermediates.noindex/ExplicitPrecompiledModules/_Builtin_stdarg-2SWSTXEVT17GJOVBI1YJW9RDK.scan
PrecompileModule /Users/admin/builder/spi-builder-workspace/.derivedData/Build/Intermediates.noindex/ExplicitPrecompiledModules/_AvailabilityInternal-DGWS1AKVM7ZT0APMUPL00BO97.scan
    cd /
    builtin-precompileModule /Users/admin/builder/spi-builder-workspace/.derivedData/Build/Intermediates.noindex/ExplicitPrecompiledModules/_AvailabilityInternal-DGWS1AKVM7ZT0APMUPL00BO97.scan
ScanDependencies /Users/admin/builder/spi-builder-workspace/.derivedData/Build/Intermediates.noindex/iosMath.build/Debug-watchos/iosMath-t.build/Objects-normal/arm64/MTLabel.o /Users/admin/builder/spi-builder-workspace/.dependencies/checkouts/iosMath/iosMath/render/MTLabel.m normal arm64 objective-c com.apple.compilers.llvm.clang.1_0.compiler (in target 'iosMath' from project 'iosMath')
    cd /Users/admin/builder/spi-builder-workspace/.swiftpm/xcode

    Using response file: /Users/admin/builder/spi-builder-workspace/.derivedData/Build/Intermediates.noindex/iosMath.build/Debug-watchos/iosMath-t.build/Objects-normal/arm64/e6072d4f65d7061329687fe24e3d63a7-common-args.resp

    builtin-ScanDependencies -o /Users/admin/builder/spi-builder-workspace/.derivedData/Build/Intermediates.noindex/iosMath.build/Debug-watchos/iosMath-t.build/Objects-normal/arm64/MTLabel.o.scan -- /Applications/Xcode-27.0.0-Release.Candidate.app/Contents/Developer/Toolchains/XcodeDefault.xctoolchain/usr/bin/clang -x objective-c -ivfsstatcache /Users/admin/builder/spi-builder-workspace/.derivedData/SDKStatCaches.noindex/watchos27.0-24R360-e829b21a6f8c9b70876ba0858053c04477534ef55a1706bf4c1112bbb242f0a2.sdkstatcache -target arm64-apple-watchos9.0 -fmessage-length\=0 -fdiagnostics-show-note-include-stack -fmacro-backtrace-limit\=0 -fno-color-diagnostics -fmodules-prune-interval\=86400 -fmodules-prune-after\=345600 -fbuild-session-file\=/Users/admin/builder/spi-builder-workspace/.derivedData/ModuleCache.noindex/Session.modulevalidation -fmodules-validate-once-per-build-session -Wnon-modular-include-in-framework-module -Werror\=non-modular-include-in-framework-module -Wno-trigraphs -Wno-missing-field-initializers -Wno-missing-prototypes -Wno-return-type -Wno-implicit-atomic-properties -Wno-objc-interface-ivars -Wno-arc-repeated-use-of-weak -Wno-missing-braces -Wparentheses -Wswitch -Wno-unused-function -Wno-unused-label -Wno-unused-parameter -Wno-unused-variable -Wunused-value -Wno-empty-body -Wno-uninitialized -Wno-unknown-pragmas -w -Wno-shadow -Wno-four-char-constants -Wno-conversion -Wno-constant-conversion -Wno-int-conversion -Wno-bool-conversion -Wno-enum-conversion -Wno-float-conversion -Wno-non-literal-null-conversion -Wno-objc-literal-conversion -Wshorten-64-to-32 -Wpointer-sign -Wno-newline-eof -Wno-selector -Wno-strict-selector-match -Wno-undeclared-selector -Wno-deprecated-implementations -Wno-implicit-fallthrough -isysroot /Applications/Xcode-27.0.0-Release.Candidate.app/Contents/Developer/Platforms/WatchOS.platform/Developer/SDKs/WatchOS27.0.sdk -fstrict-aliasing -Wprotocol -Wdeprecated-declarations -Wno-sign-conversion -Wno-infinite-recursion -Wno-comma -Wno-block-capture-autoreleasing -Wno-strict-prototypes -Wno-semicolon-before-method-body -index-store-path /Users/admin/builder/spi-builder-workspace/.derivedData/Index.noindex/DataStore @/Users/admin/builder/spi-builder-workspace/.derivedData/Build/Intermediates.noindex/iosMath.build/Debug-watchos/iosMath-t.build/Objects-normal/arm64/e6072d4f65d7061329687fe24e3d63a7-common-args.resp -include /Users/admin/builder/spi-builder-workspace/.derivedData/Build/Intermediates.noindex/iosMath.build/Debug-watchos/iosMath-t.build/DerivedSources/resource_bundle_accessor.h -MMD -MT dependencies -MF /Users/admin/builder/spi-builder-workspace/.derivedData/Build/Intermediates.noindex/iosMath.build/Debug-watchos/iosMath-t.build/Objects-normal/arm64/MTLabel.d --serialize-diagnostics /Users/admin/builder/spi-builder-workspace/.derivedData/Build/Intermediates.noindex/iosMath.build/Debug-watchos/iosMath-t.build/Objects-normal/arm64/MTLabel.dia -c /Users/admin/builder/spi-builder-workspace/.dependencies/checkouts/iosMath/iosMath/render/MTLabel.m -o /Users/admin/builder/spi-builder-workspace/.derivedData/Build/Intermediates.noindex/iosMath.build/Debug-watchos/iosMath-t.build/Objects-normal/arm64/MTLabel.o -index-unit-output-path /iosMath.build/Debug-watchos/iosMath-t.build/Objects-normal/arm64/MTLabel.o
PrecompileModule /Users/admin/builder/spi-builder-workspace/.derivedData/Build/Intermediates.noindex/ExplicitPrecompiledModules/_DarwinFoundation3-AI769PFXZYEQFCHXEV0Z7SRDK.scan
    cd /
    builtin-precompileModule /Users/admin/builder/spi-builder-workspace/.derivedData/Build/Intermediates.noindex/ExplicitPrecompiledModules/_DarwinFoundation3-AI769PFXZYEQFCHXEV0Z7SRDK.scan
ScanDependencies /Users/admin/builder/spi-builder-workspace/.derivedData/Build/Intermediates.noindex/iosMath.build/Debug-watchos/iosMath-t.build/Objects-normal/arm64/MTFontMathTable.o /Users/admin/builder/spi-builder-workspace/.dependencies/checkouts/iosMath/iosMath/render/internal/MTFontMathTable.m normal arm64 objective-c com.apple.compilers.llvm.clang.1_0.compiler (in target 'iosMath' from project 'iosMath')
    cd /Users/admin/builder/spi-builder-workspace/.swiftpm/xcode

    Using response file: /Users/admin/builder/spi-builder-workspace/.derivedData/Build/Intermediates.noindex/iosMath.build/Debug-watchos/iosMath-t.build/Objects-normal/arm64/e6072d4f65d7061329687fe24e3d63a7-common-args.resp

    builtin-ScanDependencies -o /Users/admin/builder/spi-builder-workspace/.derivedData/Build/Intermediates.noindex/iosMath.build/Debug-watchos/iosMath-t.build/Objects-normal/arm64/MTFontMathTable.o.scan -- /Applications/Xcode-27.0.0-Release.Candidate.app/Contents/Developer/Toolchains/XcodeDefault.xctoolchain/usr/bin/clang -x objective-c -ivfsstatcache /Users/admin/builder/spi-builder-workspace/.derivedData/SDKStatCaches.noindex/watchos27.0-24R360-e829b21a6f8c9b70876ba0858053c04477534ef55a1706bf4c1112bbb242f0a2.sdkstatcache -target arm64-apple-watchos9.0 -fmessage-length\=0 -fdiagnostics-show-note-include-stack -fmacro-backtrace-limit\=0 -fno-color-diagnostics -fmodules-prune-interval\=86400 -fmodules-prune-after\=345600 -fbuild-session-file\=/Users/admin/builder/spi-builder-workspace/.derivedData/ModuleCache.noindex/Session.modulevalidation -fmodules-validate-once-per-build-session -Wnon-modular-include-in-framework-module -Werror\=non-modular-include-in-framework-module -Wno-trigraphs -Wno-missing-field-initializers -Wno-missing-prototypes -Wno-return-type -Wno-implicit-atomic-properties -Wno-objc-interface-ivars -Wno-arc-repeated-use-of-weak -Wno-missing-braces -Wparentheses -Wswitch -Wno-unused-function -Wno-unused-label -Wno-unused-parameter -Wno-unused-variable -Wunused-value -Wno-empty-body -Wno-uninitialized -Wno-unknown-pragmas -w -Wno-shadow -Wno-four-char-constants -Wno-conversion -Wno-constant-conversion -Wno-int-conversion -Wno-bool-conversion -Wno-enum-conversion -Wno-float-conversion -Wno-non-literal-null-conversion -Wno-objc-literal-conversion -Wshorten-64-to-32 -Wpointer-sign -Wno-newline-eof -Wno-selector -Wno-strict-selector-match -Wno-undeclared-selector -Wno-deprecated-implementations -Wno-implicit-fallthrough -isysroot /Applications/Xcode-27.0.0-Release.Candidate.app/Contents/Developer/Platforms/WatchOS.platform/Developer/SDKs/WatchOS27.0.sdk -fstrict-aliasing -Wprotocol -Wdeprecated-declarations -Wno-sign-conversion -Wno-infinite-recursion -Wno-comma -Wno-block-capture-autoreleasing -Wno-strict-prototypes -Wno-semicolon-before-method-body -index-store-path /Users/admin/builder/spi-builder-workspace/.derivedData/Index.noindex/DataStore @/Users/admin/builder/spi-builder-workspace/.derivedData/Build/Intermediates.noindex/iosMath.build/Debug-watchos/iosMath-t.build/Objects-normal/arm64/e6072d4f65d7061329687fe24e3d63a7-common-args.resp -include /Users/admin/builder/spi-builder-workspace/.derivedData/Build/Intermediates.noindex/iosMath.build/Debug-watchos/iosMath-t.build/DerivedSources/resource_bundle_accessor.h -MMD -MT dependencies -MF /Users/admin/builder/spi-builder-workspace/.derivedData/Build/Intermediates.noindex/iosMath.build/Debug-watchos/iosMath-t.build/Objects-normal/arm64/MTFontMathTable.d --serialize-diagnostics /Users/admin/builder/spi-builder-workspace/.derivedData/Build/Intermediates.noindex/iosMath.build/Debug-watchos/iosMath-t.build/Objects-normal/arm64/MTFontMathTable.dia -c /Users/admin/builder/spi-builder-workspace/.dependencies/checkouts/iosMath/iosMath/render/internal/MTFontMathTable.m -o /Users/admin/builder/spi-builder-workspace/.derivedData/Build/Intermediates.noindex/iosMath.build/Debug-watchos/iosMath-t.build/Objects-normal/arm64/MTFontMathTable.o -index-unit-output-path /iosMath.build/Debug-watchos/iosMath-t.build/Objects-normal/arm64/MTFontMathTable.o
ScanDependencies /Users/admin/builder/spi-builder-workspace/.derivedData/Build/Intermediates.noindex/iosMath.build/Debug-watchos/iosMath-t.build/Objects-normal/arm64/MTFontManager.o /Users/admin/builder/spi-builder-workspace/.dependencies/checkouts/iosMath/iosMath/render/MTFontManager.m normal arm64 objective-c com.apple.compilers.llvm.clang.1_0.compiler (in target 'iosMath' from project 'iosMath')
    cd /Users/admin/builder/spi-builder-workspace/.swiftpm/xcode

    Using response file: /Users/admin/builder/spi-builder-workspace/.derivedData/Build/Intermediates.noindex/iosMath.build/Debug-watchos/iosMath-t.build/Objects-normal/arm64/e6072d4f65d7061329687fe24e3d63a7-common-args.resp

    builtin-ScanDependencies -o /Users/admin/builder/spi-builder-workspace/.derivedData/Build/Intermediates.noindex/iosMath.build/Debug-watchos/iosMath-t.build/Objects-normal/arm64/MTFontManager.o.scan -- /Applications/Xcode-27.0.0-Release.Candidate.app/Contents/Developer/Toolchains/XcodeDefault.xctoolchain/usr/bin/clang -x objective-c -ivfsstatcache /Users/admin/builder/spi-builder-workspace/.derivedData/SDKStatCaches.noindex/watchos27.0-24R360-e829b21a6f8c9b70876ba0858053c04477534ef55a1706bf4c1112bbb242f0a2.sdkstatcache -target arm64-apple-watchos9.0 -fmessage-length\=0 -fdiagnostics-show-note-include-stack -fmacro-backtrace-limit\=0 -fno-color-diagnostics -fmodules-prune-interval\=86400 -fmodules-prune-after\=345600 -fbuild-session-file\=/Users/admin/builder/spi-builder-workspace/.derivedData/ModuleCache.noindex/Session.modulevalidation -fmodules-validate-once-per-build-session -Wnon-modular-include-in-framework-module -Werror\=non-modular-include-in-framework-module -Wno-trigraphs -Wno-missing-field-initializers -Wno-missing-prototypes -Wno-return-type -Wno-implicit-atomic-properties -Wno-objc-interface-ivars -Wno-arc-repeated-use-of-weak -Wno-missing-braces -Wparentheses -Wswitch -Wno-unused-function -Wno-unused-label -Wno-unused-parameter -Wno-unused-variable -Wunused-value -Wno-empty-body -Wno-uninitialized -Wno-unknown-pragmas -w -Wno-shadow -Wno-four-char-constants -Wno-conversion -Wno-constant-conversion -Wno-int-conversion -Wno-bool-conversion -Wno-enum-conversion -Wno-float-conversion -Wno-non-literal-null-conversion -Wno-objc-literal-conversion -Wshorten-64-to-32 -Wpointer-sign -Wno-newline-eof -Wno-selector -Wno-strict-selector-match -Wno-undeclared-selector -Wno-deprecated-implementations -Wno-implicit-fallthrough -isysroot /Applications/Xcode-27.0.0-Release.Candidate.app/Contents/Developer/Platforms/WatchOS.platform/Developer/SDKs/WatchOS27.0.sdk -fstrict-aliasing -Wprotocol -Wdeprecated-declarations -Wno-sign-conversion -Wno-infinite-recursion -Wno-comma -Wno-block-capture-autoreleasing -Wno-strict-prototypes -Wno-semicolon-before-method-body -index-store-path /Users/admin/builder/spi-builder-workspace/.derivedData/Index.noindex/DataStore @/Users/admin/builder/spi-builder-workspace/.derivedData/Build/Intermediates.noindex/iosMath.build/Debug-watchos/iosMath-t.build/Objects-normal/arm64/e6072d4f65d7061329687fe24e3d63a7-common-args.resp -include /Users/admin/builder/spi-builder-workspace/.derivedData/Build/Intermediates.noindex/iosMath.build/Debug-watchos/iosMath-t.build/DerivedSources/resource_bundle_accessor.h -MMD -MT dependencies -MF /Users/admin/builder/spi-builder-workspace/.derivedData/Build/Intermediates.noindex/iosMath.build/Debug-watchos/iosMath-t.build/Objects-normal/arm64/MTFontManager.d --serialize-diagnostics /Users/admin/builder/spi-builder-workspace/.derivedData/Build/Intermediates.noindex/iosMath.build/Debug-watchos/iosMath-t.build/Objects-normal/arm64/MTFontManager.dia -c /Users/admin/builder/spi-builder-workspace/.dependencies/checkouts/iosMath/iosMath/render/MTFontManager.m -o /Users/admin/builder/spi-builder-workspace/.derivedData/Build/Intermediates.noindex/iosMath.build/Debug-watchos/iosMath-t.build/Objects-normal/arm64/MTFontManager.o -index-unit-output-path /iosMath.build/Debug-watchos/iosMath-t.build/Objects-normal/arm64/MTFontManager.o
PrecompileModule /Users/admin/builder/spi-builder-workspace/.derivedData/Build/Intermediates.noindex/ExplicitPrecompiledModules/_DarwinFoundation1-BSFTAH7FLKWQ3UY3PT7EWIGBW.scan
    cd /
    builtin-precompileModule /Users/admin/builder/spi-builder-workspace/.derivedData/Build/Intermediates.noindex/ExplicitPrecompiledModules/_DarwinFoundation1-BSFTAH7FLKWQ3UY3PT7EWIGBW.scan
ScanDependencies /Users/admin/builder/spi-builder-workspace/.derivedData/Build/Intermediates.noindex/iosMath.build/Debug-watchos/iosMath-t.build/Objects-normal/arm64/MTFont.o /Users/admin/builder/spi-builder-workspace/.dependencies/checkouts/iosMath/iosMath/render/MTFont.m normal arm64 objective-c com.apple.compilers.llvm.clang.1_0.compiler (in target 'iosMath' from project 'iosMath')
    cd /Users/admin/builder/spi-builder-workspace/.swiftpm/xcode

    Using response file: /Users/admin/builder/spi-builder-workspace/.derivedData/Build/Intermediates.noindex/iosMath.build/Debug-watchos/iosMath-t.build/Objects-normal/arm64/e6072d4f65d7061329687fe24e3d63a7-common-args.resp

    builtin-ScanDependencies -o /Users/admin/builder/spi-builder-workspace/.derivedData/Build/Intermediates.noindex/iosMath.build/Debug-watchos/iosMath-t.build/Objects-normal/arm64/MTFont.o.scan -- /Applications/Xcode-27.0.0-Release.Candidate.app/Contents/Developer/Toolchains/XcodeDefault.xctoolchain/usr/bin/clang -x objective-c -ivfsstatcache /Users/admin/builder/spi-builder-workspace/.derivedData/SDKStatCaches.noindex/watchos27.0-24R360-e829b21a6f8c9b70876ba0858053c04477534ef55a1706bf4c1112bbb242f0a2.sdkstatcache -target arm64-apple-watchos9.0 -fmessage-length\=0 -fdiagnostics-show-note-include-stack -fmacro-backtrace-limit\=0 -fno-color-diagnostics -fmodules-prune-interval\=86400 -fmodules-prune-after\=345600 -fbuild-session-file\=/Users/admin/builder/spi-builder-workspace/.derivedData/ModuleCache.noindex/Session.modulevalidation -fmodules-validate-once-per-build-session -Wnon-modular-include-in-framework-module -Werror\=non-modular-include-in-framework-module -Wno-trigraphs -Wno-missing-field-initializers -Wno-missing-prototypes -Wno-return-type -Wno-implicit-atomic-properties -Wno-objc-interface-ivars -Wno-arc-repeated-use-of-weak -Wno-missing-braces -Wparentheses -Wswitch -Wno-unused-function -Wno-unused-label -Wno-unused-parameter -Wno-unused-variable -Wunused-value -Wno-empty-body -Wno-uninitialized -Wno-unknown-pragmas -w -Wno-shadow -Wno-four-char-constants -Wno-conversion -Wno-constant-conversion -Wno-int-conversion -Wno-bool-conversion -Wno-enum-conversion -Wno-float-conversion -Wno-non-literal-null-conversion -Wno-objc-literal-conversion -Wshorten-64-to-32 -Wpointer-sign -Wno-newline-eof -Wno-selector -Wno-strict-selector-match -Wno-undeclared-selector -Wno-deprecated-implementations -Wno-implicit-fallthrough -isysroot /Applications/Xcode-27.0.0-Release.Candidate.app/Contents/Developer/Platforms/WatchOS.platform/Developer/SDKs/WatchOS27.0.sdk -fstrict-aliasing -Wprotocol -Wdeprecated-declarations -Wno-sign-conversion -Wno-infinite-recursion -Wno-comma -Wno-block-capture-autoreleasing -Wno-strict-prototypes -Wno-semicolon-before-method-body -index-store-path /Users/admin/builder/spi-builder-workspace/.derivedData/Index.noindex/DataStore @/Users/admin/builder/spi-builder-workspace/.derivedData/Build/Intermediates.noindex/iosMath.build/Debug-watchos/iosMath-t.build/Objects-normal/arm64/e6072d4f65d7061329687fe24e3d63a7-common-args.resp -include /Users/admin/builder/spi-builder-workspace/.derivedData/Build/Intermediates.noindex/iosMath.build/Debug-watchos/iosMath-t.build/DerivedSources/resource_bundle_accessor.h -MMD -MT dependencies -MF /Users/admin/builder/spi-builder-workspace/.derivedData/Build/Intermediates.noindex/iosMath.build/Debug-watchos/iosMath-t.build/Objects-normal/arm64/MTFont.d --serialize-diagnostics /Users/admin/builder/spi-builder-workspace/.derivedData/Build/Intermediates.noindex/iosMath.build/Debug-watchos/iosMath-t.build/Objects-normal/arm64/MTFont.dia -c /Users/admin/builder/spi-builder-workspace/.dependencies/checkouts/iosMath/iosMath/render/MTFont.m -o /Users/admin/builder/spi-builder-workspace/.derivedData/Build/Intermediates.noindex/iosMath.build/Debug-watchos/iosMath-t.build/Objects-normal/arm64/MTFont.o -index-unit-output-path /iosMath.build/Debug-watchos/iosMath-t.build/Objects-normal/arm64/MTFont.o
ScanDependencies /Users/admin/builder/spi-builder-workspace/.derivedData/Build/Intermediates.noindex/cmark-gfm.build/Debug-watchos/cmark-gfm-extensions-t.build/Objects-normal/arm64_32/tasklist.o /Users/admin/builder/spi-builder-workspace/.dependencies/checkouts/swift-cmark/extensions/tasklist.c normal arm64_32 c com.apple.compilers.llvm.clang.1_0.compiler (in target 'cmark-gfm-extensions' from project 'cmark-gfm')
    cd /Users/admin/builder/spi-builder-workspace/.swiftpm/xcode

    Using response file: /Users/admin/builder/spi-builder-workspace/.derivedData/Build/Intermediates.noindex/cmark-gfm.build/Debug-watchos/cmark-gfm-extensions-t.build/Objects-normal/arm64_32/7187679823f38a2a940e0043cdf9d637-common-args.resp

    builtin-ScanDependencies -o /Users/admin/builder/spi-builder-workspace/.derivedData/Build/Intermediates.noindex/cmark-gfm.build/Debug-watchos/cmark-gfm-extensions-t.build/Objects-normal/arm64_32/tasklist.o.scan -- /Applications/Xcode-27.0.0-Release.Candidate.app/Contents/Developer/Toolchains/XcodeDefault.xctoolchain/usr/bin/clang -x c -ivfsstatcache /Users/admin/builder/spi-builder-workspace/.derivedData/SDKStatCaches.noindex/watchos27.0-24R360-e829b21a6f8c9b70876ba0858053c04477534ef55a1706bf4c1112bbb242f0a2.sdkstatcache -target arm64_32-apple-watchos9.0 -fmessage-length\=0 -fdiagnostics-show-note-include-stack -fmacro-backtrace-limit\=0 -fno-color-diagnostics -fmodules-prune-interval\=86400 -fmodules-prune-after\=345600 -fbuild-session-file\=/Users/admin/builder/spi-builder-workspace/.derivedData/ModuleCache.noindex/Session.modulevalidation -fmodules-validate-once-per-build-session -Wnon-modular-include-in-framework-module -Werror\=non-modular-include-in-framework-module -Wno-trigraphs -Wno-missing-field-initializers -Wno-missing-prototypes -Wno-return-type -Wno-missing-braces -Wparentheses -Wswitch -Wno-unused-function -Wno-unused-label -Wno-unused-parameter -Wno-unused-variable -Wunused-value -Wno-empty-body -Wno-uninitialized -Wno-unknown-pragmas -w -Wno-shadow -Wno-four-char-constants -Wno-conversion -Wno-constant-conversion -Wno-int-conversion -Wno-bool-conversion -Wno-enum-conversion -Wno-float-conversion -Wno-non-literal-null-conversion -Wno-objc-literal-conversion -Wno-shorten-64-to-32 -Wpointer-sign -Wno-newline-eof -Wno-implicit-fallthrough -isysroot /Applications/Xcode-27.0.0-Release.Candidate.app/Contents/Developer/Platforms/WatchOS.platform/Developer/SDKs/WatchOS27.0.sdk -fstrict-aliasing -Wdeprecated-declarations -Wno-sign-conversion -Wno-infinite-recursion -Wno-comma -Wno-block-capture-autoreleasing -Wno-strict-prototypes -Wno-semicolon-before-method-body -index-store-path /Users/admin/builder/spi-builder-workspace/.derivedData/Index.noindex/DataStore @/Users/admin/builder/spi-builder-workspace/.derivedData/Build/Intermediates.noindex/cmark-gfm.build/Debug-watchos/cmark-gfm-extensions-t.build/Objects-normal/arm64_32/7187679823f38a2a940e0043cdf9d637-common-args.resp -MMD -MT dependencies -MF /Users/admin/builder/spi-builder-workspace/.derivedData/Build/Intermediates.noindex/cmark-gfm.build/Debug-watchos/cmark-gfm-extensions-t.build/Objects-normal/arm64_32/tasklist.d --serialize-diagnostics /Users/admin/builder/spi-builder-workspace/.derivedData/Build/Intermediates.noindex/cmark-gfm.build/Debug-watchos/cmark-gfm-extensions-t.build/Objects-normal/arm64_32/tasklist.dia -c /Users/admin/builder/spi-builder-workspace/.dependencies/checkouts/swift-cmark/extensions/tasklist.c -o /Users/admin/builder/spi-builder-workspace/.derivedData/Build/Intermediates.noindex/cmark-gfm.build/Debug-watchos/cmark-gfm-extensions-t.build/Objects-normal/arm64_32/tasklist.o -index-unit-output-path /cmark-gfm.build/Debug-watchos/cmark-gfm-extensions-t.build/Objects-normal/arm64_32/tasklist.o
ScanDependencies /Users/admin/builder/spi-builder-workspace/.derivedData/Build/Intermediates.noindex/cmark-gfm.build/Debug-watchos/cmark-gfm-extensions-t.build/Objects-normal/arm64_32/tagfilter.o /Users/admin/builder/spi-builder-workspace/.dependencies/checkouts/swift-cmark/extensions/tagfilter.c normal arm64_32 c com.apple.compilers.llvm.clang.1_0.compiler (in target 'cmark-gfm-extensions' from project 'cmark-gfm')
    cd /Users/admin/builder/spi-builder-workspace/.swiftpm/xcode

    Using response file: /Users/admin/builder/spi-builder-workspace/.derivedData/Build/Intermediates.noindex/cmark-gfm.build/Debug-watchos/cmark-gfm-extensions-t.build/Objects-normal/arm64_32/7187679823f38a2a940e0043cdf9d637-common-args.resp

    builtin-ScanDependencies -o /Users/admin/builder/spi-builder-workspace/.derivedData/Build/Intermediates.noindex/cmark-gfm.build/Debug-watchos/cmark-gfm-extensions-t.build/Objects-normal/arm64_32/tagfilter.o.scan -- /Applications/Xcode-27.0.0-Release.Candidate.app/Contents/Developer/Toolchains/XcodeDefault.xctoolchain/usr/bin/clang -x c -ivfsstatcache /Users/admin/builder/spi-builder-workspace/.derivedData/SDKStatCaches.noindex/watchos27.0-24R360-e829b21a6f8c9b70876ba0858053c04477534ef55a1706bf4c1112bbb242f0a2.sdkstatcache -target arm64_32-apple-watchos9.0 -fmessage-length\=0 -fdiagnostics-show-note-include-stack -fmacro-backtrace-limit\=0 -fno-color-diagnostics -fmodules-prune-interval\=86400 -fmodules-prune-after\=345600 -fbuild-session-file\=/Users/admin/builder/spi-builder-workspace/.derivedData/ModuleCache.noindex/Session.modulevalidation -fmodules-validate-once-per-build-session -Wnon-modular-include-in-framework-module -Werror\=non-modular-include-in-framework-module -Wno-trigraphs -Wno-missing-field-initializers -Wno-missing-prototypes -Wno-return-type -Wno-missing-braces -Wparentheses -Wswitch -Wno-unused-function -Wno-unused-label -Wno-unused-parameter -Wno-unused-variable -Wunused-value -Wno-empty-body -Wno-uninitialized -Wno-unknown-pragmas -w -Wno-shadow -Wno-four-char-constants -Wno-conversion -Wno-constant-conversion -Wno-int-conversion -Wno-bool-conversion -Wno-enum-conversion -Wno-float-conversion -Wno-non-literal-null-conversion -Wno-objc-literal-conversion -Wno-shorten-64-to-32 -Wpointer-sign -Wno-newline-eof -Wno-implicit-fallthrough -isysroot /Applications/Xcode-27.0.0-Release.Candidate.app/Contents/Developer/Platforms/WatchOS.platform/Developer/SDKs/WatchOS27.0.sdk -fstrict-aliasing -Wdeprecated-declarations -Wno-sign-conversion -Wno-infinite-recursion -Wno-comma -Wno-block-capture-autoreleasing -Wno-strict-prototypes -Wno-semicolon-before-method-body -index-store-path /Users/admin/builder/spi-builder-workspace/.derivedData/Index.noindex/DataStore @/Users/admin/builder/spi-builder-workspace/.derivedData/Build/Intermediates.noindex/cmark-gfm.build/Debug-watchos/cmark-gfm-extensions-t.build/Objects-normal/arm64_32/7187679823f38a2a940e0043cdf9d637-common-args.resp -MMD -MT dependencies -MF /Users/admin/builder/spi-builder-workspace/.derivedData/Build/Intermediates.noindex/cmark-gfm.build/Debug-watchos/cmark-gfm-extensions-t.build/Objects-normal/arm64_32/tagfilter.d --serialize-diagnostics /Users/admin/builder/spi-builder-workspace/.derivedData/Build/Intermediates.noindex/cmark-gfm.build/Debug-watchos/cmark-gfm-extensions-t.build/Objects-normal/arm64_32/tagfilter.dia -c /Users/admin/builder/spi-builder-workspace/.dependencies/checkouts/swift-cmark/extensions/tagfilter.c -o /Users/admin/builder/spi-builder-workspace/.derivedData/Build/Intermediates.noindex/cmark-gfm.build/Debug-watchos/cmark-gfm-extensions-t.build/Objects-normal/arm64_32/tagfilter.o -index-unit-output-path /cmark-gfm.build/Debug-watchos/cmark-gfm-extensions-t.build/Objects-normal/arm64_32/tagfilter.o
PrecompileModule /Users/admin/builder/spi-builder-workspace/.derivedData/Build/Intermediates.noindex/ExplicitPrecompiledModules/_Builtin_limits-10OBQ90G83LQBBTN4Q2S7QXC.scan
    cd /
    builtin-precompileModule /Users/admin/builder/spi-builder-workspace/.derivedData/Build/Intermediates.noindex/ExplicitPrecompiledModules/_Builtin_limits-10OBQ90G83LQBBTN4Q2S7QXC.scan
PrecompileModule /Users/admin/builder/spi-builder-workspace/.derivedData/Build/Intermediates.noindex/ExplicitPrecompiledModules/_Builtin_inttypes-DNPLEQ3C6ZIORX23PRCHF6MDR.scan
    cd /
    builtin-precompileModule /Users/admin/builder/spi-builder-workspace/.derivedData/Build/Intermediates.noindex/ExplicitPrecompiledModules/_Builtin_inttypes-DNPLEQ3C6ZIORX23PRCHF6MDR.scan
PrecompileModule /Users/admin/builder/spi-builder-workspace/.derivedData/Build/Intermediates.noindex/ExplicitPrecompiledModules/_DarwinFoundation2-AK040SVJDDOV6L5TPPQRW12S9.scan
    cd /
    builtin-precompileModule /Users/admin/builder/spi-builder-workspace/.derivedData/Build/Intermediates.noindex/ExplicitPrecompiledModules/_DarwinFoundation2-AK040SVJDDOV6L5TPPQRW12S9.scan
PrecompileModule /Users/admin/builder/spi-builder-workspace/.derivedData/Build/Intermediates.noindex/ExplicitPrecompiledModules/Darwin-DTLKT4AI9OMTC3X6G5MCOVFM6.scan
    cd /
    builtin-precompileModule /Users/admin/builder/spi-builder-workspace/.derivedData/Build/Intermediates.noindex/ExplicitPrecompiledModules/Darwin-DTLKT4AI9OMTC3X6G5MCOVFM6.scan
PrecompileModule /Users/admin/builder/spi-builder-workspace/.derivedData/Build/Intermediates.noindex/ExplicitPrecompiledModules/ptrcheck-69N7XULRWVQ3Z7QOO3EM3A89F.scan
    cd /
    builtin-precompileModule /Users/admin/builder/spi-builder-workspace/.derivedData/Build/Intermediates.noindex/ExplicitPrecompiledModules/ptrcheck-69N7XULRWVQ3Z7QOO3EM3A89F.scan
PrecompileModule /Users/admin/builder/spi-builder-workspace/.derivedData/Build/Intermediates.noindex/ExplicitPrecompiledModules/_Builtin_float-EOHQAMFR1MUX8C8DZY4RR74MN.scan
    cd /
    builtin-precompileModule /Users/admin/builder/spi-builder-workspace/.derivedData/Build/Intermediates.noindex/ExplicitPrecompiledModules/_Builtin_float-EOHQAMFR1MUX8C8DZY4RR74MN.scan
PrecompileModule /Users/admin/builder/spi-builder-workspace/.derivedData/Build/Intermediates.noindex/ExplicitPrecompiledModules/_Builtin_stddef-2G16WS4KI1O8GRURG8GT0OWEX.scan
    cd /
    builtin-precompileModule /Users/admin/builder/spi-builder-workspace/.derivedData/Build/Intermediates.noindex/ExplicitPrecompiledModules/_Builtin_stddef-2G16WS4KI1O8GRURG8GT0OWEX.scan
PrecompileModule /Users/admin/builder/spi-builder-workspace/.derivedData/Build/Intermediates.noindex/ExplicitPrecompiledModules/_Builtin_stdbool-C795FZDBIYT8T1PWQI3ZQAS0Z.scan
    cd /
    builtin-precompileModule /Users/admin/builder/spi-builder-workspace/.derivedData/Build/Intermediates.noindex/ExplicitPrecompiledModules/_Builtin_stdbool-C795FZDBIYT8T1PWQI3ZQAS0Z.scan
PrecompileModule /Users/admin/builder/spi-builder-workspace/.derivedData/Build/Intermediates.noindex/ExplicitPrecompiledModules/_Builtin_stdarg-3FBU3SHG4221H48J15ES3MF8K.scan
    cd /
    builtin-precompileModule /Users/admin/builder/spi-builder-workspace/.derivedData/Build/Intermediates.noindex/ExplicitPrecompiledModules/_Builtin_stdarg-3FBU3SHG4221H48J15ES3MF8K.scan
PrecompileModule /Users/admin/builder/spi-builder-workspace/.derivedData/Build/Intermediates.noindex/ExplicitPrecompiledModules/_Builtin_stdint-1DN2VCUJUAL2YWWVYVJ65C52R.scan
    cd /
    builtin-precompileModule /Users/admin/builder/spi-builder-workspace/.derivedData/Build/Intermediates.noindex/ExplicitPrecompiledModules/_Builtin_stdint-1DN2VCUJUAL2YWWVYVJ65C52R.scan
PrecompileModule /Users/admin/builder/spi-builder-workspace/.derivedData/Build/Intermediates.noindex/ExplicitPrecompiledModules/_AvailabilityInternal-3HK0O2LNV5YUZD8JY7W3J1FYI.scan
    cd /
    builtin-precompileModule /Users/admin/builder/spi-builder-workspace/.derivedData/Build/Intermediates.noindex/ExplicitPrecompiledModules/_AvailabilityInternal-3HK0O2LNV5YUZD8JY7W3J1FYI.scan
ScanDependencies /Users/admin/builder/spi-builder-workspace/.derivedData/Build/Intermediates.noindex/cmark-gfm.build/Debug-watchos/cmark-gfm-extensions-t.build/Objects-normal/arm64_32/table.o /Users/admin/builder/spi-builder-workspace/.dependencies/checkouts/swift-cmark/extensions/table.c normal arm64_32 c com.apple.compilers.llvm.clang.1_0.compiler (in target 'cmark-gfm-extensions' from project 'cmark-gfm')
    cd /Users/admin/builder/spi-builder-workspace/.swiftpm/xcode

    Using response file: /Users/admin/builder/spi-builder-workspace/.derivedData/Build/Intermediates.noindex/cmark-gfm.build/Debug-watchos/cmark-gfm-extensions-t.build/Objects-normal/arm64_32/7187679823f38a2a940e0043cdf9d637-common-args.resp

    builtin-ScanDependencies -o /Users/admin/builder/spi-builder-workspace/.derivedData/Build/Intermediates.noindex/cmark-gfm.build/Debug-watchos/cmark-gfm-extensions-t.build/Objects-normal/arm64_32/table.o.scan -- /Applications/Xcode-27.0.0-Release.Candidate.app/Contents/Developer/Toolchains/XcodeDefault.xctoolchain/usr/bin/clang -x c -ivfsstatcache /Users/admin/builder/spi-builder-workspace/.derivedData/SDKStatCaches.noindex/watchos27.0-24R360-e829b21a6f8c9b70876ba0858053c04477534ef55a1706bf4c1112bbb242f0a2.sdkstatcache -target arm64_32-apple-watchos9.0 -fmessage-length\=0 -fdiagnostics-show-note-include-stack -fmacro-backtrace-limit\=0 -fno-color-diagnostics -fmodules-prune-interval\=86400 -fmodules-prune-after\=345600 -fbuild-session-file\=/Users/admin/builder/spi-builder-workspace/.derivedData/ModuleCache.noindex/Session.modulevalidation -fmodules-validate-once-per-build-session -Wnon-modular-include-in-framework-module -Werror\=non-modular-include-in-framework-module -Wno-trigraphs -Wno-missing-field-initializers -Wno-missing-prototypes -Wno-return-type -Wno-missing-braces -Wparentheses -Wswitch -Wno-unused-function -Wno-unused-label -Wno-unused-parameter -Wno-unused-variable -Wunused-value -Wno-empty-body -Wno-uninitialized -Wno-unknown-pragmas -w -Wno-shadow -Wno-four-char-constants -Wno-conversion -Wno-constant-conversion -Wno-int-conversion -Wno-bool-conversion -Wno-enum-conversion -Wno-float-conversion -Wno-non-literal-null-conversion -Wno-objc-literal-conversion -Wno-shorten-64-to-32 -Wpointer-sign -Wno-newline-eof -Wno-implicit-fallthrough -isysroot /Applications/Xcode-27.0.0-Release.Candidate.app/Contents/Developer/Platforms/WatchOS.platform/Developer/SDKs/WatchOS27.0.sdk -fstrict-aliasing -Wdeprecated-declarations -Wno-sign-conversion -Wno-infinite-recursion -Wno-comma -Wno-block-capture-autoreleasing -Wno-strict-prototypes -Wno-semicolon-before-method-body -index-store-path /Users/admin/builder/spi-builder-workspace/.derivedData/Index.noindex/DataStore @/Users/admin/builder/spi-builder-workspace/.derivedData/Build/Intermediates.noindex/cmark-gfm.build/Debug-watchos/cmark-gfm-extensions-t.build/Objects-normal/arm64_32/7187679823f38a2a940e0043cdf9d637-common-args.resp -MMD -MT dependencies -MF /Users/admin/builder/spi-builder-workspace/.derivedData/Build/Intermediates.noindex/cmark-gfm.build/Debug-watchos/cmark-gfm-extensions-t.build/Objects-normal/arm64_32/table.d --serialize-diagnostics /Users/admin/builder/spi-builder-workspace/.derivedData/Build/Intermediates.noindex/cmark-gfm.build/Debug-watchos/cmark-gfm-extensions-t.build/Objects-normal/arm64_32/table.dia -c /Users/admin/builder/spi-builder-workspace/.dependencies/checkouts/swift-cmark/extensions/table.c -o /Users/admin/builder/spi-builder-workspace/.derivedData/Build/Intermediates.noindex/cmark-gfm.build/Debug-watchos/cmark-gfm-extensions-t.build/Objects-normal/arm64_32/table.o -index-unit-output-path /cmark-gfm.build/Debug-watchos/cmark-gfm-extensions-t.build/Objects-normal/arm64_32/table.o
ScanDependencies /Users/admin/builder/spi-builder-workspace/.derivedData/Build/Intermediates.noindex/cmark-gfm.build/Debug-watchos/cmark-gfm-extensions-t.build/Objects-normal/arm64_32/strikethrough.o /Users/admin/builder/spi-builder-workspace/.dependencies/checkouts/swift-cmark/extensions/strikethrough.c normal arm64_32 c com.apple.compilers.llvm.clang.1_0.compiler (in target 'cmark-gfm-extensions' from project 'cmark-gfm')
    cd /Users/admin/builder/spi-builder-workspace/.swiftpm/xcode

    Using response file: /Users/admin/builder/spi-builder-workspace/.derivedData/Build/Intermediates.noindex/cmark-gfm.build/Debug-watchos/cmark-gfm-extensions-t.build/Objects-normal/arm64_32/7187679823f38a2a940e0043cdf9d637-common-args.resp

    builtin-ScanDependencies -o /Users/admin/builder/spi-builder-workspace/.derivedData/Build/Intermediates.noindex/cmark-gfm.build/Debug-watchos/cmark-gfm-extensions-t.build/Objects-normal/arm64_32/strikethrough.o.scan -- /Applications/Xcode-27.0.0-Release.Candidate.app/Contents/Developer/Toolchains/XcodeDefault.xctoolchain/usr/bin/clang -x c -ivfsstatcache /Users/admin/builder/spi-builder-workspace/.derivedData/SDKStatCaches.noindex/watchos27.0-24R360-e829b21a6f8c9b70876ba0858053c04477534ef55a1706bf4c1112bbb242f0a2.sdkstatcache -target arm64_32-apple-watchos9.0 -fmessage-length\=0 -fdiagnostics-show-note-include-stack -fmacro-backtrace-limit\=0 -fno-color-diagnostics -fmodules-prune-interval\=86400 -fmodules-prune-after\=345600 -fbuild-session-file\=/Users/admin/builder/spi-builder-workspace/.derivedData/ModuleCache.noindex/Session.modulevalidation -fmodules-validate-once-per-build-session -Wnon-modular-include-in-framework-module -Werror\=non-modular-include-in-framework-module -Wno-trigraphs -Wno-missing-field-initializers -Wno-missing-prototypes -Wno-return-type -Wno-missing-braces -Wparentheses -Wswitch -Wno-unused-function -Wno-unused-label -Wno-unused-parameter -Wno-unused-variable -Wunused-value -Wno-empty-body -Wno-uninitialized -Wno-unknown-pragmas -w -Wno-shadow -Wno-four-char-constants -Wno-conversion -Wno-constant-conversion -Wno-int-conversion -Wno-bool-conversion -Wno-enum-conversion -Wno-float-conversion -Wno-non-literal-null-conversion -Wno-objc-literal-conversion -Wno-shorten-64-to-32 -Wpointer-sign -Wno-newline-eof -Wno-implicit-fallthrough -isysroot /Applications/Xcode-27.0.0-Release.Candidate.app/Contents/Developer/Platforms/WatchOS.platform/Developer/SDKs/WatchOS27.0.sdk -fstrict-aliasing -Wdeprecated-declarations -Wno-sign-conversion -Wno-infinite-recursion -Wno-comma -Wno-block-capture-autoreleasing -Wno-strict-prototypes -Wno-semicolon-before-method-body -index-store-path /Users/admin/builder/spi-builder-workspace/.derivedData/Index.noindex/DataStore @/Users/admin/builder/spi-builder-workspace/.derivedData/Build/Intermediates.noindex/cmark-gfm.build/Debug-watchos/cmark-gfm-extensions-t.build/Objects-normal/arm64_32/7187679823f38a2a940e0043cdf9d637-common-args.resp -MMD -MT dependencies -MF /Users/admin/builder/spi-builder-workspace/.derivedData/Build/Intermediates.noindex/cmark-gfm.build/Debug-watchos/cmark-gfm-extensions-t.build/Objects-normal/arm64_32/strikethrough.d --serialize-diagnostics /Users/admin/builder/spi-builder-workspace/.derivedData/Build/Intermediates.noindex/cmark-gfm.build/Debug-watchos/cmark-gfm-extensions-t.build/Objects-normal/arm64_32/strikethrough.dia -c /Users/admin/builder/spi-builder-workspace/.dependencies/checkouts/swift-cmark/extensions/strikethrough.c -o /Users/admin/builder/spi-builder-workspace/.derivedData/Build/Intermediates.noindex/cmark-gfm.build/Debug-watchos/cmark-gfm-extensions-t.build/Objects-normal/arm64_32/strikethrough.o -index-unit-output-path /cmark-gfm.build/Debug-watchos/cmark-gfm-extensions-t.build/Objects-normal/arm64_32/strikethrough.o
ScanDependencies /Users/admin/builder/spi-builder-workspace/.derivedData/Build/Intermediates.noindex/cmark-gfm.build/Debug-watchos/cmark-gfm-extensions-t.build/Objects-normal/arm64_32/ext_scanners.o /Users/admin/builder/spi-builder-workspace/.dependencies/checkouts/swift-cmark/extensions/ext_scanners.c normal arm64_32 c com.apple.compilers.llvm.clang.1_0.compiler (in target 'cmark-gfm-extensions' from project 'cmark-gfm')
    cd /Users/admin/builder/spi-builder-workspace/.swiftpm/xcode

    Using response file: /Users/admin/builder/spi-builder-workspace/.derivedData/Build/Intermediates.noindex/cmark-gfm.build/Debug-watchos/cmark-gfm-extensions-t.build/Objects-normal/arm64_32/7187679823f38a2a940e0043cdf9d637-common-args.resp

    builtin-ScanDependencies -o /Users/admin/builder/spi-builder-workspace/.derivedData/Build/Intermediates.noindex/cmark-gfm.build/Debug-watchos/cmark-gfm-extensions-t.build/Objects-normal/arm64_32/ext_scanners.o.scan -- /Applications/Xcode-27.0.0-Release.Candidate.app/Contents/Developer/Toolchains/XcodeDefault.xctoolchain/usr/bin/clang -x c -ivfsstatcache /Users/admin/builder/spi-builder-workspace/.derivedData/SDKStatCaches.noindex/watchos27.0-24R360-e829b21a6f8c9b70876ba0858053c04477534ef55a1706bf4c1112bbb242f0a2.sdkstatcache -target arm64_32-apple-watchos9.0 -fmessage-length\=0 -fdiagnostics-show-note-include-stack -fmacro-backtrace-limit\=0 -fno-color-diagnostics -fmodules-prune-interval\=86400 -fmodules-prune-after\=345600 -fbuild-session-file\=/Users/admin/builder/spi-builder-workspace/.derivedData/ModuleCache.noindex/Session.modulevalidation -fmodules-validate-once-per-build-session -Wnon-modular-include-in-framework-module -Werror\=non-modular-include-in-framework-module -Wno-trigraphs -Wno-missing-field-initializers -Wno-missing-prototypes -Wno-return-type -Wno-missing-braces -Wparentheses -Wswitch -Wno-unused-function -Wno-unused-label -Wno-unused-parameter -Wno-unused-variable -Wunused-value -Wno-empty-body -Wno-uninitialized -Wno-unknown-pragmas -w -Wno-shadow -Wno-four-char-constants -Wno-conversion -Wno-constant-conversion -Wno-int-conversion -Wno-bool-conversion -Wno-enum-conversion -Wno-float-conversion -Wno-non-literal-null-conversion -Wno-objc-literal-conversion -Wno-shorten-64-to-32 -Wpointer-sign -Wno-newline-eof -Wno-implicit-fallthrough -isysroot /Applications/Xcode-27.0.0-Release.Candidate.app/Contents/Developer/Platforms/WatchOS.platform/Developer/SDKs/WatchOS27.0.sdk -fstrict-aliasing -Wdeprecated-declarations -Wno-sign-conversion -Wno-infinite-recursion -Wno-comma -Wno-block-capture-autoreleasing -Wno-strict-prototypes -Wno-semicolon-before-method-body -index-store-path /Users/admin/builder/spi-builder-workspace/.derivedData/Index.noindex/DataStore @/Users/admin/builder/spi-builder-workspace/.derivedData/Build/Intermediates.noindex/cmark-gfm.build/Debug-watchos/cmark-gfm-extensions-t.build/Objects-normal/arm64_32/7187679823f38a2a940e0043cdf9d637-common-args.resp -MMD -MT dependencies -MF /Users/admin/builder/spi-builder-workspace/.derivedData/Build/Intermediates.noindex/cmark-gfm.build/Debug-watchos/cmark-gfm-extensions-t.build/Objects-normal/arm64_32/ext_scanners.d --serialize-diagnostics /Users/admin/builder/spi-builder-workspace/.derivedData/Build/Intermediates.noindex/cmark-gfm.build/Debug-watchos/cmark-gfm-extensions-t.build/Objects-normal/arm64_32/ext_scanners.dia -c /Users/admin/builder/spi-builder-workspace/.dependencies/checkouts/swift-cmark/extensions/ext_scanners.c -o /Users/admin/builder/spi-builder-workspace/.derivedData/Build/Intermediates.noindex/cmark-gfm.build/Debug-watchos/cmark-gfm-extensions-t.build/Objects-normal/arm64_32/ext_scanners.o -index-unit-output-path /cmark-gfm.build/Debug-watchos/cmark-gfm-extensions-t.build/Objects-normal/arm64_32/ext_scanners.o
ScanDependencies /Users/admin/builder/spi-builder-workspace/.derivedData/Build/Intermediates.noindex/cmark-gfm.build/Debug-watchos/cmark-gfm-extensions-t.build/Objects-normal/arm64_32/core-extensions.o /Users/admin/builder/spi-builder-workspace/.dependencies/checkouts/swift-cmark/extensions/core-extensions.c normal arm64_32 c com.apple.compilers.llvm.clang.1_0.compiler (in target 'cmark-gfm-extensions' from project 'cmark-gfm')
    cd /Users/admin/builder/spi-builder-workspace/.swiftpm/xcode

    Using response file: /Users/admin/builder/spi-builder-workspace/.derivedData/Build/Intermediates.noindex/cmark-gfm.build/Debug-watchos/cmark-gfm-extensions-t.build/Objects-normal/arm64_32/7187679823f38a2a940e0043cdf9d637-common-args.resp

    builtin-ScanDependencies -o /Users/admin/builder/spi-builder-workspace/.derivedData/Build/Intermediates.noindex/cmark-gfm.build/Debug-watchos/cmark-gfm-extensions-t.build/Objects-normal/arm64_32/core-extensions.o.scan -- /Applications/Xcode-27.0.0-Release.Candidate.app/Contents/Developer/Toolchains/XcodeDefault.xctoolchain/usr/bin/clang -x c -ivfsstatcache /Users/admin/builder/spi-builder-workspace/.derivedData/SDKStatCaches.noindex/watchos27.0-24R360-e829b21a6f8c9b70876ba0858053c04477534ef55a1706bf4c1112bbb242f0a2.sdkstatcache -target arm64_32-apple-watchos9.0 -fmessage-length\=0 -fdiagnostics-show-note-include-stack -fmacro-backtrace-limit\=0 -fno-color-diagnostics -fmodules-prune-interval\=86400 -fmodules-prune-after\=345600 -fbuild-session-file\=/Users/admin/builder/spi-builder-workspace/.derivedData/ModuleCache.noindex/Session.modulevalidation -fmodules-validate-once-per-build-session -Wnon-modular-include-in-framework-module -Werror\=non-modular-include-in-framework-module -Wno-trigraphs -Wno-missing-field-initializers -Wno-missing-prototypes -Wno-return-type -Wno-missing-braces -Wparentheses -Wswitch -Wno-unused-function -Wno-unused-label -Wno-unused-parameter -Wno-unused-variable -Wunused-value -Wno-empty-body -Wno-uninitialized -Wno-unknown-pragmas -w -Wno-shadow -Wno-four-char-constants -Wno-conversion -Wno-constant-conversion -Wno-int-conversion -Wno-bool-conversion -Wno-enum-conversion -Wno-float-conversion -Wno-non-literal-null-conversion -Wno-objc-literal-conversion -Wno-shorten-64-to-32 -Wpointer-sign -Wno-newline-eof -Wno-implicit-fallthrough -isysroot /Applications/Xcode-27.0.0-Release.Candidate.app/Contents/Developer/Platforms/WatchOS.platform/Developer/SDKs/WatchOS27.0.sdk -fstrict-aliasing -Wdeprecated-declarations -Wno-sign-conversion -Wno-infinite-recursion -Wno-comma -Wno-block-capture-autoreleasing -Wno-strict-prototypes -Wno-semicolon-before-method-body -index-store-path /Users/admin/builder/spi-builder-workspace/.derivedData/Index.noindex/DataStore @/Users/admin/builder/spi-builder-workspace/.derivedData/Build/Intermediates.noindex/cmark-gfm.build/Debug-watchos/cmark-gfm-extensions-t.build/Objects-normal/arm64_32/7187679823f38a2a940e0043cdf9d637-common-args.resp -MMD -MT dependencies -MF /Users/admin/builder/spi-builder-workspace/.derivedData/Build/Intermediates.noindex/cmark-gfm.build/Debug-watchos/cmark-gfm-extensions-t.build/Objects-normal/arm64_32/core-extensions.d --serialize-diagnostics /Users/admin/builder/spi-builder-workspace/.derivedData/Build/Intermediates.noindex/cmark-gfm.build/Debug-watchos/cmark-gfm-extensions-t.build/Objects-normal/arm64_32/core-extensions.dia -c /Users/admin/builder/spi-builder-workspace/.dependencies/checkouts/swift-cmark/extensions/core-extensions.c -o /Users/admin/builder/spi-builder-workspace/.derivedData/Build/Intermediates.noindex/cmark-gfm.build/Debug-watchos/cmark-gfm-extensions-t.build/Objects-normal/arm64_32/core-extensions.o -index-unit-output-path /cmark-gfm.build/Debug-watchos/cmark-gfm-extensions-t.build/Objects-normal/arm64_32/core-extensions.o
ScanDependencies /Users/admin/builder/spi-builder-workspace/.derivedData/Build/Intermediates.noindex/cmark-gfm.build/Debug-watchos/cmark-gfm-extensions-t.build/Objects-normal/arm64_32/autolink.o /Users/admin/builder/spi-builder-workspace/.dependencies/checkouts/swift-cmark/extensions/autolink.c normal arm64_32 c com.apple.compilers.llvm.clang.1_0.compiler (in target 'cmark-gfm-extensions' from project 'cmark-gfm')
    cd /Users/admin/builder/spi-builder-workspace/.swiftpm/xcode

    Using response file: /Users/admin/builder/spi-builder-workspace/.derivedData/Build/Intermediates.noindex/cmark-gfm.build/Debug-watchos/cmark-gfm-extensions-t.build/Objects-normal/arm64_32/7187679823f38a2a940e0043cdf9d637-common-args.resp

    builtin-ScanDependencies -o /Users/admin/builder/spi-builder-workspace/.derivedData/Build/Intermediates.noindex/cmark-gfm.build/Debug-watchos/cmark-gfm-extensions-t.build/Objects-normal/arm64_32/autolink.o.scan -- /Applications/Xcode-27.0.0-Release.Candidate.app/Contents/Developer/Toolchains/XcodeDefault.xctoolchain/usr/bin/clang -x c -ivfsstatcache /Users/admin/builder/spi-builder-workspace/.derivedData/SDKStatCaches.noindex/watchos27.0-24R360-e829b21a6f8c9b70876ba0858053c04477534ef55a1706bf4c1112bbb242f0a2.sdkstatcache -target arm64_32-apple-watchos9.0 -fmessage-length\=0 -fdiagnostics-show-note-include-stack -fmacro-backtrace-limit\=0 -fno-color-diagnostics -fmodules-prune-interval\=86400 -fmodules-prune-after\=345600 -fbuild-session-file\=/Users/admin/builder/spi-builder-workspace/.derivedData/ModuleCache.noindex/Session.modulevalidation -fmodules-validate-once-per-build-session -Wnon-modular-include-in-framework-module -Werror\=non-modular-include-in-framework-module -Wno-trigraphs -Wno-missing-field-initializers -Wno-missing-prototypes -Wno-return-type -Wno-missing-braces -Wparentheses -Wswitch -Wno-unused-function -Wno-unused-label -Wno-unused-parameter -Wno-unused-variable -Wunused-value -Wno-empty-body -Wno-uninitialized -Wno-unknown-pragmas -w -Wno-shadow -Wno-four-char-constants -Wno-conversion -Wno-constant-conversion -Wno-int-conversion -Wno-bool-conversion -Wno-enum-conversion -Wno-float-conversion -Wno-non-literal-null-conversion -Wno-objc-literal-conversion -Wno-shorten-64-to-32 -Wpointer-sign -Wno-newline-eof -Wno-implicit-fallthrough -isysroot /Applications/Xcode-27.0.0-Release.Candidate.app/Contents/Developer/Platforms/WatchOS.platform/Developer/SDKs/WatchOS27.0.sdk -fstrict-aliasing -Wdeprecated-declarations -Wno-sign-conversion -Wno-infinite-recursion -Wno-comma -Wno-block-capture-autoreleasing -Wno-strict-prototypes -Wno-semicolon-before-method-body -index-store-path /Users/admin/builder/spi-builder-workspace/.derivedData/Index.noindex/DataStore @/Users/admin/builder/spi-builder-workspace/.derivedData/Build/Intermediates.noindex/cmark-gfm.build/Debug-watchos/cmark-gfm-extensions-t.build/Objects-normal/arm64_32/7187679823f38a2a940e0043cdf9d637-common-args.resp -MMD -MT dependencies -MF /Users/admin/builder/spi-builder-workspace/.derivedData/Build/Intermediates.noindex/cmark-gfm.build/Debug-watchos/cmark-gfm-extensions-t.build/Objects-normal/arm64_32/autolink.d --serialize-diagnostics /Users/admin/builder/spi-builder-workspace/.derivedData/Build/Intermediates.noindex/cmark-gfm.build/Debug-watchos/cmark-gfm-extensions-t.build/Objects-normal/arm64_32/autolink.dia -c /Users/admin/builder/spi-builder-workspace/.dependencies/checkouts/swift-cmark/extensions/autolink.c -o /Users/admin/builder/spi-builder-workspace/.derivedData/Build/Intermediates.noindex/cmark-gfm.build/Debug-watchos/cmark-gfm-extensions-t.build/Objects-normal/arm64_32/autolink.o -index-unit-output-path /cmark-gfm.build/Debug-watchos/cmark-gfm-extensions-t.build/Objects-normal/arm64_32/autolink.o
ScanDependencies /Users/admin/builder/spi-builder-workspace/.derivedData/Build/Intermediates.noindex/cmark-gfm.build/Debug-watchos/cmark-gfm-extensions-t.build/Objects-normal/arm64/tasklist.o /Users/admin/builder/spi-builder-workspace/.dependencies/checkouts/swift-cmark/extensions/tasklist.c normal arm64 c com.apple.compilers.llvm.clang.1_0.compiler (in target 'cmark-gfm-extensions' from project 'cmark-gfm')
    cd /Users/admin/builder/spi-builder-workspace/.swiftpm/xcode

    Using response file: /Users/admin/builder/spi-builder-workspace/.derivedData/Build/Intermediates.noindex/cmark-gfm.build/Debug-watchos/cmark-gfm-extensions-t.build/Objects-normal/arm64/7187679823f38a2a940e0043cdf9d637-common-args.resp

    builtin-ScanDependencies -o /Users/admin/builder/spi-builder-workspace/.derivedData/Build/Intermediates.noindex/cmark-gfm.build/Debug-watchos/cmark-gfm-extensions-t.build/Objects-normal/arm64/tasklist.o.scan -- /Applications/Xcode-27.0.0-Release.Candidate.app/Contents/Developer/Toolchains/XcodeDefault.xctoolchain/usr/bin/clang -x c -ivfsstatcache /Users/admin/builder/spi-builder-workspace/.derivedData/SDKStatCaches.noindex/watchos27.0-24R360-e829b21a6f8c9b70876ba0858053c04477534ef55a1706bf4c1112bbb242f0a2.sdkstatcache -target arm64-apple-watchos9.0 -fmessage-length\=0 -fdiagnostics-show-note-include-stack -fmacro-backtrace-limit\=0 -fno-color-diagnostics -fmodules-prune-interval\=86400 -fmodules-prune-after\=345600 -fbuild-session-file\=/Users/admin/builder/spi-builder-workspace/.derivedData/ModuleCache.noindex/Session.modulevalidation -fmodules-validate-once-per-build-session -Wnon-modular-include-in-framework-module -Werror\=non-modular-include-in-framework-module -Wno-trigraphs -Wno-missing-field-initializers -Wno-missing-prototypes -Wno-return-type -Wno-missing-braces -Wparentheses -Wswitch -Wno-unused-function -Wno-unused-label -Wno-unused-parameter -Wno-unused-variable -Wunused-value -Wno-empty-body -Wno-uninitialized -Wno-unknown-pragmas -w -Wno-shadow -Wno-four-char-constants -Wno-conversion -Wno-constant-conversion -Wno-int-conversion -Wno-bool-conversion -Wno-enum-conversion -Wno-float-conversion -Wno-non-literal-null-conversion -Wno-objc-literal-conversion -Wshorten-64-to-32 -Wpointer-sign -Wno-newline-eof -Wno-implicit-fallthrough -isysroot /Applications/Xcode-27.0.0-Release.Candidate.app/Contents/Developer/Platforms/WatchOS.platform/Developer/SDKs/WatchOS27.0.sdk -fstrict-aliasing -Wdeprecated-declarations -Wno-sign-conversion -Wno-infinite-recursion -Wno-comma -Wno-block-capture-autoreleasing -Wno-strict-prototypes -Wno-semicolon-before-method-body -index-store-path /Users/admin/builder/spi-builder-workspace/.derivedData/Index.noindex/DataStore @/Users/admin/builder/spi-builder-workspace/.derivedData/Build/Intermediates.noindex/cmark-gfm.build/Debug-watchos/cmark-gfm-extensions-t.build/Objects-normal/arm64/7187679823f38a2a940e0043cdf9d637-common-args.resp -MMD -MT dependencies -MF /Users/admin/builder/spi-builder-workspace/.derivedData/Build/Intermediates.noindex/cmark-gfm.build/Debug-watchos/cmark-gfm-extensions-t.build/Objects-normal/arm64/tasklist.d --serialize-diagnostics /Users/admin/builder/spi-builder-workspace/.derivedData/Build/Intermediates.noindex/cmark-gfm.build/Debug-watchos/cmark-gfm-extensions-t.build/Objects-normal/arm64/tasklist.dia -c /Users/admin/builder/spi-builder-workspace/.dependencies/checkouts/swift-cmark/extensions/tasklist.c -o /Users/admin/builder/spi-builder-workspace/.derivedData/Build/Intermediates.noindex/cmark-gfm.build/Debug-watchos/cmark-gfm-extensions-t.build/Objects-normal/arm64/tasklist.o -index-unit-output-path /cmark-gfm.build/Debug-watchos/cmark-gfm-extensions-t.build/Objects-normal/arm64/tasklist.o
ScanDependencies /Users/admin/builder/spi-builder-workspace/.derivedData/Build/Intermediates.noindex/cmark-gfm.build/Debug-watchos/cmark-gfm-extensions-t.build/Objects-normal/arm64/tagfilter.o /Users/admin/builder/spi-builder-workspace/.dependencies/checkouts/swift-cmark/extensions/tagfilter.c normal arm64 c com.apple.compilers.llvm.clang.1_0.compiler (in target 'cmark-gfm-extensions' from project 'cmark-gfm')
    cd /Users/admin/builder/spi-builder-workspace/.swiftpm/xcode

    Using response file: /Users/admin/builder/spi-builder-workspace/.derivedData/Build/Intermediates.noindex/cmark-gfm.build/Debug-watchos/cmark-gfm-extensions-t.build/Objects-normal/arm64/7187679823f38a2a940e0043cdf9d637-common-args.resp

    builtin-ScanDependencies -o /Users/admin/builder/spi-builder-workspace/.derivedData/Build/Intermediates.noindex/cmark-gfm.build/Debug-watchos/cmark-gfm-extensions-t.build/Objects-normal/arm64/tagfilter.o.scan -- /Applications/Xcode-27.0.0-Release.Candidate.app/Contents/Developer/Toolchains/XcodeDefault.xctoolchain/usr/bin/clang -x c -ivfsstatcache /Users/admin/builder/spi-builder-workspace/.derivedData/SDKStatCaches.noindex/watchos27.0-24R360-e829b21a6f8c9b70876ba0858053c04477534ef55a1706bf4c1112bbb242f0a2.sdkstatcache -target arm64-apple-watchos9.0 -fmessage-length\=0 -fdiagnostics-show-note-include-stack -fmacro-backtrace-limit\=0 -fno-color-diagnostics -fmodules-prune-interval\=86400 -fmodules-prune-after\=345600 -fbuild-session-file\=/Users/admin/builder/spi-builder-workspace/.derivedData/ModuleCache.noindex/Session.modulevalidation -fmodules-validate-once-per-build-session -Wnon-modular-include-in-framework-module -Werror\=non-modular-include-in-framework-module -Wno-trigraphs -Wno-missing-field-initializers -Wno-missing-prototypes -Wno-return-type -Wno-missing-braces -Wparentheses -Wswitch -Wno-unused-function -Wno-unused-label -Wno-unused-parameter -Wno-unused-variable -Wunused-value -Wno-empty-body -Wno-uninitialized -Wno-unknown-pragmas -w -Wno-shadow -Wno-four-char-constants -Wno-conversion -Wno-constant-conversion -Wno-int-conversion -Wno-bool-conversion -Wno-enum-conversion -Wno-float-conversion -Wno-non-literal-null-conversion -Wno-objc-literal-conversion -Wshorten-64-to-32 -Wpointer-sign -Wno-newline-eof -Wno-implicit-fallthrough -isysroot /Applications/Xcode-27.0.0-Release.Candidate.app/Contents/Developer/Platforms/WatchOS.platform/Developer/SDKs/WatchOS27.0.sdk -fstrict-aliasing -Wdeprecated-declarations -Wno-sign-conversion -Wno-infinite-recursion -Wno-comma -Wno-block-capture-autoreleasing -Wno-strict-prototypes -Wno-semicolon-before-method-body -index-store-path /Users/admin/builder/spi-builder-workspace/.derivedData/Index.noindex/DataStore @/Users/admin/builder/spi-builder-workspace/.derivedData/Build/Intermediates.noindex/cmark-gfm.build/Debug-watchos/cmark-gfm-extensions-t.build/Objects-normal/arm64/7187679823f38a2a940e0043cdf9d637-common-args.resp -MMD -MT dependencies -MF /Users/admin/builder/spi-builder-workspace/.derivedData/Build/Intermediates.noindex/cmark-gfm.build/Debug-watchos/cmark-gfm-extensions-t.build/Objects-normal/arm64/tagfilter.d --serialize-diagnostics /Users/admin/builder/spi-builder-workspace/.derivedData/Build/Intermediates.noindex/cmark-gfm.build/Debug-watchos/cmark-gfm-extensions-t.build/Objects-normal/arm64/tagfilter.dia -c /Users/admin/builder/spi-builder-workspace/.dependencies/checkouts/swift-cmark/extensions/tagfilter.c -o /Users/admin/builder/spi-builder-workspace/.derivedData/Build/Intermediates.noindex/cmark-gfm.build/Debug-watchos/cmark-gfm-extensions-t.build/Objects-normal/arm64/tagfilter.o -index-unit-output-path /cmark-gfm.build/Debug-watchos/cmark-gfm-extensions-t.build/Objects-normal/arm64/tagfilter.o
ScanDependencies /Users/admin/builder/spi-builder-workspace/.derivedData/Build/Intermediates.noindex/cmark-gfm.build/Debug-watchos/cmark-gfm-extensions-t.build/Objects-normal/arm64/table.o /Users/admin/builder/spi-builder-workspace/.dependencies/checkouts/swift-cmark/extensions/table.c normal arm64 c com.apple.compilers.llvm.clang.1_0.compiler (in target 'cmark-gfm-extensions' from project 'cmark-gfm')
    cd /Users/admin/builder/spi-builder-workspace/.swiftpm/xcode

    Using response file: /Users/admin/builder/spi-builder-workspace/.derivedData/Build/Intermediates.noindex/cmark-gfm.build/Debug-watchos/cmark-gfm-extensions-t.build/Objects-normal/arm64/7187679823f38a2a940e0043cdf9d637-common-args.resp

    builtin-ScanDependencies -o /Users/admin/builder/spi-builder-workspace/.derivedData/Build/Intermediates.noindex/cmark-gfm.build/Debug-watchos/cmark-gfm-extensions-t.build/Objects-normal/arm64/table.o.scan -- /Applications/Xcode-27.0.0-Release.Candidate.app/Contents/Developer/Toolchains/XcodeDefault.xctoolchain/usr/bin/clang -x c -ivfsstatcache /Users/admin/builder/spi-builder-workspace/.derivedData/SDKStatCaches.noindex/watchos27.0-24R360-e829b21a6f8c9b70876ba0858053c04477534ef55a1706bf4c1112bbb242f0a2.sdkstatcache -target arm64-apple-watchos9.0 -fmessage-length\=0 -fdiagnostics-show-note-include-stack -fmacro-backtrace-limit\=0 -fno-color-diagnostics -fmodules-prune-interval\=86400 -fmodules-prune-after\=345600 -fbuild-session-file\=/Users/admin/builder/spi-builder-workspace/.derivedData/ModuleCache.noindex/Session.modulevalidation -fmodules-validate-once-per-build-session -Wnon-modular-include-in-framework-module -Werror\=non-modular-include-in-framework-module -Wno-trigraphs -Wno-missing-field-initializers -Wno-missing-prototypes -Wno-return-type -Wno-missing-braces -Wparentheses -Wswitch -Wno-unused-function -Wno-unused-label -Wno-unused-parameter -Wno-unused-variable -Wunused-value -Wno-empty-body -Wno-uninitialized -Wno-unknown-pragmas -w -Wno-shadow -Wno-four-char-constants -Wno-conversion -Wno-constant-conversion -Wno-int-conversion -Wno-bool-conversion -Wno-enum-conversion -Wno-float-conversion -Wno-non-literal-null-conversion -Wno-objc-literal-conversion -Wshorten-64-to-32 -Wpointer-sign -Wno-newline-eof -Wno-implicit-fallthrough -isysroot /Applications/Xcode-27.0.0-Release.Candidate.app/Contents/Developer/Platforms/WatchOS.platform/Developer/SDKs/WatchOS27.0.sdk -fstrict-aliasing -Wdeprecated-declarations -Wno-sign-conversion -Wno-infinite-recursion -Wno-comma -Wno-block-capture-autoreleasing -Wno-strict-prototypes -Wno-semicolon-before-method-body -index-store-path /Users/admin/builder/spi-builder-workspace/.derivedData/Index.noindex/DataStore @/Users/admin/builder/spi-builder-workspace/.derivedData/Build/Intermediates.noindex/cmark-gfm.build/Debug-watchos/cmark-gfm-extensions-t.build/Objects-normal/arm64/7187679823f38a2a940e0043cdf9d637-common-args.resp -MMD -MT dependencies -MF /Users/admin/builder/spi-builder-workspace/.derivedData/Build/Intermediates.noindex/cmark-gfm.build/Debug-watchos/cmark-gfm-extensions-t.build/Objects-normal/arm64/table.d --serialize-diagnostics /Users/admin/builder/spi-builder-workspace/.derivedData/Build/Intermediates.noindex/cmark-gfm.build/Debug-watchos/cmark-gfm-extensions-t.build/Objects-normal/arm64/table.dia -c /Users/admin/builder/spi-builder-workspace/.dependencies/checkouts/swift-cmark/extensions/table.c -o /Users/admin/builder/spi-builder-workspace/.derivedData/Build/Intermediates.noindex/cmark-gfm.build/Debug-watchos/cmark-gfm-extensions-t.build/Objects-normal/arm64/table.o -index-unit-output-path /cmark-gfm.build/Debug-watchos/cmark-gfm-extensions-t.build/Objects-normal/arm64/table.o
SwiftExplicitDependencyGeneratePcm arm64_32 /Users/admin/builder/spi-builder-workspace/.derivedData/SDKExplicitPrecompiledModules/_Builtin_stdarg-D305JG44A2WPI6CJY37X3QJE8.pcm
SwiftExplicitDependencyGeneratePcm arm64_32 /Users/admin/builder/spi-builder-workspace/.derivedData/SDKExplicitPrecompiledModules/_Builtin_float-6KO8O3PEWRCA4WC6PPLOYO6WJ.pcm
SwiftExplicitDependencyGeneratePcm arm64 /Users/admin/builder/spi-builder-workspace/.derivedData/SDKExplicitPrecompiledModules/_Builtin_stdarg-A7UU8LE6MP85SM26YO7PBZNUQ.pcm
PruneExplicitPrecompiledModules /Users/admin/builder/spi-builder-workspace/.derivedData/Build/Intermediates.noindex/ExplicitPrecompiledModules
PruneExplicitPrecompiledModules /Users/admin/builder/spi-builder-workspace/.derivedData/Build/Intermediates.noindex/SwiftExplicitPrecompiledModules
PruneExplicitPrecompiledModules /Users/admin/builder/spi-builder-workspace/.derivedData/SDKExplicitPrecompiledModules
2026-09-26 14:46:46.433 xcodebuild[1241:7374] [MT] IDERunDestination: Supported platforms for the buildables in the current scheme is empty.
** BUILD FAILED **
The following build commands failed:
	SwiftDriver HighlightSwift normal arm64 com.apple.xcode.tools.swift.compiler (in target 'HighlightSwift' from project 'HighlightSwift')
	SwiftDriver HighlightSwift normal arm64_32 com.apple.xcode.tools.swift.compiler (in target 'HighlightSwift' from project 'HighlightSwift')
	Building workspace SwiftStreamingMarkdown with scheme SwiftStreamingMarkdown
(3 failures)
BUILD FAILURE 6.4 watchOS