Build Information
Failed to build CryptoOffice, reference 0.1.1 (06be38), with Swift 6.4 for watchOS using Xcode 27.0 on 17 Sep 2026 06:29:38 UTC.
Build Command
env DEVELOPER_DIR=/Applications/Xcode-27.0.0-Release.Candidate.app xcrun xcodebuild -IDEClonedSourcePackagesDirPathOverride=$PWD/.dependencies -skipMacroValidation -skipPackagePluginValidation -derivedDataPath $PWD/.derivedData build -scheme CryptoOffice -destination generic/platform=watchOSBuild Log
builtin-SwiftPerFileCompile PBKDF1.swift
SwiftCompile normal arm64 /Users/admin/builder/spi-builder-workspace/.dependencies/checkouts/CryptoSwift/Sources/CryptoSwift/PKCS/PBKDF2.swift (in target 'CryptoSwift' from project 'CryptoSwift')
cd /Users/admin/builder/spi-builder-workspace/.swiftpm/xcode
builtin-SwiftPerFileCompile PBKDF2.swift
SwiftCompile normal arm64 /Users/admin/builder/spi-builder-workspace/.dependencies/checkouts/CryptoSwift/Sources/CryptoSwift/PKCS/PKCS1v15.swift (in target 'CryptoSwift' from project 'CryptoSwift')
cd /Users/admin/builder/spi-builder-workspace/.swiftpm/xcode
builtin-SwiftPerFileCompile PKCS1v15.swift
SwiftCompile normal arm64 /Users/admin/builder/spi-builder-workspace/.dependencies/checkouts/CryptoSwift/Sources/CryptoSwift/PKCS/PKCS5.swift (in target 'CryptoSwift' from project 'CryptoSwift')
cd /Users/admin/builder/spi-builder-workspace/.swiftpm/xcode
builtin-SwiftPerFileCompile PKCS5.swift
SwiftCompile normal arm64 /Users/admin/builder/spi-builder-workspace/.dependencies/checkouts/CryptoSwift/Sources/CryptoSwift/PKCS/PKCS7.swift (in target 'CryptoSwift' from project 'CryptoSwift')
cd /Users/admin/builder/spi-builder-workspace/.swiftpm/xcode
builtin-SwiftPerFileCompile PKCS7.swift
SwiftCompile normal arm64 /Users/admin/builder/spi-builder-workspace/.dependencies/checkouts/CryptoSwift/Sources/CryptoSwift/PKCS/PKCS7Padding.swift (in target 'CryptoSwift' from project 'CryptoSwift')
cd /Users/admin/builder/spi-builder-workspace/.swiftpm/xcode
builtin-SwiftPerFileCompile PKCS7Padding.swift
SwiftCompile normal arm64 /Users/admin/builder/spi-builder-workspace/.dependencies/checkouts/CryptoSwift/Sources/CryptoSwift/Padding.swift (in target 'CryptoSwift' from project 'CryptoSwift')
cd /Users/admin/builder/spi-builder-workspace/.swiftpm/xcode
builtin-SwiftPerFileCompile Padding.swift
SwiftCompile normal arm64 /Users/admin/builder/spi-builder-workspace/.dependencies/checkouts/CryptoSwift/Sources/CryptoSwift/Poly1305.swift (in target 'CryptoSwift' from project 'CryptoSwift')
cd /Users/admin/builder/spi-builder-workspace/.swiftpm/xcode
builtin-SwiftPerFileCompile Poly1305.swift
SwiftEmitModule normal arm64 Emitting\ module\ for\ CryptoSwift (in target 'CryptoSwift' from project 'CryptoSwift')
SwiftCompile normal arm64 (in target 'CryptoSwift' from project 'CryptoSwift')
cd /Users/admin/builder/spi-builder-workspace/.swiftpm/xcode
SwiftCompile normal arm64 Compiling\ StreamEncryptor.swift,\ String+Extension.swift,\ UInt128.swift,\ UInt16+Extension.swift,\ UInt32+Extension.swift,\ UInt64+Extension.swift,\ UInt8+Extension.swift,\ Updatable.swift,\ Utils.swift,\ XChaCha20.swift,\ ZeroPadding.swift /Users/admin/builder/spi-builder-workspace/.dependencies/checkouts/CryptoSwift/Sources/CryptoSwift/StreamEncryptor.swift /Users/admin/builder/spi-builder-workspace/.dependencies/checkouts/CryptoSwift/Sources/CryptoSwift/String+Extension.swift /Users/admin/builder/spi-builder-workspace/.dependencies/checkouts/CryptoSwift/Sources/CryptoSwift/UInt128.swift /Users/admin/builder/spi-builder-workspace/.dependencies/checkouts/CryptoSwift/Sources/CryptoSwift/UInt16+Extension.swift /Users/admin/builder/spi-builder-workspace/.dependencies/checkouts/CryptoSwift/Sources/CryptoSwift/UInt32+Extension.swift /Users/admin/builder/spi-builder-workspace/.dependencies/checkouts/CryptoSwift/Sources/CryptoSwift/UInt64+Extension.swift /Users/admin/builder/spi-builder-workspace/.dependencies/checkouts/CryptoSwift/Sources/CryptoSwift/UInt8+Extension.swift /Users/admin/builder/spi-builder-workspace/.dependencies/checkouts/CryptoSwift/Sources/CryptoSwift/Updatable.swift /Users/admin/builder/spi-builder-workspace/.dependencies/checkouts/CryptoSwift/Sources/CryptoSwift/Utils.swift /Users/admin/builder/spi-builder-workspace/.dependencies/checkouts/CryptoSwift/Sources/CryptoSwift/XChaCha20.swift /Users/admin/builder/spi-builder-workspace/.dependencies/checkouts/CryptoSwift/Sources/CryptoSwift/ZeroPadding.swift (in target 'CryptoSwift' from project 'CryptoSwift')
SwiftCompile normal arm64 /Users/admin/builder/spi-builder-workspace/.dependencies/checkouts/CryptoSwift/Sources/CryptoSwift/StreamEncryptor.swift (in target 'CryptoSwift' from project 'CryptoSwift')
cd /Users/admin/builder/spi-builder-workspace/.swiftpm/xcode
builtin-SwiftPerFileCompile StreamEncryptor.swift
SwiftCompile normal arm64 /Users/admin/builder/spi-builder-workspace/.dependencies/checkouts/CryptoSwift/Sources/CryptoSwift/String+Extension.swift (in target 'CryptoSwift' from project 'CryptoSwift')
cd /Users/admin/builder/spi-builder-workspace/.swiftpm/xcode
builtin-SwiftPerFileCompile String+Extension.swift
SwiftCompile normal arm64 /Users/admin/builder/spi-builder-workspace/.dependencies/checkouts/CryptoSwift/Sources/CryptoSwift/UInt128.swift (in target 'CryptoSwift' from project 'CryptoSwift')
cd /Users/admin/builder/spi-builder-workspace/.swiftpm/xcode
builtin-SwiftPerFileCompile UInt128.swift
SwiftCompile normal arm64 /Users/admin/builder/spi-builder-workspace/.dependencies/checkouts/CryptoSwift/Sources/CryptoSwift/UInt16+Extension.swift (in target 'CryptoSwift' from project 'CryptoSwift')
cd /Users/admin/builder/spi-builder-workspace/.swiftpm/xcode
builtin-SwiftPerFileCompile UInt16+Extension.swift
SwiftCompile normal arm64 /Users/admin/builder/spi-builder-workspace/.dependencies/checkouts/CryptoSwift/Sources/CryptoSwift/UInt32+Extension.swift (in target 'CryptoSwift' from project 'CryptoSwift')
cd /Users/admin/builder/spi-builder-workspace/.swiftpm/xcode
builtin-SwiftPerFileCompile UInt32+Extension.swift
SwiftCompile normal arm64 /Users/admin/builder/spi-builder-workspace/.dependencies/checkouts/CryptoSwift/Sources/CryptoSwift/UInt64+Extension.swift (in target 'CryptoSwift' from project 'CryptoSwift')
cd /Users/admin/builder/spi-builder-workspace/.swiftpm/xcode
builtin-SwiftPerFileCompile UInt64+Extension.swift
SwiftCompile normal arm64 /Users/admin/builder/spi-builder-workspace/.dependencies/checkouts/CryptoSwift/Sources/CryptoSwift/UInt8+Extension.swift (in target 'CryptoSwift' from project 'CryptoSwift')
cd /Users/admin/builder/spi-builder-workspace/.swiftpm/xcode
builtin-SwiftPerFileCompile UInt8+Extension.swift
SwiftCompile normal arm64 /Users/admin/builder/spi-builder-workspace/.dependencies/checkouts/CryptoSwift/Sources/CryptoSwift/Updatable.swift (in target 'CryptoSwift' from project 'CryptoSwift')
cd /Users/admin/builder/spi-builder-workspace/.swiftpm/xcode
builtin-SwiftPerFileCompile Updatable.swift
SwiftCompile normal arm64 /Users/admin/builder/spi-builder-workspace/.dependencies/checkouts/CryptoSwift/Sources/CryptoSwift/Utils.swift (in target 'CryptoSwift' from project 'CryptoSwift')
cd /Users/admin/builder/spi-builder-workspace/.swiftpm/xcode
builtin-SwiftPerFileCompile Utils.swift
SwiftCompile normal arm64 /Users/admin/builder/spi-builder-workspace/.dependencies/checkouts/CryptoSwift/Sources/CryptoSwift/XChaCha20.swift (in target 'CryptoSwift' from project 'CryptoSwift')
cd /Users/admin/builder/spi-builder-workspace/.swiftpm/xcode
builtin-SwiftPerFileCompile XChaCha20.swift
SwiftCompile normal arm64 /Users/admin/builder/spi-builder-workspace/.dependencies/checkouts/CryptoSwift/Sources/CryptoSwift/ZeroPadding.swift (in target 'CryptoSwift' from project 'CryptoSwift')
cd /Users/admin/builder/spi-builder-workspace/.swiftpm/xcode
builtin-SwiftPerFileCompile ZeroPadding.swift
SwiftEmitModule normal arm64_32 Emitting\ module\ for\ CryptoSwift (in target 'CryptoSwift' from project 'CryptoSwift')
SwiftCompile normal arm64_32 (in target 'CryptoSwift' from project 'CryptoSwift')
cd /Users/admin/builder/spi-builder-workspace/.swiftpm/xcode
SwiftDriverJobDiscovery normal arm64 Compiling CompactMap.swift, Cryptor.swift, Cryptors.swift, Digest.swift, DigestType.swift, AES+Foundation.swift, Array+Foundation.swift, Blowfish+Foundation.swift, ChaCha20+Foundation.swift, Data+Extension.swift, HMAC+Foundation.swift (in target 'CryptoSwift' from project 'CryptoSwift')
SwiftCompile normal arm64_32 Compiling\ RSA+Cipher.swift,\ RSA+Signature.swift,\ RSA.swift,\ Rabbit.swift,\ SHA1.swift,\ SHA2.swift,\ SHA3.swift,\ Scrypt.swift,\ SecureBytes.swift,\ Signature.swift,\ StreamDecryptor.swift /Users/admin/builder/spi-builder-workspace/.dependencies/checkouts/CryptoSwift/Sources/CryptoSwift/RSA/RSA+Cipher.swift /Users/admin/builder/spi-builder-workspace/.dependencies/checkouts/CryptoSwift/Sources/CryptoSwift/RSA/RSA+Signature.swift /Users/admin/builder/spi-builder-workspace/.dependencies/checkouts/CryptoSwift/Sources/CryptoSwift/RSA/RSA.swift /Users/admin/builder/spi-builder-workspace/.dependencies/checkouts/CryptoSwift/Sources/CryptoSwift/Rabbit.swift /Users/admin/builder/spi-builder-workspace/.dependencies/checkouts/CryptoSwift/Sources/CryptoSwift/SHA1.swift /Users/admin/builder/spi-builder-workspace/.dependencies/checkouts/CryptoSwift/Sources/CryptoSwift/SHA2.swift /Users/admin/builder/spi-builder-workspace/.dependencies/checkouts/CryptoSwift/Sources/CryptoSwift/SHA3.swift /Users/admin/builder/spi-builder-workspace/.dependencies/checkouts/CryptoSwift/Sources/CryptoSwift/Scrypt.swift /Users/admin/builder/spi-builder-workspace/.dependencies/checkouts/CryptoSwift/Sources/CryptoSwift/SecureBytes.swift /Users/admin/builder/spi-builder-workspace/.dependencies/checkouts/CryptoSwift/Sources/CryptoSwift/Signature.swift /Users/admin/builder/spi-builder-workspace/.dependencies/checkouts/CryptoSwift/Sources/CryptoSwift/StreamDecryptor.swift (in target 'CryptoSwift' from project 'CryptoSwift')
SwiftCompile normal arm64_32 /Users/admin/builder/spi-builder-workspace/.dependencies/checkouts/CryptoSwift/Sources/CryptoSwift/RSA/RSA+Cipher.swift (in target 'CryptoSwift' from project 'CryptoSwift')
cd /Users/admin/builder/spi-builder-workspace/.swiftpm/xcode
builtin-SwiftPerFileCompile RSA+Cipher.swift
SwiftCompile normal arm64_32 /Users/admin/builder/spi-builder-workspace/.dependencies/checkouts/CryptoSwift/Sources/CryptoSwift/RSA/RSA+Signature.swift (in target 'CryptoSwift' from project 'CryptoSwift')
cd /Users/admin/builder/spi-builder-workspace/.swiftpm/xcode
builtin-SwiftPerFileCompile RSA+Signature.swift
SwiftCompile normal arm64_32 /Users/admin/builder/spi-builder-workspace/.dependencies/checkouts/CryptoSwift/Sources/CryptoSwift/RSA/RSA.swift (in target 'CryptoSwift' from project 'CryptoSwift')
cd /Users/admin/builder/spi-builder-workspace/.swiftpm/xcode
builtin-SwiftPerFileCompile RSA.swift
SwiftCompile normal arm64_32 /Users/admin/builder/spi-builder-workspace/.dependencies/checkouts/CryptoSwift/Sources/CryptoSwift/Rabbit.swift (in target 'CryptoSwift' from project 'CryptoSwift')
cd /Users/admin/builder/spi-builder-workspace/.swiftpm/xcode
builtin-SwiftPerFileCompile Rabbit.swift
SwiftCompile normal arm64_32 /Users/admin/builder/spi-builder-workspace/.dependencies/checkouts/CryptoSwift/Sources/CryptoSwift/SHA1.swift (in target 'CryptoSwift' from project 'CryptoSwift')
cd /Users/admin/builder/spi-builder-workspace/.swiftpm/xcode
builtin-SwiftPerFileCompile SHA1.swift
SwiftCompile normal arm64_32 /Users/admin/builder/spi-builder-workspace/.dependencies/checkouts/CryptoSwift/Sources/CryptoSwift/SHA2.swift (in target 'CryptoSwift' from project 'CryptoSwift')
cd /Users/admin/builder/spi-builder-workspace/.swiftpm/xcode
builtin-SwiftPerFileCompile SHA2.swift
SwiftCompile normal arm64_32 /Users/admin/builder/spi-builder-workspace/.dependencies/checkouts/CryptoSwift/Sources/CryptoSwift/SHA3.swift (in target 'CryptoSwift' from project 'CryptoSwift')
cd /Users/admin/builder/spi-builder-workspace/.swiftpm/xcode
builtin-SwiftPerFileCompile SHA3.swift
SwiftCompile normal arm64_32 /Users/admin/builder/spi-builder-workspace/.dependencies/checkouts/CryptoSwift/Sources/CryptoSwift/Scrypt.swift (in target 'CryptoSwift' from project 'CryptoSwift')
cd /Users/admin/builder/spi-builder-workspace/.swiftpm/xcode
builtin-SwiftPerFileCompile Scrypt.swift
SwiftCompile normal arm64_32 /Users/admin/builder/spi-builder-workspace/.dependencies/checkouts/CryptoSwift/Sources/CryptoSwift/SecureBytes.swift (in target 'CryptoSwift' from project 'CryptoSwift')
cd /Users/admin/builder/spi-builder-workspace/.swiftpm/xcode
builtin-SwiftPerFileCompile SecureBytes.swift
SwiftCompile normal arm64_32 /Users/admin/builder/spi-builder-workspace/.dependencies/checkouts/CryptoSwift/Sources/CryptoSwift/Signature.swift (in target 'CryptoSwift' from project 'CryptoSwift')
cd /Users/admin/builder/spi-builder-workspace/.swiftpm/xcode
builtin-SwiftPerFileCompile Signature.swift
SwiftCompile normal arm64_32 /Users/admin/builder/spi-builder-workspace/.dependencies/checkouts/CryptoSwift/Sources/CryptoSwift/StreamDecryptor.swift (in target 'CryptoSwift' from project 'CryptoSwift')
cd /Users/admin/builder/spi-builder-workspace/.swiftpm/xcode
builtin-SwiftPerFileCompile StreamDecryptor.swift
SwiftDriverJobDiscovery normal arm64 Compiling Rabbit+Foundation.swift, String+FoundationExtension.swift, Utils+Foundation.swift, XChaCha20+Foundation.swift, Generics.swift, HKDF.swift, HMAC.swift, ISO10126Padding.swift, ISO78164Padding.swift, Int+Extension.swift, MD5.swift (in target 'CryptoSwift' from project 'CryptoSwift')
SwiftCompile normal arm64_32 Compiling\ GCM.swift,\ OCB.swift,\ OFB.swift,\ PCBC.swift,\ Blowfish.swift,\ CBCMAC.swift,\ CMAC.swift,\ Addition.swift,\ BigInt.swift,\ BigUInt.swift,\ BitwiseOps.swift,\ CS.swift /Users/admin/builder/spi-builder-workspace/.dependencies/checkouts/CryptoSwift/Sources/CryptoSwift/BlockMode/GCM.swift /Users/admin/builder/spi-builder-workspace/.dependencies/checkouts/CryptoSwift/Sources/CryptoSwift/BlockMode/OCB.swift /Users/admin/builder/spi-builder-workspace/.dependencies/checkouts/CryptoSwift/Sources/CryptoSwift/BlockMode/OFB.swift /Users/admin/builder/spi-builder-workspace/.dependencies/checkouts/CryptoSwift/Sources/CryptoSwift/BlockMode/PCBC.swift /Users/admin/builder/spi-builder-workspace/.dependencies/checkouts/CryptoSwift/Sources/CryptoSwift/Blowfish.swift /Users/admin/builder/spi-builder-workspace/.dependencies/checkouts/CryptoSwift/Sources/CryptoSwift/CBCMAC.swift /Users/admin/builder/spi-builder-workspace/.dependencies/checkouts/CryptoSwift/Sources/CryptoSwift/CMAC.swift /Users/admin/builder/spi-builder-workspace/.dependencies/checkouts/CryptoSwift/Sources/CryptoSwift/CS_BigInt/Addition.swift /Users/admin/builder/spi-builder-workspace/.dependencies/checkouts/CryptoSwift/Sources/CryptoSwift/CS_BigInt/BigInt.swift /Users/admin/builder/spi-builder-workspace/.dependencies/checkouts/CryptoSwift/Sources/CryptoSwift/CS_BigInt/BigUInt.swift /Users/admin/builder/spi-builder-workspace/.dependencies/checkouts/CryptoSwift/Sources/CryptoSwift/CS_BigInt/BitwiseOps.swift /Users/admin/builder/spi-builder-workspace/.dependencies/checkouts/CryptoSwift/Sources/CryptoSwift/CS_BigInt/CS.swift (in target 'CryptoSwift' from project 'CryptoSwift')
SwiftCompile normal arm64_32 /Users/admin/builder/spi-builder-workspace/.dependencies/checkouts/CryptoSwift/Sources/CryptoSwift/BlockMode/GCM.swift (in target 'CryptoSwift' from project 'CryptoSwift')
cd /Users/admin/builder/spi-builder-workspace/.swiftpm/xcode
builtin-SwiftPerFileCompile GCM.swift
SwiftCompile normal arm64_32 /Users/admin/builder/spi-builder-workspace/.dependencies/checkouts/CryptoSwift/Sources/CryptoSwift/BlockMode/OCB.swift (in target 'CryptoSwift' from project 'CryptoSwift')
cd /Users/admin/builder/spi-builder-workspace/.swiftpm/xcode
builtin-SwiftPerFileCompile OCB.swift
SwiftCompile normal arm64_32 /Users/admin/builder/spi-builder-workspace/.dependencies/checkouts/CryptoSwift/Sources/CryptoSwift/BlockMode/OFB.swift (in target 'CryptoSwift' from project 'CryptoSwift')
cd /Users/admin/builder/spi-builder-workspace/.swiftpm/xcode
builtin-SwiftPerFileCompile OFB.swift
SwiftCompile normal arm64_32 /Users/admin/builder/spi-builder-workspace/.dependencies/checkouts/CryptoSwift/Sources/CryptoSwift/BlockMode/PCBC.swift (in target 'CryptoSwift' from project 'CryptoSwift')
cd /Users/admin/builder/spi-builder-workspace/.swiftpm/xcode
builtin-SwiftPerFileCompile PCBC.swift
SwiftCompile normal arm64_32 /Users/admin/builder/spi-builder-workspace/.dependencies/checkouts/CryptoSwift/Sources/CryptoSwift/Blowfish.swift (in target 'CryptoSwift' from project 'CryptoSwift')
cd /Users/admin/builder/spi-builder-workspace/.swiftpm/xcode
builtin-SwiftPerFileCompile Blowfish.swift
SwiftCompile normal arm64_32 /Users/admin/builder/spi-builder-workspace/.dependencies/checkouts/CryptoSwift/Sources/CryptoSwift/CBCMAC.swift (in target 'CryptoSwift' from project 'CryptoSwift')
cd /Users/admin/builder/spi-builder-workspace/.swiftpm/xcode
builtin-SwiftPerFileCompile CBCMAC.swift
SwiftCompile normal arm64_32 /Users/admin/builder/spi-builder-workspace/.dependencies/checkouts/CryptoSwift/Sources/CryptoSwift/CMAC.swift (in target 'CryptoSwift' from project 'CryptoSwift')
cd /Users/admin/builder/spi-builder-workspace/.swiftpm/xcode
builtin-SwiftPerFileCompile CMAC.swift
SwiftCompile normal arm64_32 /Users/admin/builder/spi-builder-workspace/.dependencies/checkouts/CryptoSwift/Sources/CryptoSwift/CS_BigInt/Addition.swift (in target 'CryptoSwift' from project 'CryptoSwift')
cd /Users/admin/builder/spi-builder-workspace/.swiftpm/xcode
builtin-SwiftPerFileCompile Addition.swift
SwiftCompile normal arm64_32 /Users/admin/builder/spi-builder-workspace/.dependencies/checkouts/CryptoSwift/Sources/CryptoSwift/CS_BigInt/BigInt.swift (in target 'CryptoSwift' from project 'CryptoSwift')
cd /Users/admin/builder/spi-builder-workspace/.swiftpm/xcode
builtin-SwiftPerFileCompile BigInt.swift
SwiftCompile normal arm64_32 /Users/admin/builder/spi-builder-workspace/.dependencies/checkouts/CryptoSwift/Sources/CryptoSwift/CS_BigInt/BigUInt.swift (in target 'CryptoSwift' from project 'CryptoSwift')
cd /Users/admin/builder/spi-builder-workspace/.swiftpm/xcode
builtin-SwiftPerFileCompile BigUInt.swift
SwiftCompile normal arm64_32 /Users/admin/builder/spi-builder-workspace/.dependencies/checkouts/CryptoSwift/Sources/CryptoSwift/CS_BigInt/BitwiseOps.swift (in target 'CryptoSwift' from project 'CryptoSwift')
cd /Users/admin/builder/spi-builder-workspace/.swiftpm/xcode
builtin-SwiftPerFileCompile BitwiseOps.swift
SwiftCompile normal arm64_32 /Users/admin/builder/spi-builder-workspace/.dependencies/checkouts/CryptoSwift/Sources/CryptoSwift/CS_BigInt/CS.swift (in target 'CryptoSwift' from project 'CryptoSwift')
cd /Users/admin/builder/spi-builder-workspace/.swiftpm/xcode
builtin-SwiftPerFileCompile CS.swift
SwiftDriverJobDiscovery normal arm64 Compiling NoPadding.swift, Operators.swift, DER.swift, PBKDF1.swift, PBKDF2.swift, PKCS1v15.swift, PKCS5.swift, PKCS7.swift, PKCS7Padding.swift, Padding.swift, Poly1305.swift (in target 'CryptoSwift' from project 'CryptoSwift')
SwiftCompile normal arm64_32 Compiling\ Codable.swift,\ Comparable.swift,\ DataConversion.swift,\ Division.swift,\ Exponentiation.swift,\ FloatingPointConversion.swift,\ GCD.swift,\ Hashable.swift,\ IntegerConversion.swift,\ Multiplication.swift,\ PrimeTest.swift /Users/admin/builder/spi-builder-workspace/.dependencies/checkouts/CryptoSwift/Sources/CryptoSwift/CS_BigInt/Codable.swift /Users/admin/builder/spi-builder-workspace/.dependencies/checkouts/CryptoSwift/Sources/CryptoSwift/CS_BigInt/Comparable.swift /Users/admin/builder/spi-builder-workspace/.dependencies/checkouts/CryptoSwift/Sources/CryptoSwift/CS_BigInt/DataConversion.swift /Users/admin/builder/spi-builder-workspace/.dependencies/checkouts/CryptoSwift/Sources/CryptoSwift/CS_BigInt/Division.swift /Users/admin/builder/spi-builder-workspace/.dependencies/checkouts/CryptoSwift/Sources/CryptoSwift/CS_BigInt/Exponentiation.swift /Users/admin/builder/spi-builder-workspace/.dependencies/checkouts/CryptoSwift/Sources/CryptoSwift/CS_BigInt/FloatingPointConversion.swift /Users/admin/builder/spi-builder-workspace/.dependencies/checkouts/CryptoSwift/Sources/CryptoSwift/CS_BigInt/GCD.swift /Users/admin/builder/spi-builder-workspace/.dependencies/checkouts/CryptoSwift/Sources/CryptoSwift/CS_BigInt/Hashable.swift /Users/admin/builder/spi-builder-workspace/.dependencies/checkouts/CryptoSwift/Sources/CryptoSwift/CS_BigInt/IntegerConversion.swift /Users/admin/builder/spi-builder-workspace/.dependencies/checkouts/CryptoSwift/Sources/CryptoSwift/CS_BigInt/Multiplication.swift /Users/admin/builder/spi-builder-workspace/.dependencies/checkouts/CryptoSwift/Sources/CryptoSwift/CS_BigInt/PrimeTest.swift (in target 'CryptoSwift' from project 'CryptoSwift')
SwiftCompile normal arm64_32 /Users/admin/builder/spi-builder-workspace/.dependencies/checkouts/CryptoSwift/Sources/CryptoSwift/CS_BigInt/Codable.swift (in target 'CryptoSwift' from project 'CryptoSwift')
cd /Users/admin/builder/spi-builder-workspace/.swiftpm/xcode
builtin-SwiftPerFileCompile Codable.swift
SwiftCompile normal arm64_32 /Users/admin/builder/spi-builder-workspace/.dependencies/checkouts/CryptoSwift/Sources/CryptoSwift/CS_BigInt/Comparable.swift (in target 'CryptoSwift' from project 'CryptoSwift')
cd /Users/admin/builder/spi-builder-workspace/.swiftpm/xcode
builtin-SwiftPerFileCompile Comparable.swift
SwiftCompile normal arm64_32 /Users/admin/builder/spi-builder-workspace/.dependencies/checkouts/CryptoSwift/Sources/CryptoSwift/CS_BigInt/DataConversion.swift (in target 'CryptoSwift' from project 'CryptoSwift')
cd /Users/admin/builder/spi-builder-workspace/.swiftpm/xcode
builtin-SwiftPerFileCompile DataConversion.swift
SwiftCompile normal arm64_32 /Users/admin/builder/spi-builder-workspace/.dependencies/checkouts/CryptoSwift/Sources/CryptoSwift/CS_BigInt/Division.swift (in target 'CryptoSwift' from project 'CryptoSwift')
cd /Users/admin/builder/spi-builder-workspace/.swiftpm/xcode
builtin-SwiftPerFileCompile Division.swift
SwiftCompile normal arm64_32 /Users/admin/builder/spi-builder-workspace/.dependencies/checkouts/CryptoSwift/Sources/CryptoSwift/CS_BigInt/Exponentiation.swift (in target 'CryptoSwift' from project 'CryptoSwift')
cd /Users/admin/builder/spi-builder-workspace/.swiftpm/xcode
builtin-SwiftPerFileCompile Exponentiation.swift
SwiftCompile normal arm64_32 /Users/admin/builder/spi-builder-workspace/.dependencies/checkouts/CryptoSwift/Sources/CryptoSwift/CS_BigInt/FloatingPointConversion.swift (in target 'CryptoSwift' from project 'CryptoSwift')
cd /Users/admin/builder/spi-builder-workspace/.swiftpm/xcode
builtin-SwiftPerFileCompile FloatingPointConversion.swift
SwiftCompile normal arm64_32 /Users/admin/builder/spi-builder-workspace/.dependencies/checkouts/CryptoSwift/Sources/CryptoSwift/CS_BigInt/GCD.swift (in target 'CryptoSwift' from project 'CryptoSwift')
cd /Users/admin/builder/spi-builder-workspace/.swiftpm/xcode
builtin-SwiftPerFileCompile GCD.swift
SwiftCompile normal arm64_32 /Users/admin/builder/spi-builder-workspace/.dependencies/checkouts/CryptoSwift/Sources/CryptoSwift/CS_BigInt/Hashable.swift (in target 'CryptoSwift' from project 'CryptoSwift')
cd /Users/admin/builder/spi-builder-workspace/.swiftpm/xcode
builtin-SwiftPerFileCompile Hashable.swift
SwiftCompile normal arm64_32 /Users/admin/builder/spi-builder-workspace/.dependencies/checkouts/CryptoSwift/Sources/CryptoSwift/CS_BigInt/IntegerConversion.swift (in target 'CryptoSwift' from project 'CryptoSwift')
cd /Users/admin/builder/spi-builder-workspace/.swiftpm/xcode
builtin-SwiftPerFileCompile IntegerConversion.swift
SwiftCompile normal arm64_32 /Users/admin/builder/spi-builder-workspace/.dependencies/checkouts/CryptoSwift/Sources/CryptoSwift/CS_BigInt/Multiplication.swift (in target 'CryptoSwift' from project 'CryptoSwift')
cd /Users/admin/builder/spi-builder-workspace/.swiftpm/xcode
builtin-SwiftPerFileCompile Multiplication.swift
SwiftCompile normal arm64_32 /Users/admin/builder/spi-builder-workspace/.dependencies/checkouts/CryptoSwift/Sources/CryptoSwift/CS_BigInt/PrimeTest.swift (in target 'CryptoSwift' from project 'CryptoSwift')
cd /Users/admin/builder/spi-builder-workspace/.swiftpm/xcode
builtin-SwiftPerFileCompile PrimeTest.swift
SwiftDriverJobDiscovery normal arm64 Compiling Bit.swift, BlockCipher.swift, BlockDecryptor.swift, BlockEncryptor.swift, BlockMode.swift, BlockModeOptions.swift, CBC.swift, CCM.swift, CFB.swift, CTR.swift, CipherModeWorker.swift, ECB.swift (in target 'CryptoSwift' from project 'CryptoSwift')
SwiftCompile normal arm64_32 Compiling\ Rabbit+Foundation.swift,\ String+FoundationExtension.swift,\ Utils+Foundation.swift,\ XChaCha20+Foundation.swift,\ Generics.swift,\ HKDF.swift,\ HMAC.swift,\ ISO10126Padding.swift,\ ISO78164Padding.swift,\ Int+Extension.swift,\ MD5.swift /Users/admin/builder/spi-builder-workspace/.dependencies/checkouts/CryptoSwift/Sources/CryptoSwift/Foundation/Rabbit+Foundation.swift /Users/admin/builder/spi-builder-workspace/.dependencies/checkouts/CryptoSwift/Sources/CryptoSwift/Foundation/String+FoundationExtension.swift /Users/admin/builder/spi-builder-workspace/.dependencies/checkouts/CryptoSwift/Sources/CryptoSwift/Foundation/Utils+Foundation.swift /Users/admin/builder/spi-builder-workspace/.dependencies/checkouts/CryptoSwift/Sources/CryptoSwift/Foundation/XChaCha20+Foundation.swift /Users/admin/builder/spi-builder-workspace/.dependencies/checkouts/CryptoSwift/Sources/CryptoSwift/Generics.swift /Users/admin/builder/spi-builder-workspace/.dependencies/checkouts/CryptoSwift/Sources/CryptoSwift/HKDF.swift /Users/admin/builder/spi-builder-workspace/.dependencies/checkouts/CryptoSwift/Sources/CryptoSwift/HMAC.swift /Users/admin/builder/spi-builder-workspace/.dependencies/checkouts/CryptoSwift/Sources/CryptoSwift/ISO10126Padding.swift /Users/admin/builder/spi-builder-workspace/.dependencies/checkouts/CryptoSwift/Sources/CryptoSwift/ISO78164Padding.swift /Users/admin/builder/spi-builder-workspace/.dependencies/checkouts/CryptoSwift/Sources/CryptoSwift/Int+Extension.swift /Users/admin/builder/spi-builder-workspace/.dependencies/checkouts/CryptoSwift/Sources/CryptoSwift/MD5.swift (in target 'CryptoSwift' from project 'CryptoSwift')
SwiftCompile normal arm64_32 /Users/admin/builder/spi-builder-workspace/.dependencies/checkouts/CryptoSwift/Sources/CryptoSwift/Foundation/Rabbit+Foundation.swift (in target 'CryptoSwift' from project 'CryptoSwift')
cd /Users/admin/builder/spi-builder-workspace/.swiftpm/xcode
builtin-SwiftPerFileCompile Rabbit+Foundation.swift
SwiftCompile normal arm64_32 /Users/admin/builder/spi-builder-workspace/.dependencies/checkouts/CryptoSwift/Sources/CryptoSwift/Foundation/String+FoundationExtension.swift (in target 'CryptoSwift' from project 'CryptoSwift')
cd /Users/admin/builder/spi-builder-workspace/.swiftpm/xcode
builtin-SwiftPerFileCompile String+FoundationExtension.swift
SwiftCompile normal arm64_32 /Users/admin/builder/spi-builder-workspace/.dependencies/checkouts/CryptoSwift/Sources/CryptoSwift/Foundation/Utils+Foundation.swift (in target 'CryptoSwift' from project 'CryptoSwift')
cd /Users/admin/builder/spi-builder-workspace/.swiftpm/xcode
builtin-SwiftPerFileCompile Utils+Foundation.swift
SwiftCompile normal arm64_32 /Users/admin/builder/spi-builder-workspace/.dependencies/checkouts/CryptoSwift/Sources/CryptoSwift/Foundation/XChaCha20+Foundation.swift (in target 'CryptoSwift' from project 'CryptoSwift')
cd /Users/admin/builder/spi-builder-workspace/.swiftpm/xcode
builtin-SwiftPerFileCompile XChaCha20+Foundation.swift
SwiftCompile normal arm64_32 /Users/admin/builder/spi-builder-workspace/.dependencies/checkouts/CryptoSwift/Sources/CryptoSwift/Generics.swift (in target 'CryptoSwift' from project 'CryptoSwift')
cd /Users/admin/builder/spi-builder-workspace/.swiftpm/xcode
builtin-SwiftPerFileCompile Generics.swift
SwiftCompile normal arm64_32 /Users/admin/builder/spi-builder-workspace/.dependencies/checkouts/CryptoSwift/Sources/CryptoSwift/HKDF.swift (in target 'CryptoSwift' from project 'CryptoSwift')
cd /Users/admin/builder/spi-builder-workspace/.swiftpm/xcode
builtin-SwiftPerFileCompile HKDF.swift
SwiftCompile normal arm64_32 /Users/admin/builder/spi-builder-workspace/.dependencies/checkouts/CryptoSwift/Sources/CryptoSwift/HMAC.swift (in target 'CryptoSwift' from project 'CryptoSwift')
cd /Users/admin/builder/spi-builder-workspace/.swiftpm/xcode
builtin-SwiftPerFileCompile HMAC.swift
SwiftCompile normal arm64_32 /Users/admin/builder/spi-builder-workspace/.dependencies/checkouts/CryptoSwift/Sources/CryptoSwift/ISO10126Padding.swift (in target 'CryptoSwift' from project 'CryptoSwift')
cd /Users/admin/builder/spi-builder-workspace/.swiftpm/xcode
builtin-SwiftPerFileCompile ISO10126Padding.swift
SwiftCompile normal arm64_32 /Users/admin/builder/spi-builder-workspace/.dependencies/checkouts/CryptoSwift/Sources/CryptoSwift/ISO78164Padding.swift (in target 'CryptoSwift' from project 'CryptoSwift')
cd /Users/admin/builder/spi-builder-workspace/.swiftpm/xcode
builtin-SwiftPerFileCompile ISO78164Padding.swift
SwiftCompile normal arm64_32 /Users/admin/builder/spi-builder-workspace/.dependencies/checkouts/CryptoSwift/Sources/CryptoSwift/Int+Extension.swift (in target 'CryptoSwift' from project 'CryptoSwift')
cd /Users/admin/builder/spi-builder-workspace/.swiftpm/xcode
builtin-SwiftPerFileCompile Int+Extension.swift
SwiftCompile normal arm64_32 /Users/admin/builder/spi-builder-workspace/.dependencies/checkouts/CryptoSwift/Sources/CryptoSwift/MD5.swift (in target 'CryptoSwift' from project 'CryptoSwift')
cd /Users/admin/builder/spi-builder-workspace/.swiftpm/xcode
builtin-SwiftPerFileCompile MD5.swift
SwiftDriverJobDiscovery normal arm64 Compiling Codable.swift, Comparable.swift, DataConversion.swift, Division.swift, Exponentiation.swift, FloatingPointConversion.swift, GCD.swift, Hashable.swift, IntegerConversion.swift, Multiplication.swift, PrimeTest.swift (in target 'CryptoSwift' from project 'CryptoSwift')
SwiftCompile normal arm64_32 Compiling\ AEAD.swift,\ AEADChaCha20Poly1305.swift,\ AEADXChaCha20Poly1305.swift,\ AES.Cryptors.swift,\ AES.swift,\ ASN1.swift,\ ASN1Decoder.swift,\ ASN1Encoder.swift,\ ASN1Scanner.swift,\ Array+Extension.swift,\ Authenticator.swift,\ BatchedCollection.swift /Users/admin/builder/spi-builder-workspace/.dependencies/checkouts/CryptoSwift/Sources/CryptoSwift/AEAD/AEAD.swift /Users/admin/builder/spi-builder-workspace/.dependencies/checkouts/CryptoSwift/Sources/CryptoSwift/AEAD/AEADChaCha20Poly1305.swift /Users/admin/builder/spi-builder-workspace/.dependencies/checkouts/CryptoSwift/Sources/CryptoSwift/AEAD/AEADXChaCha20Poly1305.swift /Users/admin/builder/spi-builder-workspace/.dependencies/checkouts/CryptoSwift/Sources/CryptoSwift/AES.Cryptors.swift /Users/admin/builder/spi-builder-workspace/.dependencies/checkouts/CryptoSwift/Sources/CryptoSwift/AES.swift /Users/admin/builder/spi-builder-workspace/.dependencies/checkouts/CryptoSwift/Sources/CryptoSwift/ASN1/ASN1.swift /Users/admin/builder/spi-builder-workspace/.dependencies/checkouts/CryptoSwift/Sources/CryptoSwift/ASN1/ASN1Decoder.swift /Users/admin/builder/spi-builder-workspace/.dependencies/checkouts/CryptoSwift/Sources/CryptoSwift/ASN1/ASN1Encoder.swift /Users/admin/builder/spi-builder-workspace/.dependencies/checkouts/CryptoSwift/Sources/CryptoSwift/ASN1/ASN1Scanner.swift /Users/admin/builder/spi-builder-workspace/.dependencies/checkouts/CryptoSwift/Sources/CryptoSwift/Array+Extension.swift /Users/admin/builder/spi-builder-workspace/.dependencies/checkouts/CryptoSwift/Sources/CryptoSwift/Authenticator.swift /Users/admin/builder/spi-builder-workspace/.dependencies/checkouts/CryptoSwift/Sources/CryptoSwift/BatchedCollection.swift (in target 'CryptoSwift' from project 'CryptoSwift')
SwiftCompile normal arm64_32 /Users/admin/builder/spi-builder-workspace/.dependencies/checkouts/CryptoSwift/Sources/CryptoSwift/AEAD/AEAD.swift (in target 'CryptoSwift' from project 'CryptoSwift')
cd /Users/admin/builder/spi-builder-workspace/.swiftpm/xcode
builtin-SwiftPerFileCompile AEAD.swift
SwiftCompile normal arm64_32 /Users/admin/builder/spi-builder-workspace/.dependencies/checkouts/CryptoSwift/Sources/CryptoSwift/AEAD/AEADChaCha20Poly1305.swift (in target 'CryptoSwift' from project 'CryptoSwift')
cd /Users/admin/builder/spi-builder-workspace/.swiftpm/xcode
builtin-SwiftPerFileCompile AEADChaCha20Poly1305.swift
SwiftCompile normal arm64_32 /Users/admin/builder/spi-builder-workspace/.dependencies/checkouts/CryptoSwift/Sources/CryptoSwift/AEAD/AEADXChaCha20Poly1305.swift (in target 'CryptoSwift' from project 'CryptoSwift')
cd /Users/admin/builder/spi-builder-workspace/.swiftpm/xcode
builtin-SwiftPerFileCompile AEADXChaCha20Poly1305.swift
SwiftCompile normal arm64_32 /Users/admin/builder/spi-builder-workspace/.dependencies/checkouts/CryptoSwift/Sources/CryptoSwift/AES.Cryptors.swift (in target 'CryptoSwift' from project 'CryptoSwift')
cd /Users/admin/builder/spi-builder-workspace/.swiftpm/xcode
builtin-SwiftPerFileCompile AES.Cryptors.swift
SwiftCompile normal arm64_32 /Users/admin/builder/spi-builder-workspace/.dependencies/checkouts/CryptoSwift/Sources/CryptoSwift/AES.swift (in target 'CryptoSwift' from project 'CryptoSwift')
cd /Users/admin/builder/spi-builder-workspace/.swiftpm/xcode
builtin-SwiftPerFileCompile AES.swift
SwiftCompile normal arm64_32 /Users/admin/builder/spi-builder-workspace/.dependencies/checkouts/CryptoSwift/Sources/CryptoSwift/ASN1/ASN1.swift (in target 'CryptoSwift' from project 'CryptoSwift')
cd /Users/admin/builder/spi-builder-workspace/.swiftpm/xcode
builtin-SwiftPerFileCompile ASN1.swift
SwiftCompile normal arm64_32 /Users/admin/builder/spi-builder-workspace/.dependencies/checkouts/CryptoSwift/Sources/CryptoSwift/ASN1/ASN1Decoder.swift (in target 'CryptoSwift' from project 'CryptoSwift')
cd /Users/admin/builder/spi-builder-workspace/.swiftpm/xcode
builtin-SwiftPerFileCompile ASN1Decoder.swift
SwiftCompile normal arm64_32 /Users/admin/builder/spi-builder-workspace/.dependencies/checkouts/CryptoSwift/Sources/CryptoSwift/ASN1/ASN1Encoder.swift (in target 'CryptoSwift' from project 'CryptoSwift')
cd /Users/admin/builder/spi-builder-workspace/.swiftpm/xcode
builtin-SwiftPerFileCompile ASN1Encoder.swift
SwiftCompile normal arm64_32 /Users/admin/builder/spi-builder-workspace/.dependencies/checkouts/CryptoSwift/Sources/CryptoSwift/ASN1/ASN1Scanner.swift (in target 'CryptoSwift' from project 'CryptoSwift')
cd /Users/admin/builder/spi-builder-workspace/.swiftpm/xcode
builtin-SwiftPerFileCompile ASN1Scanner.swift
SwiftCompile normal arm64_32 /Users/admin/builder/spi-builder-workspace/.dependencies/checkouts/CryptoSwift/Sources/CryptoSwift/Array+Extension.swift (in target 'CryptoSwift' from project 'CryptoSwift')
cd /Users/admin/builder/spi-builder-workspace/.swiftpm/xcode
builtin-SwiftPerFileCompile Array+Extension.swift
SwiftCompile normal arm64_32 /Users/admin/builder/spi-builder-workspace/.dependencies/checkouts/CryptoSwift/Sources/CryptoSwift/Authenticator.swift (in target 'CryptoSwift' from project 'CryptoSwift')
cd /Users/admin/builder/spi-builder-workspace/.swiftpm/xcode
builtin-SwiftPerFileCompile Authenticator.swift
SwiftCompile normal arm64_32 /Users/admin/builder/spi-builder-workspace/.dependencies/checkouts/CryptoSwift/Sources/CryptoSwift/BatchedCollection.swift (in target 'CryptoSwift' from project 'CryptoSwift')
cd /Users/admin/builder/spi-builder-workspace/.swiftpm/xcode
builtin-SwiftPerFileCompile BatchedCollection.swift
SwiftDriverJobDiscovery normal arm64 Compiling StreamEncryptor.swift, String+Extension.swift, UInt128.swift, UInt16+Extension.swift, UInt32+Extension.swift, UInt64+Extension.swift, UInt8+Extension.swift, Updatable.swift, Utils.swift, XChaCha20.swift, ZeroPadding.swift (in target 'CryptoSwift' from project 'CryptoSwift')
SwiftCompile normal arm64_32 Compiling\ NoPadding.swift,\ Operators.swift,\ DER.swift,\ PBKDF1.swift,\ PBKDF2.swift,\ PKCS1v15.swift,\ PKCS5.swift,\ PKCS7.swift,\ PKCS7Padding.swift,\ Padding.swift,\ Poly1305.swift /Users/admin/builder/spi-builder-workspace/.dependencies/checkouts/CryptoSwift/Sources/CryptoSwift/NoPadding.swift /Users/admin/builder/spi-builder-workspace/.dependencies/checkouts/CryptoSwift/Sources/CryptoSwift/Operators.swift /Users/admin/builder/spi-builder-workspace/.dependencies/checkouts/CryptoSwift/Sources/CryptoSwift/PEM/DER.swift /Users/admin/builder/spi-builder-workspace/.dependencies/checkouts/CryptoSwift/Sources/CryptoSwift/PKCS/PBKDF1.swift /Users/admin/builder/spi-builder-workspace/.dependencies/checkouts/CryptoSwift/Sources/CryptoSwift/PKCS/PBKDF2.swift /Users/admin/builder/spi-builder-workspace/.dependencies/checkouts/CryptoSwift/Sources/CryptoSwift/PKCS/PKCS1v15.swift /Users/admin/builder/spi-builder-workspace/.dependencies/checkouts/CryptoSwift/Sources/CryptoSwift/PKCS/PKCS5.swift /Users/admin/builder/spi-builder-workspace/.dependencies/checkouts/CryptoSwift/Sources/CryptoSwift/PKCS/PKCS7.swift /Users/admin/builder/spi-builder-workspace/.dependencies/checkouts/CryptoSwift/Sources/CryptoSwift/PKCS/PKCS7Padding.swift /Users/admin/builder/spi-builder-workspace/.dependencies/checkouts/CryptoSwift/Sources/CryptoSwift/Padding.swift /Users/admin/builder/spi-builder-workspace/.dependencies/checkouts/CryptoSwift/Sources/CryptoSwift/Poly1305.swift (in target 'CryptoSwift' from project 'CryptoSwift')
SwiftCompile normal arm64_32 /Users/admin/builder/spi-builder-workspace/.dependencies/checkouts/CryptoSwift/Sources/CryptoSwift/NoPadding.swift (in target 'CryptoSwift' from project 'CryptoSwift')
cd /Users/admin/builder/spi-builder-workspace/.swiftpm/xcode
builtin-SwiftPerFileCompile NoPadding.swift
SwiftCompile normal arm64_32 /Users/admin/builder/spi-builder-workspace/.dependencies/checkouts/CryptoSwift/Sources/CryptoSwift/Operators.swift (in target 'CryptoSwift' from project 'CryptoSwift')
cd /Users/admin/builder/spi-builder-workspace/.swiftpm/xcode
builtin-SwiftPerFileCompile Operators.swift
SwiftCompile normal arm64_32 /Users/admin/builder/spi-builder-workspace/.dependencies/checkouts/CryptoSwift/Sources/CryptoSwift/PEM/DER.swift (in target 'CryptoSwift' from project 'CryptoSwift')
cd /Users/admin/builder/spi-builder-workspace/.swiftpm/xcode
builtin-SwiftPerFileCompile DER.swift
SwiftCompile normal arm64_32 /Users/admin/builder/spi-builder-workspace/.dependencies/checkouts/CryptoSwift/Sources/CryptoSwift/PKCS/PBKDF1.swift (in target 'CryptoSwift' from project 'CryptoSwift')
cd /Users/admin/builder/spi-builder-workspace/.swiftpm/xcode
builtin-SwiftPerFileCompile PBKDF1.swift
SwiftCompile normal arm64_32 /Users/admin/builder/spi-builder-workspace/.dependencies/checkouts/CryptoSwift/Sources/CryptoSwift/PKCS/PBKDF2.swift (in target 'CryptoSwift' from project 'CryptoSwift')
cd /Users/admin/builder/spi-builder-workspace/.swiftpm/xcode
builtin-SwiftPerFileCompile PBKDF2.swift
SwiftCompile normal arm64_32 /Users/admin/builder/spi-builder-workspace/.dependencies/checkouts/CryptoSwift/Sources/CryptoSwift/PKCS/PKCS1v15.swift (in target 'CryptoSwift' from project 'CryptoSwift')
cd /Users/admin/builder/spi-builder-workspace/.swiftpm/xcode
builtin-SwiftPerFileCompile PKCS1v15.swift
SwiftCompile normal arm64_32 /Users/admin/builder/spi-builder-workspace/.dependencies/checkouts/CryptoSwift/Sources/CryptoSwift/PKCS/PKCS5.swift (in target 'CryptoSwift' from project 'CryptoSwift')
cd /Users/admin/builder/spi-builder-workspace/.swiftpm/xcode
builtin-SwiftPerFileCompile PKCS5.swift
SwiftCompile normal arm64_32 /Users/admin/builder/spi-builder-workspace/.dependencies/checkouts/CryptoSwift/Sources/CryptoSwift/PKCS/PKCS7.swift (in target 'CryptoSwift' from project 'CryptoSwift')
cd /Users/admin/builder/spi-builder-workspace/.swiftpm/xcode
builtin-SwiftPerFileCompile PKCS7.swift
SwiftCompile normal arm64_32 /Users/admin/builder/spi-builder-workspace/.dependencies/checkouts/CryptoSwift/Sources/CryptoSwift/PKCS/PKCS7Padding.swift (in target 'CryptoSwift' from project 'CryptoSwift')
cd /Users/admin/builder/spi-builder-workspace/.swiftpm/xcode
builtin-SwiftPerFileCompile PKCS7Padding.swift
SwiftCompile normal arm64_32 /Users/admin/builder/spi-builder-workspace/.dependencies/checkouts/CryptoSwift/Sources/CryptoSwift/Padding.swift (in target 'CryptoSwift' from project 'CryptoSwift')
cd /Users/admin/builder/spi-builder-workspace/.swiftpm/xcode
builtin-SwiftPerFileCompile Padding.swift
SwiftCompile normal arm64_32 /Users/admin/builder/spi-builder-workspace/.dependencies/checkouts/CryptoSwift/Sources/CryptoSwift/Poly1305.swift (in target 'CryptoSwift' from project 'CryptoSwift')
cd /Users/admin/builder/spi-builder-workspace/.swiftpm/xcode
builtin-SwiftPerFileCompile Poly1305.swift
SwiftDriverJobDiscovery normal arm64 Compiling Random.swift, Shifts.swift, SquareRoot.swift, Strideable.swift, StringConversion.swift, Subtraction.swift, WordsAndBits.swift, ChaCha20.swift, Checksum.swift, Cipher.swift, Collection+Extension.swift (in target 'CryptoSwift' from project 'CryptoSwift')
SwiftCompile normal arm64_32 Compiling\ Bit.swift,\ BlockCipher.swift,\ BlockDecryptor.swift,\ BlockEncryptor.swift,\ BlockMode.swift,\ BlockModeOptions.swift,\ CBC.swift,\ CCM.swift,\ CFB.swift,\ CTR.swift,\ CipherModeWorker.swift,\ ECB.swift /Users/admin/builder/spi-builder-workspace/.dependencies/checkouts/CryptoSwift/Sources/CryptoSwift/Bit.swift /Users/admin/builder/spi-builder-workspace/.dependencies/checkouts/CryptoSwift/Sources/CryptoSwift/BlockCipher.swift /Users/admin/builder/spi-builder-workspace/.dependencies/checkouts/CryptoSwift/Sources/CryptoSwift/BlockDecryptor.swift /Users/admin/builder/spi-builder-workspace/.dependencies/checkouts/CryptoSwift/Sources/CryptoSwift/BlockEncryptor.swift /Users/admin/builder/spi-builder-workspace/.dependencies/checkouts/CryptoSwift/Sources/CryptoSwift/BlockMode/BlockMode.swift /Users/admin/builder/spi-builder-workspace/.dependencies/checkouts/CryptoSwift/Sources/CryptoSwift/BlockMode/BlockModeOptions.swift /Users/admin/builder/spi-builder-workspace/.dependencies/checkouts/CryptoSwift/Sources/CryptoSwift/BlockMode/CBC.swift /Users/admin/builder/spi-builder-workspace/.dependencies/checkouts/CryptoSwift/Sources/CryptoSwift/BlockMode/CCM.swift /Users/admin/builder/spi-builder-workspace/.dependencies/checkouts/CryptoSwift/Sources/CryptoSwift/BlockMode/CFB.swift /Users/admin/builder/spi-builder-workspace/.dependencies/checkouts/CryptoSwift/Sources/CryptoSwift/BlockMode/CTR.swift /Users/admin/builder/spi-builder-workspace/.dependencies/checkouts/CryptoSwift/Sources/CryptoSwift/BlockMode/CipherModeWorker.swift /Users/admin/builder/spi-builder-workspace/.dependencies/checkouts/CryptoSwift/Sources/CryptoSwift/BlockMode/ECB.swift (in target 'CryptoSwift' from project 'CryptoSwift')
SwiftCompile normal arm64_32 /Users/admin/builder/spi-builder-workspace/.dependencies/checkouts/CryptoSwift/Sources/CryptoSwift/Bit.swift (in target 'CryptoSwift' from project 'CryptoSwift')
cd /Users/admin/builder/spi-builder-workspace/.swiftpm/xcode
builtin-SwiftPerFileCompile Bit.swift
SwiftCompile normal arm64_32 /Users/admin/builder/spi-builder-workspace/.dependencies/checkouts/CryptoSwift/Sources/CryptoSwift/BlockCipher.swift (in target 'CryptoSwift' from project 'CryptoSwift')
cd /Users/admin/builder/spi-builder-workspace/.swiftpm/xcode
builtin-SwiftPerFileCompile BlockCipher.swift
SwiftCompile normal arm64_32 /Users/admin/builder/spi-builder-workspace/.dependencies/checkouts/CryptoSwift/Sources/CryptoSwift/BlockDecryptor.swift (in target 'CryptoSwift' from project 'CryptoSwift')
cd /Users/admin/builder/spi-builder-workspace/.swiftpm/xcode
builtin-SwiftPerFileCompile BlockDecryptor.swift
SwiftCompile normal arm64_32 /Users/admin/builder/spi-builder-workspace/.dependencies/checkouts/CryptoSwift/Sources/CryptoSwift/BlockEncryptor.swift (in target 'CryptoSwift' from project 'CryptoSwift')
cd /Users/admin/builder/spi-builder-workspace/.swiftpm/xcode
builtin-SwiftPerFileCompile BlockEncryptor.swift
SwiftCompile normal arm64_32 /Users/admin/builder/spi-builder-workspace/.dependencies/checkouts/CryptoSwift/Sources/CryptoSwift/BlockMode/BlockMode.swift (in target 'CryptoSwift' from project 'CryptoSwift')
cd /Users/admin/builder/spi-builder-workspace/.swiftpm/xcode
builtin-SwiftPerFileCompile BlockMode.swift
SwiftCompile normal arm64_32 /Users/admin/builder/spi-builder-workspace/.dependencies/checkouts/CryptoSwift/Sources/CryptoSwift/BlockMode/BlockModeOptions.swift (in target 'CryptoSwift' from project 'CryptoSwift')
cd /Users/admin/builder/spi-builder-workspace/.swiftpm/xcode
builtin-SwiftPerFileCompile BlockModeOptions.swift
SwiftCompile normal arm64_32 /Users/admin/builder/spi-builder-workspace/.dependencies/checkouts/CryptoSwift/Sources/CryptoSwift/BlockMode/CBC.swift (in target 'CryptoSwift' from project 'CryptoSwift')
cd /Users/admin/builder/spi-builder-workspace/.swiftpm/xcode
builtin-SwiftPerFileCompile CBC.swift
SwiftCompile normal arm64_32 /Users/admin/builder/spi-builder-workspace/.dependencies/checkouts/CryptoSwift/Sources/CryptoSwift/BlockMode/CCM.swift (in target 'CryptoSwift' from project 'CryptoSwift')
cd /Users/admin/builder/spi-builder-workspace/.swiftpm/xcode
builtin-SwiftPerFileCompile CCM.swift
SwiftCompile normal arm64_32 /Users/admin/builder/spi-builder-workspace/.dependencies/checkouts/CryptoSwift/Sources/CryptoSwift/BlockMode/CFB.swift (in target 'CryptoSwift' from project 'CryptoSwift')
cd /Users/admin/builder/spi-builder-workspace/.swiftpm/xcode
builtin-SwiftPerFileCompile CFB.swift
SwiftCompile normal arm64_32 /Users/admin/builder/spi-builder-workspace/.dependencies/checkouts/CryptoSwift/Sources/CryptoSwift/BlockMode/CTR.swift (in target 'CryptoSwift' from project 'CryptoSwift')
cd /Users/admin/builder/spi-builder-workspace/.swiftpm/xcode
builtin-SwiftPerFileCompile CTR.swift
SwiftCompile normal arm64_32 /Users/admin/builder/spi-builder-workspace/.dependencies/checkouts/CryptoSwift/Sources/CryptoSwift/BlockMode/CipherModeWorker.swift (in target 'CryptoSwift' from project 'CryptoSwift')
cd /Users/admin/builder/spi-builder-workspace/.swiftpm/xcode
builtin-SwiftPerFileCompile CipherModeWorker.swift
SwiftCompile normal arm64_32 /Users/admin/builder/spi-builder-workspace/.dependencies/checkouts/CryptoSwift/Sources/CryptoSwift/BlockMode/ECB.swift (in target 'CryptoSwift' from project 'CryptoSwift')
cd /Users/admin/builder/spi-builder-workspace/.swiftpm/xcode
builtin-SwiftPerFileCompile ECB.swift
SwiftDriverJobDiscovery normal arm64 Emitting module for CryptoSwift (in target 'CryptoSwift' from project 'CryptoSwift')
SwiftDriver\ Compilation\ Requirements CryptoSwift normal arm64 com.apple.xcode.tools.swift.compiler (in target 'CryptoSwift' from project 'CryptoSwift')
cd /Users/admin/builder/spi-builder-workspace/.swiftpm/xcode
builtin-Swift-Compilation-Requirements -- /Applications/Xcode-27.0.0-Release.Candidate.app/Contents/Developer/Toolchains/XcodeDefault.xctoolchain/usr/bin/swiftc -parse-as-library -module-name CryptoSwift -Onone @/Users/admin/builder/spi-builder-workspace/.derivedData/Build/Intermediates.noindex/CryptoSwift.build/Debug-watchos/CryptoSwift-t.build/Objects-normal/arm64/CryptoSwift.SwiftFileList -DSWIFT_PACKAGE -DDEBUG -DSWIFT_MODULE_RESOURCE_BUNDLE_UNAVAILABLE -DXcode -plugin-path /Applications/Xcode-27.0.0-Release.Candidate.app/Contents/Developer/Toolchains/XcodeDefault.xctoolchain/usr/lib/swift/host/plugins/testing -enable-experimental-feature DebugDescriptionMacro -sdk /Applications/Xcode-27.0.0-Release.Candidate.app/Contents/Developer/Platforms/WatchOS.platform/Developer/SDKs/WatchOS27.0.sdk -target arm64-apple-watchos9.0 -g -module-cache-path /Users/admin/builder/spi-builder-workspace/.derivedData/ModuleCache.noindex -Xfrontend -serialize-debugging-options -profile-coverage-mapping -profile-generate -enable-testing -suppress-warnings -index-store-path /Users/admin/builder/spi-builder-workspace/.derivedData/Index.noindex/DataStore -Xcc -D_LIBCPP_HARDENING_MODE\=_LIBCPP_HARDENING_MODE_DEBUG -swift-version 5 -I /Users/admin/builder/spi-builder-workspace/.derivedData/Build/Products/Debug-watchos -Isystem /Applications/Xcode-27.0.0-Release.Candidate.app/Contents/Developer/Platforms/WatchOS.platform/Developer/usr/lib -F /Users/admin/builder/spi-builder-workspace/.derivedData/Build/Products/Debug-watchos/PackageFrameworks -F /Users/admin/builder/spi-builder-workspace/.derivedData/Build/Products/Debug-watchos -F /Applications/Xcode-27.0.0-Release.Candidate.app/Contents/Developer/Platforms/WatchOS.platform/Developer/Library/Frameworks -F /Applications/Xcode-27.0.0-Release.Candidate.app/Contents/Developer/Platforms/WatchOS.platform/Developer/SDKs/WatchOS27.0.sdk/Developer/Library/Frameworks -c -j10 -enable-batch-mode -incremental -Xcc -ivfsstatcache -Xcc /Users/admin/builder/spi-builder-workspace/.derivedData/SDKStatCaches.noindex/watchos27.0-24R360-e829b21a6f8c9b70876ba0858053c04477534ef55a1706bf4c1112bbb242f0a2.sdkstatcache -output-file-map /Users/admin/builder/spi-builder-workspace/.derivedData/Build/Intermediates.noindex/CryptoSwift.build/Debug-watchos/CryptoSwift-t.build/Objects-normal/arm64/CryptoSwift-OutputFileMap.json -save-temps -no-color-diagnostics -explicit-module-build -module-cache-path /Users/admin/builder/spi-builder-workspace/.derivedData/Build/Intermediates.noindex/SwiftExplicitPrecompiledModules -clang-scanner-module-cache-path /Users/admin/builder/spi-builder-workspace/.derivedData/ModuleCache.noindex -sdk-module-cache-path /Users/admin/builder/spi-builder-workspace/.derivedData/SDKExplicitPrecompiledModules -emit-dependencies -emit-module -emit-module-path /Users/admin/builder/spi-builder-workspace/.derivedData/Build/Intermediates.noindex/CryptoSwift.build/Debug-watchos/CryptoSwift-t.build/Objects-normal/arm64/CryptoSwift.swiftmodule -serialize-diagnostics -dependency-scan-serialize-diagnostics-path /Users/admin/builder/spi-builder-workspace/.derivedData/Build/Intermediates.noindex/CryptoSwift.build/Debug-watchos/CryptoSwift-t.build/Objects-normal/arm64/CryptoSwift-dependency-scan.dia -validate-clang-modules-once -clang-build-session-file /Users/admin/builder/spi-builder-workspace/.derivedData/ModuleCache.noindex/Session.modulevalidation -Xcc -fmodules-prune-interval\=86400 -Xcc -fmodules-prune-after\=345600 -emit-const-values -const-gather-protocols-list /Users/admin/builder/spi-builder-workspace/.derivedData/Build/Intermediates.noindex/CryptoSwift.build/Debug-watchos/CryptoSwift-t.build/Objects-normal/arm64/CryptoSwift_const_extract_protocols.json -Xcc -I/Users/admin/builder/spi-builder-workspace/.derivedData/Build/Products/Debug-watchos/include -Xcc -I/Users/admin/builder/spi-builder-workspace/.derivedData/Build/Intermediates.noindex/CryptoSwift.build/Debug-watchos/CryptoSwift-t.build/DerivedSources-normal/arm64 -Xcc -I/Users/admin/builder/spi-builder-workspace/.derivedData/Build/Intermediates.noindex/CryptoSwift.build/Debug-watchos/CryptoSwift-t.build/DerivedSources/arm64 -Xcc -I/Users/admin/builder/spi-builder-workspace/.derivedData/Build/Intermediates.noindex/CryptoSwift.build/Debug-watchos/CryptoSwift-t.build/DerivedSources -Xcc -DSWIFT_PACKAGE -Xcc -DDEBUG\=1 -emit-objc-header -emit-objc-header-path /Users/admin/builder/spi-builder-workspace/.derivedData/Build/Intermediates.noindex/CryptoSwift.build/Debug-watchos/CryptoSwift-t.build/Objects-normal/arm64/CryptoSwift-Swift.h -working-directory /Users/admin/builder/spi-builder-workspace/.swiftpm/xcode -experimental-emit-module-separately -disable-cmo
SwiftDriverJobDiscovery normal arm64 Compiling GCM.swift, OCB.swift, OFB.swift, PCBC.swift, Blowfish.swift, CBCMAC.swift, CMAC.swift, Addition.swift, BigInt.swift, BigUInt.swift, BitwiseOps.swift, CS.swift (in target 'CryptoSwift' from project 'CryptoSwift')
SwiftCompile normal arm64_32 Compiling\ CompactMap.swift,\ Cryptor.swift,\ Cryptors.swift,\ Digest.swift,\ DigestType.swift,\ AES+Foundation.swift,\ Array+Foundation.swift,\ Blowfish+Foundation.swift,\ ChaCha20+Foundation.swift,\ Data+Extension.swift,\ HMAC+Foundation.swift /Users/admin/builder/spi-builder-workspace/.dependencies/checkouts/CryptoSwift/Sources/CryptoSwift/CompactMap.swift /Users/admin/builder/spi-builder-workspace/.dependencies/checkouts/CryptoSwift/Sources/CryptoSwift/Cryptor.swift /Users/admin/builder/spi-builder-workspace/.dependencies/checkouts/CryptoSwift/Sources/CryptoSwift/Cryptors.swift /Users/admin/builder/spi-builder-workspace/.dependencies/checkouts/CryptoSwift/Sources/CryptoSwift/Digest.swift /Users/admin/builder/spi-builder-workspace/.dependencies/checkouts/CryptoSwift/Sources/CryptoSwift/DigestType.swift /Users/admin/builder/spi-builder-workspace/.dependencies/checkouts/CryptoSwift/Sources/CryptoSwift/Foundation/AES+Foundation.swift /Users/admin/builder/spi-builder-workspace/.dependencies/checkouts/CryptoSwift/Sources/CryptoSwift/Foundation/Array+Foundation.swift /Users/admin/builder/spi-builder-workspace/.dependencies/checkouts/CryptoSwift/Sources/CryptoSwift/Foundation/Blowfish+Foundation.swift /Users/admin/builder/spi-builder-workspace/.dependencies/checkouts/CryptoSwift/Sources/CryptoSwift/Foundation/ChaCha20+Foundation.swift /Users/admin/builder/spi-builder-workspace/.dependencies/checkouts/CryptoSwift/Sources/CryptoSwift/Foundation/Data+Extension.swift /Users/admin/builder/spi-builder-workspace/.dependencies/checkouts/CryptoSwift/Sources/CryptoSwift/Foundation/HMAC+Foundation.swift (in target 'CryptoSwift' from project 'CryptoSwift')
SwiftCompile normal arm64_32 /Users/admin/builder/spi-builder-workspace/.dependencies/checkouts/CryptoSwift/Sources/CryptoSwift/CompactMap.swift (in target 'CryptoSwift' from project 'CryptoSwift')
cd /Users/admin/builder/spi-builder-workspace/.swiftpm/xcode
builtin-SwiftPerFileCompile CompactMap.swift
SwiftCompile normal arm64_32 /Users/admin/builder/spi-builder-workspace/.dependencies/checkouts/CryptoSwift/Sources/CryptoSwift/Cryptor.swift (in target 'CryptoSwift' from project 'CryptoSwift')
cd /Users/admin/builder/spi-builder-workspace/.swiftpm/xcode
builtin-SwiftPerFileCompile Cryptor.swift
SwiftCompile normal arm64_32 /Users/admin/builder/spi-builder-workspace/.dependencies/checkouts/CryptoSwift/Sources/CryptoSwift/Cryptors.swift (in target 'CryptoSwift' from project 'CryptoSwift')
cd /Users/admin/builder/spi-builder-workspace/.swiftpm/xcode
builtin-SwiftPerFileCompile Cryptors.swift
SwiftCompile normal arm64_32 /Users/admin/builder/spi-builder-workspace/.dependencies/checkouts/CryptoSwift/Sources/CryptoSwift/Digest.swift (in target 'CryptoSwift' from project 'CryptoSwift')
cd /Users/admin/builder/spi-builder-workspace/.swiftpm/xcode
builtin-SwiftPerFileCompile Digest.swift
SwiftCompile normal arm64_32 /Users/admin/builder/spi-builder-workspace/.dependencies/checkouts/CryptoSwift/Sources/CryptoSwift/DigestType.swift (in target 'CryptoSwift' from project 'CryptoSwift')
cd /Users/admin/builder/spi-builder-workspace/.swiftpm/xcode
builtin-SwiftPerFileCompile DigestType.swift
SwiftCompile normal arm64_32 /Users/admin/builder/spi-builder-workspace/.dependencies/checkouts/CryptoSwift/Sources/CryptoSwift/Foundation/AES+Foundation.swift (in target 'CryptoSwift' from project 'CryptoSwift')
cd /Users/admin/builder/spi-builder-workspace/.swiftpm/xcode
builtin-SwiftPerFileCompile AES+Foundation.swift
SwiftCompile normal arm64_32 /Users/admin/builder/spi-builder-workspace/.dependencies/checkouts/CryptoSwift/Sources/CryptoSwift/Foundation/Array+Foundation.swift (in target 'CryptoSwift' from project 'CryptoSwift')
cd /Users/admin/builder/spi-builder-workspace/.swiftpm/xcode
builtin-SwiftPerFileCompile Array+Foundation.swift
SwiftCompile normal arm64_32 /Users/admin/builder/spi-builder-workspace/.dependencies/checkouts/CryptoSwift/Sources/CryptoSwift/Foundation/Blowfish+Foundation.swift (in target 'CryptoSwift' from project 'CryptoSwift')
cd /Users/admin/builder/spi-builder-workspace/.swiftpm/xcode
builtin-SwiftPerFileCompile Blowfish+Foundation.swift
SwiftCompile normal arm64_32 /Users/admin/builder/spi-builder-workspace/.dependencies/checkouts/CryptoSwift/Sources/CryptoSwift/Foundation/ChaCha20+Foundation.swift (in target 'CryptoSwift' from project 'CryptoSwift')
cd /Users/admin/builder/spi-builder-workspace/.swiftpm/xcode
builtin-SwiftPerFileCompile ChaCha20+Foundation.swift
SwiftCompile normal arm64_32 /Users/admin/builder/spi-builder-workspace/.dependencies/checkouts/CryptoSwift/Sources/CryptoSwift/Foundation/Data+Extension.swift (in target 'CryptoSwift' from project 'CryptoSwift')
cd /Users/admin/builder/spi-builder-workspace/.swiftpm/xcode
builtin-SwiftPerFileCompile Data+Extension.swift
SwiftCompile normal arm64_32 /Users/admin/builder/spi-builder-workspace/.dependencies/checkouts/CryptoSwift/Sources/CryptoSwift/Foundation/HMAC+Foundation.swift (in target 'CryptoSwift' from project 'CryptoSwift')
cd /Users/admin/builder/spi-builder-workspace/.swiftpm/xcode
builtin-SwiftPerFileCompile HMAC+Foundation.swift
Copy /Users/admin/builder/spi-builder-workspace/.derivedData/Build/Products/Debug-watchos/CryptoSwift.swiftmodule/arm64-apple-watchos.swiftmodule /Users/admin/builder/spi-builder-workspace/.derivedData/Build/Intermediates.noindex/CryptoSwift.build/Debug-watchos/CryptoSwift-t.build/Objects-normal/arm64/CryptoSwift.swiftmodule (in target 'CryptoSwift' from project 'CryptoSwift')
cd /Users/admin/builder/spi-builder-workspace/.dependencies/checkouts/CryptoSwift
builtin-copy -exclude .DS_Store -exclude CVS -exclude .svn -exclude .git -exclude .hg -resolve-src-symlinks -rename /Users/admin/builder/spi-builder-workspace/.derivedData/Build/Intermediates.noindex/CryptoSwift.build/Debug-watchos/CryptoSwift-t.build/Objects-normal/arm64/CryptoSwift.swiftmodule /Users/admin/builder/spi-builder-workspace/.derivedData/Build/Products/Debug-watchos/CryptoSwift.swiftmodule/arm64-apple-watchos.swiftmodule
SwiftDriverJobDiscovery normal arm64 Compiling AEAD.swift, AEADChaCha20Poly1305.swift, AEADXChaCha20Poly1305.swift, AES.Cryptors.swift, AES.swift, ASN1.swift, ASN1Decoder.swift, ASN1Encoder.swift, ASN1Scanner.swift, Array+Extension.swift, Authenticator.swift, BatchedCollection.swift (in target 'CryptoSwift' from project 'CryptoSwift')
Copy /Users/admin/builder/spi-builder-workspace/.derivedData/Build/Products/Debug-watchos/CryptoSwift.swiftmodule/arm64-apple-watchos.swiftdoc /Users/admin/builder/spi-builder-workspace/.derivedData/Build/Intermediates.noindex/CryptoSwift.build/Debug-watchos/CryptoSwift-t.build/Objects-normal/arm64/CryptoSwift.swiftdoc (in target 'CryptoSwift' from project 'CryptoSwift')
cd /Users/admin/builder/spi-builder-workspace/.dependencies/checkouts/CryptoSwift
builtin-copy -exclude .DS_Store -exclude CVS -exclude .svn -exclude .git -exclude .hg -resolve-src-symlinks -rename /Users/admin/builder/spi-builder-workspace/.derivedData/Build/Intermediates.noindex/CryptoSwift.build/Debug-watchos/CryptoSwift-t.build/Objects-normal/arm64/CryptoSwift.swiftdoc /Users/admin/builder/spi-builder-workspace/.derivedData/Build/Products/Debug-watchos/CryptoSwift.swiftmodule/arm64-apple-watchos.swiftdoc
Copy /Users/admin/builder/spi-builder-workspace/.derivedData/Build/Products/Debug-watchos/CryptoSwift.swiftmodule/arm64-apple-watchos.abi.json /Users/admin/builder/spi-builder-workspace/.derivedData/Build/Intermediates.noindex/CryptoSwift.build/Debug-watchos/CryptoSwift-t.build/Objects-normal/arm64/CryptoSwift.abi.json (in target 'CryptoSwift' from project 'CryptoSwift')
cd /Users/admin/builder/spi-builder-workspace/.dependencies/checkouts/CryptoSwift
builtin-copy -exclude .DS_Store -exclude CVS -exclude .svn -exclude .git -exclude .hg -resolve-src-symlinks -rename /Users/admin/builder/spi-builder-workspace/.derivedData/Build/Intermediates.noindex/CryptoSwift.build/Debug-watchos/CryptoSwift-t.build/Objects-normal/arm64/CryptoSwift.abi.json /Users/admin/builder/spi-builder-workspace/.derivedData/Build/Products/Debug-watchos/CryptoSwift.swiftmodule/arm64-apple-watchos.abi.json
Copy /Users/admin/builder/spi-builder-workspace/.derivedData/Build/Products/Debug-watchos/CryptoSwift.swiftmodule/Project/arm64-apple-watchos.swiftsourceinfo /Users/admin/builder/spi-builder-workspace/.derivedData/Build/Intermediates.noindex/CryptoSwift.build/Debug-watchos/CryptoSwift-t.build/Objects-normal/arm64/CryptoSwift.swiftsourceinfo (in target 'CryptoSwift' from project 'CryptoSwift')
cd /Users/admin/builder/spi-builder-workspace/.dependencies/checkouts/CryptoSwift
builtin-copy -exclude .DS_Store -exclude CVS -exclude .svn -exclude .git -exclude .hg -resolve-src-symlinks -rename /Users/admin/builder/spi-builder-workspace/.derivedData/Build/Intermediates.noindex/CryptoSwift.build/Debug-watchos/CryptoSwift-t.build/Objects-normal/arm64/CryptoSwift.swiftsourceinfo /Users/admin/builder/spi-builder-workspace/.derivedData/Build/Products/Debug-watchos/CryptoSwift.swiftmodule/Project/arm64-apple-watchos.swiftsourceinfo
SwiftCompile normal arm64_32 Compiling\ Random.swift,\ Shifts.swift,\ SquareRoot.swift,\ Strideable.swift,\ StringConversion.swift,\ Subtraction.swift,\ WordsAndBits.swift,\ ChaCha20.swift,\ Checksum.swift,\ Cipher.swift,\ Collection+Extension.swift /Users/admin/builder/spi-builder-workspace/.dependencies/checkouts/CryptoSwift/Sources/CryptoSwift/CS_BigInt/Random.swift /Users/admin/builder/spi-builder-workspace/.dependencies/checkouts/CryptoSwift/Sources/CryptoSwift/CS_BigInt/Shifts.swift /Users/admin/builder/spi-builder-workspace/.dependencies/checkouts/CryptoSwift/Sources/CryptoSwift/CS_BigInt/SquareRoot.swift /Users/admin/builder/spi-builder-workspace/.dependencies/checkouts/CryptoSwift/Sources/CryptoSwift/CS_BigInt/Strideable.swift /Users/admin/builder/spi-builder-workspace/.dependencies/checkouts/CryptoSwift/Sources/CryptoSwift/CS_BigInt/StringConversion.swift /Users/admin/builder/spi-builder-workspace/.dependencies/checkouts/CryptoSwift/Sources/CryptoSwift/CS_BigInt/Subtraction.swift /Users/admin/builder/spi-builder-workspace/.dependencies/checkouts/CryptoSwift/Sources/CryptoSwift/CS_BigInt/WordsAndBits.swift /Users/admin/builder/spi-builder-workspace/.dependencies/checkouts/CryptoSwift/Sources/CryptoSwift/ChaCha20.swift /Users/admin/builder/spi-builder-workspace/.dependencies/checkouts/CryptoSwift/Sources/CryptoSwift/Checksum.swift /Users/admin/builder/spi-builder-workspace/.dependencies/checkouts/CryptoSwift/Sources/CryptoSwift/Cipher.swift /Users/admin/builder/spi-builder-workspace/.dependencies/checkouts/CryptoSwift/Sources/CryptoSwift/Collection+Extension.swift (in target 'CryptoSwift' from project 'CryptoSwift')
SwiftCompile normal arm64_32 /Users/admin/builder/spi-builder-workspace/.dependencies/checkouts/CryptoSwift/Sources/CryptoSwift/CS_BigInt/Random.swift (in target 'CryptoSwift' from project 'CryptoSwift')
cd /Users/admin/builder/spi-builder-workspace/.swiftpm/xcode
builtin-SwiftPerFileCompile Random.swift
SwiftCompile normal arm64_32 /Users/admin/builder/spi-builder-workspace/.dependencies/checkouts/CryptoSwift/Sources/CryptoSwift/CS_BigInt/Shifts.swift (in target 'CryptoSwift' from project 'CryptoSwift')
cd /Users/admin/builder/spi-builder-workspace/.swiftpm/xcode
builtin-SwiftPerFileCompile Shifts.swift
SwiftCompile normal arm64_32 /Users/admin/builder/spi-builder-workspace/.dependencies/checkouts/CryptoSwift/Sources/CryptoSwift/CS_BigInt/SquareRoot.swift (in target 'CryptoSwift' from project 'CryptoSwift')
cd /Users/admin/builder/spi-builder-workspace/.swiftpm/xcode
builtin-SwiftPerFileCompile SquareRoot.swift
SwiftCompile normal arm64_32 /Users/admin/builder/spi-builder-workspace/.dependencies/checkouts/CryptoSwift/Sources/CryptoSwift/CS_BigInt/Strideable.swift (in target 'CryptoSwift' from project 'CryptoSwift')
cd /Users/admin/builder/spi-builder-workspace/.swiftpm/xcode
builtin-SwiftPerFileCompile Strideable.swift
SwiftCompile normal arm64_32 /Users/admin/builder/spi-builder-workspace/.dependencies/checkouts/CryptoSwift/Sources/CryptoSwift/CS_BigInt/StringConversion.swift (in target 'CryptoSwift' from project 'CryptoSwift')
cd /Users/admin/builder/spi-builder-workspace/.swiftpm/xcode
builtin-SwiftPerFileCompile StringConversion.swift
SwiftCompile normal arm64_32 /Users/admin/builder/spi-builder-workspace/.dependencies/checkouts/CryptoSwift/Sources/CryptoSwift/CS_BigInt/Subtraction.swift (in target 'CryptoSwift' from project 'CryptoSwift')
cd /Users/admin/builder/spi-builder-workspace/.swiftpm/xcode
builtin-SwiftPerFileCompile Subtraction.swift
SwiftCompile normal arm64_32 /Users/admin/builder/spi-builder-workspace/.dependencies/checkouts/CryptoSwift/Sources/CryptoSwift/CS_BigInt/WordsAndBits.swift (in target 'CryptoSwift' from project 'CryptoSwift')
cd /Users/admin/builder/spi-builder-workspace/.swiftpm/xcode
builtin-SwiftPerFileCompile WordsAndBits.swift
SwiftCompile normal arm64_32 /Users/admin/builder/spi-builder-workspace/.dependencies/checkouts/CryptoSwift/Sources/CryptoSwift/ChaCha20.swift (in target 'CryptoSwift' from project 'CryptoSwift')
cd /Users/admin/builder/spi-builder-workspace/.swiftpm/xcode
builtin-SwiftPerFileCompile ChaCha20.swift
SwiftCompile normal arm64_32 /Users/admin/builder/spi-builder-workspace/.dependencies/checkouts/CryptoSwift/Sources/CryptoSwift/Checksum.swift (in target 'CryptoSwift' from project 'CryptoSwift')
cd /Users/admin/builder/spi-builder-workspace/.swiftpm/xcode
builtin-SwiftPerFileCompile Checksum.swift
SwiftCompile normal arm64_32 /Users/admin/builder/spi-builder-workspace/.dependencies/checkouts/CryptoSwift/Sources/CryptoSwift/Cipher.swift (in target 'CryptoSwift' from project 'CryptoSwift')
cd /Users/admin/builder/spi-builder-workspace/.swiftpm/xcode
builtin-SwiftPerFileCompile Cipher.swift
SwiftCompile normal arm64_32 /Users/admin/builder/spi-builder-workspace/.dependencies/checkouts/CryptoSwift/Sources/CryptoSwift/Collection+Extension.swift (in target 'CryptoSwift' from project 'CryptoSwift')
cd /Users/admin/builder/spi-builder-workspace/.swiftpm/xcode
builtin-SwiftPerFileCompile Collection+Extension.swift
SwiftCompile normal arm64 Compiling\ RSA+Cipher.swift,\ RSA+Signature.swift,\ RSA.swift,\ Rabbit.swift,\ SHA1.swift,\ SHA2.swift,\ SHA3.swift,\ Scrypt.swift,\ SecureBytes.swift,\ Signature.swift,\ StreamDecryptor.swift /Users/admin/builder/spi-builder-workspace/.dependencies/checkouts/CryptoSwift/Sources/CryptoSwift/RSA/RSA+Cipher.swift /Users/admin/builder/spi-builder-workspace/.dependencies/checkouts/CryptoSwift/Sources/CryptoSwift/RSA/RSA+Signature.swift /Users/admin/builder/spi-builder-workspace/.dependencies/checkouts/CryptoSwift/Sources/CryptoSwift/RSA/RSA.swift /Users/admin/builder/spi-builder-workspace/.dependencies/checkouts/CryptoSwift/Sources/CryptoSwift/Rabbit.swift /Users/admin/builder/spi-builder-workspace/.dependencies/checkouts/CryptoSwift/Sources/CryptoSwift/SHA1.swift /Users/admin/builder/spi-builder-workspace/.dependencies/checkouts/CryptoSwift/Sources/CryptoSwift/SHA2.swift /Users/admin/builder/spi-builder-workspace/.dependencies/checkouts/CryptoSwift/Sources/CryptoSwift/SHA3.swift /Users/admin/builder/spi-builder-workspace/.dependencies/checkouts/CryptoSwift/Sources/CryptoSwift/Scrypt.swift /Users/admin/builder/spi-builder-workspace/.dependencies/checkouts/CryptoSwift/Sources/CryptoSwift/SecureBytes.swift /Users/admin/builder/spi-builder-workspace/.dependencies/checkouts/CryptoSwift/Sources/CryptoSwift/Signature.swift /Users/admin/builder/spi-builder-workspace/.dependencies/checkouts/CryptoSwift/Sources/CryptoSwift/StreamDecryptor.swift (in target 'CryptoSwift' from project 'CryptoSwift')
SwiftCompile normal arm64 /Users/admin/builder/spi-builder-workspace/.dependencies/checkouts/CryptoSwift/Sources/CryptoSwift/RSA/RSA+Cipher.swift (in target 'CryptoSwift' from project 'CryptoSwift')
cd /Users/admin/builder/spi-builder-workspace/.swiftpm/xcode
builtin-SwiftPerFileCompile RSA+Cipher.swift
SwiftCompile normal arm64 /Users/admin/builder/spi-builder-workspace/.dependencies/checkouts/CryptoSwift/Sources/CryptoSwift/RSA/RSA+Signature.swift (in target 'CryptoSwift' from project 'CryptoSwift')
cd /Users/admin/builder/spi-builder-workspace/.swiftpm/xcode
builtin-SwiftPerFileCompile RSA+Signature.swift
SwiftCompile normal arm64 /Users/admin/builder/spi-builder-workspace/.dependencies/checkouts/CryptoSwift/Sources/CryptoSwift/RSA/RSA.swift (in target 'CryptoSwift' from project 'CryptoSwift')
cd /Users/admin/builder/spi-builder-workspace/.swiftpm/xcode
builtin-SwiftPerFileCompile RSA.swift
SwiftCompile normal arm64 /Users/admin/builder/spi-builder-workspace/.dependencies/checkouts/CryptoSwift/Sources/CryptoSwift/Rabbit.swift (in target 'CryptoSwift' from project 'CryptoSwift')
cd /Users/admin/builder/spi-builder-workspace/.swiftpm/xcode
builtin-SwiftPerFileCompile Rabbit.swift
SwiftCompile normal arm64 /Users/admin/builder/spi-builder-workspace/.dependencies/checkouts/CryptoSwift/Sources/CryptoSwift/SHA1.swift (in target 'CryptoSwift' from project 'CryptoSwift')
cd /Users/admin/builder/spi-builder-workspace/.swiftpm/xcode
builtin-SwiftPerFileCompile SHA1.swift
SwiftCompile normal arm64 /Users/admin/builder/spi-builder-workspace/.dependencies/checkouts/CryptoSwift/Sources/CryptoSwift/SHA2.swift (in target 'CryptoSwift' from project 'CryptoSwift')
cd /Users/admin/builder/spi-builder-workspace/.swiftpm/xcode
builtin-SwiftPerFileCompile SHA2.swift
SwiftCompile normal arm64 /Users/admin/builder/spi-builder-workspace/.dependencies/checkouts/CryptoSwift/Sources/CryptoSwift/SHA3.swift (in target 'CryptoSwift' from project 'CryptoSwift')
cd /Users/admin/builder/spi-builder-workspace/.swiftpm/xcode
builtin-SwiftPerFileCompile SHA3.swift
SwiftCompile normal arm64 /Users/admin/builder/spi-builder-workspace/.dependencies/checkouts/CryptoSwift/Sources/CryptoSwift/Scrypt.swift (in target 'CryptoSwift' from project 'CryptoSwift')
cd /Users/admin/builder/spi-builder-workspace/.swiftpm/xcode
builtin-SwiftPerFileCompile Scrypt.swift
SwiftCompile normal arm64 /Users/admin/builder/spi-builder-workspace/.dependencies/checkouts/CryptoSwift/Sources/CryptoSwift/SecureBytes.swift (in target 'CryptoSwift' from project 'CryptoSwift')
cd /Users/admin/builder/spi-builder-workspace/.swiftpm/xcode
builtin-SwiftPerFileCompile SecureBytes.swift
SwiftCompile normal arm64 /Users/admin/builder/spi-builder-workspace/.dependencies/checkouts/CryptoSwift/Sources/CryptoSwift/Signature.swift (in target 'CryptoSwift' from project 'CryptoSwift')
cd /Users/admin/builder/spi-builder-workspace/.swiftpm/xcode
builtin-SwiftPerFileCompile Signature.swift
SwiftCompile normal arm64 /Users/admin/builder/spi-builder-workspace/.dependencies/checkouts/CryptoSwift/Sources/CryptoSwift/StreamDecryptor.swift (in target 'CryptoSwift' from project 'CryptoSwift')
cd /Users/admin/builder/spi-builder-workspace/.swiftpm/xcode
builtin-SwiftPerFileCompile StreamDecryptor.swift
SwiftDriverJobDiscovery normal arm64_32 Compiling Rabbit+Foundation.swift, String+FoundationExtension.swift, Utils+Foundation.swift, XChaCha20+Foundation.swift, Generics.swift, HKDF.swift, HMAC.swift, ISO10126Padding.swift, ISO78164Padding.swift, Int+Extension.swift, MD5.swift (in target 'CryptoSwift' from project 'CryptoSwift')
SwiftCompile normal arm64_32 Compiling\ StreamEncryptor.swift,\ String+Extension.swift,\ UInt128.swift,\ UInt16+Extension.swift,\ UInt32+Extension.swift,\ UInt64+Extension.swift,\ UInt8+Extension.swift,\ Updatable.swift,\ Utils.swift,\ XChaCha20.swift,\ ZeroPadding.swift /Users/admin/builder/spi-builder-workspace/.dependencies/checkouts/CryptoSwift/Sources/CryptoSwift/StreamEncryptor.swift /Users/admin/builder/spi-builder-workspace/.dependencies/checkouts/CryptoSwift/Sources/CryptoSwift/String+Extension.swift /Users/admin/builder/spi-builder-workspace/.dependencies/checkouts/CryptoSwift/Sources/CryptoSwift/UInt128.swift /Users/admin/builder/spi-builder-workspace/.dependencies/checkouts/CryptoSwift/Sources/CryptoSwift/UInt16+Extension.swift /Users/admin/builder/spi-builder-workspace/.dependencies/checkouts/CryptoSwift/Sources/CryptoSwift/UInt32+Extension.swift /Users/admin/builder/spi-builder-workspace/.dependencies/checkouts/CryptoSwift/Sources/CryptoSwift/UInt64+Extension.swift /Users/admin/builder/spi-builder-workspace/.dependencies/checkouts/CryptoSwift/Sources/CryptoSwift/UInt8+Extension.swift /Users/admin/builder/spi-builder-workspace/.dependencies/checkouts/CryptoSwift/Sources/CryptoSwift/Updatable.swift /Users/admin/builder/spi-builder-workspace/.dependencies/checkouts/CryptoSwift/Sources/CryptoSwift/Utils.swift /Users/admin/builder/spi-builder-workspace/.dependencies/checkouts/CryptoSwift/Sources/CryptoSwift/XChaCha20.swift /Users/admin/builder/spi-builder-workspace/.dependencies/checkouts/CryptoSwift/Sources/CryptoSwift/ZeroPadding.swift (in target 'CryptoSwift' from project 'CryptoSwift')
SwiftCompile normal arm64_32 /Users/admin/builder/spi-builder-workspace/.dependencies/checkouts/CryptoSwift/Sources/CryptoSwift/StreamEncryptor.swift (in target 'CryptoSwift' from project 'CryptoSwift')
cd /Users/admin/builder/spi-builder-workspace/.swiftpm/xcode
builtin-SwiftPerFileCompile StreamEncryptor.swift
SwiftCompile normal arm64_32 /Users/admin/builder/spi-builder-workspace/.dependencies/checkouts/CryptoSwift/Sources/CryptoSwift/String+Extension.swift (in target 'CryptoSwift' from project 'CryptoSwift')
cd /Users/admin/builder/spi-builder-workspace/.swiftpm/xcode
builtin-SwiftPerFileCompile String+Extension.swift
SwiftCompile normal arm64_32 /Users/admin/builder/spi-builder-workspace/.dependencies/checkouts/CryptoSwift/Sources/CryptoSwift/UInt128.swift (in target 'CryptoSwift' from project 'CryptoSwift')
cd /Users/admin/builder/spi-builder-workspace/.swiftpm/xcode
builtin-SwiftPerFileCompile UInt128.swift
SwiftCompile normal arm64_32 /Users/admin/builder/spi-builder-workspace/.dependencies/checkouts/CryptoSwift/Sources/CryptoSwift/UInt16+Extension.swift (in target 'CryptoSwift' from project 'CryptoSwift')
cd /Users/admin/builder/spi-builder-workspace/.swiftpm/xcode
builtin-SwiftPerFileCompile UInt16+Extension.swift
SwiftCompile normal arm64_32 /Users/admin/builder/spi-builder-workspace/.dependencies/checkouts/CryptoSwift/Sources/CryptoSwift/UInt32+Extension.swift (in target 'CryptoSwift' from project 'CryptoSwift')
cd /Users/admin/builder/spi-builder-workspace/.swiftpm/xcode
builtin-SwiftPerFileCompile UInt32+Extension.swift
SwiftCompile normal arm64_32 /Users/admin/builder/spi-builder-workspace/.dependencies/checkouts/CryptoSwift/Sources/CryptoSwift/UInt64+Extension.swift (in target 'CryptoSwift' from project 'CryptoSwift')
cd /Users/admin/builder/spi-builder-workspace/.swiftpm/xcode
builtin-SwiftPerFileCompile UInt64+Extension.swift
SwiftCompile normal arm64_32 /Users/admin/builder/spi-builder-workspace/.dependencies/checkouts/CryptoSwift/Sources/CryptoSwift/UInt8+Extension.swift (in target 'CryptoSwift' from project 'CryptoSwift')
cd /Users/admin/builder/spi-builder-workspace/.swiftpm/xcode
builtin-SwiftPerFileCompile UInt8+Extension.swift
SwiftCompile normal arm64_32 /Users/admin/builder/spi-builder-workspace/.dependencies/checkouts/CryptoSwift/Sources/CryptoSwift/Updatable.swift (in target 'CryptoSwift' from project 'CryptoSwift')
cd /Users/admin/builder/spi-builder-workspace/.swiftpm/xcode
builtin-SwiftPerFileCompile Updatable.swift
SwiftCompile normal arm64_32 /Users/admin/builder/spi-builder-workspace/.dependencies/checkouts/CryptoSwift/Sources/CryptoSwift/Utils.swift (in target 'CryptoSwift' from project 'CryptoSwift')
cd /Users/admin/builder/spi-builder-workspace/.swiftpm/xcode
builtin-SwiftPerFileCompile Utils.swift
SwiftCompile normal arm64_32 /Users/admin/builder/spi-builder-workspace/.dependencies/checkouts/CryptoSwift/Sources/CryptoSwift/XChaCha20.swift (in target 'CryptoSwift' from project 'CryptoSwift')
cd /Users/admin/builder/spi-builder-workspace/.swiftpm/xcode
builtin-SwiftPerFileCompile XChaCha20.swift
SwiftCompile normal arm64_32 /Users/admin/builder/spi-builder-workspace/.dependencies/checkouts/CryptoSwift/Sources/CryptoSwift/ZeroPadding.swift (in target 'CryptoSwift' from project 'CryptoSwift')
cd /Users/admin/builder/spi-builder-workspace/.swiftpm/xcode
builtin-SwiftPerFileCompile ZeroPadding.swift
SwiftDriverJobDiscovery normal arm64_32 Compiling CompactMap.swift, Cryptor.swift, Cryptors.swift, Digest.swift, DigestType.swift, AES+Foundation.swift, Array+Foundation.swift, Blowfish+Foundation.swift, ChaCha20+Foundation.swift, Data+Extension.swift, HMAC+Foundation.swift (in target 'CryptoSwift' from project 'CryptoSwift')
SwiftDriverJobDiscovery normal arm64_32 Emitting module for CryptoSwift (in target 'CryptoSwift' from project 'CryptoSwift')
SwiftDriver\ Compilation\ Requirements CryptoSwift normal arm64_32 com.apple.xcode.tools.swift.compiler (in target 'CryptoSwift' from project 'CryptoSwift')
cd /Users/admin/builder/spi-builder-workspace/.swiftpm/xcode
builtin-Swift-Compilation-Requirements -- /Applications/Xcode-27.0.0-Release.Candidate.app/Contents/Developer/Toolchains/XcodeDefault.xctoolchain/usr/bin/swiftc -parse-as-library -module-name CryptoSwift -Onone @/Users/admin/builder/spi-builder-workspace/.derivedData/Build/Intermediates.noindex/CryptoSwift.build/Debug-watchos/CryptoSwift-t.build/Objects-normal/arm64_32/CryptoSwift.SwiftFileList -DSWIFT_PACKAGE -DDEBUG -DSWIFT_MODULE_RESOURCE_BUNDLE_UNAVAILABLE -DXcode -plugin-path /Applications/Xcode-27.0.0-Release.Candidate.app/Contents/Developer/Toolchains/XcodeDefault.xctoolchain/usr/lib/swift/host/plugins/testing -enable-experimental-feature DebugDescriptionMacro -sdk /Applications/Xcode-27.0.0-Release.Candidate.app/Contents/Developer/Platforms/WatchOS.platform/Developer/SDKs/WatchOS27.0.sdk -target arm64_32-apple-watchos9.0 -g -module-cache-path /Users/admin/builder/spi-builder-workspace/.derivedData/ModuleCache.noindex -Xfrontend -serialize-debugging-options -profile-coverage-mapping -profile-generate -enable-testing -suppress-warnings -index-store-path /Users/admin/builder/spi-builder-workspace/.derivedData/Index.noindex/DataStore -Xcc -D_LIBCPP_HARDENING_MODE\=_LIBCPP_HARDENING_MODE_DEBUG -swift-version 5 -I /Users/admin/builder/spi-builder-workspace/.derivedData/Build/Products/Debug-watchos -Isystem /Applications/Xcode-27.0.0-Release.Candidate.app/Contents/Developer/Platforms/WatchOS.platform/Developer/usr/lib -F /Users/admin/builder/spi-builder-workspace/.derivedData/Build/Products/Debug-watchos/PackageFrameworks -F /Users/admin/builder/spi-builder-workspace/.derivedData/Build/Products/Debug-watchos -F /Applications/Xcode-27.0.0-Release.Candidate.app/Contents/Developer/Platforms/WatchOS.platform/Developer/Library/Frameworks -F /Applications/Xcode-27.0.0-Release.Candidate.app/Contents/Developer/Platforms/WatchOS.platform/Developer/SDKs/WatchOS27.0.sdk/Developer/Library/Frameworks -c -j10 -enable-batch-mode -incremental -Xcc -ivfsstatcache -Xcc /Users/admin/builder/spi-builder-workspace/.derivedData/SDKStatCaches.noindex/watchos27.0-24R360-e829b21a6f8c9b70876ba0858053c04477534ef55a1706bf4c1112bbb242f0a2.sdkstatcache -output-file-map /Users/admin/builder/spi-builder-workspace/.derivedData/Build/Intermediates.noindex/CryptoSwift.build/Debug-watchos/CryptoSwift-t.build/Objects-normal/arm64_32/CryptoSwift-OutputFileMap.json -save-temps -no-color-diagnostics -explicit-module-build -module-cache-path /Users/admin/builder/spi-builder-workspace/.derivedData/Build/Intermediates.noindex/SwiftExplicitPrecompiledModules -clang-scanner-module-cache-path /Users/admin/builder/spi-builder-workspace/.derivedData/ModuleCache.noindex -sdk-module-cache-path /Users/admin/builder/spi-builder-workspace/.derivedData/SDKExplicitPrecompiledModules -emit-dependencies -emit-module -emit-module-path /Users/admin/builder/spi-builder-workspace/.derivedData/Build/Intermediates.noindex/CryptoSwift.build/Debug-watchos/CryptoSwift-t.build/Objects-normal/arm64_32/CryptoSwift.swiftmodule -serialize-diagnostics -dependency-scan-serialize-diagnostics-path /Users/admin/builder/spi-builder-workspace/.derivedData/Build/Intermediates.noindex/CryptoSwift.build/Debug-watchos/CryptoSwift-t.build/Objects-normal/arm64_32/CryptoSwift-dependency-scan.dia -validate-clang-modules-once -clang-build-session-file /Users/admin/builder/spi-builder-workspace/.derivedData/ModuleCache.noindex/Session.modulevalidation -Xcc -fmodules-prune-interval\=86400 -Xcc -fmodules-prune-after\=345600 -emit-const-values -const-gather-protocols-list /Users/admin/builder/spi-builder-workspace/.derivedData/Build/Intermediates.noindex/CryptoSwift.build/Debug-watchos/CryptoSwift-t.build/Objects-normal/arm64_32/CryptoSwift_const_extract_protocols.json -Xcc -I/Users/admin/builder/spi-builder-workspace/.derivedData/Build/Products/Debug-watchos/include -Xcc -I/Users/admin/builder/spi-builder-workspace/.derivedData/Build/Intermediates.noindex/CryptoSwift.build/Debug-watchos/CryptoSwift-t.build/DerivedSources-normal/arm64_32 -Xcc -I/Users/admin/builder/spi-builder-workspace/.derivedData/Build/Intermediates.noindex/CryptoSwift.build/Debug-watchos/CryptoSwift-t.build/DerivedSources/arm64_32 -Xcc -I/Users/admin/builder/spi-builder-workspace/.derivedData/Build/Intermediates.noindex/CryptoSwift.build/Debug-watchos/CryptoSwift-t.build/DerivedSources -Xcc -DSWIFT_PACKAGE -Xcc -DDEBUG\=1 -emit-objc-header -emit-objc-header-path /Users/admin/builder/spi-builder-workspace/.derivedData/Build/Intermediates.noindex/CryptoSwift.build/Debug-watchos/CryptoSwift-t.build/Objects-normal/arm64_32/CryptoSwift-Swift.h -working-directory /Users/admin/builder/spi-builder-workspace/.swiftpm/xcode -experimental-emit-module-separately -disable-cmo
SwiftMergeGeneratedHeaders /Users/admin/builder/spi-builder-workspace/.derivedData/Build/Intermediates.noindex/GeneratedModuleMaps-watchos/CryptoSwift-Swift.h /Users/admin/builder/spi-builder-workspace/.derivedData/Build/Intermediates.noindex/CryptoSwift.build/Debug-watchos/CryptoSwift-t.build/Objects-normal/arm64/CryptoSwift-Swift.h /Users/admin/builder/spi-builder-workspace/.derivedData/Build/Intermediates.noindex/CryptoSwift.build/Debug-watchos/CryptoSwift-t.build/Objects-normal/arm64_32/CryptoSwift-Swift.h (in target 'CryptoSwift' from project 'CryptoSwift')
cd /Users/admin/builder/spi-builder-workspace/.dependencies/checkouts/CryptoSwift
builtin-swiftHeaderTool -arch arm64 /Users/admin/builder/spi-builder-workspace/.derivedData/Build/Intermediates.noindex/CryptoSwift.build/Debug-watchos/CryptoSwift-t.build/Objects-normal/arm64/CryptoSwift-Swift.h -arch arm64_32 /Users/admin/builder/spi-builder-workspace/.derivedData/Build/Intermediates.noindex/CryptoSwift.build/Debug-watchos/CryptoSwift-t.build/Objects-normal/arm64_32/CryptoSwift-Swift.h -o /Users/admin/builder/spi-builder-workspace/.derivedData/Build/Intermediates.noindex/GeneratedModuleMaps-watchos/CryptoSwift-Swift.h
Copy /Users/admin/builder/spi-builder-workspace/.derivedData/Build/Products/Debug-watchos/CryptoSwift.swiftmodule/arm64_32-apple-watchos.swiftmodule /Users/admin/builder/spi-builder-workspace/.derivedData/Build/Intermediates.noindex/CryptoSwift.build/Debug-watchos/CryptoSwift-t.build/Objects-normal/arm64_32/CryptoSwift.swiftmodule (in target 'CryptoSwift' from project 'CryptoSwift')
cd /Users/admin/builder/spi-builder-workspace/.dependencies/checkouts/CryptoSwift
builtin-copy -exclude .DS_Store -exclude CVS -exclude .svn -exclude .git -exclude .hg -resolve-src-symlinks -rename /Users/admin/builder/spi-builder-workspace/.derivedData/Build/Intermediates.noindex/CryptoSwift.build/Debug-watchos/CryptoSwift-t.build/Objects-normal/arm64_32/CryptoSwift.swiftmodule /Users/admin/builder/spi-builder-workspace/.derivedData/Build/Products/Debug-watchos/CryptoSwift.swiftmodule/arm64_32-apple-watchos.swiftmodule
Copy /Users/admin/builder/spi-builder-workspace/.derivedData/Build/Products/Debug-watchos/CryptoSwift.swiftmodule/arm64_32-apple-watchos.swiftdoc /Users/admin/builder/spi-builder-workspace/.derivedData/Build/Intermediates.noindex/CryptoSwift.build/Debug-watchos/CryptoSwift-t.build/Objects-normal/arm64_32/CryptoSwift.swiftdoc (in target 'CryptoSwift' from project 'CryptoSwift')
cd /Users/admin/builder/spi-builder-workspace/.dependencies/checkouts/CryptoSwift
builtin-copy -exclude .DS_Store -exclude CVS -exclude .svn -exclude .git -exclude .hg -resolve-src-symlinks -rename /Users/admin/builder/spi-builder-workspace/.derivedData/Build/Intermediates.noindex/CryptoSwift.build/Debug-watchos/CryptoSwift-t.build/Objects-normal/arm64_32/CryptoSwift.swiftdoc /Users/admin/builder/spi-builder-workspace/.derivedData/Build/Products/Debug-watchos/CryptoSwift.swiftmodule/arm64_32-apple-watchos.swiftdoc
Copy /Users/admin/builder/spi-builder-workspace/.derivedData/Build/Products/Debug-watchos/CryptoSwift.swiftmodule/arm64_32-apple-watchos.abi.json /Users/admin/builder/spi-builder-workspace/.derivedData/Build/Intermediates.noindex/CryptoSwift.build/Debug-watchos/CryptoSwift-t.build/Objects-normal/arm64_32/CryptoSwift.abi.json (in target 'CryptoSwift' from project 'CryptoSwift')
cd /Users/admin/builder/spi-builder-workspace/.dependencies/checkouts/CryptoSwift
builtin-copy -exclude .DS_Store -exclude CVS -exclude .svn -exclude .git -exclude .hg -resolve-src-symlinks -rename /Users/admin/builder/spi-builder-workspace/.derivedData/Build/Intermediates.noindex/CryptoSwift.build/Debug-watchos/CryptoSwift-t.build/Objects-normal/arm64_32/CryptoSwift.abi.json /Users/admin/builder/spi-builder-workspace/.derivedData/Build/Products/Debug-watchos/CryptoSwift.swiftmodule/arm64_32-apple-watchos.abi.json
Copy /Users/admin/builder/spi-builder-workspace/.derivedData/Build/Products/Debug-watchos/CryptoSwift.swiftmodule/Project/arm64_32-apple-watchos.swiftsourceinfo /Users/admin/builder/spi-builder-workspace/.derivedData/Build/Intermediates.noindex/CryptoSwift.build/Debug-watchos/CryptoSwift-t.build/Objects-normal/arm64_32/CryptoSwift.swiftsourceinfo (in target 'CryptoSwift' from project 'CryptoSwift')
cd /Users/admin/builder/spi-builder-workspace/.dependencies/checkouts/CryptoSwift
builtin-copy -exclude .DS_Store -exclude CVS -exclude .svn -exclude .git -exclude .hg -resolve-src-symlinks -rename /Users/admin/builder/spi-builder-workspace/.derivedData/Build/Intermediates.noindex/CryptoSwift.build/Debug-watchos/CryptoSwift-t.build/Objects-normal/arm64_32/CryptoSwift.swiftsourceinfo /Users/admin/builder/spi-builder-workspace/.derivedData/Build/Products/Debug-watchos/CryptoSwift.swiftmodule/Project/arm64_32-apple-watchos.swiftsourceinfo
SwiftDriver CryptoOffice normal arm64 com.apple.xcode.tools.swift.compiler (in target 'CryptoOffice' from project 'CryptoOffice')
cd /Users/admin/builder/spi-builder-workspace/.swiftpm/xcode
builtin-SwiftDriver -- /Applications/Xcode-27.0.0-Release.Candidate.app/Contents/Developer/Toolchains/XcodeDefault.xctoolchain/usr/bin/swiftc -parse-as-library -module-name CryptoOffice -Onone @/Users/admin/builder/spi-builder-workspace/.derivedData/Build/Intermediates.noindex/CryptoOffice.build/Debug-watchos/CryptoOffice-t.build/Objects-normal/arm64/CryptoOffice.SwiftFileList -DSWIFT_PACKAGE -DDEBUG -DSWIFT_MODULE_RESOURCE_BUNDLE_UNAVAILABLE -Xcc -fmodule-map-file\=/Users/admin/builder/spi-builder-workspace/.dependencies/checkouts/swift-crypto/Sources/CCryptoBoringSSLShims/include/module.modulemap -Xcc -fmodule-map-file\=/Users/admin/builder/spi-builder-workspace/.dependencies/checkouts/swift-crypto/Sources/CCryptoBoringSSL/include/module.modulemap -DXcode -plugin-path /Applications/Xcode-27.0.0-Release.Candidate.app/Contents/Developer/Toolchains/XcodeDefault.xctoolchain/usr/lib/swift/host/plugins/testing -enable-experimental-feature DebugDescriptionMacro -sdk /Applications/Xcode-27.0.0-Release.Candidate.app/Contents/Developer/Platforms/WatchOS.platform/Developer/SDKs/WatchOS27.0.sdk -target arm64-apple-watchos9.0 -g -module-cache-path /Users/admin/builder/spi-builder-workspace/.derivedData/ModuleCache.noindex -Xfrontend -serialize-debugging-options -profile-coverage-mapping -profile-generate -enable-testing -index-store-path /Users/admin/builder/spi-builder-workspace/.derivedData/Index.noindex/DataStore -Xcc -D_LIBCPP_HARDENING_MODE\=_LIBCPP_HARDENING_MODE_DEBUG -swift-version 5 -I /Users/admin/builder/spi-builder-workspace/.derivedData/Build/Products/Debug-watchos -Isystem /Applications/Xcode-27.0.0-Release.Candidate.app/Contents/Developer/Platforms/WatchOS.platform/Developer/usr/lib -F /Users/admin/builder/spi-builder-workspace/.derivedData/Build/Products/Debug-watchos/PackageFrameworks -F /Users/admin/builder/spi-builder-workspace/.derivedData/Build/Products/Debug-watchos -F /Applications/Xcode-27.0.0-Release.Candidate.app/Contents/Developer/Platforms/WatchOS.platform/Developer/Library/Frameworks -F /Applications/Xcode-27.0.0-Release.Candidate.app/Contents/Developer/Platforms/WatchOS.platform/Developer/SDKs/WatchOS27.0.sdk/Developer/Library/Frameworks -c -j10 -enable-batch-mode -incremental -Xcc -ivfsstatcache -Xcc /Users/admin/builder/spi-builder-workspace/.derivedData/SDKStatCaches.noindex/watchos27.0-24R360-e829b21a6f8c9b70876ba0858053c04477534ef55a1706bf4c1112bbb242f0a2.sdkstatcache -output-file-map /Users/admin/builder/spi-builder-workspace/.derivedData/Build/Intermediates.noindex/CryptoOffice.build/Debug-watchos/CryptoOffice-t.build/Objects-normal/arm64/CryptoOffice-OutputFileMap.json -save-temps -no-color-diagnostics -explicit-module-build -module-cache-path /Users/admin/builder/spi-builder-workspace/.derivedData/Build/Intermediates.noindex/SwiftExplicitPrecompiledModules -clang-scanner-module-cache-path /Users/admin/builder/spi-builder-workspace/.derivedData/ModuleCache.noindex -sdk-module-cache-path /Users/admin/builder/spi-builder-workspace/.derivedData/SDKExplicitPrecompiledModules -emit-dependencies -emit-module -emit-module-path /Users/admin/builder/spi-builder-workspace/.derivedData/Build/Intermediates.noindex/CryptoOffice.build/Debug-watchos/CryptoOffice-t.build/Objects-normal/arm64/CryptoOffice.swiftmodule -serialize-diagnostics -dependency-scan-serialize-diagnostics-path /Users/admin/builder/spi-builder-workspace/.derivedData/Build/Intermediates.noindex/CryptoOffice.build/Debug-watchos/CryptoOffice-t.build/Objects-normal/arm64/CryptoOffice-dependency-scan.dia -validate-clang-modules-once -clang-build-session-file /Users/admin/builder/spi-builder-workspace/.derivedData/ModuleCache.noindex/Session.modulevalidation -Xcc -fmodules-prune-interval\=86400 -Xcc -fmodules-prune-after\=345600 -emit-const-values -const-gather-protocols-list /Users/admin/builder/spi-builder-workspace/.derivedData/Build/Intermediates.noindex/CryptoOffice.build/Debug-watchos/CryptoOffice-t.build/Objects-normal/arm64/CryptoOffice_const_extract_protocols.json -Xcc -I/Users/admin/builder/spi-builder-workspace/.dependencies/checkouts/swift-crypto/Sources/CCryptoBoringSSLShims/include -Xcc -I/Users/admin/builder/spi-builder-workspace/.dependencies/checkouts/swift-crypto/Sources/CCryptoBoringSSL/include -Xcc -I/Users/admin/builder/spi-builder-workspace/.derivedData/Build/Products/Debug-watchos/include -Xcc -I/Users/admin/builder/spi-builder-workspace/.derivedData/Build/Intermediates.noindex/CryptoOffice.build/Debug-watchos/CryptoOffice-t.build/DerivedSources-normal/arm64 -Xcc -I/Users/admin/builder/spi-builder-workspace/.derivedData/Build/Intermediates.noindex/CryptoOffice.build/Debug-watchos/CryptoOffice-t.build/DerivedSources/arm64 -Xcc -I/Users/admin/builder/spi-builder-workspace/.derivedData/Build/Intermediates.noindex/CryptoOffice.build/Debug-watchos/CryptoOffice-t.build/DerivedSources -Xcc -DSWIFT_PACKAGE -Xcc -DDEBUG\=1 -emit-objc-header -emit-objc-header-path /Users/admin/builder/spi-builder-workspace/.derivedData/Build/Intermediates.noindex/CryptoOffice.build/Debug-watchos/CryptoOffice-t.build/Objects-normal/arm64/CryptoOffice-Swift.h -working-directory /Users/admin/builder/spi-builder-workspace/.swiftpm/xcode -experimental-emit-module-separately -disable-cmo
SwiftDriver CryptoOffice normal arm64_32 com.apple.xcode.tools.swift.compiler (in target 'CryptoOffice' from project 'CryptoOffice')
cd /Users/admin/builder/spi-builder-workspace/.swiftpm/xcode
builtin-SwiftDriver -- /Applications/Xcode-27.0.0-Release.Candidate.app/Contents/Developer/Toolchains/XcodeDefault.xctoolchain/usr/bin/swiftc -parse-as-library -module-name CryptoOffice -Onone @/Users/admin/builder/spi-builder-workspace/.derivedData/Build/Intermediates.noindex/CryptoOffice.build/Debug-watchos/CryptoOffice-t.build/Objects-normal/arm64_32/CryptoOffice.SwiftFileList -DSWIFT_PACKAGE -DDEBUG -DSWIFT_MODULE_RESOURCE_BUNDLE_UNAVAILABLE -Xcc -fmodule-map-file\=/Users/admin/builder/spi-builder-workspace/.dependencies/checkouts/swift-crypto/Sources/CCryptoBoringSSLShims/include/module.modulemap -Xcc -fmodule-map-file\=/Users/admin/builder/spi-builder-workspace/.dependencies/checkouts/swift-crypto/Sources/CCryptoBoringSSL/include/module.modulemap -DXcode -plugin-path /Applications/Xcode-27.0.0-Release.Candidate.app/Contents/Developer/Toolchains/XcodeDefault.xctoolchain/usr/lib/swift/host/plugins/testing -enable-experimental-feature DebugDescriptionMacro -sdk /Applications/Xcode-27.0.0-Release.Candidate.app/Contents/Developer/Platforms/WatchOS.platform/Developer/SDKs/WatchOS27.0.sdk -target arm64_32-apple-watchos9.0 -g -module-cache-path /Users/admin/builder/spi-builder-workspace/.derivedData/ModuleCache.noindex -Xfrontend -serialize-debugging-options -profile-coverage-mapping -profile-generate -enable-testing -index-store-path /Users/admin/builder/spi-builder-workspace/.derivedData/Index.noindex/DataStore -Xcc -D_LIBCPP_HARDENING_MODE\=_LIBCPP_HARDENING_MODE_DEBUG -swift-version 5 -I /Users/admin/builder/spi-builder-workspace/.derivedData/Build/Products/Debug-watchos -Isystem /Applications/Xcode-27.0.0-Release.Candidate.app/Contents/Developer/Platforms/WatchOS.platform/Developer/usr/lib -F /Users/admin/builder/spi-builder-workspace/.derivedData/Build/Products/Debug-watchos/PackageFrameworks -F /Users/admin/builder/spi-builder-workspace/.derivedData/Build/Products/Debug-watchos -F /Applications/Xcode-27.0.0-Release.Candidate.app/Contents/Developer/Platforms/WatchOS.platform/Developer/Library/Frameworks -F /Applications/Xcode-27.0.0-Release.Candidate.app/Contents/Developer/Platforms/WatchOS.platform/Developer/SDKs/WatchOS27.0.sdk/Developer/Library/Frameworks -c -j10 -enable-batch-mode -incremental -Xcc -ivfsstatcache -Xcc /Users/admin/builder/spi-builder-workspace/.derivedData/SDKStatCaches.noindex/watchos27.0-24R360-e829b21a6f8c9b70876ba0858053c04477534ef55a1706bf4c1112bbb242f0a2.sdkstatcache -output-file-map /Users/admin/builder/spi-builder-workspace/.derivedData/Build/Intermediates.noindex/CryptoOffice.build/Debug-watchos/CryptoOffice-t.build/Objects-normal/arm64_32/CryptoOffice-OutputFileMap.json -save-temps -no-color-diagnostics -explicit-module-build -module-cache-path /Users/admin/builder/spi-builder-workspace/.derivedData/Build/Intermediates.noindex/SwiftExplicitPrecompiledModules -clang-scanner-module-cache-path /Users/admin/builder/spi-builder-workspace/.derivedData/ModuleCache.noindex -sdk-module-cache-path /Users/admin/builder/spi-builder-workspace/.derivedData/SDKExplicitPrecompiledModules -emit-dependencies -emit-module -emit-module-path /Users/admin/builder/spi-builder-workspace/.derivedData/Build/Intermediates.noindex/CryptoOffice.build/Debug-watchos/CryptoOffice-t.build/Objects-normal/arm64_32/CryptoOffice.swiftmodule -serialize-diagnostics -dependency-scan-serialize-diagnostics-path /Users/admin/builder/spi-builder-workspace/.derivedData/Build/Intermediates.noindex/CryptoOffice.build/Debug-watchos/CryptoOffice-t.build/Objects-normal/arm64_32/CryptoOffice-dependency-scan.dia -validate-clang-modules-once -clang-build-session-file /Users/admin/builder/spi-builder-workspace/.derivedData/ModuleCache.noindex/Session.modulevalidation -Xcc -fmodules-prune-interval\=86400 -Xcc -fmodules-prune-after\=345600 -emit-const-values -const-gather-protocols-list /Users/admin/builder/spi-builder-workspace/.derivedData/Build/Intermediates.noindex/CryptoOffice.build/Debug-watchos/CryptoOffice-t.build/Objects-normal/arm64_32/CryptoOffice_const_extract_protocols.json -Xcc -I/Users/admin/builder/spi-builder-workspace/.dependencies/checkouts/swift-crypto/Sources/CCryptoBoringSSLShims/include -Xcc -I/Users/admin/builder/spi-builder-workspace/.dependencies/checkouts/swift-crypto/Sources/CCryptoBoringSSL/include -Xcc -I/Users/admin/builder/spi-builder-workspace/.derivedData/Build/Products/Debug-watchos/include -Xcc -I/Users/admin/builder/spi-builder-workspace/.derivedData/Build/Intermediates.noindex/CryptoOffice.build/Debug-watchos/CryptoOffice-t.build/DerivedSources-normal/arm64_32 -Xcc -I/Users/admin/builder/spi-builder-workspace/.derivedData/Build/Intermediates.noindex/CryptoOffice.build/Debug-watchos/CryptoOffice-t.build/DerivedSources/arm64_32 -Xcc -I/Users/admin/builder/spi-builder-workspace/.derivedData/Build/Intermediates.noindex/CryptoOffice.build/Debug-watchos/CryptoOffice-t.build/DerivedSources -Xcc -DSWIFT_PACKAGE -Xcc -DDEBUG\=1 -emit-objc-header -emit-objc-header-path /Users/admin/builder/spi-builder-workspace/.derivedData/Build/Intermediates.noindex/CryptoOffice.build/Debug-watchos/CryptoOffice-t.build/Objects-normal/arm64_32/CryptoOffice-Swift.h -working-directory /Users/admin/builder/spi-builder-workspace/.swiftpm/xcode -experimental-emit-module-separately -disable-cmo
SwiftDriverJobDiscovery normal arm64_32 Compiling Codable.swift, Comparable.swift, DataConversion.swift, Division.swift, Exponentiation.swift, FloatingPointConversion.swift, GCD.swift, Hashable.swift, IntegerConversion.swift, Multiplication.swift, PrimeTest.swift (in target 'CryptoSwift' from project 'CryptoSwift')
SwiftEmitModule normal arm64 Emitting\ module\ for\ CryptoOffice (in target 'CryptoOffice' from project 'CryptoOffice')
/Users/admin/builder/spi-builder-workspace/Sources/CryptoOffice/CryptoOfficeError.swift:18:44: warning: cannot use struct 'Encoding' in an associated value of a public or '@usableFromInline' enum; 'Foundation' was not imported by this file
16 | case standardEncryptionNotSupported
17 | case fileIsNotEncrypted(path: String)
18 | case cantEncodePassword(encoding: String.Encoding)
| `- warning: cannot use struct 'Encoding' in an associated value of a public or '@usableFromInline' enum; 'Foundation' was not imported by this file
19 | case extensibleEncryptionNotSupported
20 | case encryptedKeyNotSpecifiedForAgileEncryption
Foundation.String.Encoding:2:15: note: struct declared here
1 | struct String {
2 | public struct Encoding : RawRepresentable, Sendable, Equatable {
| `- note: struct declared here
3 | public var rawValue: UInt
4 | public init(rawValue: UInt)
SwiftCompile normal arm64 (in target 'CryptoOffice' from project 'CryptoOffice')
cd /Users/admin/builder/spi-builder-workspace/.swiftpm/xcode
SwiftCompile normal arm64 Compiling\ CryptoOfficeFile.swift /Users/admin/builder/spi-builder-workspace/Sources/CryptoOffice/CryptoOfficeFile.swift (in target 'CryptoOffice' from project 'CryptoOffice')
SwiftCompile normal arm64 /Users/admin/builder/spi-builder-workspace/Sources/CryptoOffice/CryptoOfficeFile.swift (in target 'CryptoOffice' from project 'CryptoOffice')
cd /Users/admin/builder/spi-builder-workspace/.swiftpm/xcode
builtin-SwiftPerFileCompile CryptoOfficeFile.swift
SwiftDriverJobDiscovery normal arm64_32 Compiling NoPadding.swift, Operators.swift, DER.swift, PBKDF1.swift, PBKDF2.swift, PKCS1v15.swift, PKCS5.swift, PKCS7.swift, PKCS7Padding.swift, Padding.swift, Poly1305.swift (in target 'CryptoSwift' from project 'CryptoSwift')
SwiftCompile normal arm64 Compiling\ CryptoOfficeError.swift /Users/admin/builder/spi-builder-workspace/Sources/CryptoOffice/CryptoOfficeError.swift (in target 'CryptoOffice' from project 'CryptoOffice')
/Users/admin/builder/spi-builder-workspace/Sources/CryptoOffice/CryptoOfficeError.swift:18:44: warning: cannot use struct 'Encoding' in an associated value of a public or '@usableFromInline' enum; 'Foundation' was not imported by this file
16 | case standardEncryptionNotSupported
17 | case fileIsNotEncrypted(path: String)
18 | case cantEncodePassword(encoding: String.Encoding)
| `- warning: cannot use struct 'Encoding' in an associated value of a public or '@usableFromInline' enum; 'Foundation' was not imported by this file
19 | case extensibleEncryptionNotSupported
20 | case encryptedKeyNotSpecifiedForAgileEncryption
Foundation.String.Encoding:2:15: note: struct declared here
1 | struct String {
2 | public struct Encoding : RawRepresentable, Sendable, Equatable {
| `- note: struct declared here
3 | public var rawValue: UInt
4 | public init(rawValue: UInt)
SwiftCompile normal arm64 /Users/admin/builder/spi-builder-workspace/Sources/CryptoOffice/CryptoOfficeError.swift (in target 'CryptoOffice' from project 'CryptoOffice')
cd /Users/admin/builder/spi-builder-workspace/.swiftpm/xcode
builtin-SwiftPerFileCompile CryptoOfficeError.swift
SwiftEmitModule normal arm64_32 Emitting\ module\ for\ CryptoOffice (in target 'CryptoOffice' from project 'CryptoOffice')
/Users/admin/builder/spi-builder-workspace/Sources/CryptoOffice/CryptoOfficeError.swift:18:44: warning: cannot use struct 'Encoding' in an associated value of a public or '@usableFromInline' enum; 'Foundation' was not imported by this file
16 | case standardEncryptionNotSupported
17 | case fileIsNotEncrypted(path: String)
18 | case cantEncodePassword(encoding: String.Encoding)
| `- warning: cannot use struct 'Encoding' in an associated value of a public or '@usableFromInline' enum; 'Foundation' was not imported by this file
19 | case extensibleEncryptionNotSupported
20 | case encryptedKeyNotSpecifiedForAgileEncryption
Foundation.String.Encoding:2:15: note: struct declared here
1 | struct String {
2 | public struct Encoding : RawRepresentable, Sendable, Equatable {
| `- note: struct declared here
3 | public var rawValue: UInt
4 | public init(rawValue: UInt)
SwiftCompile normal arm64_32 (in target 'CryptoOffice' from project 'CryptoOffice')
cd /Users/admin/builder/spi-builder-workspace/.swiftpm/xcode
SwiftDriverJobDiscovery normal arm64_32 Compiling GCM.swift, OCB.swift, OFB.swift, PCBC.swift, Blowfish.swift, CBCMAC.swift, CMAC.swift, Addition.swift, BigInt.swift, BigUInt.swift, BitwiseOps.swift, CS.swift (in target 'CryptoSwift' from project 'CryptoSwift')
SwiftCompile normal arm64_32 Compiling\ CryptoOfficeError.swift /Users/admin/builder/spi-builder-workspace/Sources/CryptoOffice/CryptoOfficeError.swift (in target 'CryptoOffice' from project 'CryptoOffice')
/Users/admin/builder/spi-builder-workspace/Sources/CryptoOffice/CryptoOfficeError.swift:18:44: warning: cannot use struct 'Encoding' in an associated value of a public or '@usableFromInline' enum; 'Foundation' was not imported by this file
16 | case standardEncryptionNotSupported
17 | case fileIsNotEncrypted(path: String)
18 | case cantEncodePassword(encoding: String.Encoding)
| `- warning: cannot use struct 'Encoding' in an associated value of a public or '@usableFromInline' enum; 'Foundation' was not imported by this file
19 | case extensibleEncryptionNotSupported
20 | case encryptedKeyNotSpecifiedForAgileEncryption
Foundation.String.Encoding:2:15: note: struct declared here
1 | struct String {
2 | public struct Encoding : RawRepresentable, Sendable, Equatable {
| `- note: struct declared here
3 | public var rawValue: UInt
4 | public init(rawValue: UInt)
SwiftCompile normal arm64_32 /Users/admin/builder/spi-builder-workspace/Sources/CryptoOffice/CryptoOfficeError.swift (in target 'CryptoOffice' from project 'CryptoOffice')
cd /Users/admin/builder/spi-builder-workspace/.swiftpm/xcode
builtin-SwiftPerFileCompile CryptoOfficeError.swift
SwiftDriverJobDiscovery normal arm64 Emitting module for CryptoOffice (in target 'CryptoOffice' from project 'CryptoOffice')
SwiftDriver\ Compilation\ Requirements CryptoOffice normal arm64 com.apple.xcode.tools.swift.compiler (in target 'CryptoOffice' from project 'CryptoOffice')
cd /Users/admin/builder/spi-builder-workspace/.swiftpm/xcode
builtin-Swift-Compilation-Requirements -- /Applications/Xcode-27.0.0-Release.Candidate.app/Contents/Developer/Toolchains/XcodeDefault.xctoolchain/usr/bin/swiftc -parse-as-library -module-name CryptoOffice -Onone @/Users/admin/builder/spi-builder-workspace/.derivedData/Build/Intermediates.noindex/CryptoOffice.build/Debug-watchos/CryptoOffice-t.build/Objects-normal/arm64/CryptoOffice.SwiftFileList -DSWIFT_PACKAGE -DDEBUG -DSWIFT_MODULE_RESOURCE_BUNDLE_UNAVAILABLE -Xcc -fmodule-map-file\=/Users/admin/builder/spi-builder-workspace/.dependencies/checkouts/swift-crypto/Sources/CCryptoBoringSSLShims/include/module.modulemap -Xcc -fmodule-map-file\=/Users/admin/builder/spi-builder-workspace/.dependencies/checkouts/swift-crypto/Sources/CCryptoBoringSSL/include/module.modulemap -DXcode -plugin-path /Applications/Xcode-27.0.0-Release.Candidate.app/Contents/Developer/Toolchains/XcodeDefault.xctoolchain/usr/lib/swift/host/plugins/testing -enable-experimental-feature DebugDescriptionMacro -sdk /Applications/Xcode-27.0.0-Release.Candidate.app/Contents/Developer/Platforms/WatchOS.platform/Developer/SDKs/WatchOS27.0.sdk -target arm64-apple-watchos9.0 -g -module-cache-path /Users/admin/builder/spi-builder-workspace/.derivedData/ModuleCache.noindex -Xfrontend -serialize-debugging-options -profile-coverage-mapping -profile-generate -enable-testing -index-store-path /Users/admin/builder/spi-builder-workspace/.derivedData/Index.noindex/DataStore -Xcc -D_LIBCPP_HARDENING_MODE\=_LIBCPP_HARDENING_MODE_DEBUG -swift-version 5 -I /Users/admin/builder/spi-builder-workspace/.derivedData/Build/Products/Debug-watchos -Isystem /Applications/Xcode-27.0.0-Release.Candidate.app/Contents/Developer/Platforms/WatchOS.platform/Developer/usr/lib -F /Users/admin/builder/spi-builder-workspace/.derivedData/Build/Products/Debug-watchos/PackageFrameworks -F /Users/admin/builder/spi-builder-workspace/.derivedData/Build/Products/Debug-watchos -F /Applications/Xcode-27.0.0-Release.Candidate.app/Contents/Developer/Platforms/WatchOS.platform/Developer/Library/Frameworks -F /Applications/Xcode-27.0.0-Release.Candidate.app/Contents/Developer/Platforms/WatchOS.platform/Developer/SDKs/WatchOS27.0.sdk/Developer/Library/Frameworks -c -j10 -enable-batch-mode -incremental -Xcc -ivfsstatcache -Xcc /Users/admin/builder/spi-builder-workspace/.derivedData/SDKStatCaches.noindex/watchos27.0-24R360-e829b21a6f8c9b70876ba0858053c04477534ef55a1706bf4c1112bbb242f0a2.sdkstatcache -output-file-map /Users/admin/builder/spi-builder-workspace/.derivedData/Build/Intermediates.noindex/CryptoOffice.build/Debug-watchos/CryptoOffice-t.build/Objects-normal/arm64/CryptoOffice-OutputFileMap.json -save-temps -no-color-diagnostics -explicit-module-build -module-cache-path /Users/admin/builder/spi-builder-workspace/.derivedData/Build/Intermediates.noindex/SwiftExplicitPrecompiledModules -clang-scanner-module-cache-path /Users/admin/builder/spi-builder-workspace/.derivedData/ModuleCache.noindex -sdk-module-cache-path /Users/admin/builder/spi-builder-workspace/.derivedData/SDKExplicitPrecompiledModules -emit-dependencies -emit-module -emit-module-path /Users/admin/builder/spi-builder-workspace/.derivedData/Build/Intermediates.noindex/CryptoOffice.build/Debug-watchos/CryptoOffice-t.build/Objects-normal/arm64/CryptoOffice.swiftmodule -serialize-diagnostics -dependency-scan-serialize-diagnostics-path /Users/admin/builder/spi-builder-workspace/.derivedData/Build/Intermediates.noindex/CryptoOffice.build/Debug-watchos/CryptoOffice-t.build/Objects-normal/arm64/CryptoOffice-dependency-scan.dia -validate-clang-modules-once -clang-build-session-file /Users/admin/builder/spi-builder-workspace/.derivedData/ModuleCache.noindex/Session.modulevalidation -Xcc -fmodules-prune-interval\=86400 -Xcc -fmodules-prune-after\=345600 -emit-const-values -const-gather-protocols-list /Users/admin/builder/spi-builder-workspace/.derivedData/Build/Intermediates.noindex/CryptoOffice.build/Debug-watchos/CryptoOffice-t.build/Objects-normal/arm64/CryptoOffice_const_extract_protocols.json -Xcc -I/Users/admin/builder/spi-builder-workspace/.dependencies/checkouts/swift-crypto/Sources/CCryptoBoringSSLShims/include -Xcc -I/Users/admin/builder/spi-builder-workspace/.dependencies/checkouts/swift-crypto/Sources/CCryptoBoringSSL/include -Xcc -I/Users/admin/builder/spi-builder-workspace/.derivedData/Build/Products/Debug-watchos/include -Xcc -I/Users/admin/builder/spi-builder-workspace/.derivedData/Build/Intermediates.noindex/CryptoOffice.build/Debug-watchos/CryptoOffice-t.build/DerivedSources-normal/arm64 -Xcc -I/Users/admin/builder/spi-builder-workspace/.derivedData/Build/Intermediates.noindex/CryptoOffice.build/Debug-watchos/CryptoOffice-t.build/DerivedSources/arm64 -Xcc -I/Users/admin/builder/spi-builder-workspace/.derivedData/Build/Intermediates.noindex/CryptoOffice.build/Debug-watchos/CryptoOffice-t.build/DerivedSources -Xcc -DSWIFT_PACKAGE -Xcc -DDEBUG\=1 -emit-objc-header -emit-objc-header-path /Users/admin/builder/spi-builder-workspace/.derivedData/Build/Intermediates.noindex/CryptoOffice.build/Debug-watchos/CryptoOffice-t.build/Objects-normal/arm64/CryptoOffice-Swift.h -working-directory /Users/admin/builder/spi-builder-workspace/.swiftpm/xcode -experimental-emit-module-separately -disable-cmo
SwiftDriverJobDiscovery normal arm64_32 Compiling RSA+Cipher.swift, RSA+Signature.swift, RSA.swift, Rabbit.swift, SHA1.swift, SHA2.swift, SHA3.swift, Scrypt.swift, SecureBytes.swift, Signature.swift, StreamDecryptor.swift (in target 'CryptoSwift' from project 'CryptoSwift')
SwiftCompile normal arm64_32 Compiling\ ECMA376Agile.swift /Users/admin/builder/spi-builder-workspace/Sources/CryptoOffice/ECMA376Agile.swift (in target 'CryptoOffice' from project 'CryptoOffice')
/Users/admin/builder/spi-builder-workspace/Sources/CryptoOffice/ECMA376Agile.swift:80:12: error: cannot convert value of type 'RawSpan' to expected argument type 'Array<UInt8>'
78 |
79 | let aes = try CryptoSwift.AES(
80 | key: decryptionKey,
| `- error: cannot convert value of type 'RawSpan' to expected argument type 'Array<UInt8>'
81 | blockMode: CBC(iv: encryptedKey.saltValue.bytes),
82 | padding: .noPadding
/Users/admin/builder/spi-builder-workspace/Sources/CryptoOffice/ECMA376Agile.swift:81:49: error: cannot convert value of type 'RawSpan' to expected argument type 'Array<UInt8>'
79 | let aes = try CryptoSwift.AES(
80 | key: decryptionKey,
81 | blockMode: CBC(iv: encryptedKey.saltValue.bytes),
| `- error: cannot convert value of type 'RawSpan' to expected argument type 'Array<UInt8>'
82 | padding: .noPadding
83 | )
/Users/admin/builder/spi-builder-workspace/Sources/CryptoOffice/ECMA376Agile.swift:104:60: error: cannot convert value of type 'RawSpan' to expected argument type 'Array<UInt8>'
102 |
103 | let iv = (keyData.saltValue + segmentIndex.data).sha512()[0..<16].bytes
104 | let aes = try AES(key: secretKey, blockMode: CBC(iv: iv), padding: .noPadding)
| `- error: cannot convert value of type 'RawSpan' to expected argument type 'Array<UInt8>'
105 |
106 | let chunk: Data
Failed frontend command:
/Applications/Xcode-27.0.0-Release.Candidate.app/Contents/Developer/Toolchains/XcodeDefault.xctoolchain/usr/bin/swift-frontend -frontend -c /Users/admin/builder/spi-builder-workspace/Sources/CryptoOffice/CryptoOfficeError.swift /Users/admin/builder/spi-builder-workspace/Sources/CryptoOffice/CryptoOfficeFile.swift -primary-file /Users/admin/builder/spi-builder-workspace/Sources/CryptoOffice/ECMA376Agile.swift -emit-dependencies-path /Users/admin/builder/spi-builder-workspace/.derivedData/Build/Intermediates.noindex/CryptoOffice.build/Debug-watchos/CryptoOffice-t.build/Objects-normal/arm64_32/ECMA376Agile.d -emit-const-values-path /Users/admin/builder/spi-builder-workspace/.derivedData/Build/Intermediates.noindex/CryptoOffice.build/Debug-watchos/CryptoOffice-t.build/Objects-normal/arm64_32/ECMA376Agile.swiftconstvalues -emit-reference-dependencies-path /Users/admin/builder/spi-builder-workspace/.derivedData/Build/Intermediates.noindex/CryptoOffice.build/Debug-watchos/CryptoOffice-t.build/Objects-normal/arm64_32/ECMA376Agile.swiftdeps -serialize-diagnostics-path /Users/admin/builder/spi-builder-workspace/.derivedData/Build/Intermediates.noindex/CryptoOffice.build/Debug-watchos/CryptoOffice-t.build/Objects-normal/arm64_32/ECMA376Agile.dia -target arm64_32-apple-watchos9.0 -disable-cross-import-overlay-search -load-resolved-plugin /Applications/Xcode-27.0.0-Release.Candidate.app/Contents/Developer/Platforms/WatchOS.platform/Developer/usr/lib/swift/host/plugins/libFoundationMacros.dylib\#/Applications/Xcode-27.0.0-Release.Candidate.app/Contents/Developer/Platforms/WatchOS.platform/Developer/usr/bin/swift-plugin-server\#FoundationMacros -load-resolved-plugin /Applications/Xcode-27.0.0-Release.Candidate.app/Contents/Developer/Platforms/WatchOS.platform/Developer/usr/lib/swift/host/plugins/libObservationMacros.dylib\#/Applications/Xcode-27.0.0-Release.Candidate.app/Contents/Developer/Platforms/WatchOS.platform/Developer/usr/bin/swift-plugin-server\#ObservationMacros -load-resolved-plugin /Applications/Xcode-27.0.0-Release.Candidate.app/Contents/Developer/Platforms/WatchOS.platform/Developer/usr/lib/swift/host/plugins/libSwiftMacros.dylib\#/Applications/Xcode-27.0.0-Release.Candidate.app/Contents/Developer/Platforms/WatchOS.platform/Developer/usr/bin/swift-plugin-server\#SwiftMacros -disable-implicit-swift-modules -Xcc -fno-implicit-modules -Xcc -fno-implicit-module-maps -explicit-swift-module-map-file /Users/admin/builder/spi-builder-workspace/.derivedData/Build/Intermediates.noindex/CryptoOffice.build/Debug-watchos/CryptoOffice-t.build/Objects-normal/arm64_32/CryptoOffice-dependencies-2.json -enable-objc-interop -sdk /Applications/Xcode-27.0.0-Release.Candidate.app/Contents/Developer/Platforms/WatchOS.platform/Developer/SDKs/WatchOS27.0.sdk -I /Users/admin/builder/spi-builder-workspace/.derivedData/Build/Products/Debug-watchos -Isystem /Applications/Xcode-27.0.0-Release.Candidate.app/Contents/Developer/Platforms/WatchOS.platform/Developer/usr/lib -F /Users/admin/builder/spi-builder-workspace/.derivedData/Build/Products/Debug-watchos/PackageFrameworks -F /Users/admin/builder/spi-builder-workspace/.derivedData/Build/Products/Debug-watchos -F /Applications/Xcode-27.0.0-Release.Candidate.app/Contents/Developer/Platforms/WatchOS.platform/Developer/Library/Frameworks -F /Applications/Xcode-27.0.0-Release.Candidate.app/Contents/Developer/Platforms/WatchOS.platform/Developer/SDKs/WatchOS27.0.sdk/Developer/Library/Frameworks -module-cache-path /Users/admin/builder/spi-builder-workspace/.derivedData/Build/Intermediates.noindex/SwiftExplicitPrecompiledModules -no-color-diagnostics -Xcc -fno-color-diagnostics -enable-testing -g -debug-info-format\=dwarf -dwarf-version\=4 -profile-generate -profile-coverage-mapping -swift-version 5 -Onone -D SWIFT_PACKAGE -D DEBUG -D SWIFT_MODULE_RESOURCE_BUNDLE_UNAVAILABLE -D Xcode -serialize-debugging-options -enable-experimental-feature DebugDescriptionMacro -empty-abi-descriptor -validate-clang-modules-once -clang-build-session-file /Users/admin/builder/spi-builder-workspace/.derivedData/ModuleCache.noindex/Session.modulevalidation -Xcc -working-directory -Xcc /Users/admin/builder/spi-builder-workspace/.swiftpm/xcode -enable-anonymous-context-mangled-names -file-compilation-dir /Users/admin/builder/spi-builder-workspace/.swiftpm/xcode -Xcc -fmodule-map-file\=/Users/admin/builder/spi-builder-workspace/.dependencies/checkouts/swift-crypto/Sources/CCryptoBoringSSLShims/include/module.modulemap -Xcc -fmodule-map-file\=/Users/admin/builder/spi-builder-workspace/.dependencies/checkouts/swift-crypto/Sources/CCryptoBoringSSL/include/module.modulemap -Xcc -D_LIBCPP_HARDENING_MODE\=_LIBCPP_HARDENING_MODE_DEBUG -Xcc -ivfsstatcache -Xcc /Users/admin/builder/spi-builder-workspace/.derivedData/SDKStatCaches.noindex/watchos27.0-24R360-e829b21a6f8c9b70876ba0858053c04477534ef55a1706bf4c1112bbb242f0a2.sdkstatcache -Xcc -fmodules-prune-interval\=86400 -Xcc -fmodules-prune-after\=345600 -Xcc -I/Users/admin/builder/spi-builder-workspace/.dependencies/checkouts/swift-crypto/Sources/CCryptoBoringSSLShims/include -Xcc -I/Users/admin/builder/spi-builder-workspace/.dependencies/checkouts/swift-crypto/Sources/CCryptoBoringSSL/include -Xcc -I/Users/admin/builder/spi-builder-workspace/.derivedData/Build/Products/Debug-watchos/include -Xcc -I/Users/admin/builder/spi-builder-workspace/.derivedData/Build/Intermediates.noindex/CryptoOffice.build/Debug-watchos/CryptoOffice-t.build/DerivedSources-normal/arm64_32 -Xcc -I/Users/admin/builder/spi-builder-workspace/.derivedData/Build/Intermediates.noindex/CryptoOffice.build/Debug-watchos/CryptoOffice-t.build/DerivedSources/arm64_32 -Xcc -I/Users/admin/builder/spi-builder-workspace/.derivedData/Build/Intermediates.noindex/CryptoOffice.build/Debug-watchos/CryptoOffice-t.build/DerivedSources -Xcc -DSWIFT_PACKAGE -Xcc -DDEBUG\=1 -no-auto-bridging-header-chaining -module-name CryptoOffice -const-gather-protocols-file /Users/admin/builder/spi-builder-workspace/.derivedData/Build/Intermediates.noindex/CryptoOffice.build/Debug-watchos/CryptoOffice-t.build/Objects-normal/arm64_32/CryptoOffice_const_extract_protocols.json -disable-clang-spi -clang-target arm64_32-apple-watchos27.0 -target-sdk-version 27.0 -target-sdk-name watchos27.0 -in-process-plugin-server-path /Applications/Xcode-27.0.0-Release.Candidate.app/Contents/Developer/Toolchains/XcodeDefault.xctoolchain/usr/lib/swift/host/libSwiftInProcPluginServer.dylib -parse-as-library -o /Users/admin/builder/spi-builder-workspace/.derivedData/Build/Intermediates.noindex/CryptoOffice.build/Debug-watchos/CryptoOffice-t.build/Objects-normal/arm64_32/ECMA376Agile.o -debug-module-path /Users/admin/builder/spi-builder-workspace/.derivedData/Build/Intermediates.noindex/CryptoOffice.build/Debug-watchos/CryptoOffice-t.build/Objects-normal/arm64_32/CryptoOffice.swiftmodule -index-unit-output-path /CryptoOffice.build/Debug-watchos/CryptoOffice-t.build/Objects-normal/arm64_32/ECMA376Agile.o -index-store-path /Users/admin/builder/spi-builder-workspace/.derivedData/Index.noindex/DataStore -index-system-modules
SwiftCompile normal arm64_32 /Users/admin/builder/spi-builder-workspace/Sources/CryptoOffice/ECMA376Agile.swift (in target 'CryptoOffice' from project 'CryptoOffice')
cd /Users/admin/builder/spi-builder-workspace/.swiftpm/xcode
builtin-SwiftPerFileCompile ECMA376Agile.swift
SwiftCompile normal arm64 Compiling\ ECMA376Agile.swift /Users/admin/builder/spi-builder-workspace/Sources/CryptoOffice/ECMA376Agile.swift (in target 'CryptoOffice' from project 'CryptoOffice')
/Users/admin/builder/spi-builder-workspace/Sources/CryptoOffice/ECMA376Agile.swift:80:12: error: cannot convert value of type 'RawSpan' to expected argument type 'Array<UInt8>'
78 |
79 | let aes = try CryptoSwift.AES(
80 | key: decryptionKey,
| `- error: cannot convert value of type 'RawSpan' to expected argument type 'Array<UInt8>'
81 | blockMode: CBC(iv: encryptedKey.saltValue.bytes),
82 | padding: .noPadding
/Users/admin/builder/spi-builder-workspace/Sources/CryptoOffice/ECMA376Agile.swift:81:49: error: cannot convert value of type 'RawSpan' to expected argument type 'Array<UInt8>'
79 | let aes = try CryptoSwift.AES(
80 | key: decryptionKey,
81 | blockMode: CBC(iv: encryptedKey.saltValue.bytes),
| `- error: cannot convert value of type 'RawSpan' to expected argument type 'Array<UInt8>'
82 | padding: .noPadding
83 | )
/Users/admin/builder/spi-builder-workspace/Sources/CryptoOffice/ECMA376Agile.swift:104:60: error: cannot convert value of type 'RawSpan' to expected argument type 'Array<UInt8>'
102 |
103 | let iv = (keyData.saltValue + segmentIndex.data).sha512()[0..<16].bytes
104 | let aes = try AES(key: secretKey, blockMode: CBC(iv: iv), padding: .noPadding)
| `- error: cannot convert value of type 'RawSpan' to expected argument type 'Array<UInt8>'
105 |
106 | let chunk: Data
SwiftCompile normal arm64 /Users/admin/builder/spi-builder-workspace/Sources/CryptoOffice/ECMA376Agile.swift (in target 'CryptoOffice' from project 'CryptoOffice')
cd /Users/admin/builder/spi-builder-workspace/.swiftpm/xcode
builtin-SwiftPerFileCompile ECMA376Agile.swift
SwiftDriverJobDiscovery normal arm64 Compiling CryptoOfficeError.swift (in target 'CryptoOffice' from project 'CryptoOffice')
Copy /Users/admin/builder/spi-builder-workspace/.derivedData/Build/Products/Debug-watchos/CryptoOffice.swiftmodule/arm64-apple-watchos.swiftmodule /Users/admin/builder/spi-builder-workspace/.derivedData/Build/Intermediates.noindex/CryptoOffice.build/Debug-watchos/CryptoOffice-t.build/Objects-normal/arm64/CryptoOffice.swiftmodule (in target 'CryptoOffice' from project 'CryptoOffice')
cd /Users/admin/builder/spi-builder-workspace
builtin-copy -exclude .DS_Store -exclude CVS -exclude .svn -exclude .git -exclude .hg -resolve-src-symlinks -rename /Users/admin/builder/spi-builder-workspace/.derivedData/Build/Intermediates.noindex/CryptoOffice.build/Debug-watchos/CryptoOffice-t.build/Objects-normal/arm64/CryptoOffice.swiftmodule /Users/admin/builder/spi-builder-workspace/.derivedData/Build/Products/Debug-watchos/CryptoOffice.swiftmodule/arm64-apple-watchos.swiftmodule
SwiftDriverJobDiscovery normal arm64_32 Compiling Bit.swift, BlockCipher.swift, BlockDecryptor.swift, BlockEncryptor.swift, BlockMode.swift, BlockModeOptions.swift, CBC.swift, CCM.swift, CFB.swift, CTR.swift, CipherModeWorker.swift, ECB.swift (in target 'CryptoSwift' from project 'CryptoSwift')
Copy /Users/admin/builder/spi-builder-workspace/.derivedData/Build/Products/Debug-watchos/CryptoOffice.swiftmodule/arm64-apple-watchos.swiftdoc /Users/admin/builder/spi-builder-workspace/.derivedData/Build/Intermediates.noindex/CryptoOffice.build/Debug-watchos/CryptoOffice-t.build/Objects-normal/arm64/CryptoOffice.swiftdoc (in target 'CryptoOffice' from project 'CryptoOffice')
cd /Users/admin/builder/spi-builder-workspace
builtin-copy -exclude .DS_Store -exclude CVS -exclude .svn -exclude .git -exclude .hg -resolve-src-symlinks -rename /Users/admin/builder/spi-builder-workspace/.derivedData/Build/Intermediates.noindex/CryptoOffice.build/Debug-watchos/CryptoOffice-t.build/Objects-normal/arm64/CryptoOffice.swiftdoc /Users/admin/builder/spi-builder-workspace/.derivedData/Build/Products/Debug-watchos/CryptoOffice.swiftmodule/arm64-apple-watchos.swiftdoc
Copy /Users/admin/builder/spi-builder-workspace/.derivedData/Build/Products/Debug-watchos/CryptoOffice.swiftmodule/arm64-apple-watchos.abi.json /Users/admin/builder/spi-builder-workspace/.derivedData/Build/Intermediates.noindex/CryptoOffice.build/Debug-watchos/CryptoOffice-t.build/Objects-normal/arm64/CryptoOffice.abi.json (in target 'CryptoOffice' from project 'CryptoOffice')
cd /Users/admin/builder/spi-builder-workspace
builtin-copy -exclude .DS_Store -exclude CVS -exclude .svn -exclude .git -exclude .hg -resolve-src-symlinks -rename /Users/admin/builder/spi-builder-workspace/.derivedData/Build/Intermediates.noindex/CryptoOffice.build/Debug-watchos/CryptoOffice-t.build/Objects-normal/arm64/CryptoOffice.abi.json /Users/admin/builder/spi-builder-workspace/.derivedData/Build/Products/Debug-watchos/CryptoOffice.swiftmodule/arm64-apple-watchos.abi.json
Copy /Users/admin/builder/spi-builder-workspace/.derivedData/Build/Products/Debug-watchos/CryptoOffice.swiftmodule/Project/arm64-apple-watchos.swiftsourceinfo /Users/admin/builder/spi-builder-workspace/.derivedData/Build/Intermediates.noindex/CryptoOffice.build/Debug-watchos/CryptoOffice-t.build/Objects-normal/arm64/CryptoOffice.swiftsourceinfo (in target 'CryptoOffice' from project 'CryptoOffice')
cd /Users/admin/builder/spi-builder-workspace
builtin-copy -exclude .DS_Store -exclude CVS -exclude .svn -exclude .git -exclude .hg -resolve-src-symlinks -rename /Users/admin/builder/spi-builder-workspace/.derivedData/Build/Intermediates.noindex/CryptoOffice.build/Debug-watchos/CryptoOffice-t.build/Objects-normal/arm64/CryptoOffice.swiftsourceinfo /Users/admin/builder/spi-builder-workspace/.derivedData/Build/Products/Debug-watchos/CryptoOffice.swiftmodule/Project/arm64-apple-watchos.swiftsourceinfo
SwiftCompile normal arm64_32 Compiling\ CryptoOfficeFile.swift /Users/admin/builder/spi-builder-workspace/Sources/CryptoOffice/CryptoOfficeFile.swift (in target 'CryptoOffice' from project 'CryptoOffice')
SwiftCompile normal arm64_32 /Users/admin/builder/spi-builder-workspace/Sources/CryptoOffice/CryptoOfficeFile.swift (in target 'CryptoOffice' from project 'CryptoOffice')
cd /Users/admin/builder/spi-builder-workspace/.swiftpm/xcode
builtin-SwiftPerFileCompile CryptoOfficeFile.swift
SwiftDriverJobDiscovery normal arm64_32 Compiling CryptoOfficeError.swift (in target 'CryptoOffice' from project 'CryptoOffice')
SwiftDriverJobDiscovery normal arm64 Compiling CryptoOfficeFile.swift (in target 'CryptoOffice' from project 'CryptoOffice')
SwiftDriverJobDiscovery normal arm64_32 Emitting module for CryptoOffice (in target 'CryptoOffice' from project 'CryptoOffice')
SwiftDriver\ Compilation\ Requirements CryptoOffice normal arm64_32 com.apple.xcode.tools.swift.compiler (in target 'CryptoOffice' from project 'CryptoOffice')
cd /Users/admin/builder/spi-builder-workspace/.swiftpm/xcode
builtin-Swift-Compilation-Requirements -- /Applications/Xcode-27.0.0-Release.Candidate.app/Contents/Developer/Toolchains/XcodeDefault.xctoolchain/usr/bin/swiftc -parse-as-library -module-name CryptoOffice -Onone @/Users/admin/builder/spi-builder-workspace/.derivedData/Build/Intermediates.noindex/CryptoOffice.build/Debug-watchos/CryptoOffice-t.build/Objects-normal/arm64_32/CryptoOffice.SwiftFileList -DSWIFT_PACKAGE -DDEBUG -DSWIFT_MODULE_RESOURCE_BUNDLE_UNAVAILABLE -Xcc -fmodule-map-file\=/Users/admin/builder/spi-builder-workspace/.dependencies/checkouts/swift-crypto/Sources/CCryptoBoringSSLShims/include/module.modulemap -Xcc -fmodule-map-file\=/Users/admin/builder/spi-builder-workspace/.dependencies/checkouts/swift-crypto/Sources/CCryptoBoringSSL/include/module.modulemap -DXcode -plugin-path /Applications/Xcode-27.0.0-Release.Candidate.app/Contents/Developer/Toolchains/XcodeDefault.xctoolchain/usr/lib/swift/host/plugins/testing -enable-experimental-feature DebugDescriptionMacro -sdk /Applications/Xcode-27.0.0-Release.Candidate.app/Contents/Developer/Platforms/WatchOS.platform/Developer/SDKs/WatchOS27.0.sdk -target arm64_32-apple-watchos9.0 -g -module-cache-path /Users/admin/builder/spi-builder-workspace/.derivedData/ModuleCache.noindex -Xfrontend -serialize-debugging-options -profile-coverage-mapping -profile-generate -enable-testing -index-store-path /Users/admin/builder/spi-builder-workspace/.derivedData/Index.noindex/DataStore -Xcc -D_LIBCPP_HARDENING_MODE\=_LIBCPP_HARDENING_MODE_DEBUG -swift-version 5 -I /Users/admin/builder/spi-builder-workspace/.derivedData/Build/Products/Debug-watchos -Isystem /Applications/Xcode-27.0.0-Release.Candidate.app/Contents/Developer/Platforms/WatchOS.platform/Developer/usr/lib -F /Users/admin/builder/spi-builder-workspace/.derivedData/Build/Products/Debug-watchos/PackageFrameworks -F /Users/admin/builder/spi-builder-workspace/.derivedData/Build/Products/Debug-watchos -F /Applications/Xcode-27.0.0-Release.Candidate.app/Contents/Developer/Platforms/WatchOS.platform/Developer/Library/Frameworks -F /Applications/Xcode-27.0.0-Release.Candidate.app/Contents/Developer/Platforms/WatchOS.platform/Developer/SDKs/WatchOS27.0.sdk/Developer/Library/Frameworks -c -j10 -enable-batch-mode -incremental -Xcc -ivfsstatcache -Xcc /Users/admin/builder/spi-builder-workspace/.derivedData/SDKStatCaches.noindex/watchos27.0-24R360-e829b21a6f8c9b70876ba0858053c04477534ef55a1706bf4c1112bbb242f0a2.sdkstatcache -output-file-map /Users/admin/builder/spi-builder-workspace/.derivedData/Build/Intermediates.noindex/CryptoOffice.build/Debug-watchos/CryptoOffice-t.build/Objects-normal/arm64_32/CryptoOffice-OutputFileMap.json -save-temps -no-color-diagnostics -explicit-module-build -module-cache-path /Users/admin/builder/spi-builder-workspace/.derivedData/Build/Intermediates.noindex/SwiftExplicitPrecompiledModules -clang-scanner-module-cache-path /Users/admin/builder/spi-builder-workspace/.derivedData/ModuleCache.noindex -sdk-module-cache-path /Users/admin/builder/spi-builder-workspace/.derivedData/SDKExplicitPrecompiledModules -emit-dependencies -emit-module -emit-module-path /Users/admin/builder/spi-builder-workspace/.derivedData/Build/Intermediates.noindex/CryptoOffice.build/Debug-watchos/CryptoOffice-t.build/Objects-normal/arm64_32/CryptoOffice.swiftmodule -serialize-diagnostics -dependency-scan-serialize-diagnostics-path /Users/admin/builder/spi-builder-workspace/.derivedData/Build/Intermediates.noindex/CryptoOffice.build/Debug-watchos/CryptoOffice-t.build/Objects-normal/arm64_32/CryptoOffice-dependency-scan.dia -validate-clang-modules-once -clang-build-session-file /Users/admin/builder/spi-builder-workspace/.derivedData/ModuleCache.noindex/Session.modulevalidation -Xcc -fmodules-prune-interval\=86400 -Xcc -fmodules-prune-after\=345600 -emit-const-values -const-gather-protocols-list /Users/admin/builder/spi-builder-workspace/.derivedData/Build/Intermediates.noindex/CryptoOffice.build/Debug-watchos/CryptoOffice-t.build/Objects-normal/arm64_32/CryptoOffice_const_extract_protocols.json -Xcc -I/Users/admin/builder/spi-builder-workspace/.dependencies/checkouts/swift-crypto/Sources/CCryptoBoringSSLShims/include -Xcc -I/Users/admin/builder/spi-builder-workspace/.dependencies/checkouts/swift-crypto/Sources/CCryptoBoringSSL/include -Xcc -I/Users/admin/builder/spi-builder-workspace/.derivedData/Build/Products/Debug-watchos/include -Xcc -I/Users/admin/builder/spi-builder-workspace/.derivedData/Build/Intermediates.noindex/CryptoOffice.build/Debug-watchos/CryptoOffice-t.build/DerivedSources-normal/arm64_32 -Xcc -I/Users/admin/builder/spi-builder-workspace/.derivedData/Build/Intermediates.noindex/CryptoOffice.build/Debug-watchos/CryptoOffice-t.build/DerivedSources/arm64_32 -Xcc -I/Users/admin/builder/spi-builder-workspace/.derivedData/Build/Intermediates.noindex/CryptoOffice.build/Debug-watchos/CryptoOffice-t.build/DerivedSources -Xcc -DSWIFT_PACKAGE -Xcc -DDEBUG\=1 -emit-objc-header -emit-objc-header-path /Users/admin/builder/spi-builder-workspace/.derivedData/Build/Intermediates.noindex/CryptoOffice.build/Debug-watchos/CryptoOffice-t.build/Objects-normal/arm64_32/CryptoOffice-Swift.h -working-directory /Users/admin/builder/spi-builder-workspace/.swiftpm/xcode -experimental-emit-module-separately -disable-cmo
SwiftMergeGeneratedHeaders /Users/admin/builder/spi-builder-workspace/.derivedData/Build/Intermediates.noindex/GeneratedModuleMaps-watchos/CryptoOffice-Swift.h /Users/admin/builder/spi-builder-workspace/.derivedData/Build/Intermediates.noindex/CryptoOffice.build/Debug-watchos/CryptoOffice-t.build/Objects-normal/arm64/CryptoOffice-Swift.h /Users/admin/builder/spi-builder-workspace/.derivedData/Build/Intermediates.noindex/CryptoOffice.build/Debug-watchos/CryptoOffice-t.build/Objects-normal/arm64_32/CryptoOffice-Swift.h (in target 'CryptoOffice' from project 'CryptoOffice')
cd /Users/admin/builder/spi-builder-workspace
builtin-swiftHeaderTool -arch arm64 /Users/admin/builder/spi-builder-workspace/.derivedData/Build/Intermediates.noindex/CryptoOffice.build/Debug-watchos/CryptoOffice-t.build/Objects-normal/arm64/CryptoOffice-Swift.h -arch arm64_32 /Users/admin/builder/spi-builder-workspace/.derivedData/Build/Intermediates.noindex/CryptoOffice.build/Debug-watchos/CryptoOffice-t.build/Objects-normal/arm64_32/CryptoOffice-Swift.h -o /Users/admin/builder/spi-builder-workspace/.derivedData/Build/Intermediates.noindex/GeneratedModuleMaps-watchos/CryptoOffice-Swift.h
Copy /Users/admin/builder/spi-builder-workspace/.derivedData/Build/Products/Debug-watchos/CryptoOffice.swiftmodule/arm64_32-apple-watchos.swiftdoc /Users/admin/builder/spi-builder-workspace/.derivedData/Build/Intermediates.noindex/CryptoOffice.build/Debug-watchos/CryptoOffice-t.build/Objects-normal/arm64_32/CryptoOffice.swiftdoc (in target 'CryptoOffice' from project 'CryptoOffice')
cd /Users/admin/builder/spi-builder-workspace
builtin-copy -exclude .DS_Store -exclude CVS -exclude .svn -exclude .git -exclude .hg -resolve-src-symlinks -rename /Users/admin/builder/spi-builder-workspace/.derivedData/Build/Intermediates.noindex/CryptoOffice.build/Debug-watchos/CryptoOffice-t.build/Objects-normal/arm64_32/CryptoOffice.swiftdoc /Users/admin/builder/spi-builder-workspace/.derivedData/Build/Products/Debug-watchos/CryptoOffice.swiftmodule/arm64_32-apple-watchos.swiftdoc
Copy /Users/admin/builder/spi-builder-workspace/.derivedData/Build/Products/Debug-watchos/CryptoOffice.swiftmodule/arm64_32-apple-watchos.swiftmodule /Users/admin/builder/spi-builder-workspace/.derivedData/Build/Intermediates.noindex/CryptoOffice.build/Debug-watchos/CryptoOffice-t.build/Objects-normal/arm64_32/CryptoOffice.swiftmodule (in target 'CryptoOffice' from project 'CryptoOffice')
cd /Users/admin/builder/spi-builder-workspace
builtin-copy -exclude .DS_Store -exclude CVS -exclude .svn -exclude .git -exclude .hg -resolve-src-symlinks -rename /Users/admin/builder/spi-builder-workspace/.derivedData/Build/Intermediates.noindex/CryptoOffice.build/Debug-watchos/CryptoOffice-t.build/Objects-normal/arm64_32/CryptoOffice.swiftmodule /Users/admin/builder/spi-builder-workspace/.derivedData/Build/Products/Debug-watchos/CryptoOffice.swiftmodule/arm64_32-apple-watchos.swiftmodule
Copy /Users/admin/builder/spi-builder-workspace/.derivedData/Build/Products/Debug-watchos/CryptoOffice.swiftmodule/arm64_32-apple-watchos.abi.json /Users/admin/builder/spi-builder-workspace/.derivedData/Build/Intermediates.noindex/CryptoOffice.build/Debug-watchos/CryptoOffice-t.build/Objects-normal/arm64_32/CryptoOffice.abi.json (in target 'CryptoOffice' from project 'CryptoOffice')
cd /Users/admin/builder/spi-builder-workspace
builtin-copy -exclude .DS_Store -exclude CVS -exclude .svn -exclude .git -exclude .hg -resolve-src-symlinks -rename /Users/admin/builder/spi-builder-workspace/.derivedData/Build/Intermediates.noindex/CryptoOffice.build/Debug-watchos/CryptoOffice-t.build/Objects-normal/arm64_32/CryptoOffice.abi.json /Users/admin/builder/spi-builder-workspace/.derivedData/Build/Products/Debug-watchos/CryptoOffice.swiftmodule/arm64_32-apple-watchos.abi.json
Copy /Users/admin/builder/spi-builder-workspace/.derivedData/Build/Products/Debug-watchos/CryptoOffice.swiftmodule/Project/arm64_32-apple-watchos.swiftsourceinfo /Users/admin/builder/spi-builder-workspace/.derivedData/Build/Intermediates.noindex/CryptoOffice.build/Debug-watchos/CryptoOffice-t.build/Objects-normal/arm64_32/CryptoOffice.swiftsourceinfo (in target 'CryptoOffice' from project 'CryptoOffice')
cd /Users/admin/builder/spi-builder-workspace
builtin-copy -exclude .DS_Store -exclude CVS -exclude .svn -exclude .git -exclude .hg -resolve-src-symlinks -rename /Users/admin/builder/spi-builder-workspace/.derivedData/Build/Intermediates.noindex/CryptoOffice.build/Debug-watchos/CryptoOffice-t.build/Objects-normal/arm64_32/CryptoOffice.swiftsourceinfo /Users/admin/builder/spi-builder-workspace/.derivedData/Build/Products/Debug-watchos/CryptoOffice.swiftmodule/Project/arm64_32-apple-watchos.swiftsourceinfo
PruneExplicitPrecompiledModules /Users/admin/builder/spi-builder-workspace/.derivedData/SDKExplicitPrecompiledModules
PruneExplicitPrecompiledModules /Users/admin/builder/spi-builder-workspace/.derivedData/Build/Intermediates.noindex/SwiftExplicitPrecompiledModules
PruneExplicitPrecompiledModules /Users/admin/builder/spi-builder-workspace/.derivedData/Build/Intermediates.noindex/ExplicitPrecompiledModules
2026-09-17 02:29:12.246 xcodebuild[871:5062] [MT] IDERunDestination: Supported platforms for the buildables in the current scheme is empty.
** BUILD FAILED **
The following build commands failed:
SwiftCompile normal arm64_32 Compiling\ ECMA376Agile.swift /Users/admin/builder/spi-builder-workspace/Sources/CryptoOffice/ECMA376Agile.swift (in target 'CryptoOffice' from project 'CryptoOffice')
SwiftCompile normal arm64_32 /Users/admin/builder/spi-builder-workspace/Sources/CryptoOffice/ECMA376Agile.swift (in target 'CryptoOffice' from project 'CryptoOffice')
Building workspace CryptoOffice with scheme CryptoOffice
(3 failures)
Command line invocation:
/Applications/Xcode-27.0.0-Release.Candidate.app/Contents/Developer/usr/bin/xcodebuild -IDEClonedSourcePackagesDirPathOverride=/Users/admin/builder/spi-builder-workspace/.dependencies -resolvePackageDependencies
Resolve Package Graph
Resolved source packages:
swift-crypto: https://github.com/apple/swift-crypto.git @ 1.1.7
CryptoSwift: https://github.com/krzyzanowskim/CryptoSwift.git @ 1.10.0
OLEKit: https://github.com/CoreOffice/OLEKit.git @ 0.1.0
CryptoOffice: /Users/admin/builder/spi-builder-workspace
ZIPFoundation: https://github.com/weichsel/ZIPFoundation.git @ 0.9.20
XMLCoder: https://github.com/MaxDesiatov/XMLCoder.git @ 0.11.1
resolved source packages: swift-crypto, CryptoSwift, OLEKit, CryptoOffice, ZIPFoundation, XMLCoder
2026-09-17 02:29:33.559 xcodebuild[2391:8791] [MT] IDERunDestination: Supported platforms for the buildables in the current scheme is empty.
{
"dependencies" : [
{
"identity" : "swift-crypto",
"requirement" : {
"range" : [
{
"lower_bound" : "1.0.1",
"upper_bound" : "2.0.0"
}
]
},
"type" : "sourceControl",
"url" : "https://github.com/apple/swift-crypto.git"
},
{
"identity" : "cryptoswift",
"requirement" : {
"range" : [
{
"lower_bound" : "1.3.1",
"upper_bound" : "2.0.0"
}
]
},
"type" : "sourceControl",
"url" : "https://github.com/krzyzanowskim/CryptoSwift.git"
},
{
"identity" : "xmlcoder",
"requirement" : {
"range" : [
{
"lower_bound" : "0.11.1",
"upper_bound" : "0.12.0"
}
]
},
"type" : "sourceControl",
"url" : "https://github.com/MaxDesiatov/XMLCoder.git"
},
{
"identity" : "olekit",
"requirement" : {
"range" : [
{
"lower_bound" : "0.1.0",
"upper_bound" : "0.2.0"
}
]
},
"type" : "sourceControl",
"url" : "https://github.com/CoreOffice/OLEKit.git"
},
{
"identity" : "zipfoundation",
"requirement" : {
"range" : [
{
"lower_bound" : "0.9.11",
"upper_bound" : "0.10.0"
}
]
},
"type" : "sourceControl",
"url" : "https://github.com/weichsel/ZIPFoundation.git"
}
],
"manifest_display_name" : "CryptoOffice",
"name" : "CryptoOffice",
"path" : "/Users/admin/builder/spi-builder-workspace",
"platforms" : [
{
"name" : "macos",
"version" : "10.15"
},
{
"name" : "ios",
"version" : "13.0"
},
{
"name" : "tvos",
"version" : "13.0"
},
{
"name" : "watchos",
"version" : "6.0"
}
],
"products" : [
{
"name" : "CryptoOffice",
"targets" : [
"CryptoOffice"
],
"type" : {
"library" : [
"automatic"
]
}
}
],
"targets" : [
{
"c99name" : "CryptoOfficeTests",
"module_type" : "SwiftTarget",
"name" : "CryptoOfficeTests",
"path" : "Tests/CryptoOfficeTests",
"product_dependencies" : [
"ZIPFoundation"
],
"sources" : [
"CryptoOfficeTests.swift"
],
"target_dependencies" : [
"CryptoOffice"
],
"type" : "test"
},
{
"c99name" : "CryptoOffice",
"module_type" : "SwiftTarget",
"name" : "CryptoOffice",
"path" : "Sources/CryptoOffice",
"product_dependencies" : [
"Crypto",
"CryptoSwift",
"OLEKit",
"XMLCoder"
],
"product_memberships" : [
"CryptoOffice"
],
"sources" : [
"CryptoOfficeError.swift",
"CryptoOfficeFile.swift",
"ECMA376Agile.swift"
],
"type" : "library"
}
],
"tools_version" : "5.1"
}
{
"workspace" : {
"name" : "CryptoOffice",
"schemes" : [
"CryptoOffice"
]
}
}
2026-09-17 02:29:35.064 xcodebuild[2399:8864] [MT] IDERunDestination: Supported platforms for the buildables in the current scheme is empty.
Running build ...
env DEVELOPER_DIR=/Applications/Xcode-27.0.0-Release.Candidate.app xcrun xcodebuild -IDEClonedSourcePackagesDirPathOverride=$PWD/.dependencies -skipMacroValidation -skipPackagePluginValidation -derivedDataPath $PWD/.derivedData build -scheme CryptoOffice -destination generic/platform=watchOS
Command line invocation:
/Applications/Xcode-27.0.0-Release.Candidate.app/Contents/Developer/usr/bin/xcodebuild -IDEClonedSourcePackagesDirPathOverride=/Users/admin/builder/spi-builder-workspace/.dependencies -skipMacroValidation -skipPackagePluginValidation -derivedDataPath /Users/admin/builder/spi-builder-workspace/.derivedData build -scheme CryptoOffice -destination generic/platform=watchOS
Resolve Package Graph
Resolved source packages:
CryptoOffice: /Users/admin/builder/spi-builder-workspace
ZIPFoundation: https://github.com/weichsel/ZIPFoundation.git @ 0.9.20
OLEKit: https://github.com/CoreOffice/OLEKit.git @ 0.1.0
XMLCoder: https://github.com/MaxDesiatov/XMLCoder.git @ 0.11.1
CryptoSwift: https://github.com/krzyzanowskim/CryptoSwift.git @ 1.10.0
swift-crypto: https://github.com/apple/swift-crypto.git @ 1.1.7
ComputePackagePrebuildTargetDependencyGraph
Prepare packages
CreateBuildRequest
SendProjectDescription
CreateBuildOperation
ComputeTargetDependencyGraph
note: Building targets in dependency order
note: Target dependency graph (14 targets)
Target 'CryptoOffice-product' in project 'CryptoOffice'
➜ Explicit dependency on target 'CryptoOffice' in project 'CryptoOffice'
➜ Explicit dependency on target 'Crypto-product' in project 'swift-crypto'
➜ Explicit dependency on target 'CryptoSwift-product' in project 'CryptoSwift'
➜ Explicit dependency on target 'OLEKit-product' in project 'OLEKit'
➜ Explicit dependency on target 'XMLCoder-product' in project 'XMLCoder'
Target 'CryptoOffice' in project 'CryptoOffice'
➜ Explicit dependency on target 'Crypto-product' in project 'swift-crypto'
➜ Explicit dependency on target 'CryptoSwift-product' in project 'CryptoSwift'
➜ Explicit dependency on target 'OLEKit-product' in project 'OLEKit'
➜ Explicit dependency on target 'XMLCoder-product' in project 'XMLCoder'
Target 'XMLCoder-product' in project 'XMLCoder'
➜ Explicit dependency on target 'XMLCoder' in project 'XMLCoder'
Target 'XMLCoder' in project 'XMLCoder' (no dependencies)
Target 'OLEKit-product' in project 'OLEKit'
➜ Explicit dependency on target 'OLEKit' in project 'OLEKit'
Target 'OLEKit' in project 'OLEKit' (no dependencies)
Target 'CryptoSwift-product' in project 'CryptoSwift'
➜ Explicit dependency on target 'CryptoSwift' in project 'CryptoSwift'
➜ Explicit dependency on target 'CryptoSwiftResources' in project 'CryptoSwift'
Target 'CryptoSwift' in project 'CryptoSwift'
➜ Explicit dependency on target 'CryptoSwiftResources' in project 'CryptoSwift'
Target 'CryptoSwiftResources' in project 'CryptoSwift'
➜ Explicit dependency on target 'CryptoSwift_CryptoSwiftResources' in project 'CryptoSwift'
Target 'CryptoSwift_CryptoSwiftResources' in project 'CryptoSwift' (no dependencies)
Target 'Crypto-product' in project 'swift-crypto'
➜ Explicit dependency on target 'Crypto' in project 'swift-crypto'
➜ Explicit dependency on target 'CCryptoBoringSSL' in project 'swift-crypto'
➜ Explicit dependency on target 'CCryptoBoringSSLShims' in project 'swift-crypto'
Target 'Crypto' in project 'swift-crypto'
➜ Explicit dependency on target 'CCryptoBoringSSL' in project 'swift-crypto'
➜ Explicit dependency on target 'CCryptoBoringSSLShims' in project 'swift-crypto'
Target 'CCryptoBoringSSLShims' in project 'swift-crypto'
➜ Explicit dependency on target 'CCryptoBoringSSL' in project 'swift-crypto'
Target 'CCryptoBoringSSL' in project 'swift-crypto' (no dependencies)
GatherProvisioningInputs
CreateBuildDescription
ClangStatCache /Applications/Xcode-27.0.0-Release.Candidate.app/Contents/Developer/Toolchains/XcodeDefault.xctoolchain/usr/bin/clang-stat-cache /Applications/Xcode-27.0.0-Release.Candidate.app/Contents/Developer/Platforms/WatchOS.platform/Developer/SDKs/WatchOS27.0.sdk /Users/admin/builder/spi-builder-workspace/.derivedData/SDKStatCaches.noindex/watchos27.0-24R360-e829b21a6f8c9b70876ba0858053c04477534ef55a1706bf4c1112bbb242f0a2.sdkstatcache
cd /Users/admin/builder/spi-builder-workspace/.swiftpm/xcode
/Applications/Xcode-27.0.0-Release.Candidate.app/Contents/Developer/Toolchains/XcodeDefault.xctoolchain/usr/bin/clang-stat-cache /Applications/Xcode-27.0.0-Release.Candidate.app/Contents/Developer/Platforms/WatchOS.platform/Developer/SDKs/WatchOS27.0.sdk -o /Users/admin/builder/spi-builder-workspace/.derivedData/SDKStatCaches.noindex/watchos27.0-24R360-e829b21a6f8c9b70876ba0858053c04477534ef55a1706bf4c1112bbb242f0a2.sdkstatcache
SwiftDriver CryptoSwift normal arm64_32 com.apple.xcode.tools.swift.compiler (in target 'CryptoSwift' from project 'CryptoSwift')
cd /Users/admin/builder/spi-builder-workspace/.swiftpm/xcode
builtin-SwiftDriver -- /Applications/Xcode-27.0.0-Release.Candidate.app/Contents/Developer/Toolchains/XcodeDefault.xctoolchain/usr/bin/swiftc -parse-as-library -module-name CryptoSwift -Onone @/Users/admin/builder/spi-builder-workspace/.derivedData/Build/Intermediates.noindex/CryptoSwift.build/Debug-watchos/CryptoSwift-t.build/Objects-normal/arm64_32/CryptoSwift.SwiftFileList -DSWIFT_PACKAGE -DDEBUG -DSWIFT_MODULE_RESOURCE_BUNDLE_UNAVAILABLE -DXcode -plugin-path /Applications/Xcode-27.0.0-Release.Candidate.app/Contents/Developer/Toolchains/XcodeDefault.xctoolchain/usr/lib/swift/host/plugins/testing -enable-experimental-feature DebugDescriptionMacro -sdk /Applications/Xcode-27.0.0-Release.Candidate.app/Contents/Developer/Platforms/WatchOS.platform/Developer/SDKs/WatchOS27.0.sdk -target arm64_32-apple-watchos9.0 -g -module-cache-path /Users/admin/builder/spi-builder-workspace/.derivedData/ModuleCache.noindex -Xfrontend -serialize-debugging-options -profile-coverage-mapping -profile-generate -enable-testing -suppress-warnings -index-store-path /Users/admin/builder/spi-builder-workspace/.derivedData/Index.noindex/DataStore -Xcc -D_LIBCPP_HARDENING_MODE\=_LIBCPP_HARDENING_MODE_DEBUG -swift-version 5 -I /Users/admin/builder/spi-builder-workspace/.derivedData/Build/Products/Debug-watchos -Isystem /Applications/Xcode-27.0.0-Release.Candidate.app/Contents/Developer/Platforms/WatchOS.platform/Developer/usr/lib -F /Users/admin/builder/spi-builder-workspace/.derivedData/Build/Products/Debug-watchos/PackageFrameworks -F /Users/admin/builder/spi-builder-workspace/.derivedData/Build/Products/Debug-watchos -F /Applications/Xcode-27.0.0-Release.Candidate.app/Contents/Developer/Platforms/WatchOS.platform/Developer/Library/Frameworks -F /Applications/Xcode-27.0.0-Release.Candidate.app/Contents/Developer/Platforms/WatchOS.platform/Developer/SDKs/WatchOS27.0.sdk/Developer/Library/Frameworks -c -j10 -enable-batch-mode -incremental -Xcc -ivfsstatcache -Xcc /Users/admin/builder/spi-builder-workspace/.derivedData/SDKStatCaches.noindex/watchos27.0-24R360-e829b21a6f8c9b70876ba0858053c04477534ef55a1706bf4c1112bbb242f0a2.sdkstatcache -output-file-map /Users/admin/builder/spi-builder-workspace/.derivedData/Build/Intermediates.noindex/CryptoSwift.build/Debug-watchos/CryptoSwift-t.build/Objects-normal/arm64_32/CryptoSwift-OutputFileMap.json -save-temps -no-color-diagnostics -explicit-module-build -module-cache-path /Users/admin/builder/spi-builder-workspace/.derivedData/Build/Intermediates.noindex/SwiftExplicitPrecompiledModules -clang-scanner-module-cache-path /Users/admin/builder/spi-builder-workspace/.derivedData/ModuleCache.noindex -sdk-module-cache-path /Users/admin/builder/spi-builder-workspace/.derivedData/SDKExplicitPrecompiledModules -emit-dependencies -emit-module -emit-module-path /Users/admin/builder/spi-builder-workspace/.derivedData/Build/Intermediates.noindex/CryptoSwift.build/Debug-watchos/CryptoSwift-t.build/Objects-normal/arm64_32/CryptoSwift.swiftmodule -serialize-diagnostics -dependency-scan-serialize-diagnostics-path /Users/admin/builder/spi-builder-workspace/.derivedData/Build/Intermediates.noindex/CryptoSwift.build/Debug-watchos/CryptoSwift-t.build/Objects-normal/arm64_32/CryptoSwift-dependency-scan.dia -validate-clang-modules-once -clang-build-session-file /Users/admin/builder/spi-builder-workspace/.derivedData/ModuleCache.noindex/Session.modulevalidation -Xcc -fmodules-prune-interval\=86400 -Xcc -fmodules-prune-after\=345600 -emit-const-values -const-gather-protocols-list /Users/admin/builder/spi-builder-workspace/.derivedData/Build/Intermediates.noindex/CryptoSwift.build/Debug-watchos/CryptoSwift-t.build/Objects-normal/arm64_32/CryptoSwift_const_extract_protocols.json -Xcc -I/Users/admin/builder/spi-builder-workspace/.derivedData/Build/Products/Debug-watchos/include -Xcc -I/Users/admin/builder/spi-builder-workspace/.derivedData/Build/Intermediates.noindex/CryptoSwift.build/Debug-watchos/CryptoSwift-t.build/DerivedSources-normal/arm64_32 -Xcc -I/Users/admin/builder/spi-builder-workspace/.derivedData/Build/Intermediates.noindex/CryptoSwift.build/Debug-watchos/CryptoSwift-t.build/DerivedSources/arm64_32 -Xcc -I/Users/admin/builder/spi-builder-workspace/.derivedData/Build/Intermediates.noindex/CryptoSwift.build/Debug-watchos/CryptoSwift-t.build/DerivedSources -Xcc -DSWIFT_PACKAGE -Xcc -DDEBUG\=1 -emit-objc-header -emit-objc-header-path /Users/admin/builder/spi-builder-workspace/.derivedData/Build/Intermediates.noindex/CryptoSwift.build/Debug-watchos/CryptoSwift-t.build/Objects-normal/arm64_32/CryptoSwift-Swift.h -working-directory /Users/admin/builder/spi-builder-workspace/.swiftpm/xcode -experimental-emit-module-separately -disable-cmo
SwiftDriver CryptoOffice normal arm64 com.apple.xcode.tools.swift.compiler (in target 'CryptoOffice' from project 'CryptoOffice')
cd /Users/admin/builder/spi-builder-workspace/.swiftpm/xcode
builtin-SwiftDriver -- /Applications/Xcode-27.0.0-Release.Candidate.app/Contents/Developer/Toolchains/XcodeDefault.xctoolchain/usr/bin/swiftc -parse-as-library -module-name CryptoOffice -Onone @/Users/admin/builder/spi-builder-workspace/.derivedData/Build/Intermediates.noindex/CryptoOffice.build/Debug-watchos/CryptoOffice-t.build/Objects-normal/arm64/CryptoOffice.SwiftFileList -DSWIFT_PACKAGE -DDEBUG -DSWIFT_MODULE_RESOURCE_BUNDLE_UNAVAILABLE -Xcc -fmodule-map-file\=/Users/admin/builder/spi-builder-workspace/.dependencies/checkouts/swift-crypto/Sources/CCryptoBoringSSLShims/include/module.modulemap -Xcc -fmodule-map-file\=/Users/admin/builder/spi-builder-workspace/.dependencies/checkouts/swift-crypto/Sources/CCryptoBoringSSL/include/module.modulemap -DXcode -plugin-path /Applications/Xcode-27.0.0-Release.Candidate.app/Contents/Developer/Toolchains/XcodeDefault.xctoolchain/usr/lib/swift/host/plugins/testing -enable-experimental-feature DebugDescriptionMacro -sdk /Applications/Xcode-27.0.0-Release.Candidate.app/Contents/Developer/Platforms/WatchOS.platform/Developer/SDKs/WatchOS27.0.sdk -target arm64-apple-watchos9.0 -g -module-cache-path /Users/admin/builder/spi-builder-workspace/.derivedData/ModuleCache.noindex -Xfrontend -serialize-debugging-options -profile-coverage-mapping -profile-generate -enable-testing -index-store-path /Users/admin/builder/spi-builder-workspace/.derivedData/Index.noindex/DataStore -Xcc -D_LIBCPP_HARDENING_MODE\=_LIBCPP_HARDENING_MODE_DEBUG -swift-version 5 -I /Users/admin/builder/spi-builder-workspace/.derivedData/Build/Products/Debug-watchos -Isystem /Applications/Xcode-27.0.0-Release.Candidate.app/Contents/Developer/Platforms/WatchOS.platform/Developer/usr/lib -F /Users/admin/builder/spi-builder-workspace/.derivedData/Build/Products/Debug-watchos/PackageFrameworks -F /Users/admin/builder/spi-builder-workspace/.derivedData/Build/Products/Debug-watchos -F /Applications/Xcode-27.0.0-Release.Candidate.app/Contents/Developer/Platforms/WatchOS.platform/Developer/Library/Frameworks -F /Applications/Xcode-27.0.0-Release.Candidate.app/Contents/Developer/Platforms/WatchOS.platform/Developer/SDKs/WatchOS27.0.sdk/Developer/Library/Frameworks -c -j10 -enable-batch-mode -incremental -Xcc -ivfsstatcache -Xcc /Users/admin/builder/spi-builder-workspace/.derivedData/SDKStatCaches.noindex/watchos27.0-24R360-e829b21a6f8c9b70876ba0858053c04477534ef55a1706bf4c1112bbb242f0a2.sdkstatcache -output-file-map /Users/admin/builder/spi-builder-workspace/.derivedData/Build/Intermediates.noindex/CryptoOffice.build/Debug-watchos/CryptoOffice-t.build/Objects-normal/arm64/CryptoOffice-OutputFileMap.json -save-temps -no-color-diagnostics -explicit-module-build -module-cache-path /Users/admin/builder/spi-builder-workspace/.derivedData/Build/Intermediates.noindex/SwiftExplicitPrecompiledModules -clang-scanner-module-cache-path /Users/admin/builder/spi-builder-workspace/.derivedData/ModuleCache.noindex -sdk-module-cache-path /Users/admin/builder/spi-builder-workspace/.derivedData/SDKExplicitPrecompiledModules -emit-dependencies -emit-module -emit-module-path /Users/admin/builder/spi-builder-workspace/.derivedData/Build/Intermediates.noindex/CryptoOffice.build/Debug-watchos/CryptoOffice-t.build/Objects-normal/arm64/CryptoOffice.swiftmodule -serialize-diagnostics -dependency-scan-serialize-diagnostics-path /Users/admin/builder/spi-builder-workspace/.derivedData/Build/Intermediates.noindex/CryptoOffice.build/Debug-watchos/CryptoOffice-t.build/Objects-normal/arm64/CryptoOffice-dependency-scan.dia -validate-clang-modules-once -clang-build-session-file /Users/admin/builder/spi-builder-workspace/.derivedData/ModuleCache.noindex/Session.modulevalidation -Xcc -fmodules-prune-interval\=86400 -Xcc -fmodules-prune-after\=345600 -emit-const-values -const-gather-protocols-list /Users/admin/builder/spi-builder-workspace/.derivedData/Build/Intermediates.noindex/CryptoOffice.build/Debug-watchos/CryptoOffice-t.build/Objects-normal/arm64/CryptoOffice_const_extract_protocols.json -Xcc -I/Users/admin/builder/spi-builder-workspace/.dependencies/checkouts/swift-crypto/Sources/CCryptoBoringSSLShims/include -Xcc -I/Users/admin/builder/spi-builder-workspace/.dependencies/checkouts/swift-crypto/Sources/CCryptoBoringSSL/include -Xcc -I/Users/admin/builder/spi-builder-workspace/.derivedData/Build/Products/Debug-watchos/include -Xcc -I/Users/admin/builder/spi-builder-workspace/.derivedData/Build/Intermediates.noindex/CryptoOffice.build/Debug-watchos/CryptoOffice-t.build/DerivedSources-normal/arm64 -Xcc -I/Users/admin/builder/spi-builder-workspace/.derivedData/Build/Intermediates.noindex/CryptoOffice.build/Debug-watchos/CryptoOffice-t.build/DerivedSources/arm64 -Xcc -I/Users/admin/builder/spi-builder-workspace/.derivedData/Build/Intermediates.noindex/CryptoOffice.build/Debug-watchos/CryptoOffice-t.build/DerivedSources -Xcc -DSWIFT_PACKAGE -Xcc -DDEBUG\=1 -emit-objc-header -emit-objc-header-path /Users/admin/builder/spi-builder-workspace/.derivedData/Build/Intermediates.noindex/CryptoOffice.build/Debug-watchos/CryptoOffice-t.build/Objects-normal/arm64/CryptoOffice-Swift.h -working-directory /Users/admin/builder/spi-builder-workspace/.swiftpm/xcode -experimental-emit-module-separately -disable-cmo
SwiftDriver CryptoOffice normal arm64_32 com.apple.xcode.tools.swift.compiler (in target 'CryptoOffice' from project 'CryptoOffice')
cd /Users/admin/builder/spi-builder-workspace/.swiftpm/xcode
builtin-SwiftDriver -- /Applications/Xcode-27.0.0-Release.Candidate.app/Contents/Developer/Toolchains/XcodeDefault.xctoolchain/usr/bin/swiftc -parse-as-library -module-name CryptoOffice -Onone @/Users/admin/builder/spi-builder-workspace/.derivedData/Build/Intermediates.noindex/CryptoOffice.build/Debug-watchos/CryptoOffice-t.build/Objects-normal/arm64_32/CryptoOffice.SwiftFileList -DSWIFT_PACKAGE -DDEBUG -DSWIFT_MODULE_RESOURCE_BUNDLE_UNAVAILABLE -Xcc -fmodule-map-file\=/Users/admin/builder/spi-builder-workspace/.dependencies/checkouts/swift-crypto/Sources/CCryptoBoringSSLShims/include/module.modulemap -Xcc -fmodule-map-file\=/Users/admin/builder/spi-builder-workspace/.dependencies/checkouts/swift-crypto/Sources/CCryptoBoringSSL/include/module.modulemap -DXcode -plugin-path /Applications/Xcode-27.0.0-Release.Candidate.app/Contents/Developer/Toolchains/XcodeDefault.xctoolchain/usr/lib/swift/host/plugins/testing -enable-experimental-feature DebugDescriptionMacro -sdk /Applications/Xcode-27.0.0-Release.Candidate.app/Contents/Developer/Platforms/WatchOS.platform/Developer/SDKs/WatchOS27.0.sdk -target arm64_32-apple-watchos9.0 -g -module-cache-path /Users/admin/builder/spi-builder-workspace/.derivedData/ModuleCache.noindex -Xfrontend -serialize-debugging-options -profile-coverage-mapping -profile-generate -enable-testing -index-store-path /Users/admin/builder/spi-builder-workspace/.derivedData/Index.noindex/DataStore -Xcc -D_LIBCPP_HARDENING_MODE\=_LIBCPP_HARDENING_MODE_DEBUG -swift-version 5 -I /Users/admin/builder/spi-builder-workspace/.derivedData/Build/Products/Debug-watchos -Isystem /Applications/Xcode-27.0.0-Release.Candidate.app/Contents/Developer/Platforms/WatchOS.platform/Developer/usr/lib -F /Users/admin/builder/spi-builder-workspace/.derivedData/Build/Products/Debug-watchos/PackageFrameworks -F /Users/admin/builder/spi-builder-workspace/.derivedData/Build/Products/Debug-watchos -F /Applications/Xcode-27.0.0-Release.Candidate.app/Contents/Developer/Platforms/WatchOS.platform/Developer/Library/Frameworks -F /Applications/Xcode-27.0.0-Release.Candidate.app/Contents/Developer/Platforms/WatchOS.platform/Developer/SDKs/WatchOS27.0.sdk/Developer/Library/Frameworks -c -j10 -enable-batch-mode -incremental -Xcc -ivfsstatcache -Xcc /Users/admin/builder/spi-builder-workspace/.derivedData/SDKStatCaches.noindex/watchos27.0-24R360-e829b21a6f8c9b70876ba0858053c04477534ef55a1706bf4c1112bbb242f0a2.sdkstatcache -output-file-map /Users/admin/builder/spi-builder-workspace/.derivedData/Build/Intermediates.noindex/CryptoOffice.build/Debug-watchos/CryptoOffice-t.build/Objects-normal/arm64_32/CryptoOffice-OutputFileMap.json -save-temps -no-color-diagnostics -explicit-module-build -module-cache-path /Users/admin/builder/spi-builder-workspace/.derivedData/Build/Intermediates.noindex/SwiftExplicitPrecompiledModules -clang-scanner-module-cache-path /Users/admin/builder/spi-builder-workspace/.derivedData/ModuleCache.noindex -sdk-module-cache-path /Users/admin/builder/spi-builder-workspace/.derivedData/SDKExplicitPrecompiledModules -emit-dependencies -emit-module -emit-module-path /Users/admin/builder/spi-builder-workspace/.derivedData/Build/Intermediates.noindex/CryptoOffice.build/Debug-watchos/CryptoOffice-t.build/Objects-normal/arm64_32/CryptoOffice.swiftmodule -serialize-diagnostics -dependency-scan-serialize-diagnostics-path /Users/admin/builder/spi-builder-workspace/.derivedData/Build/Intermediates.noindex/CryptoOffice.build/Debug-watchos/CryptoOffice-t.build/Objects-normal/arm64_32/CryptoOffice-dependency-scan.dia -validate-clang-modules-once -clang-build-session-file /Users/admin/builder/spi-builder-workspace/.derivedData/ModuleCache.noindex/Session.modulevalidation -Xcc -fmodules-prune-interval\=86400 -Xcc -fmodules-prune-after\=345600 -emit-const-values -const-gather-protocols-list /Users/admin/builder/spi-builder-workspace/.derivedData/Build/Intermediates.noindex/CryptoOffice.build/Debug-watchos/CryptoOffice-t.build/Objects-normal/arm64_32/CryptoOffice_const_extract_protocols.json -Xcc -I/Users/admin/builder/spi-builder-workspace/.dependencies/checkouts/swift-crypto/Sources/CCryptoBoringSSLShims/include -Xcc -I/Users/admin/builder/spi-builder-workspace/.dependencies/checkouts/swift-crypto/Sources/CCryptoBoringSSL/include -Xcc -I/Users/admin/builder/spi-builder-workspace/.derivedData/Build/Products/Debug-watchos/include -Xcc -I/Users/admin/builder/spi-builder-workspace/.derivedData/Build/Intermediates.noindex/CryptoOffice.build/Debug-watchos/CryptoOffice-t.build/DerivedSources-normal/arm64_32 -Xcc -I/Users/admin/builder/spi-builder-workspace/.derivedData/Build/Intermediates.noindex/CryptoOffice.build/Debug-watchos/CryptoOffice-t.build/DerivedSources/arm64_32 -Xcc -I/Users/admin/builder/spi-builder-workspace/.derivedData/Build/Intermediates.noindex/CryptoOffice.build/Debug-watchos/CryptoOffice-t.build/DerivedSources -Xcc -DSWIFT_PACKAGE -Xcc -DDEBUG\=1 -emit-objc-header -emit-objc-header-path /Users/admin/builder/spi-builder-workspace/.derivedData/Build/Intermediates.noindex/CryptoOffice.build/Debug-watchos/CryptoOffice-t.build/Objects-normal/arm64_32/CryptoOffice-Swift.h -working-directory /Users/admin/builder/spi-builder-workspace/.swiftpm/xcode -experimental-emit-module-separately -disable-cmo
SwiftDriver CryptoSwift normal arm64 com.apple.xcode.tools.swift.compiler (in target 'CryptoSwift' from project 'CryptoSwift')
cd /Users/admin/builder/spi-builder-workspace/.swiftpm/xcode
builtin-SwiftDriver -- /Applications/Xcode-27.0.0-Release.Candidate.app/Contents/Developer/Toolchains/XcodeDefault.xctoolchain/usr/bin/swiftc -parse-as-library -module-name CryptoSwift -Onone @/Users/admin/builder/spi-builder-workspace/.derivedData/Build/Intermediates.noindex/CryptoSwift.build/Debug-watchos/CryptoSwift-t.build/Objects-normal/arm64/CryptoSwift.SwiftFileList -DSWIFT_PACKAGE -DDEBUG -DSWIFT_MODULE_RESOURCE_BUNDLE_UNAVAILABLE -DXcode -plugin-path /Applications/Xcode-27.0.0-Release.Candidate.app/Contents/Developer/Toolchains/XcodeDefault.xctoolchain/usr/lib/swift/host/plugins/testing -enable-experimental-feature DebugDescriptionMacro -sdk /Applications/Xcode-27.0.0-Release.Candidate.app/Contents/Developer/Platforms/WatchOS.platform/Developer/SDKs/WatchOS27.0.sdk -target arm64-apple-watchos9.0 -g -module-cache-path /Users/admin/builder/spi-builder-workspace/.derivedData/ModuleCache.noindex -Xfrontend -serialize-debugging-options -profile-coverage-mapping -profile-generate -enable-testing -suppress-warnings -index-store-path /Users/admin/builder/spi-builder-workspace/.derivedData/Index.noindex/DataStore -Xcc -D_LIBCPP_HARDENING_MODE\=_LIBCPP_HARDENING_MODE_DEBUG -swift-version 5 -I /Users/admin/builder/spi-builder-workspace/.derivedData/Build/Products/Debug-watchos -Isystem /Applications/Xcode-27.0.0-Release.Candidate.app/Contents/Developer/Platforms/WatchOS.platform/Developer/usr/lib -F /Users/admin/builder/spi-builder-workspace/.derivedData/Build/Products/Debug-watchos/PackageFrameworks -F /Users/admin/builder/spi-builder-workspace/.derivedData/Build/Products/Debug-watchos -F /Applications/Xcode-27.0.0-Release.Candidate.app/Contents/Developer/Platforms/WatchOS.platform/Developer/Library/Frameworks -F /Applications/Xcode-27.0.0-Release.Candidate.app/Contents/Developer/Platforms/WatchOS.platform/Developer/SDKs/WatchOS27.0.sdk/Developer/Library/Frameworks -c -j10 -enable-batch-mode -incremental -Xcc -ivfsstatcache -Xcc /Users/admin/builder/spi-builder-workspace/.derivedData/SDKStatCaches.noindex/watchos27.0-24R360-e829b21a6f8c9b70876ba0858053c04477534ef55a1706bf4c1112bbb242f0a2.sdkstatcache -output-file-map /Users/admin/builder/spi-builder-workspace/.derivedData/Build/Intermediates.noindex/CryptoSwift.build/Debug-watchos/CryptoSwift-t.build/Objects-normal/arm64/CryptoSwift-OutputFileMap.json -save-temps -no-color-diagnostics -explicit-module-build -module-cache-path /Users/admin/builder/spi-builder-workspace/.derivedData/Build/Intermediates.noindex/SwiftExplicitPrecompiledModules -clang-scanner-module-cache-path /Users/admin/builder/spi-builder-workspace/.derivedData/ModuleCache.noindex -sdk-module-cache-path /Users/admin/builder/spi-builder-workspace/.derivedData/SDKExplicitPrecompiledModules -emit-dependencies -emit-module -emit-module-path /Users/admin/builder/spi-builder-workspace/.derivedData/Build/Intermediates.noindex/CryptoSwift.build/Debug-watchos/CryptoSwift-t.build/Objects-normal/arm64/CryptoSwift.swiftmodule -serialize-diagnostics -dependency-scan-serialize-diagnostics-path /Users/admin/builder/spi-builder-workspace/.derivedData/Build/Intermediates.noindex/CryptoSwift.build/Debug-watchos/CryptoSwift-t.build/Objects-normal/arm64/CryptoSwift-dependency-scan.dia -validate-clang-modules-once -clang-build-session-file /Users/admin/builder/spi-builder-workspace/.derivedData/ModuleCache.noindex/Session.modulevalidation -Xcc -fmodules-prune-interval\=86400 -Xcc -fmodules-prune-after\=345600 -emit-const-values -const-gather-protocols-list /Users/admin/builder/spi-builder-workspace/.derivedData/Build/Intermediates.noindex/CryptoSwift.build/Debug-watchos/CryptoSwift-t.build/Objects-normal/arm64/CryptoSwift_const_extract_protocols.json -Xcc -I/Users/admin/builder/spi-builder-workspace/.derivedData/Build/Products/Debug-watchos/include -Xcc -I/Users/admin/builder/spi-builder-workspace/.derivedData/Build/Intermediates.noindex/CryptoSwift.build/Debug-watchos/CryptoSwift-t.build/DerivedSources-normal/arm64 -Xcc -I/Users/admin/builder/spi-builder-workspace/.derivedData/Build/Intermediates.noindex/CryptoSwift.build/Debug-watchos/CryptoSwift-t.build/DerivedSources/arm64 -Xcc -I/Users/admin/builder/spi-builder-workspace/.derivedData/Build/Intermediates.noindex/CryptoSwift.build/Debug-watchos/CryptoSwift-t.build/DerivedSources -Xcc -DSWIFT_PACKAGE -Xcc -DDEBUG\=1 -emit-objc-header -emit-objc-header-path /Users/admin/builder/spi-builder-workspace/.derivedData/Build/Intermediates.noindex/CryptoSwift.build/Debug-watchos/CryptoSwift-t.build/Objects-normal/arm64/CryptoSwift-Swift.h -working-directory /Users/admin/builder/spi-builder-workspace/.swiftpm/xcode -experimental-emit-module-separately -disable-cmo
SwiftEmitModule normal arm64_32 Emitting\ module\ for\ CryptoOffice (in target 'CryptoOffice' from project 'CryptoOffice')
SwiftCompile normal arm64_32 (in target 'CryptoOffice' from project 'CryptoOffice')
cd /Users/admin/builder/spi-builder-workspace/.swiftpm/xcode
/Users/admin/builder/spi-builder-workspace/Sources/CryptoOffice/CryptoOfficeError.swift:18:44: warning: cannot use struct 'Encoding' in an associated value of a public or '@usableFromInline' enum; 'Foundation' was not imported by this file
16 | case standardEncryptionNotSupported
17 | case fileIsNotEncrypted(path: String)
18 | case cantEncodePassword(encoding: String.Encoding)
| `- warning: cannot use struct 'Encoding' in an associated value of a public or '@usableFromInline' enum; 'Foundation' was not imported by this file
19 | case extensibleEncryptionNotSupported
20 | case encryptedKeyNotSpecifiedForAgileEncryption
Foundation.String.Encoding:2:15: note: struct declared here
1 | struct String {
2 | public struct Encoding : RawRepresentable, Sendable, Equatable {
| `- note: struct declared here
3 | public var rawValue: UInt
4 | public init(rawValue: UInt)
SwiftCompile normal arm64_32 Compiling\ CryptoOfficeFile.swift /Users/admin/builder/spi-builder-workspace/Sources/CryptoOffice/CryptoOfficeFile.swift (in target 'CryptoOffice' from project 'CryptoOffice')
SwiftCompile normal arm64_32 /Users/admin/builder/spi-builder-workspace/Sources/CryptoOffice/CryptoOfficeFile.swift (in target 'CryptoOffice' from project 'CryptoOffice')
cd /Users/admin/builder/spi-builder-workspace/.swiftpm/xcode
builtin-SwiftPerFileCompile CryptoOfficeFile.swift
SwiftEmitModule normal arm64 Emitting\ module\ for\ CryptoOffice (in target 'CryptoOffice' from project 'CryptoOffice')
/Users/admin/builder/spi-builder-workspace/Sources/CryptoOffice/CryptoOfficeError.swift:18:44: warning: cannot use struct 'Encoding' in an associated value of a public or '@usableFromInline' enum; 'Foundation' was not imported by this file
16 | case standardEncryptionNotSupported
17 | case fileIsNotEncrypted(path: String)
18 | case cantEncodePassword(encoding: String.Encoding)
| `- warning: cannot use struct 'Encoding' in an associated value of a public or '@usableFromInline' enum; 'Foundation' was not imported by this file
19 | case extensibleEncryptionNotSupported
20 | case encryptedKeyNotSpecifiedForAgileEncryption
Foundation.String.Encoding:2:15: note: struct declared here
1 | struct String {
2 | public struct Encoding : RawRepresentable, Sendable, Equatable {
| `- note: struct declared here
3 | public var rawValue: UInt
4 | public init(rawValue: UInt)
SwiftCompile normal arm64 (in target 'CryptoOffice' from project 'CryptoOffice')
cd /Users/admin/builder/spi-builder-workspace/.swiftpm/xcode
SwiftCompile normal arm64 Compiling\ ECMA376Agile.swift /Users/admin/builder/spi-builder-workspace/Sources/CryptoOffice/ECMA376Agile.swift (in target 'CryptoOffice' from project 'CryptoOffice')
SwiftCompile normal arm64 /Users/admin/builder/spi-builder-workspace/Sources/CryptoOffice/ECMA376Agile.swift (in target 'CryptoOffice' from project 'CryptoOffice')
cd /Users/admin/builder/spi-builder-workspace/.swiftpm/xcode
builtin-SwiftPerFileCompile ECMA376Agile.swift
/Users/admin/builder/spi-builder-workspace/Sources/CryptoOffice/ECMA376Agile.swift:80:12: error: cannot convert value of type 'RawSpan' to expected argument type 'Array<UInt8>'
78 |
79 | let aes = try CryptoSwift.AES(
80 | key: decryptionKey,
| `- error: cannot convert value of type 'RawSpan' to expected argument type 'Array<UInt8>'
81 | blockMode: CBC(iv: encryptedKey.saltValue.bytes),
82 | padding: .noPadding
/Users/admin/builder/spi-builder-workspace/Sources/CryptoOffice/ECMA376Agile.swift:81:49: error: cannot convert value of type 'RawSpan' to expected argument type 'Array<UInt8>'
79 | let aes = try CryptoSwift.AES(
80 | key: decryptionKey,
81 | blockMode: CBC(iv: encryptedKey.saltValue.bytes),
| `- error: cannot convert value of type 'RawSpan' to expected argument type 'Array<UInt8>'
82 | padding: .noPadding
83 | )
/Users/admin/builder/spi-builder-workspace/Sources/CryptoOffice/ECMA376Agile.swift:104:60: error: cannot convert value of type 'RawSpan' to expected argument type 'Array<UInt8>'
102 |
103 | let iv = (keyData.saltValue + segmentIndex.data).sha512()[0..<16].bytes
104 | let aes = try AES(key: secretKey, blockMode: CBC(iv: iv), padding: .noPadding)
| `- error: cannot convert value of type 'RawSpan' to expected argument type 'Array<UInt8>'
105 |
106 | let chunk: Data
Failed frontend command:
/Applications/Xcode-27.0.0-Release.Candidate.app/Contents/Developer/Toolchains/XcodeDefault.xctoolchain/usr/bin/swift-frontend -frontend -c /Users/admin/builder/spi-builder-workspace/Sources/CryptoOffice/CryptoOfficeError.swift /Users/admin/builder/spi-builder-workspace/Sources/CryptoOffice/CryptoOfficeFile.swift -primary-file /Users/admin/builder/spi-builder-workspace/Sources/CryptoOffice/ECMA376Agile.swift -emit-dependencies-path /Users/admin/builder/spi-builder-workspace/.derivedData/Build/Intermediates.noindex/CryptoOffice.build/Debug-watchos/CryptoOffice-t.build/Objects-normal/arm64/ECMA376Agile.d -emit-const-values-path /Users/admin/builder/spi-builder-workspace/.derivedData/Build/Intermediates.noindex/CryptoOffice.build/Debug-watchos/CryptoOffice-t.build/Objects-normal/arm64/ECMA376Agile.swiftconstvalues -emit-reference-dependencies-path /Users/admin/builder/spi-builder-workspace/.derivedData/Build/Intermediates.noindex/CryptoOffice.build/Debug-watchos/CryptoOffice-t.build/Objects-normal/arm64/ECMA376Agile.swiftdeps -serialize-diagnostics-path /Users/admin/builder/spi-builder-workspace/.derivedData/Build/Intermediates.noindex/CryptoOffice.build/Debug-watchos/CryptoOffice-t.build/Objects-normal/arm64/ECMA376Agile.dia -target arm64-apple-watchos9.0 -disable-cross-import-overlay-search -load-resolved-plugin /Applications/Xcode-27.0.0-Release.Candidate.app/Contents/Developer/Platforms/WatchOS.platform/Developer/usr/lib/swift/host/plugins/libFoundationMacros.dylib\#/Applications/Xcode-27.0.0-Release.Candidate.app/Contents/Developer/Platforms/WatchOS.platform/Developer/usr/bin/swift-plugin-server\#FoundationMacros -load-resolved-plugin /Applications/Xcode-27.0.0-Release.Candidate.app/Contents/Developer/Platforms/WatchOS.platform/Developer/usr/lib/swift/host/plugins/libObservationMacros.dylib\#/Applications/Xcode-27.0.0-Release.Candidate.app/Contents/Developer/Platforms/WatchOS.platform/Developer/usr/bin/swift-plugin-server\#ObservationMacros -load-resolved-plugin /Applications/Xcode-27.0.0-Release.Candidate.app/Contents/Developer/Platforms/WatchOS.platform/Developer/usr/lib/swift/host/plugins/libSwiftMacros.dylib\#/Applications/Xcode-27.0.0-Release.Candidate.app/Contents/Developer/Platforms/WatchOS.platform/Developer/usr/bin/swift-plugin-server\#SwiftMacros -disable-implicit-swift-modules -Xcc -fno-implicit-modules -Xcc -fno-implicit-module-maps -explicit-swift-module-map-file /Users/admin/builder/spi-builder-workspace/.derivedData/Build/Intermediates.noindex/CryptoOffice.build/Debug-watchos/CryptoOffice-t.build/Objects-normal/arm64/CryptoOffice-dependencies-2.json -Xllvm -aarch64-use-tbi -enable-objc-interop -stack-check -sdk /Applications/Xcode-27.0.0-Release.Candidate.app/Contents/Developer/Platforms/WatchOS.platform/Developer/SDKs/WatchOS27.0.sdk -I /Users/admin/builder/spi-builder-workspace/.derivedData/Build/Products/Debug-watchos -Isystem /Applications/Xcode-27.0.0-Release.Candidate.app/Contents/Developer/Platforms/WatchOS.platform/Developer/usr/lib -F /Users/admin/builder/spi-builder-workspace/.derivedData/Build/Products/Debug-watchos/PackageFrameworks -F /Users/admin/builder/spi-builder-workspace/.derivedData/Build/Products/Debug-watchos -F /Applications/Xcode-27.0.0-Release.Candidate.app/Contents/Developer/Platforms/WatchOS.platform/Developer/Library/Frameworks -F /Applications/Xcode-27.0.0-Release.Candidate.app/Contents/Developer/Platforms/WatchOS.platform/Developer/SDKs/WatchOS27.0.sdk/Developer/Library/Frameworks -module-cache-path /Users/admin/builder/spi-builder-workspace/.derivedData/Build/Intermediates.noindex/SwiftExplicitPrecompiledModules -no-color-diagnostics -Xcc -fno-color-diagnostics -enable-testing -g -debug-info-format\=dwarf -dwarf-version\=4 -profile-generate -profile-coverage-mapping -swift-version 5 -Onone -D SWIFT_PACKAGE -D DEBUG -D SWIFT_MODULE_RESOURCE_BUNDLE_UNAVAILABLE -D Xcode -serialize-debugging-options -enable-experimental-feature DebugDescriptionMacro -empty-abi-descriptor -validate-clang-modules-once -clang-build-session-file /Users/admin/builder/spi-builder-workspace/.derivedData/ModuleCache.noindex/Session.modulevalidation -Xcc -working-directory -Xcc /Users/admin/builder/spi-builder-workspace/.swiftpm/xcode -enable-anonymous-context-mangled-names -file-compilation-dir /Users/admin/builder/spi-builder-workspace/.swiftpm/xcode -Xcc -fmodule-map-file\=/Users/admin/builder/spi-builder-workspace/.dependencies/checkouts/swift-crypto/Sources/CCryptoBoringSSLShims/include/module.modulemap -Xcc -fmodule-map-file\=/Users/admin/builder/spi-builder-workspace/.dependencies/checkouts/swift-crypto/Sources/CCryptoBoringSSL/include/module.modulemap -Xcc -D_LIBCPP_HARDENING_MODE\=_LIBCPP_HARDENING_MODE_DEBUG -Xcc -ivfsstatcache -Xcc /Users/admin/builder/spi-builder-workspace/.derivedData/SDKStatCaches.noindex/watchos27.0-24R360-e829b21a6f8c9b70876ba0858053c04477534ef55a1706bf4c1112bbb242f0a2.sdkstatcache -Xcc -fmodules-prune-interval\=86400 -Xcc -fmodules-prune-after\=345600 -Xcc -I/Users/admin/builder/spi-builder-workspace/.dependencies/checkouts/swift-crypto/Sources/CCryptoBoringSSLShims/include -Xcc -I/Users/admin/builder/spi-builder-workspace/.dependencies/checkouts/swift-crypto/Sources/CCryptoBoringSSL/include -Xcc -I/Users/admin/builder/spi-builder-workspace/.derivedData/Build/Products/Debug-watchos/include -Xcc -I/Users/admin/builder/spi-builder-workspace/.derivedData/Build/Intermediates.noindex/CryptoOffice.build/Debug-watchos/CryptoOffice-t.build/DerivedSources-normal/arm64 -Xcc -I/Users/admin/builder/spi-builder-workspace/.derivedData/Build/Intermediates.noindex/CryptoOffice.build/Debug-watchos/CryptoOffice-t.build/DerivedSources/arm64 -Xcc -I/Users/admin/builder/spi-builder-workspace/.derivedData/Build/Intermediates.noindex/CryptoOffice.build/Debug-watchos/CryptoOffice-t.build/DerivedSources -Xcc -DSWIFT_PACKAGE -Xcc -DDEBUG\=1 -no-auto-bridging-header-chaining -module-name CryptoOffice -const-gather-protocols-file /Users/admin/builder/spi-builder-workspace/.derivedData/Build/Intermediates.noindex/CryptoOffice.build/Debug-watchos/CryptoOffice-t.build/Objects-normal/arm64/CryptoOffice_const_extract_protocols.json -disable-clang-spi -clang-target arm64-apple-watchos27.0 -target-sdk-version 27.0 -target-sdk-name watchos27.0 -in-process-plugin-server-path /Applications/Xcode-27.0.0-Release.Candidate.app/Contents/Developer/Toolchains/XcodeDefault.xctoolchain/usr/lib/swift/host/libSwiftInProcPluginServer.dylib -parse-as-library -o /Users/admin/builder/spi-builder-workspace/.derivedData/Build/Intermediates.noindex/CryptoOffice.build/Debug-watchos/CryptoOffice-t.build/Objects-normal/arm64/ECMA376Agile.o -debug-module-path /Users/admin/builder/spi-builder-workspace/.derivedData/Build/Intermediates.noindex/CryptoOffice.build/Debug-watchos/CryptoOffice-t.build/Objects-normal/arm64/CryptoOffice.swiftmodule -index-unit-output-path /CryptoOffice.build/Debug-watchos/CryptoOffice-t.build/Objects-normal/arm64/ECMA376Agile.o -index-store-path /Users/admin/builder/spi-builder-workspace/.derivedData/Index.noindex/DataStore -index-system-modules
SwiftCompile normal arm64_32 Compiling\ ECMA376Agile.swift /Users/admin/builder/spi-builder-workspace/Sources/CryptoOffice/ECMA376Agile.swift (in target 'CryptoOffice' from project 'CryptoOffice')
/Users/admin/builder/spi-builder-workspace/Sources/CryptoOffice/ECMA376Agile.swift:80:12: error: cannot convert value of type 'RawSpan' to expected argument type 'Array<UInt8>'
78 |
79 | let aes = try CryptoSwift.AES(
80 | key: decryptionKey,
| `- error: cannot convert value of type 'RawSpan' to expected argument type 'Array<UInt8>'
81 | blockMode: CBC(iv: encryptedKey.saltValue.bytes),
82 | padding: .noPadding
/Users/admin/builder/spi-builder-workspace/Sources/CryptoOffice/ECMA376Agile.swift:81:49: error: cannot convert value of type 'RawSpan' to expected argument type 'Array<UInt8>'
79 | let aes = try CryptoSwift.AES(
80 | key: decryptionKey,
81 | blockMode: CBC(iv: encryptedKey.saltValue.bytes),
| `- error: cannot convert value of type 'RawSpan' to expected argument type 'Array<UInt8>'
82 | padding: .noPadding
83 | )
/Users/admin/builder/spi-builder-workspace/Sources/CryptoOffice/ECMA376Agile.swift:104:60: error: cannot convert value of type 'RawSpan' to expected argument type 'Array<UInt8>'
102 |
103 | let iv = (keyData.saltValue + segmentIndex.data).sha512()[0..<16].bytes
104 | let aes = try AES(key: secretKey, blockMode: CBC(iv: iv), padding: .noPadding)
| `- error: cannot convert value of type 'RawSpan' to expected argument type 'Array<UInt8>'
105 |
106 | let chunk: Data
Failed frontend command:
/Applications/Xcode-27.0.0-Release.Candidate.app/Contents/Developer/Toolchains/XcodeDefault.xctoolchain/usr/bin/swift-frontend -frontend -c /Users/admin/builder/spi-builder-workspace/Sources/CryptoOffice/CryptoOfficeError.swift /Users/admin/builder/spi-builder-workspace/Sources/CryptoOffice/CryptoOfficeFile.swift -primary-file /Users/admin/builder/spi-builder-workspace/Sources/CryptoOffice/ECMA376Agile.swift -emit-dependencies-path /Users/admin/builder/spi-builder-workspace/.derivedData/Build/Intermediates.noindex/CryptoOffice.build/Debug-watchos/CryptoOffice-t.build/Objects-normal/arm64_32/ECMA376Agile.d -emit-const-values-path /Users/admin/builder/spi-builder-workspace/.derivedData/Build/Intermediates.noindex/CryptoOffice.build/Debug-watchos/CryptoOffice-t.build/Objects-normal/arm64_32/ECMA376Agile.swiftconstvalues -emit-reference-dependencies-path /Users/admin/builder/spi-builder-workspace/.derivedData/Build/Intermediates.noindex/CryptoOffice.build/Debug-watchos/CryptoOffice-t.build/Objects-normal/arm64_32/ECMA376Agile.swiftdeps -serialize-diagnostics-path /Users/admin/builder/spi-builder-workspace/.derivedData/Build/Intermediates.noindex/CryptoOffice.build/Debug-watchos/CryptoOffice-t.build/Objects-normal/arm64_32/ECMA376Agile.dia -target arm64_32-apple-watchos9.0 -disable-cross-import-overlay-search -load-resolved-plugin /Applications/Xcode-27.0.0-Release.Candidate.app/Contents/Developer/Platforms/WatchOS.platform/Developer/usr/lib/swift/host/plugins/libFoundationMacros.dylib\#/Applications/Xcode-27.0.0-Release.Candidate.app/Contents/Developer/Platforms/WatchOS.platform/Developer/usr/bin/swift-plugin-server\#FoundationMacros -load-resolved-plugin /Applications/Xcode-27.0.0-Release.Candidate.app/Contents/Developer/Platforms/WatchOS.platform/Developer/usr/lib/swift/host/plugins/libObservationMacros.dylib\#/Applications/Xcode-27.0.0-Release.Candidate.app/Contents/Developer/Platforms/WatchOS.platform/Developer/usr/bin/swift-plugin-server\#ObservationMacros -load-resolved-plugin /Applications/Xcode-27.0.0-Release.Candidate.app/Contents/Developer/Platforms/WatchOS.platform/Developer/usr/lib/swift/host/plugins/libSwiftMacros.dylib\#/Applications/Xcode-27.0.0-Release.Candidate.app/Contents/Developer/Platforms/WatchOS.platform/Developer/usr/bin/swift-plugin-server\#SwiftMacros -disable-implicit-swift-modules -Xcc -fno-implicit-modules -Xcc -fno-implicit-module-maps -explicit-swift-module-map-file /Users/admin/builder/spi-builder-workspace/.derivedData/Build/Intermediates.noindex/CryptoOffice.build/Debug-watchos/CryptoOffice-t.build/Objects-normal/arm64_32/CryptoOffice-dependencies-1.json -enable-objc-interop -sdk /Applications/Xcode-27.0.0-Release.Candidate.app/Contents/Developer/Platforms/WatchOS.platform/Developer/SDKs/WatchOS27.0.sdk -I /Users/admin/builder/spi-builder-workspace/.derivedData/Build/Products/Debug-watchos -Isystem /Applications/Xcode-27.0.0-Release.Candidate.app/Contents/Developer/Platforms/WatchOS.platform/Developer/usr/lib -F /Users/admin/builder/spi-builder-workspace/.derivedData/Build/Products/Debug-watchos/PackageFrameworks -F /Users/admin/builder/spi-builder-workspace/.derivedData/Build/Products/Debug-watchos -F /Applications/Xcode-27.0.0-Release.Candidate.app/Contents/Developer/Platforms/WatchOS.platform/Developer/Library/Frameworks -F /Applications/Xcode-27.0.0-Release.Candidate.app/Contents/Developer/Platforms/WatchOS.platform/Developer/SDKs/WatchOS27.0.sdk/Developer/Library/Frameworks -module-cache-path /Users/admin/builder/spi-builder-workspace/.derivedData/Build/Intermediates.noindex/SwiftExplicitPrecompiledModules -no-color-diagnostics -Xcc -fno-color-diagnostics -enable-testing -g -debug-info-format\=dwarf -dwarf-version\=4 -profile-generate -profile-coverage-mapping -swift-version 5 -Onone -D SWIFT_PACKAGE -D DEBUG -D SWIFT_MODULE_RESOURCE_BUNDLE_UNAVAILABLE -D Xcode -serialize-debugging-options -enable-experimental-feature DebugDescriptionMacro -empty-abi-descriptor -validate-clang-modules-once -clang-build-session-file /Users/admin/builder/spi-builder-workspace/.derivedData/ModuleCache.noindex/Session.modulevalidation -Xcc -working-directory -Xcc /Users/admin/builder/spi-builder-workspace/.swiftpm/xcode -enable-anonymous-context-mangled-names -file-compilation-dir /Users/admin/builder/spi-builder-workspace/.swiftpm/xcode -Xcc -fmodule-map-file\=/Users/admin/builder/spi-builder-workspace/.dependencies/checkouts/swift-crypto/Sources/CCryptoBoringSSLShims/include/module.modulemap -Xcc -fmodule-map-file\=/Users/admin/builder/spi-builder-workspace/.dependencies/checkouts/swift-crypto/Sources/CCryptoBoringSSL/include/module.modulemap -Xcc -D_LIBCPP_HARDENING_MODE\=_LIBCPP_HARDENING_MODE_DEBUG -Xcc -ivfsstatcache -Xcc /Users/admin/builder/spi-builder-workspace/.derivedData/SDKStatCaches.noindex/watchos27.0-24R360-e829b21a6f8c9b70876ba0858053c04477534ef55a1706bf4c1112bbb242f0a2.sdkstatcache -Xcc -fmodules-prune-interval\=86400 -Xcc -fmodules-prune-after\=345600 -Xcc -I/Users/admin/builder/spi-builder-workspace/.dependencies/checkouts/swift-crypto/Sources/CCryptoBoringSSLShims/include -Xcc -I/Users/admin/builder/spi-builder-workspace/.dependencies/checkouts/swift-crypto/Sources/CCryptoBoringSSL/include -Xcc -I/Users/admin/builder/spi-builder-workspace/.derivedData/Build/Products/Debug-watchos/include -Xcc -I/Users/admin/builder/spi-builder-workspace/.derivedData/Build/Intermediates.noindex/CryptoOffice.build/Debug-watchos/CryptoOffice-t.build/DerivedSources-normal/arm64_32 -Xcc -I/Users/admin/builder/spi-builder-workspace/.derivedData/Build/Intermediates.noindex/CryptoOffice.build/Debug-watchos/CryptoOffice-t.build/DerivedSources/arm64_32 -Xcc -I/Users/admin/builder/spi-builder-workspace/.derivedData/Build/Intermediates.noindex/CryptoOffice.build/Debug-watchos/CryptoOffice-t.build/DerivedSources -Xcc -DSWIFT_PACKAGE -Xcc -DDEBUG\=1 -no-auto-bridging-header-chaining -module-name CryptoOffice -const-gather-protocols-file /Users/admin/builder/spi-builder-workspace/.derivedData/Build/Intermediates.noindex/CryptoOffice.build/Debug-watchos/CryptoOffice-t.build/Objects-normal/arm64_32/CryptoOffice_const_extract_protocols.json -disable-clang-spi -clang-target arm64_32-apple-watchos27.0 -target-sdk-version 27.0 -target-sdk-name watchos27.0 -in-process-plugin-server-path /Applications/Xcode-27.0.0-Release.Candidate.app/Contents/Developer/Toolchains/XcodeDefault.xctoolchain/usr/lib/swift/host/libSwiftInProcPluginServer.dylib -parse-as-library -o /Users/admin/builder/spi-builder-workspace/.derivedData/Build/Intermediates.noindex/CryptoOffice.build/Debug-watchos/CryptoOffice-t.build/Objects-normal/arm64_32/ECMA376Agile.o -debug-module-path /Users/admin/builder/spi-builder-workspace/.derivedData/Build/Intermediates.noindex/CryptoOffice.build/Debug-watchos/CryptoOffice-t.build/Objects-normal/arm64_32/CryptoOffice.swiftmodule -index-unit-output-path /CryptoOffice.build/Debug-watchos/CryptoOffice-t.build/Objects-normal/arm64_32/ECMA376Agile.o -index-store-path /Users/admin/builder/spi-builder-workspace/.derivedData/Index.noindex/DataStore -index-system-modules
SwiftCompile normal arm64_32 /Users/admin/builder/spi-builder-workspace/Sources/CryptoOffice/ECMA376Agile.swift (in target 'CryptoOffice' from project 'CryptoOffice')
cd /Users/admin/builder/spi-builder-workspace/.swiftpm/xcode
builtin-SwiftPerFileCompile ECMA376Agile.swift
SwiftEmitModule normal arm64_32 Emitting\ module\ for\ CryptoSwift (in target 'CryptoSwift' from project 'CryptoSwift')
SwiftCompile normal arm64_32 (in target 'CryptoSwift' from project 'CryptoSwift')
cd /Users/admin/builder/spi-builder-workspace/.swiftpm/xcode
SwiftCompile normal arm64_32 Compiling\ ChaCha20.swift,\ Checksum.swift,\ Cipher.swift /Users/admin/builder/spi-builder-workspace/.dependencies/checkouts/CryptoSwift/Sources/CryptoSwift/ChaCha20.swift /Users/admin/builder/spi-builder-workspace/.dependencies/checkouts/CryptoSwift/Sources/CryptoSwift/Checksum.swift /Users/admin/builder/spi-builder-workspace/.dependencies/checkouts/CryptoSwift/Sources/CryptoSwift/Cipher.swift (in target 'CryptoSwift' from project 'CryptoSwift')
SwiftCompile normal arm64_32 /Users/admin/builder/spi-builder-workspace/.dependencies/checkouts/CryptoSwift/Sources/CryptoSwift/ChaCha20.swift (in target 'CryptoSwift' from project 'CryptoSwift')
cd /Users/admin/builder/spi-builder-workspace/.swiftpm/xcode
builtin-SwiftPerFileCompile ChaCha20.swift
SwiftCompile normal arm64_32 /Users/admin/builder/spi-builder-workspace/.dependencies/checkouts/CryptoSwift/Sources/CryptoSwift/Checksum.swift (in target 'CryptoSwift' from project 'CryptoSwift')
cd /Users/admin/builder/spi-builder-workspace/.swiftpm/xcode
builtin-SwiftPerFileCompile Checksum.swift
SwiftCompile normal arm64_32 /Users/admin/builder/spi-builder-workspace/.dependencies/checkouts/CryptoSwift/Sources/CryptoSwift/Cipher.swift (in target 'CryptoSwift' from project 'CryptoSwift')
cd /Users/admin/builder/spi-builder-workspace/.swiftpm/xcode
builtin-SwiftPerFileCompile Cipher.swift
SwiftCompile normal arm64_32 Compiling\ UInt64+Extension.swift,\ UInt8+Extension.swift,\ Updatable.swift /Users/admin/builder/spi-builder-workspace/.dependencies/checkouts/CryptoSwift/Sources/CryptoSwift/UInt64+Extension.swift /Users/admin/builder/spi-builder-workspace/.dependencies/checkouts/CryptoSwift/Sources/CryptoSwift/UInt8+Extension.swift /Users/admin/builder/spi-builder-workspace/.dependencies/checkouts/CryptoSwift/Sources/CryptoSwift/Updatable.swift (in target 'CryptoSwift' from project 'CryptoSwift')
SwiftCompile normal arm64_32 /Users/admin/builder/spi-builder-workspace/.dependencies/checkouts/CryptoSwift/Sources/CryptoSwift/UInt64+Extension.swift (in target 'CryptoSwift' from project 'CryptoSwift')
cd /Users/admin/builder/spi-builder-workspace/.swiftpm/xcode
builtin-SwiftPerFileCompile UInt64+Extension.swift
SwiftCompile normal arm64_32 /Users/admin/builder/spi-builder-workspace/.dependencies/checkouts/CryptoSwift/Sources/CryptoSwift/UInt8+Extension.swift (in target 'CryptoSwift' from project 'CryptoSwift')
cd /Users/admin/builder/spi-builder-workspace/.swiftpm/xcode
builtin-SwiftPerFileCompile UInt8+Extension.swift
SwiftCompile normal arm64_32 /Users/admin/builder/spi-builder-workspace/.dependencies/checkouts/CryptoSwift/Sources/CryptoSwift/Updatable.swift (in target 'CryptoSwift' from project 'CryptoSwift')
cd /Users/admin/builder/spi-builder-workspace/.swiftpm/xcode
builtin-SwiftPerFileCompile Updatable.swift
SwiftCompile normal arm64_32 Compiling\ ASN1Scanner.swift,\ Array+Extension.swift,\ Authenticator.swift,\ BatchedCollection.swift /Users/admin/builder/spi-builder-workspace/.dependencies/checkouts/CryptoSwift/Sources/CryptoSwift/ASN1/ASN1Scanner.swift /Users/admin/builder/spi-builder-workspace/.dependencies/checkouts/CryptoSwift/Sources/CryptoSwift/Array+Extension.swift /Users/admin/builder/spi-builder-workspace/.dependencies/checkouts/CryptoSwift/Sources/CryptoSwift/Authenticator.swift /Users/admin/builder/spi-builder-workspace/.dependencies/checkouts/CryptoSwift/Sources/CryptoSwift/BatchedCollection.swift (in target 'CryptoSwift' from project 'CryptoSwift')
SwiftCompile normal arm64_32 /Users/admin/builder/spi-builder-workspace/.dependencies/checkouts/CryptoSwift/Sources/CryptoSwift/ASN1/ASN1Scanner.swift (in target 'CryptoSwift' from project 'CryptoSwift')
cd /Users/admin/builder/spi-builder-workspace/.swiftpm/xcode
builtin-SwiftPerFileCompile ASN1Scanner.swift
SwiftCompile normal arm64_32 /Users/admin/builder/spi-builder-workspace/.dependencies/checkouts/CryptoSwift/Sources/CryptoSwift/Array+Extension.swift (in target 'CryptoSwift' from project 'CryptoSwift')
cd /Users/admin/builder/spi-builder-workspace/.swiftpm/xcode
builtin-SwiftPerFileCompile Array+Extension.swift
SwiftCompile normal arm64_32 /Users/admin/builder/spi-builder-workspace/.dependencies/checkouts/CryptoSwift/Sources/CryptoSwift/Authenticator.swift (in target 'CryptoSwift' from project 'CryptoSwift')
cd /Users/admin/builder/spi-builder-workspace/.swiftpm/xcode
builtin-SwiftPerFileCompile Authenticator.swift
SwiftCompile normal arm64_32 /Users/admin/builder/spi-builder-workspace/.dependencies/checkouts/CryptoSwift/Sources/CryptoSwift/BatchedCollection.swift (in target 'CryptoSwift' from project 'CryptoSwift')
cd /Users/admin/builder/spi-builder-workspace/.swiftpm/xcode
builtin-SwiftPerFileCompile BatchedCollection.swift
SwiftCompile normal arm64 Compiling\ Signature.swift /Users/admin/builder/spi-builder-workspace/.dependencies/checkouts/CryptoSwift/Sources/CryptoSwift/Signature.swift (in target 'CryptoSwift' from project 'CryptoSwift')
SwiftCompile normal arm64 /Users/admin/builder/spi-builder-workspace/.dependencies/checkouts/CryptoSwift/Sources/CryptoSwift/Signature.swift (in target 'CryptoSwift' from project 'CryptoSwift')
cd /Users/admin/builder/spi-builder-workspace/.swiftpm/xcode
builtin-SwiftPerFileCompile Signature.swift
SwiftEmitModule normal arm64 Emitting\ module\ for\ CryptoSwift (in target 'CryptoSwift' from project 'CryptoSwift')
SwiftCompile normal arm64 (in target 'CryptoSwift' from project 'CryptoSwift')
cd /Users/admin/builder/spi-builder-workspace/.swiftpm/xcode
SwiftCompile normal arm64 Compiling\ SHA1.swift /Users/admin/builder/spi-builder-workspace/.dependencies/checkouts/CryptoSwift/Sources/CryptoSwift/SHA1.swift (in target 'CryptoSwift' from project 'CryptoSwift')
SwiftCompile normal arm64 /Users/admin/builder/spi-builder-workspace/.dependencies/checkouts/CryptoSwift/Sources/CryptoSwift/SHA1.swift (in target 'CryptoSwift' from project 'CryptoSwift')
cd /Users/admin/builder/spi-builder-workspace/.swiftpm/xcode
builtin-SwiftPerFileCompile SHA1.swift
SwiftCompile normal arm64_32 Compiling\ StringConversion.swift,\ Subtraction.swift,\ WordsAndBits.swift /Users/admin/builder/spi-builder-workspace/.dependencies/checkouts/CryptoSwift/Sources/CryptoSwift/CS_BigInt/StringConversion.swift /Users/admin/builder/spi-builder-workspace/.dependencies/checkouts/CryptoSwift/Sources/CryptoSwift/CS_BigInt/Subtraction.swift /Users/admin/builder/spi-builder-workspace/.dependencies/checkouts/CryptoSwift/Sources/CryptoSwift/CS_BigInt/WordsAndBits.swift (in target 'CryptoSwift' from project 'CryptoSwift')
SwiftCompile normal arm64_32 /Users/admin/builder/spi-builder-workspace/.dependencies/checkouts/CryptoSwift/Sources/CryptoSwift/CS_BigInt/StringConversion.swift (in target 'CryptoSwift' from project 'CryptoSwift')
cd /Users/admin/builder/spi-builder-workspace/.swiftpm/xcode
builtin-SwiftPerFileCompile StringConversion.swift
SwiftCompile normal arm64_32 /Users/admin/builder/spi-builder-workspace/.dependencies/checkouts/CryptoSwift/Sources/CryptoSwift/CS_BigInt/Subtraction.swift (in target 'CryptoSwift' from project 'CryptoSwift')
cd /Users/admin/builder/spi-builder-workspace/.swiftpm/xcode
builtin-SwiftPerFileCompile Subtraction.swift
SwiftCompile normal arm64_32 /Users/admin/builder/spi-builder-workspace/.dependencies/checkouts/CryptoSwift/Sources/CryptoSwift/CS_BigInt/WordsAndBits.swift (in target 'CryptoSwift' from project 'CryptoSwift')
cd /Users/admin/builder/spi-builder-workspace/.swiftpm/xcode
builtin-SwiftPerFileCompile WordsAndBits.swift
SwiftDriverJobDiscovery normal arm64_32 Compiling CryptoOfficeFile.swift (in target 'CryptoOffice' from project 'CryptoOffice')
SwiftCompile normal arm64_32 Compiling\ UInt128.swift,\ UInt16+Extension.swift,\ UInt32+Extension.swift /Users/admin/builder/spi-builder-workspace/.dependencies/checkouts/CryptoSwift/Sources/CryptoSwift/UInt128.swift /Users/admin/builder/spi-builder-workspace/.dependencies/checkouts/CryptoSwift/Sources/CryptoSwift/UInt16+Extension.swift /Users/admin/builder/spi-builder-workspace/.dependencies/checkouts/CryptoSwift/Sources/CryptoSwift/UInt32+Extension.swift (in target 'CryptoSwift' from project 'CryptoSwift')
SwiftCompile normal arm64_32 /Users/admin/builder/spi-builder-workspace/.dependencies/checkouts/CryptoSwift/Sources/CryptoSwift/UInt128.swift (in target 'CryptoSwift' from project 'CryptoSwift')
cd /Users/admin/builder/spi-builder-workspace/.swiftpm/xcode
builtin-SwiftPerFileCompile UInt128.swift
SwiftCompile normal arm64_32 /Users/admin/builder/spi-builder-workspace/.dependencies/checkouts/CryptoSwift/Sources/CryptoSwift/UInt16+Extension.swift (in target 'CryptoSwift' from project 'CryptoSwift')
cd /Users/admin/builder/spi-builder-workspace/.swiftpm/xcode
builtin-SwiftPerFileCompile UInt16+Extension.swift
SwiftCompile normal arm64_32 /Users/admin/builder/spi-builder-workspace/.dependencies/checkouts/CryptoSwift/Sources/CryptoSwift/UInt32+Extension.swift (in target 'CryptoSwift' from project 'CryptoSwift')
cd /Users/admin/builder/spi-builder-workspace/.swiftpm/xcode
builtin-SwiftPerFileCompile UInt32+Extension.swift
PruneExplicitPrecompiledModules /Users/admin/builder/spi-builder-workspace/.derivedData/Build/Intermediates.noindex/ExplicitPrecompiledModules
PruneExplicitPrecompiledModules /Users/admin/builder/spi-builder-workspace/.derivedData/SDKExplicitPrecompiledModules
PruneExplicitPrecompiledModules /Users/admin/builder/spi-builder-workspace/.derivedData/Build/Intermediates.noindex/SwiftExplicitPrecompiledModules
2026-09-17 02:29:36.325 xcodebuild[2400:8888] [MT] IDERunDestination: Supported platforms for the buildables in the current scheme is empty.
** BUILD FAILED **
The following build commands failed:
SwiftCompile normal arm64 /Users/admin/builder/spi-builder-workspace/Sources/CryptoOffice/ECMA376Agile.swift (in target 'CryptoOffice' from project 'CryptoOffice')
SwiftCompile normal arm64 Compiling\ ECMA376Agile.swift /Users/admin/builder/spi-builder-workspace/Sources/CryptoOffice/ECMA376Agile.swift (in target 'CryptoOffice' from project 'CryptoOffice')
SwiftCompile normal arm64_32 Compiling\ ECMA376Agile.swift /Users/admin/builder/spi-builder-workspace/Sources/CryptoOffice/ECMA376Agile.swift (in target 'CryptoOffice' from project 'CryptoOffice')
SwiftCompile normal arm64_32 /Users/admin/builder/spi-builder-workspace/Sources/CryptoOffice/ECMA376Agile.swift (in target 'CryptoOffice' from project 'CryptoOffice')
Building workspace CryptoOffice with scheme CryptoOffice
(5 failures)
BUILD FAILURE 6.4 watchOS