Build Information
Failed to build ConfigCop, reference master (e0471d), with Swift 6.4 for tvOS using Xcode 27.0 on 18 Sep 2026 03:25:49 UTC.
Build Command
No build command. This typically means the build failed at an early stage where we determine the build command.Build Log
========================================
RunAll
========================================
Builder version: 5.1.0
Interrupt handler set up.
========================================
Checkout
========================================
Clone URL: https://github.com/thelookoutway/ConfigCop.git
Reference: master
Initialized empty Git repository in /Users/admin/builder/spi-builder-workspace/.git/
From https://github.com/thelookoutway/ConfigCop
* branch master -> FETCH_HEAD
* [new branch] master -> origin/master
HEAD is now at e0471d6 Add verbose mode
Cloned https://github.com/thelookoutway/ConfigCop.git
Revision (git rev-parse @):
e0471d6596688ac9eb3d93228ac722d133ce9047
SUCCESS checkout https://github.com/thelookoutway/ConfigCop.git at master
========================================
Build
========================================
Selected platform: tvOS
Swift version: 6.4
Building package at path: $PWD
https://github.com/thelookoutway/ConfigCop.git
Command line invocation:
/Applications/Xcode-27.0.0-Release.Candidate.app/Contents/Developer/usr/bin/xcodebuild -IDEClonedSourcePackagesDirPathOverride=/Users/admin/builder/spi-builder-workspace/.dependencies -resolvePackageDependencies
Resolve Package Graph
Fetching from https://github.com/apple/swift-package-manager.git
Fetching from https://github.com/jpsim/Yams.git
Fetching from https://github.com/apple/swift-tools-support-core.git
Fetching from https://github.com/apple/swift-llbuild.git
Creating working copy of package ‘swift-tools-support-core’
Checking out 0.1.0 of package ‘swift-tools-support-core’
Creating working copy of package ‘swift-package-manager’
Checking out 0.6.0 of package ‘swift-package-manager’
Creating working copy of package ‘swift-llbuild’
Checking out 0.3.0 of package ‘swift-llbuild’
Creating working copy of package ‘Yams’
Checking out 2.0.0 of package ‘Yams’
The target named 'ConfigCop' was identified as an executable target but a non-executable product with this name already exists.ignoring broken symlink /Users/admin/builder/spi-builder-workspace/.dependencies/checkouts/swift-llbuild/lib/llvm/Demangle/include/llvm/Demangle/include/llvm/Demangle/include/llvm/Demangle/include/llvm/Demangle/include/llvm/Demangle/include/llvm/Demangle/include/llvm/Demangle/include/llvm/Demangle/include/llvm/Demangle/include/llvm/Demangle/include/llvm/Demangle/include/llvm/Demangle/include/llvm/Demangle/include/llvm/Demangle/include/llvm/Demangle/include/llvm/Demangle/include/llvm/Demangle/include/llvm/Demangle/include/llvm/Demangle/include/llvm/Demangle/include/llvm/Demangle/include/llvm/Demangle/include/llvm/Demangle/include/llvm/Demangle/include/llvm/Demangle/include/llvm/Demangle/include/llvm/Demangle/include/llvm/Demangle/include/llvm/Demangle/include/llvm/Demangle/include/llvm/Demangle/include/llvm/Demangle/include/llvmproduct 'SPMUtility' required by package 'spi-builder-workspace' target 'ConfigCop' not found.Library product “ConfigCop” contains a target of type executable (“ConfigCop”). Library products may not include executable targets.Resolve Package Graph
The target named 'ConfigCop' was identified as an executable target but a non-executable product with this name already exists.ignoring broken symlink /Users/admin/builder/spi-builder-workspace/.dependencies/checkouts/swift-llbuild/lib/llvm/Demangle/include/llvm/Demangle/include/llvm/Demangle/include/llvm/Demangle/include/llvm/Demangle/include/llvm/Demangle/include/llvm/Demangle/include/llvm/Demangle/include/llvm/Demangle/include/llvm/Demangle/include/llvm/Demangle/include/llvm/Demangle/include/llvm/Demangle/include/llvm/Demangle/include/llvm/Demangle/include/llvm/Demangle/include/llvm/Demangle/include/llvm/Demangle/include/llvm/Demangle/include/llvm/Demangle/include/llvm/Demangle/include/llvm/Demangle/include/llvm/Demangle/include/llvm/Demangle/include/llvm/Demangle/include/llvm/Demangle/include/llvm/Demangle/include/llvm/Demangle/include/llvm/Demangle/include/llvm/Demangle/include/llvm/Demangle/include/llvm/Demangle/include/llvm/Demangle/include/llvmproduct 'SPMUtility' required by package 'spi-builder-workspace' target 'ConfigCop' not found.Library product “ConfigCop” contains a target of type executable (“ConfigCop”). Library products may not include executable targets.
Resolved source packages:
spi-builder-workspace: (null)
2026-09-17 23:25:47.444 xcodebuild[529:3015] Writing error result bundle to /var/folders/xq/y_g06wb113726d38xsyx71_h0000gn/T/ResultBundle_2026-17-09_23-25-0047.xcresult
xcodebuild: error: Could not resolve package dependencies:
product 'SPMUtility' required by package 'spi-builder-workspace' target 'ConfigCop' not found.
Library product “ConfigCop” contains a target of type executable (“ConfigCop”). Library products may not include executable targets.
Command line invocation:
/Applications/Xcode-27.0.0-Release.Candidate.app/Contents/Developer/usr/bin/xcodebuild -IDEClonedSourcePackagesDirPathOverride=/Users/admin/builder/spi-builder-workspace/.dependencies -resolvePackageDependencies
Resolve Package Graph
The target named 'ConfigCop' was identified as an executable target but a non-executable product with this name already exists.ignoring broken symlink /Users/admin/builder/spi-builder-workspace/.dependencies/checkouts/swift-llbuild/lib/llvm/Demangle/include/llvm/Demangle/include/llvm/Demangle/include/llvm/Demangle/include/llvm/Demangle/include/llvm/Demangle/include/llvm/Demangle/include/llvm/Demangle/include/llvm/Demangle/include/llvm/Demangle/include/llvm/Demangle/include/llvm/Demangle/include/llvm/Demangle/include/llvm/Demangle/include/llvm/Demangle/include/llvm/Demangle/include/llvm/Demangle/include/llvm/Demangle/include/llvm/Demangle/include/llvm/Demangle/include/llvm/Demangle/include/llvm/Demangle/include/llvm/Demangle/include/llvm/Demangle/include/llvm/Demangle/include/llvm/Demangle/include/llvm/Demangle/include/llvm/Demangle/include/llvm/Demangle/include/llvm/Demangle/include/llvm/Demangle/include/llvm/Demangle/include/llvm/Demangle/include/llvmproduct 'SPMUtility' required by package 'spi-builder-workspace' target 'ConfigCop' not found.Library product “ConfigCop” contains a target of type executable (“ConfigCop”). Library products may not include executable targets.
Resolved source packages:
spi-builder-workspace: (null)
2026-09-17 23:25:48.926 xcodebuild[769:4578] Writing error result bundle to /var/folders/xq/y_g06wb113726d38xsyx71_h0000gn/T/ResultBundle_2026-17-09_23-25-0048.xcresult
xcodebuild: error: Could not resolve package dependencies:
product 'SPMUtility' required by package 'spi-builder-workspace' target 'ConfigCop' not found.
Library product “ConfigCop” contains a target of type executable (“ConfigCop”). Library products may not include executable targets.
BUILD FAILURE 6.4 tvOS