Build Information
Failed to build ZPLKit, reference v1.2.0 (5b96a8), with Swift 6.2 for watchOS using Xcode 26.3 on 23 Oct 2026 02:47:28 UTC.
Build Command
No build command. This typically means the build failed at an early stage where we determine the build command.Build Log
========================================
RunAll
========================================
Builder version: 5.1.3
Interrupt handler set up.
========================================
Checkout
========================================
Clone URL: https://github.com/jonathanspiva/zplkit.git
Reference: v1.2.0
Initialized empty Git repository in /Users/admin/builder/spi-builder-workspace/.git/
From https://github.com/jonathanspiva/zplkit
* tag v1.2.0 -> FETCH_HEAD
HEAD is now at 5b96a86 Release 1.2.0 (#37)
Cloned https://github.com/jonathanspiva/zplkit.git
Revision (git rev-parse @):
5b96a86b22baae65cf464fa081be242c6d2748db
SPI manifest file found: $PWD/.spi.yml
SUCCESS checkout https://github.com/jonathanspiva/zplkit.git at v1.2.0
========================================
Build
========================================
Selected platform: watchOS
Swift version: 6.2
Building package at path: $PWD
https://github.com/jonathanspiva/zplkit.git
Command line invocation:
/Applications/Xcode-26.3.0.app/Contents/Developer/usr/bin/xcodebuild -IDEClonedSourcePackagesDirPathOverride=/Users/admin/builder/spi-builder-workspace/.dependencies -resolvePackageDependencies
Resolve Package Graph
package 'spi-builder-workspace' is using Swift tools version 6.4.0 but the installed version is 6.2.4
Resolved source packages:
spi-builder-workspace: (null)
2026-10-22 22:47:27.135 xcodebuild[539:3100] Writing error result bundle to /var/folders/xq/y_g06wb113726d38xsyx71_h0000gn/T/ResultBundle_2026-22-10_22-47-0027.xcresult
xcodebuild: error: Could not resolve package dependencies:
package 'spi-builder-workspace' is using Swift tools version 6.4.0 but the installed version is 6.2.4
Command line invocation:
/Applications/Xcode-26.3.0.app/Contents/Developer/usr/bin/xcodebuild -IDEClonedSourcePackagesDirPathOverride=/Users/admin/builder/spi-builder-workspace/.dependencies -resolvePackageDependencies
Resolve Package Graph
package 'spi-builder-workspace' is using Swift tools version 6.4.0 but the installed version is 6.2.4
Resolved source packages:
spi-builder-workspace: (null)
2026-10-22 22:47:28.047 xcodebuild[601:3637] Writing error result bundle to /var/folders/xq/y_g06wb113726d38xsyx71_h0000gn/T/ResultBundle_2026-22-10_22-47-0028.xcresult
xcodebuild: error: Could not resolve package dependencies:
package 'spi-builder-workspace' is using Swift tools version 6.4.0 but the installed version is 6.2.4
BUILD FAILURE 6.2 watchOS