The Swift Package Index logo.Swift Package Index

Build Information

Failed to build YandexMobileAdsPackage, reference master (b8b8e0), with Swift 6.3 for Android on 3 Oct 2026 02:32:31 UTC.

Build Command

bash -c docker run --pull=always --rm -v "checkouts-53886770-0":/host -w "$PWD" -e JAVA_HOME="/root/.sdkman/candidates/java/current" -e SPI_BUILD="1" -e SPI_PROCESSING="1" registry.gitlab.com/saguaro1/spi-images:android-6.3-latest swift build --swift-sdk aarch64-unknown-linux-android28 2>&1

Build Log

========================================
RunAll
========================================
Builder version: 5.1.1
Interrupt handler set up.
========================================
Checkout
========================================
Clone URL: https://github.com/yandexmobile/yandex-ads-sdk-ios.git
Reference: master
Initialized empty Git repository in /host/spi-builder-workspace/.git/
hint: Using 'master' as the name for the initial branch. This default branch name
hint: is subject to change. To configure the initial branch name to use in all
hint: of your new repositories, which will suppress this warning, call:
hint:
hint: 	git config --global init.defaultBranch <name>
hint:
hint: Names commonly chosen instead of 'master' are 'main', 'trunk' and
hint: 'development'. The just-created branch can be renamed via this command:
hint:
hint: 	git branch -m <name>
From https://github.com/yandexmobile/yandex-ads-sdk-ios
 * branch            master     -> FETCH_HEAD
 * [new branch]      master     -> origin/master
HEAD is now at b8b8e0f Merge pull request #345 from yandexmobile/release-8.6.0
Cloned https://github.com/yandexmobile/yandex-ads-sdk-ios.git
Revision (git rev-parse @):
b8b8e0fe1fd8d7f920269b03c187be73b658e5e3
SUCCESS checkout https://github.com/yandexmobile/yandex-ads-sdk-ios.git at master
========================================
Build
========================================
Selected platform:         android
Swift version:             6.3
Building package at path:  $PWD
https://github.com/yandexmobile/yandex-ads-sdk-ios.git
Running build ...
bash -c docker run --pull=always --rm -v "checkouts-53886770-0":/host -w "$PWD" -e JAVA_HOME="/root/.sdkman/candidates/java/current" -e SPI_BUILD="1" -e SPI_PROCESSING="1" registry.gitlab.com/saguaro1/spi-images:android-6.3-latest swift build --swift-sdk aarch64-unknown-linux-android28 2>&1
android-6.3-latest: Pulling from saguaro1/spi-images
Digest: sha256:8ca9e1e6d70fd53f5b05e4f64d92569d697563f7f457a1485802bc9eb2cd1382
Status: Image is up to date for registry.gitlab.com/saguaro1/spi-images:android-6.3-latest
Fetching https://github.com/Tapjoy/swift-packages
Fetching https://github.com/appmetrica/appmetrica-sdk-ios
Fetching https://github.com/googleads/swift-package-manager-google-user-messaging-platform
[1/62] Fetching swift-package-manager-google-user-messaging-platform
[63/148] Fetching swift-package-manager-google-user-messaging-platform, swift-packages
[149/11101] Fetching swift-package-manager-google-user-messaging-platform, swift-packages, appmetrica-sdk-ios
Fetched https://github.com/Tapjoy/swift-packages from cache (0.74s)
Fetched https://github.com/googleads/swift-package-manager-google-user-messaging-platform from cache (0.73s)
Fetched https://github.com/appmetrica/appmetrica-sdk-ios from cache (0.74s)
Computing version for https://github.com/Tapjoy/swift-packages
Computed https://github.com/Tapjoy/swift-packages at 14.8.0 (1.62s)
Computing version for https://github.com/googleads/swift-package-manager-google-user-messaging-platform
Computed https://github.com/googleads/swift-package-manager-google-user-messaging-platform at 3.1.0 (0.17s)
Computing version for https://github.com/appmetrica/appmetrica-sdk-ios
Computed https://github.com/appmetrica/appmetrica-sdk-ios at 6.7.0 (0.32s)
Fetching https://github.com/apple/swift-protobuf
Fetching https://github.com/kstenerud/KSCrash
[1/48764] Fetching kscrash
[1952/103160] Fetching kscrash, swift-protobuf
Fetched https://github.com/apple/swift-protobuf from cache (4.72s)
[9753/48764] Fetching kscrash
Fetched https://github.com/kstenerud/KSCrash from cache (11.32s)
Computing version for https://github.com/kstenerud/KSCrash
Computed https://github.com/kstenerud/KSCrash at 2.5.1 (11.54s)
Computing version for https://github.com/apple/swift-protobuf
Computed https://github.com/apple/swift-protobuf at 1.38.1 (0.18s)
Creating working copy for https://github.com/googleads/swift-package-manager-google-user-messaging-platform
Working copy of https://github.com/googleads/swift-package-manager-google-user-messaging-platform resolved at 3.1.0
Creating working copy for https://github.com/kstenerud/KSCrash
Working copy of https://github.com/kstenerud/KSCrash resolved at 2.5.1
Creating working copy for https://github.com/appmetrica/appmetrica-sdk-ios
Working copy of https://github.com/appmetrica/appmetrica-sdk-ios resolved at 6.7.0
Creating working copy for https://github.com/Tapjoy/swift-packages
Working copy of https://github.com/Tapjoy/swift-packages resolved at 14.8.0
Creating working copy for https://github.com/apple/swift-protobuf
Working copy of https://github.com/apple/swift-protobuf resolved at 1.38.1
Downloading binary artifact https://ads-mobile-sdk.s3.yandex.net/Yandex/YandexMobileAdsFeed/8.6.0/spm/d2912c2b-3de5-4923-baab-1e7cd4119f7d.zip
Downloading binary artifact https://ads-mobile-sdk.s3.yandex.net/Yandex/YandexMobileAds/8.6.0/spm/758902f4-6c68-4d3c-8f61-b3866cf27370.zip
Downloading binary artifact https://ads-mobile-sdk.s3.yandex.net/Yandex/YandexMobileAdsInstream/0.77.0/spm/c2fb0b73-9b9a-46f2-899a-9e616afbed19.zip
Downloading binary artifact https://ads-mobile-sdk.s3.yandex.net/Yandex/YandexMobileAdsNativeOnly/8.6.0/spm/95a5dc6f-16f9-45b3-991b-8a588550166d.zip
Downloading binary artifact https://ads-mobile-sdk.s3.yandex.net/Yandex/YandexMobileAdsConsentManagement/1.20.0/spm/8f0b5264-831c-4da6-92a9-e8ca45812ade.zip
Downloading binary artifact https://ads-mobile-sdk.s3.yandex.net/Yandex/YandexMobileAdsOfferwall/8.6.0/spm/0aa611e5-875b-4d17-8be4-dd4bd9531f82.zip
Downloading binary artifact https://dl.google.com/googleadmobadssdk/90fe6bf3b0f4ce0d/googleusermessagingplatformios-spm-3.1.0.zip
Downloading binary artifact https://sdk.tapjoy.com/releases/14.8.0/SwiftPackage/Tapjoy.xcframework.zip
[15983/1310042] Downloading https://sdk.tapjoy.com/releases/14.8.0/SwiftPackage/Tapjoy.xcframework.zip
[33819/1311512] Downloading https://sdk.tapjoy.com/releases/14.8.0/SwiftPackage/Tapjoy.xcframework.zip, https://dl.google.com/googleadmobadssdk/90fe6bf3b0f4ce0d/googleusermessagingplatformios-spm-3.1.0.zip
Downloaded https://dl.google.com/googleadmobadssdk/90fe6bf3b0f4ce0d/googleusermessagingplatformios-spm-3.1.0.zip (0.17s)
Downloaded https://sdk.tapjoy.com/releases/14.8.0/SwiftPackage/Tapjoy.xcframework.zip (0.20s)
[15794/2289516] Downloading https://ads-mobile-sdk.s3.yandex.net/Yandex/YandexMobileAdsInstream/0.77.0/spm/c2fb0b73-9b9a-46f2-899a-9e616afbed19.zip
[31886/2645137] Downloading https://ads-mobile-sdk.s3.yandex.net/Yandex/YandexMobileAdsInstream/0.77.0/spm/c2fb0b73-9b9a-46f2-899a-9e616afbed19.zip, https://ads-mobile-sdk.s3.yandex.net/Yandex/YandexMobileAdsOfferwall/8.6.0/spm/0aa611e5-875b-4d17-8be4-dd4bd9531f82.zip
[47830/3029228] Downloading https://ads-mobile-sdk.s3.yandex.net/Yandex/YandexMobileAdsInstream/0.77.0/spm/c2fb0b73-9b9a-46f2-899a-9e616afbed19.zip, https://ads-mobile-sdk.s3.yandex.net/Yandex/YandexMobileAdsOfferwall/8.6.0/spm/0aa611e5-875b-4d17-8be4-dd4bd9531f82.zip, https://ads-mobile-sdk.s3.yandex.net/Yandex/YandexMobileAdsFeed/8.6.0/spm/d2912c2b-3de5-4923-baab-1e7cd4119f7d.zip
[96502/40128085] Downloading https://ads-mobile-sdk.s3.yandex.net/Yandex/YandexMobileAdsInstream/0.77.0/spm/c2fb0b73-9b9a-46f2-899a-9e616afbed19.zip, https://ads-mobile-sdk.s3.yandex.net/Yandex/YandexMobileAdsOfferwall/8.6.0/spm/0aa611e5-875b-4d17-8be4-dd4bd9531f82.zip, https://ads-mobile-sdk.s3.yandex.net/Yandex/YandexMobileAdsFeed/8.6.0/spm/d2912c2b-3de5-4923-baab-1e7cd4119f7d.zip, https://ads-mobile-sdk.s3.yandex.net/Yandex/YandexMobileAds/8.6.0/spm/758902f4-6c68-4d3c-8f61-b3866cf27370.zip
[128809/63072185] Downloading https://ads-mobile-sdk.s3.yandex.net/Yandex/YandexMobileAdsInstream/0.77.0/spm/c2fb0b73-9b9a-46f2-899a-9e616afbed19.zip, https://ads-mobile-sdk.s3.yandex.net/Yandex/YandexMobileAdsOfferwall/8.6.0/spm/0aa611e5-875b-4d17-8be4-dd4bd9531f82.zip, https://ads-mobile-sdk.s3.yandex.net/Yandex/YandexMobileAdsFeed/8.6.0/spm/d2912c2b-3de5-4923-baab-1e7cd4119f7d.zip, https://ads-mobile-sdk.s3.yandex.net/Yandex/YandexMobileAds/8.6.0/spm/758902f4-6c68-4d3c-8f61-b3866cf27370.zip, https://ads-mobile-sdk.s3.yandex.net/Yandex/YandexMobileAdsNativeOnly/8.6.0/spm/95a5dc6f-16f9-45b3-991b-8a588550166d.zip
[193850/63186260] Downloading https://ads-mobile-sdk.s3.yandex.net/Yandex/YandexMobileAdsInstream/0.77.0/spm/c2fb0b73-9b9a-46f2-899a-9e616afbed19.zip, https://ads-mobile-sdk.s3.yandex.net/Yandex/YandexMobileAdsOfferwall/8.6.0/spm/0aa611e5-875b-4d17-8be4-dd4bd9531f82.zip, https://ads-mobile-sdk.s3.yandex.net/Yandex/YandexMobileAdsFeed/8.6.0/spm/d2912c2b-3de5-4923-baab-1e7cd4119f7d.zip, https://ads-mobile-sdk.s3.yandex.net/Yandex/YandexMobileAds/8.6.0/spm/758902f4-6c68-4d3c-8f61-b3866cf27370.zip, https://ads-mobile-sdk.s3.yandex.net/Yandex/YandexMobileAdsNativeOnly/8.6.0/spm/95a5dc6f-16f9-45b3-991b-8a588550166d.zip, https://ads-mobile-sdk.s3.yandex.net/Yandex/YandexMobileAdsConsentManagement/1.20.0/spm/8f0b5264-831c-4da6-92a9-e8ca45812ade.zip
Downloaded https://ads-mobile-sdk.s3.yandex.net/Yandex/YandexMobileAdsConsentManagement/1.20.0/spm/8f0b5264-831c-4da6-92a9-e8ca45812ade.zip (1.78s)
[1340227/63072185] Downloading https://ads-mobile-sdk.s3.yandex.net/Yandex/YandexMobileAdsInstream/0.77.0/spm/c2fb0b73-9b9a-46f2-899a-9e616afbed19.zip, https://ads-mobile-sdk.s3.yandex.net/Yandex/YandexMobileAdsOfferwall/8.6.0/spm/0aa611e5-875b-4d17-8be4-dd4bd9531f82.zip, https://ads-mobile-sdk.s3.yandex.net/Yandex/YandexMobileAdsFeed/8.6.0/spm/d2912c2b-3de5-4923-baab-1e7cd4119f7d.zip, https://ads-mobile-sdk.s3.yandex.net/Yandex/YandexMobileAds/8.6.0/spm/758902f4-6c68-4d3c-8f61-b3866cf27370.zip, https://ads-mobile-sdk.s3.yandex.net/Yandex/YandexMobileAdsNativeOnly/8.6.0/spm/95a5dc6f-16f9-45b3-991b-8a588550166d.zip
Downloaded https://ads-mobile-sdk.s3.yandex.net/Yandex/YandexMobileAdsOfferwall/8.6.0/spm/0aa611e5-875b-4d17-8be4-dd4bd9531f82.zip (1.83s)
[1259135/62716564] Downloading https://ads-mobile-sdk.s3.yandex.net/Yandex/YandexMobileAdsInstream/0.77.0/spm/c2fb0b73-9b9a-46f2-899a-9e616afbed19.zip, https://ads-mobile-sdk.s3.yandex.net/Yandex/YandexMobileAdsFeed/8.6.0/spm/d2912c2b-3de5-4923-baab-1e7cd4119f7d.zip, https://ads-mobile-sdk.s3.yandex.net/Yandex/YandexMobileAds/8.6.0/spm/758902f4-6c68-4d3c-8f61-b3866cf27370.zip, https://ads-mobile-sdk.s3.yandex.net/Yandex/YandexMobileAdsNativeOnly/8.6.0/spm/95a5dc6f-16f9-45b3-991b-8a588550166d.zip
Downloaded https://ads-mobile-sdk.s3.yandex.net/Yandex/YandexMobileAdsFeed/8.6.0/spm/d2912c2b-3de5-4923-baab-1e7cd4119f7d.zip (1.90s)
[1161312/62332473] Downloading https://ads-mobile-sdk.s3.yandex.net/Yandex/YandexMobileAdsInstream/0.77.0/spm/c2fb0b73-9b9a-46f2-899a-9e616afbed19.zip, https://ads-mobile-sdk.s3.yandex.net/Yandex/YandexMobileAds/8.6.0/spm/758902f4-6c68-4d3c-8f61-b3866cf27370.zip, https://ads-mobile-sdk.s3.yandex.net/Yandex/YandexMobileAdsNativeOnly/8.6.0/spm/95a5dc6f-16f9-45b3-991b-8a588550166d.zip
Downloaded https://ads-mobile-sdk.s3.yandex.net/Yandex/YandexMobileAdsInstream/0.77.0/spm/c2fb0b73-9b9a-46f2-899a-9e616afbed19.zip (2.43s)
[3241400/60042957] Downloading https://ads-mobile-sdk.s3.yandex.net/Yandex/YandexMobileAds/8.6.0/spm/758902f4-6c68-4d3c-8f61-b3866cf27370.zip, https://ads-mobile-sdk.s3.yandex.net/Yandex/YandexMobileAdsNativeOnly/8.6.0/spm/95a5dc6f-16f9-45b3-991b-8a588550166d.zip
Downloaded https://ads-mobile-sdk.s3.yandex.net/Yandex/YandexMobileAdsNativeOnly/8.6.0/spm/95a5dc6f-16f9-45b3-991b-8a588550166d.zip (5.04s)
Downloaded https://ads-mobile-sdk.s3.yandex.net/Yandex/YandexMobileAds/8.6.0/spm/758902f4-6c68-4d3c-8f61-b3866cf27370.zip (6.49s)
warning: 'spi-builder-workspace': found 2 file(s) which are unhandled; explicitly declare them as resources or exclude from the target
    /host/spi-builder-workspace/Sources/YandexMobileAdsInstreamWrapper/Resources/Media.xcassets
    /host/spi-builder-workspace/Sources/YandexMobileAdsInstreamWrapper/Resources/Localizable/InstreamControls.xcstrings
[1/1] Compiling plugin SwiftProtobufPlugin
Building for debugging...
[1/589] Copying DebugPanel.xcstrings
[1/589] Copying AssetAccessibility.xcstrings
[2/589] Copying DebugPanel.xcstrings
[3/589] Copying AssetAccessibility.xcstrings
[5/589] Copying Media.xcassets
[6/589] Write sources
[8/589] Copying PrivacyInfo.xcprivacy
[10/589] Write sources
[10/589] Copying PrivacyInfo.xcprivacy
[23/589] Write sources
[23/589] Copying Media.xcassets
[25/589] Write sources
In file included from <built-in>:1:
/host/spi-builder-workspace/.build/aarch64-unknown-linux-android28/debug/AppMetricaStorageUtils.build/DerivedSources/resource_bundle_accessor.h:2:9: fatal error: 'Foundation/Foundation.h' file not found
    2 | #import <Foundation/Foundation.h>
      |         ^~~~~~~~~~~~~~~~~~~~~~~~~
1 error generated.
[29/589] Compiling AppMetricaStorageUtils resource_bundle_accessor.m
[29/589] Compiling AppMetricaStorageUtils AMAUserDefaultsStorage.m
[29/589] Compiling AppMetricaStorageUtils AMAIncrementableValueStorageFactory.m
In file included from <built-in>:1:
/host/spi-builder-workspace/.build/aarch64-unknown-linux-android28/debug/AppMetricaStorageUtils.build/DerivedSources/resource_bundle_accessor.h:2:9: fatal error: 'Foundation/Foundation.h' file not found
    2 | #import <Foundation/Foundation.h>
      |         ^~~~~~~~~~~~~~~~~~~~~~~~~
[29/589] Compiling AppMetricaStorageUtils AMAIncrementableValueStorage.m
In file included from <built-in>:1:
/host/spi-builder-workspace/.build/aarch64-unknown-linux-android28/debug/AppMetricaStorageUtils.build/DerivedSources/resource_bundle_accessor.h:2:9: fatal error: 'Foundation/Foundation.h' file not found
    2 | #import <Foundation/Foundation.h>
      |         ^~~~~~~~~~~~~~~~~~~~~~~~~
[29/589] Compiling AppMetricaStorageUtils AMAUserDefaultsKVSDataProvider.m
[29/589] Compiling AppMetricaStorageUtils AMARollbackHolder.m
[29/589] Compiling UserMessagingPlatformTarget placeholder.m
[29/589] Write swift-version-272D24FF697CF451.txt
BUILD FAILURE 6.3 android