Build Information
Failed to build swiftui-snap-dragging-modifier, reference main (5ec2f7), with Swift 6.2 for watchOS using Xcode 26.3 on 18 Aug 2026 02:21:34 UTC.
Build Command
env DEVELOPER_DIR=/Applications/Xcode-26.3.0.app xcrun xcodebuild -IDEClonedSourcePackagesDirPathOverride=$PWD/.dependencies -skipMacroValidation -skipPackagePluginValidation -derivedDataPath $PWD/.derivedData build -scheme swiftui-snap-dragging-modifier -destination generic/platform=watchOSBuild Log
SwiftExplicitDependencyGeneratePcm arm64 /Users/admin/builder/spi-builder-workspace/.derivedData/ModuleCache.noindex/_Builtin_stdint-BFTPAV7DTJR0UZMVITWJ89G3Z.pcm
SwiftExplicitDependencyGeneratePcm arm64_32 /Users/admin/builder/spi-builder-workspace/.derivedData/ModuleCache.noindex/sys_types-5220JAOP6QAKP1ZZSQXQIGT3N.pcm
SwiftExplicitDependencyGeneratePcm arm64_32 /Users/admin/builder/spi-builder-workspace/.derivedData/ModuleCache.noindex/_Builtin_stdint-DHK9W4154W1VADFICW26EF51A.pcm
SwiftExplicitDependencyGeneratePcm arm64_32 /Users/admin/builder/spi-builder-workspace/.derivedData/ModuleCache.noindex/_Builtin_tgmath-9MAKYXN5PH90P2SVS3Q0JFOEL.pcm
SwiftDriverJobDiscovery normal arm64 Compiling rubberBand.swift (in target 'RubberBanding' from project 'RubberBanding')
SwiftDriver\ Compilation RubberBanding normal arm64 com.apple.xcode.tools.swift.compiler (in target 'RubberBanding' from project 'RubberBanding')
cd /Users/admin/builder/spi-builder-workspace/.swiftpm/xcode
builtin-Swift-Compilation -- /Applications/Xcode-26.3.0.app/Contents/Developer/Toolchains/XcodeDefault.xctoolchain/usr/bin/swiftc -module-name RubberBanding -Onone -enforce-exclusivity\=checked @/Users/admin/builder/spi-builder-workspace/.derivedData/Build/Intermediates.noindex/RubberBanding.build/Debug-watchos/RubberBanding.build/Objects-normal/arm64/RubberBanding.SwiftFileList -DSWIFT_PACKAGE -DDEBUG -DSWIFT_MODULE_RESOURCE_BUNDLE_UNAVAILABLE -DXcode -plugin-path /Applications/Xcode-26.3.0.app/Contents/Developer/Toolchains/XcodeDefault.xctoolchain/usr/lib/swift/host/plugins/testing -enable-experimental-feature DebugDescriptionMacro -sdk /Applications/Xcode-26.3.0.app/Contents/Developer/Platforms/WatchOS.platform/Developer/SDKs/WatchOS26.2.sdk -target arm64-apple-watchos5.0 -g -module-cache-path /Users/admin/builder/spi-builder-workspace/.derivedData/ModuleCache.noindex -Xfrontend -serialize-debugging-options -profile-coverage-mapping -profile-generate -enable-testing -suppress-warnings -index-store-path /Users/admin/builder/spi-builder-workspace/.derivedData/Index.noindex/DataStore -Xcc -D_LIBCPP_HARDENING_MODE\=_LIBCPP_HARDENING_MODE_DEBUG -swift-version 5 -I /Users/admin/builder/spi-builder-workspace/.derivedData/Build/Products/Debug-watchos -Isystem /Applications/Xcode-26.3.0.app/Contents/Developer/Platforms/WatchOS.platform/Developer/usr/lib -F /Users/admin/builder/spi-builder-workspace/.derivedData/Build/Products/Debug-watchos -F /Applications/Xcode-26.3.0.app/Contents/Developer/Platforms/WatchOS.platform/Developer/Library/Frameworks -F /Applications/Xcode-26.3.0.app/Contents/Developer/Platforms/WatchOS.platform/Developer/SDKs/WatchOS26.2.sdk/Developer/Library/Frameworks -parse-as-library -c -j10 -enable-batch-mode -incremental -Xcc -ivfsstatcache -Xcc /Users/admin/builder/spi-builder-workspace/.derivedData/SDKStatCaches.noindex/watchos26.2-23S303-dc75598d0054f22ec865fa860f139d721753b489057de6bda919edfa1c59a62b.sdkstatcache -output-file-map /Users/admin/builder/spi-builder-workspace/.derivedData/Build/Intermediates.noindex/RubberBanding.build/Debug-watchos/RubberBanding.build/Objects-normal/arm64/RubberBanding-OutputFileMap.json -use-frontend-parseable-output -save-temps -no-color-diagnostics -explicit-module-build -module-cache-path /Users/admin/builder/spi-builder-workspace/.derivedData/Build/Intermediates.noindex/SwiftExplicitPrecompiledModules -clang-scanner-module-cache-path /Users/admin/builder/spi-builder-workspace/.derivedData/ModuleCache.noindex -sdk-module-cache-path /Users/admin/builder/spi-builder-workspace/.derivedData/ModuleCache.noindex -serialize-diagnostics -emit-dependencies -emit-module -emit-module-path /Users/admin/builder/spi-builder-workspace/.derivedData/Build/Intermediates.noindex/RubberBanding.build/Debug-watchos/RubberBanding.build/Objects-normal/arm64/RubberBanding.swiftmodule -validate-clang-modules-once -clang-build-session-file /Users/admin/builder/spi-builder-workspace/.derivedData/ModuleCache.noindex/Session.modulevalidation -package-name swift_rubber_banding -Xcc -I/Users/admin/builder/spi-builder-workspace/.derivedData/Build/Intermediates.noindex/RubberBanding.build/Debug-watchos/RubberBanding.build/swift-overrides.hmap -emit-const-values -Xfrontend -const-gather-protocols-file -Xfrontend /Users/admin/builder/spi-builder-workspace/.derivedData/Build/Intermediates.noindex/RubberBanding.build/Debug-watchos/RubberBanding.build/Objects-normal/arm64/RubberBanding_const_extract_protocols.json -Xcc -I/Users/admin/builder/spi-builder-workspace/.derivedData/Build/Products/Debug-watchos/include -Xcc -I/Users/admin/builder/spi-builder-workspace/.derivedData/Build/Intermediates.noindex/RubberBanding.build/Debug-watchos/RubberBanding.build/DerivedSources-normal/arm64 -Xcc -I/Users/admin/builder/spi-builder-workspace/.derivedData/Build/Intermediates.noindex/RubberBanding.build/Debug-watchos/RubberBanding.build/DerivedSources/arm64 -Xcc -I/Users/admin/builder/spi-builder-workspace/.derivedData/Build/Intermediates.noindex/RubberBanding.build/Debug-watchos/RubberBanding.build/DerivedSources -Xcc -DSWIFT_PACKAGE -Xcc -DDEBUG\=1 -emit-objc-header -emit-objc-header-path /Users/admin/builder/spi-builder-workspace/.derivedData/Build/Intermediates.noindex/RubberBanding.build/Debug-watchos/RubberBanding.build/Objects-normal/arm64/RubberBanding-Swift.h -working-directory /Users/admin/builder/spi-builder-workspace/.swiftpm/xcode -experimental-emit-module-separately -disable-cmo
SwiftDriverJobDiscovery normal arm64_32 Compiling rubberBand.swift (in target 'RubberBanding' from project 'RubberBanding')
Ld /Users/admin/builder/spi-builder-workspace/.derivedData/Build/Intermediates.noindex/RubberBanding.build/Debug-watchos/RubberBanding.build/Objects-normal/arm64/Binary/RubberBanding.o normal arm64 (in target 'RubberBanding' from project 'RubberBanding')
cd /Users/admin/builder/spi-builder-workspace/.dependencies/checkouts/swift-rubber-banding
/Applications/Xcode-26.3.0.app/Contents/Developer/Toolchains/XcodeDefault.xctoolchain/usr/bin/clang -Xlinker -reproducible -target arm64-apple-watchos5.0 -r -isysroot /Applications/Xcode-26.3.0.app/Contents/Developer/Platforms/WatchOS.platform/Developer/SDKs/WatchOS26.2.sdk -O0 -w -L/Users/admin/builder/spi-builder-workspace/.derivedData/Build/Intermediates.noindex/EagerLinkingTBDs/Debug-watchos -L/Users/admin/builder/spi-builder-workspace/.derivedData/Build/Products/Debug-watchos -L/Applications/Xcode-26.3.0.app/Contents/Developer/Platforms/WatchOS.platform/Developer/usr/lib -F/Users/admin/builder/spi-builder-workspace/.derivedData/Build/Intermediates.noindex/EagerLinkingTBDs/Debug-watchos -F/Users/admin/builder/spi-builder-workspace/.derivedData/Build/Products/Debug-watchos -iframework /Applications/Xcode-26.3.0.app/Contents/Developer/Platforms/WatchOS.platform/Developer/Library/Frameworks -iframework /Applications/Xcode-26.3.0.app/Contents/Developer/Platforms/WatchOS.platform/Developer/SDKs/WatchOS26.2.sdk/Developer/Library/Frameworks -filelist /Users/admin/builder/spi-builder-workspace/.derivedData/Build/Intermediates.noindex/RubberBanding.build/Debug-watchos/RubberBanding.build/Objects-normal/arm64/RubberBanding.LinkFileList -nostdlib -Xlinker -object_path_lto -Xlinker /Users/admin/builder/spi-builder-workspace/.derivedData/Build/Intermediates.noindex/RubberBanding.build/Debug-watchos/RubberBanding.build/Objects-normal/arm64/RubberBanding_lto.o -rdynamic -Xlinker -no_deduplicate -Xlinker -debug_variant -Xlinker -dependency_info -Xlinker /Users/admin/builder/spi-builder-workspace/.derivedData/Build/Intermediates.noindex/RubberBanding.build/Debug-watchos/RubberBanding.build/Objects-normal/arm64/RubberBanding_dependency_info.dat -fobjc-link-runtime -L/Applications/Xcode-26.3.0.app/Contents/Developer/Toolchains/XcodeDefault.xctoolchain/usr/lib/swift/watchos -L/usr/lib/swift -Xlinker -add_ast_path -Xlinker /Users/admin/builder/spi-builder-workspace/.derivedData/Build/Intermediates.noindex/RubberBanding.build/Debug-watchos/RubberBanding.build/Objects-normal/arm64/RubberBanding.swiftmodule @/Users/admin/builder/spi-builder-workspace/.derivedData/Build/Intermediates.noindex/RubberBanding.build/Debug-watchos/RubberBanding.build/Objects-normal/arm64/RubberBanding-linker-args.resp -o /Users/admin/builder/spi-builder-workspace/.derivedData/Build/Intermediates.noindex/RubberBanding.build/Debug-watchos/RubberBanding.build/Objects-normal/arm64/Binary/RubberBanding.o
SwiftDriver\ Compilation RubberBanding normal arm64_32 com.apple.xcode.tools.swift.compiler (in target 'RubberBanding' from project 'RubberBanding')
cd /Users/admin/builder/spi-builder-workspace/.swiftpm/xcode
builtin-Swift-Compilation -- /Applications/Xcode-26.3.0.app/Contents/Developer/Toolchains/XcodeDefault.xctoolchain/usr/bin/swiftc -module-name RubberBanding -Onone -enforce-exclusivity\=checked @/Users/admin/builder/spi-builder-workspace/.derivedData/Build/Intermediates.noindex/RubberBanding.build/Debug-watchos/RubberBanding.build/Objects-normal/arm64_32/RubberBanding.SwiftFileList -DSWIFT_PACKAGE -DDEBUG -DSWIFT_MODULE_RESOURCE_BUNDLE_UNAVAILABLE -DXcode -plugin-path /Applications/Xcode-26.3.0.app/Contents/Developer/Toolchains/XcodeDefault.xctoolchain/usr/lib/swift/host/plugins/testing -enable-experimental-feature DebugDescriptionMacro -sdk /Applications/Xcode-26.3.0.app/Contents/Developer/Platforms/WatchOS.platform/Developer/SDKs/WatchOS26.2.sdk -target arm64_32-apple-watchos5.0 -g -module-cache-path /Users/admin/builder/spi-builder-workspace/.derivedData/ModuleCache.noindex -Xfrontend -serialize-debugging-options -profile-coverage-mapping -profile-generate -enable-testing -suppress-warnings -index-store-path /Users/admin/builder/spi-builder-workspace/.derivedData/Index.noindex/DataStore -Xcc -D_LIBCPP_HARDENING_MODE\=_LIBCPP_HARDENING_MODE_DEBUG -swift-version 5 -I /Users/admin/builder/spi-builder-workspace/.derivedData/Build/Products/Debug-watchos -Isystem /Applications/Xcode-26.3.0.app/Contents/Developer/Platforms/WatchOS.platform/Developer/usr/lib -F /Users/admin/builder/spi-builder-workspace/.derivedData/Build/Products/Debug-watchos -F /Applications/Xcode-26.3.0.app/Contents/Developer/Platforms/WatchOS.platform/Developer/Library/Frameworks -F /Applications/Xcode-26.3.0.app/Contents/Developer/Platforms/WatchOS.platform/Developer/SDKs/WatchOS26.2.sdk/Developer/Library/Frameworks -parse-as-library -c -j10 -enable-batch-mode -incremental -Xcc -ivfsstatcache -Xcc /Users/admin/builder/spi-builder-workspace/.derivedData/SDKStatCaches.noindex/watchos26.2-23S303-dc75598d0054f22ec865fa860f139d721753b489057de6bda919edfa1c59a62b.sdkstatcache -output-file-map /Users/admin/builder/spi-builder-workspace/.derivedData/Build/Intermediates.noindex/RubberBanding.build/Debug-watchos/RubberBanding.build/Objects-normal/arm64_32/RubberBanding-OutputFileMap.json -use-frontend-parseable-output -save-temps -no-color-diagnostics -explicit-module-build -module-cache-path /Users/admin/builder/spi-builder-workspace/.derivedData/Build/Intermediates.noindex/SwiftExplicitPrecompiledModules -clang-scanner-module-cache-path /Users/admin/builder/spi-builder-workspace/.derivedData/ModuleCache.noindex -sdk-module-cache-path /Users/admin/builder/spi-builder-workspace/.derivedData/ModuleCache.noindex -serialize-diagnostics -emit-dependencies -emit-module -emit-module-path /Users/admin/builder/spi-builder-workspace/.derivedData/Build/Intermediates.noindex/RubberBanding.build/Debug-watchos/RubberBanding.build/Objects-normal/arm64_32/RubberBanding.swiftmodule -validate-clang-modules-once -clang-build-session-file /Users/admin/builder/spi-builder-workspace/.derivedData/ModuleCache.noindex/Session.modulevalidation -package-name swift_rubber_banding -Xcc -I/Users/admin/builder/spi-builder-workspace/.derivedData/Build/Intermediates.noindex/RubberBanding.build/Debug-watchos/RubberBanding.build/swift-overrides.hmap -emit-const-values -Xfrontend -const-gather-protocols-file -Xfrontend /Users/admin/builder/spi-builder-workspace/.derivedData/Build/Intermediates.noindex/RubberBanding.build/Debug-watchos/RubberBanding.build/Objects-normal/arm64_32/RubberBanding_const_extract_protocols.json -Xcc -I/Users/admin/builder/spi-builder-workspace/.derivedData/Build/Products/Debug-watchos/include -Xcc -I/Users/admin/builder/spi-builder-workspace/.derivedData/Build/Intermediates.noindex/RubberBanding.build/Debug-watchos/RubberBanding.build/DerivedSources-normal/arm64_32 -Xcc -I/Users/admin/builder/spi-builder-workspace/.derivedData/Build/Intermediates.noindex/RubberBanding.build/Debug-watchos/RubberBanding.build/DerivedSources/arm64_32 -Xcc -I/Users/admin/builder/spi-builder-workspace/.derivedData/Build/Intermediates.noindex/RubberBanding.build/Debug-watchos/RubberBanding.build/DerivedSources -Xcc -DSWIFT_PACKAGE -Xcc -DDEBUG\=1 -emit-objc-header -emit-objc-header-path /Users/admin/builder/spi-builder-workspace/.derivedData/Build/Intermediates.noindex/RubberBanding.build/Debug-watchos/RubberBanding.build/Objects-normal/arm64_32/RubberBanding-Swift.h -working-directory /Users/admin/builder/spi-builder-workspace/.swiftpm/xcode -experimental-emit-module-separately -disable-cmo
SwiftExplicitDependencyGeneratePcm arm64 /Users/admin/builder/spi-builder-workspace/.derivedData/ModuleCache.noindex/_DarwinFoundation3-5VMZVD9RI030DGKFFW74MIHMQ.pcm
SwiftExplicitDependencyGeneratePcm arm64 /Users/admin/builder/spi-builder-workspace/.derivedData/ModuleCache.noindex/_Builtin_intrinsics-58ND084GSLXVJ19XXOLY3EGKI.pcm
Ld /Users/admin/builder/spi-builder-workspace/.derivedData/Build/Intermediates.noindex/RubberBanding.build/Debug-watchos/RubberBanding.build/Objects-normal/arm64_32/Binary/RubberBanding.o normal arm64_32 (in target 'RubberBanding' from project 'RubberBanding')
cd /Users/admin/builder/spi-builder-workspace/.dependencies/checkouts/swift-rubber-banding
/Applications/Xcode-26.3.0.app/Contents/Developer/Toolchains/XcodeDefault.xctoolchain/usr/bin/clang -Xlinker -reproducible -target arm64_32-apple-watchos5.0 -r -isysroot /Applications/Xcode-26.3.0.app/Contents/Developer/Platforms/WatchOS.platform/Developer/SDKs/WatchOS26.2.sdk -O0 -w -L/Users/admin/builder/spi-builder-workspace/.derivedData/Build/Intermediates.noindex/EagerLinkingTBDs/Debug-watchos -L/Users/admin/builder/spi-builder-workspace/.derivedData/Build/Products/Debug-watchos -L/Applications/Xcode-26.3.0.app/Contents/Developer/Platforms/WatchOS.platform/Developer/usr/lib -F/Users/admin/builder/spi-builder-workspace/.derivedData/Build/Intermediates.noindex/EagerLinkingTBDs/Debug-watchos -F/Users/admin/builder/spi-builder-workspace/.derivedData/Build/Products/Debug-watchos -iframework /Applications/Xcode-26.3.0.app/Contents/Developer/Platforms/WatchOS.platform/Developer/Library/Frameworks -iframework /Applications/Xcode-26.3.0.app/Contents/Developer/Platforms/WatchOS.platform/Developer/SDKs/WatchOS26.2.sdk/Developer/Library/Frameworks -filelist /Users/admin/builder/spi-builder-workspace/.derivedData/Build/Intermediates.noindex/RubberBanding.build/Debug-watchos/RubberBanding.build/Objects-normal/arm64_32/RubberBanding.LinkFileList -nostdlib -Xlinker -object_path_lto -Xlinker /Users/admin/builder/spi-builder-workspace/.derivedData/Build/Intermediates.noindex/RubberBanding.build/Debug-watchos/RubberBanding.build/Objects-normal/arm64_32/RubberBanding_lto.o -rdynamic -Xlinker -no_deduplicate -Xlinker -debug_variant -Xlinker -dependency_info -Xlinker /Users/admin/builder/spi-builder-workspace/.derivedData/Build/Intermediates.noindex/RubberBanding.build/Debug-watchos/RubberBanding.build/Objects-normal/arm64_32/RubberBanding_dependency_info.dat -fobjc-link-runtime -L/Applications/Xcode-26.3.0.app/Contents/Developer/Toolchains/XcodeDefault.xctoolchain/usr/lib/swift/watchos -L/usr/lib/swift -Xlinker -add_ast_path -Xlinker /Users/admin/builder/spi-builder-workspace/.derivedData/Build/Intermediates.noindex/RubberBanding.build/Debug-watchos/RubberBanding.build/Objects-normal/arm64_32/RubberBanding.swiftmodule @/Users/admin/builder/spi-builder-workspace/.derivedData/Build/Intermediates.noindex/RubberBanding.build/Debug-watchos/RubberBanding.build/Objects-normal/arm64_32/RubberBanding-linker-args.resp -o /Users/admin/builder/spi-builder-workspace/.derivedData/Build/Intermediates.noindex/RubberBanding.build/Debug-watchos/RubberBanding.build/Objects-normal/arm64_32/Binary/RubberBanding.o
SwiftExplicitDependencyGeneratePcm arm64 /Users/admin/builder/spi-builder-workspace/.derivedData/ModuleCache.noindex/_Builtin_stdatomic-54VXVKINWJDUKUF1QQV7ZSY2R.pcm
SwiftExplicitDependencyGeneratePcm armv7k /Users/admin/builder/spi-builder-workspace/.derivedData/ModuleCache.noindex/_Builtin_inttypes-3JDG6ZXZGG8E2RCJLIRCCAV3E.pcm
SwiftExplicitDependencyGeneratePcm arm64_32 /Users/admin/builder/spi-builder-workspace/.derivedData/ModuleCache.noindex/_DarwinFoundation3-ECPZQXPEKKE17FVBYD1POXRMU.pcm
SwiftExplicitDependencyGeneratePcm arm64_32 /Users/admin/builder/spi-builder-workspace/.derivedData/ModuleCache.noindex/_Builtin_intrinsics-8BDARAQ01UZD6W014LHVKHINQ.pcm
SwiftExplicitDependencyGeneratePcm arm64_32 /Users/admin/builder/spi-builder-workspace/.derivedData/ModuleCache.noindex/_Builtin_stdatomic-PGCTE6MX7UMTDPK5E7L1WO9G.pcm
SwiftExplicitDependencyGeneratePcm armv7k /Users/admin/builder/spi-builder-workspace/.derivedData/ModuleCache.noindex/Darwin-C5UUQBFEDAP6QHSMO866342FZ.pcm
SwiftExplicitDependencyGeneratePcm armv7k /Users/admin/builder/spi-builder-workspace/.derivedData/ModuleCache.noindex/simd-A5TOA4OA3DH0NQXXAN1AVTUJS.pcm
SwiftExplicitDependencyGeneratePcm arm64 /Users/admin/builder/spi-builder-workspace/.derivedData/ModuleCache.noindex/_Builtin_inttypes-EAYG1OYRDQ7HO6J9WI6WA5Y2M.pcm
SwiftExplicitDependencyGeneratePcm arm64_32 /Users/admin/builder/spi-builder-workspace/.derivedData/ModuleCache.noindex/_Builtin_inttypes-DVW4DAGN9X56OUK4E1BD9DBZ7.pcm
SwiftExplicitDependencyGeneratePcm arm64 /Users/admin/builder/spi-builder-workspace/.derivedData/ModuleCache.noindex/Darwin-E1ZCMHXYOAUQKSA4QO0SMGPXA.pcm
SwiftExplicitDependencyGeneratePcm arm64_32 /Users/admin/builder/spi-builder-workspace/.derivedData/ModuleCache.noindex/Darwin-C8WYVRDE1BASWGOHXGC15GM9F.pcm
SwiftExplicitDependencyGeneratePcm arm64 /Users/admin/builder/spi-builder-workspace/.derivedData/ModuleCache.noindex/simd-6UCUA2BKEI2K1ED9QH6DE7VZF.pcm
SwiftDriverJobDiscovery normal armv7k Compiling rubberBand.swift (in target 'RubberBanding' from project 'RubberBanding')
SwiftDriver\ Compilation RubberBanding normal armv7k com.apple.xcode.tools.swift.compiler (in target 'RubberBanding' from project 'RubberBanding')
cd /Users/admin/builder/spi-builder-workspace/.swiftpm/xcode
builtin-Swift-Compilation -- /Applications/Xcode-26.3.0.app/Contents/Developer/Toolchains/XcodeDefault.xctoolchain/usr/bin/swiftc -module-name RubberBanding -Onone -enforce-exclusivity\=checked @/Users/admin/builder/spi-builder-workspace/.derivedData/Build/Intermediates.noindex/RubberBanding.build/Debug-watchos/RubberBanding.build/Objects-normal/armv7k/RubberBanding.SwiftFileList -DSWIFT_PACKAGE -DDEBUG -DSWIFT_MODULE_RESOURCE_BUNDLE_UNAVAILABLE -DXcode -plugin-path /Applications/Xcode-26.3.0.app/Contents/Developer/Toolchains/XcodeDefault.xctoolchain/usr/lib/swift/host/plugins/testing -enable-experimental-feature DebugDescriptionMacro -sdk /Applications/Xcode-26.3.0.app/Contents/Developer/Platforms/WatchOS.platform/Developer/SDKs/WatchOS26.2.sdk -target armv7k-apple-watchos5.0 -g -module-cache-path /Users/admin/builder/spi-builder-workspace/.derivedData/ModuleCache.noindex -Xfrontend -serialize-debugging-options -profile-coverage-mapping -profile-generate -enable-testing -suppress-warnings -index-store-path /Users/admin/builder/spi-builder-workspace/.derivedData/Index.noindex/DataStore -Xcc -D_LIBCPP_HARDENING_MODE\=_LIBCPP_HARDENING_MODE_DEBUG -swift-version 5 -I /Users/admin/builder/spi-builder-workspace/.derivedData/Build/Products/Debug-watchos -Isystem /Applications/Xcode-26.3.0.app/Contents/Developer/Platforms/WatchOS.platform/Developer/usr/lib -F /Users/admin/builder/spi-builder-workspace/.derivedData/Build/Products/Debug-watchos -F /Applications/Xcode-26.3.0.app/Contents/Developer/Platforms/WatchOS.platform/Developer/Library/Frameworks -F /Applications/Xcode-26.3.0.app/Contents/Developer/Platforms/WatchOS.platform/Developer/SDKs/WatchOS26.2.sdk/Developer/Library/Frameworks -parse-as-library -c -j10 -enable-batch-mode -incremental -Xcc -ivfsstatcache -Xcc /Users/admin/builder/spi-builder-workspace/.derivedData/SDKStatCaches.noindex/watchos26.2-23S303-dc75598d0054f22ec865fa860f139d721753b489057de6bda919edfa1c59a62b.sdkstatcache -output-file-map /Users/admin/builder/spi-builder-workspace/.derivedData/Build/Intermediates.noindex/RubberBanding.build/Debug-watchos/RubberBanding.build/Objects-normal/armv7k/RubberBanding-OutputFileMap.json -use-frontend-parseable-output -save-temps -no-color-diagnostics -explicit-module-build -module-cache-path /Users/admin/builder/spi-builder-workspace/.derivedData/Build/Intermediates.noindex/SwiftExplicitPrecompiledModules -clang-scanner-module-cache-path /Users/admin/builder/spi-builder-workspace/.derivedData/ModuleCache.noindex -sdk-module-cache-path /Users/admin/builder/spi-builder-workspace/.derivedData/ModuleCache.noindex -serialize-diagnostics -emit-dependencies -emit-module -emit-module-path /Users/admin/builder/spi-builder-workspace/.derivedData/Build/Intermediates.noindex/RubberBanding.build/Debug-watchos/RubberBanding.build/Objects-normal/armv7k/RubberBanding.swiftmodule -validate-clang-modules-once -clang-build-session-file /Users/admin/builder/spi-builder-workspace/.derivedData/ModuleCache.noindex/Session.modulevalidation -package-name swift_rubber_banding -Xcc -I/Users/admin/builder/spi-builder-workspace/.derivedData/Build/Intermediates.noindex/RubberBanding.build/Debug-watchos/RubberBanding.build/swift-overrides.hmap -emit-const-values -Xfrontend -const-gather-protocols-file -Xfrontend /Users/admin/builder/spi-builder-workspace/.derivedData/Build/Intermediates.noindex/RubberBanding.build/Debug-watchos/RubberBanding.build/Objects-normal/armv7k/RubberBanding_const_extract_protocols.json -Xcc -I/Users/admin/builder/spi-builder-workspace/.derivedData/Build/Products/Debug-watchos/include -Xcc -I/Users/admin/builder/spi-builder-workspace/.derivedData/Build/Intermediates.noindex/RubberBanding.build/Debug-watchos/RubberBanding.build/DerivedSources-normal/armv7k -Xcc -I/Users/admin/builder/spi-builder-workspace/.derivedData/Build/Intermediates.noindex/RubberBanding.build/Debug-watchos/RubberBanding.build/DerivedSources/armv7k -Xcc -I/Users/admin/builder/spi-builder-workspace/.derivedData/Build/Intermediates.noindex/RubberBanding.build/Debug-watchos/RubberBanding.build/DerivedSources -Xcc -DSWIFT_PACKAGE -Xcc -DDEBUG\=1 -emit-objc-header -emit-objc-header-path /Users/admin/builder/spi-builder-workspace/.derivedData/Build/Intermediates.noindex/RubberBanding.build/Debug-watchos/RubberBanding.build/Objects-normal/armv7k/RubberBanding-Swift.h -working-directory /Users/admin/builder/spi-builder-workspace/.swiftpm/xcode -experimental-emit-module-separately -disable-cmo
Ld /Users/admin/builder/spi-builder-workspace/.derivedData/Build/Intermediates.noindex/RubberBanding.build/Debug-watchos/RubberBanding.build/Objects-normal/armv7k/Binary/RubberBanding.o normal armv7k (in target 'RubberBanding' from project 'RubberBanding')
cd /Users/admin/builder/spi-builder-workspace/.dependencies/checkouts/swift-rubber-banding
/Applications/Xcode-26.3.0.app/Contents/Developer/Toolchains/XcodeDefault.xctoolchain/usr/bin/clang -Xlinker -reproducible -target armv7k-apple-watchos5.0 -r -isysroot /Applications/Xcode-26.3.0.app/Contents/Developer/Platforms/WatchOS.platform/Developer/SDKs/WatchOS26.2.sdk -O0 -w -L/Users/admin/builder/spi-builder-workspace/.derivedData/Build/Intermediates.noindex/EagerLinkingTBDs/Debug-watchos -L/Users/admin/builder/spi-builder-workspace/.derivedData/Build/Products/Debug-watchos -L/Applications/Xcode-26.3.0.app/Contents/Developer/Platforms/WatchOS.platform/Developer/usr/lib -F/Users/admin/builder/spi-builder-workspace/.derivedData/Build/Intermediates.noindex/EagerLinkingTBDs/Debug-watchos -F/Users/admin/builder/spi-builder-workspace/.derivedData/Build/Products/Debug-watchos -iframework /Applications/Xcode-26.3.0.app/Contents/Developer/Platforms/WatchOS.platform/Developer/Library/Frameworks -iframework /Applications/Xcode-26.3.0.app/Contents/Developer/Platforms/WatchOS.platform/Developer/SDKs/WatchOS26.2.sdk/Developer/Library/Frameworks -filelist /Users/admin/builder/spi-builder-workspace/.derivedData/Build/Intermediates.noindex/RubberBanding.build/Debug-watchos/RubberBanding.build/Objects-normal/armv7k/RubberBanding.LinkFileList -nostdlib -Xlinker -object_path_lto -Xlinker /Users/admin/builder/spi-builder-workspace/.derivedData/Build/Intermediates.noindex/RubberBanding.build/Debug-watchos/RubberBanding.build/Objects-normal/armv7k/RubberBanding_lto.o -rdynamic -Xlinker -no_deduplicate -Xlinker -debug_variant -Xlinker -dependency_info -Xlinker /Users/admin/builder/spi-builder-workspace/.derivedData/Build/Intermediates.noindex/RubberBanding.build/Debug-watchos/RubberBanding.build/Objects-normal/armv7k/RubberBanding_dependency_info.dat -fobjc-link-runtime -L/Applications/Xcode-26.3.0.app/Contents/Developer/Toolchains/XcodeDefault.xctoolchain/usr/lib/swift/watchos -L/usr/lib/swift -Xlinker -add_ast_path -Xlinker /Users/admin/builder/spi-builder-workspace/.derivedData/Build/Intermediates.noindex/RubberBanding.build/Debug-watchos/RubberBanding.build/Objects-normal/armv7k/RubberBanding.swiftmodule @/Users/admin/builder/spi-builder-workspace/.derivedData/Build/Intermediates.noindex/RubberBanding.build/Debug-watchos/RubberBanding.build/Objects-normal/armv7k/RubberBanding-linker-args.resp -o /Users/admin/builder/spi-builder-workspace/.derivedData/Build/Intermediates.noindex/RubberBanding.build/Debug-watchos/RubberBanding.build/Objects-normal/armv7k/Binary/RubberBanding.o
SwiftExplicitDependencyGeneratePcm arm64_32 /Users/admin/builder/spi-builder-workspace/.derivedData/ModuleCache.noindex/simd-9BYVQEJ0MLQ40IRA0VT385G31.pcm
SwiftExplicitDependencyGeneratePcm armv7k /Users/admin/builder/spi-builder-workspace/.derivedData/ModuleCache.noindex/MachO-9NTCA756NLTMLRH8VERKJ0BNM.pcm
SwiftExplicitDependencyGeneratePcm armv7k /Users/admin/builder/spi-builder-workspace/.derivedData/ModuleCache.noindex/ObjectiveC-ACM927XFRCK5MLNYU4TDJPUI9.pcm
CreateUniversalBinary /Users/admin/builder/spi-builder-workspace/.derivedData/Build/Products/Debug-watchos/RubberBanding.o normal arm64\ armv7k\ arm64_32 (in target 'RubberBanding' from project 'RubberBanding')
cd /Users/admin/builder/spi-builder-workspace/.dependencies/checkouts/swift-rubber-banding
/Applications/Xcode-26.3.0.app/Contents/Developer/Toolchains/XcodeDefault.xctoolchain/usr/bin/lipo -create /Users/admin/builder/spi-builder-workspace/.derivedData/Build/Intermediates.noindex/RubberBanding.build/Debug-watchos/RubberBanding.build/Objects-normal/arm64/Binary/RubberBanding.o /Users/admin/builder/spi-builder-workspace/.derivedData/Build/Intermediates.noindex/RubberBanding.build/Debug-watchos/RubberBanding.build/Objects-normal/armv7k/Binary/RubberBanding.o /Users/admin/builder/spi-builder-workspace/.derivedData/Build/Intermediates.noindex/RubberBanding.build/Debug-watchos/RubberBanding.build/Objects-normal/arm64_32/Binary/RubberBanding.o -output /Users/admin/builder/spi-builder-workspace/.derivedData/Build/Products/Debug-watchos/RubberBanding.o
SwiftExplicitDependencyGeneratePcm armv7k /Users/admin/builder/spi-builder-workspace/.derivedData/ModuleCache.noindex/os_object-CTAU3YFP52X3B3RQNJKXAB0S2.pcm
SwiftExplicitDependencyGeneratePcm arm64 /Users/admin/builder/spi-builder-workspace/.derivedData/ModuleCache.noindex/ObjectiveC-2PU9OT47G6RBOHSXQR2STMWWR.pcm
SwiftExplicitDependencyGeneratePcm arm64 /Users/admin/builder/spi-builder-workspace/.derivedData/ModuleCache.noindex/MachO-CBB7CDJCGLJ1KAOBMESQJ6HN0.pcm
SwiftExplicitDependencyGeneratePcm arm64_32 /Users/admin/builder/spi-builder-workspace/.derivedData/ModuleCache.noindex/MachO-7QHSINQMXX9UYJSOISDF3NS24.pcm
SwiftExplicitDependencyGeneratePcm arm64_32 /Users/admin/builder/spi-builder-workspace/.derivedData/ModuleCache.noindex/ObjectiveC-AVYBQYXS0QCLOEQGWXNFUFJ0V.pcm
SwiftExplicitDependencyGeneratePcm armv7k /Users/admin/builder/spi-builder-workspace/.derivedData/ModuleCache.noindex/Spatial-6RFAQ3YWRZM9I5GCSPFYFQVCI.pcm
SwiftExplicitDependencyGeneratePcm armv7k /Users/admin/builder/spi-builder-workspace/.derivedData/ModuleCache.noindex/os_workgroup-5XIFNOMVKG500RY054IJSXA0A.pcm
ExtractAppIntentsMetadata (in target 'RubberBanding' from project 'RubberBanding')
cd /Users/admin/builder/spi-builder-workspace/.dependencies/checkouts/swift-rubber-banding
/Applications/Xcode-26.3.0.app/Contents/Developer/Toolchains/XcodeDefault.xctoolchain/usr/bin/appintentsmetadataprocessor --toolchain-dir /var/run/com.apple.security.cryptexd/mnt/com.apple.MobileAsset.MetalToolchain-v17.3.7003.10.e5qXoz/Metal.xctoolchain --module-name RubberBanding --sdk-root /Applications/Xcode-26.3.0.app/Contents/Developer/Platforms/WatchOS.platform/Developer/SDKs/WatchOS26.2.sdk --xcode-version 17C529 --platform-family watchOS --deployment-target 5.0 --bundle-identifier swift-rubber-banding.RubberBanding --output /Users/admin/builder/spi-builder-workspace/.derivedData/Build/Products/Debug-watchos/RubberBanding.appintents --target-triple arm64-apple-watchos5.0 --target-triple armv7k-apple-watchos5.0 --target-triple arm64_32-apple-watchos5.0 --binary-file /Users/admin/builder/spi-builder-workspace/.derivedData/Build/Products/Debug-watchos/RubberBanding.o --dependency-file /Users/admin/builder/spi-builder-workspace/.derivedData/Build/Intermediates.noindex/RubberBanding.build/Debug-watchos/RubberBanding.build/Objects-normal/arm64/RubberBanding_dependency_info.dat --dependency-file /Users/admin/builder/spi-builder-workspace/.derivedData/Build/Intermediates.noindex/RubberBanding.build/Debug-watchos/RubberBanding.build/Objects-normal/armv7k/RubberBanding_dependency_info.dat --dependency-file /Users/admin/builder/spi-builder-workspace/.derivedData/Build/Intermediates.noindex/RubberBanding.build/Debug-watchos/RubberBanding.build/Objects-normal/arm64_32/RubberBanding_dependency_info.dat --stringsdata-file /Users/admin/builder/spi-builder-workspace/.derivedData/Build/Intermediates.noindex/RubberBanding.build/Debug-watchos/RubberBanding.build/Objects-normal/arm64/ExtractedAppShortcutsMetadata.stringsdata --stringsdata-file /Users/admin/builder/spi-builder-workspace/.derivedData/Build/Intermediates.noindex/RubberBanding.build/Debug-watchos/RubberBanding.build/Objects-normal/armv7k/ExtractedAppShortcutsMetadata.stringsdata --stringsdata-file /Users/admin/builder/spi-builder-workspace/.derivedData/Build/Intermediates.noindex/RubberBanding.build/Debug-watchos/RubberBanding.build/Objects-normal/arm64_32/ExtractedAppShortcutsMetadata.stringsdata --source-file-list /Users/admin/builder/spi-builder-workspace/.derivedData/Build/Intermediates.noindex/RubberBanding.build/Debug-watchos/RubberBanding.build/Objects-normal/arm64/RubberBanding.SwiftFileList --source-file-list /Users/admin/builder/spi-builder-workspace/.derivedData/Build/Intermediates.noindex/RubberBanding.build/Debug-watchos/RubberBanding.build/Objects-normal/armv7k/RubberBanding.SwiftFileList --source-file-list /Users/admin/builder/spi-builder-workspace/.derivedData/Build/Intermediates.noindex/RubberBanding.build/Debug-watchos/RubberBanding.build/Objects-normal/arm64_32/RubberBanding.SwiftFileList --metadata-file-list /Users/admin/builder/spi-builder-workspace/.derivedData/Build/Intermediates.noindex/RubberBanding.build/Debug-watchos/RubberBanding.build/RubberBanding.DependencyMetadataFileList --static-metadata-file-list /Users/admin/builder/spi-builder-workspace/.derivedData/Build/Intermediates.noindex/RubberBanding.build/Debug-watchos/RubberBanding.build/RubberBanding.DependencyStaticMetadataFileList --swift-const-vals-list /Users/admin/builder/spi-builder-workspace/.derivedData/Build/Intermediates.noindex/RubberBanding.build/Debug-watchos/RubberBanding.build/Objects-normal/arm64/RubberBanding.SwiftConstValuesFileList --swift-const-vals-list /Users/admin/builder/spi-builder-workspace/.derivedData/Build/Intermediates.noindex/RubberBanding.build/Debug-watchos/RubberBanding.build/Objects-normal/armv7k/RubberBanding.SwiftConstValuesFileList --swift-const-vals-list /Users/admin/builder/spi-builder-workspace/.derivedData/Build/Intermediates.noindex/RubberBanding.build/Debug-watchos/RubberBanding.build/Objects-normal/arm64_32/RubberBanding.SwiftConstValuesFileList --force --compile-time-extraction --deployment-aware-processing --validate-assistant-intents --no-app-shortcuts-localization
2026-08-17 22:21:27.088 appintentsmetadataprocessor[932:5951] Starting appintentsmetadataprocessor export
2026-08-17 22:21:27.274 appintentsmetadataprocessor[932:5951] Extracted no relevant App Intents symbols, skipping writing output
SwiftExplicitDependencyGeneratePcm arm64 /Users/admin/builder/spi-builder-workspace/.derivedData/ModuleCache.noindex/os_object-CIUJ5N1V1HWSGEK024IV96R1M.pcm
SwiftExplicitDependencyGeneratePcm arm64_32 /Users/admin/builder/spi-builder-workspace/.derivedData/ModuleCache.noindex/os_object-8N6RR4J5VVS62U9VXHR1297AW.pcm
SwiftExplicitDependencyGeneratePcm armv7k /Users/admin/builder/spi-builder-workspace/.derivedData/ModuleCache.noindex/Dispatch-CDWEQAFJBASNR6ZVDOK5OXT4V.pcm
SwiftExplicitDependencyGeneratePcm armv7k /Users/admin/builder/spi-builder-workspace/.derivedData/ModuleCache.noindex/os-A2KV5OCYYGX3ATHV3DI40T7XB.pcm
SwiftExplicitDependencyGeneratePcm arm64 /Users/admin/builder/spi-builder-workspace/.derivedData/ModuleCache.noindex/os_workgroup-5S02ISLSMHO6BA5HLY5UNJ6A3.pcm
SwiftExplicitDependencyGeneratePcm arm64_32 /Users/admin/builder/spi-builder-workspace/.derivedData/ModuleCache.noindex/os_workgroup-EGGSTWNSSUGG124AQRBUF2J85.pcm
SwiftExplicitDependencyGeneratePcm armv7k /Users/admin/builder/spi-builder-workspace/.derivedData/ModuleCache.noindex/CoreFoundation-RUCL80CI9TRWFFLKE600Z06O.pcm
SwiftExplicitDependencyGeneratePcm arm64 /Users/admin/builder/spi-builder-workspace/.derivedData/ModuleCache.noindex/Spatial-P3M6DE6INE5TFFPGQXB74VLJ.pcm
SwiftExplicitDependencyGeneratePcm arm64_32 /Users/admin/builder/spi-builder-workspace/.derivedData/ModuleCache.noindex/Spatial-DGQ1Z61Q5HV0ERQQK6QDL9GGR.pcm
SwiftExplicitDependencyGeneratePcm arm64_32 /Users/admin/builder/spi-builder-workspace/.derivedData/ModuleCache.noindex/os-1GWCV6O27DHF8WQFPLJNCFKK4.pcm
SwiftExplicitDependencyGeneratePcm arm64_32 /Users/admin/builder/spi-builder-workspace/.derivedData/ModuleCache.noindex/Dispatch-DV1SP0JEXVJ6MTIWZ3XCJTXSW.pcm
SwiftExplicitDependencyGeneratePcm arm64 /Users/admin/builder/spi-builder-workspace/.derivedData/ModuleCache.noindex/Dispatch-4KQN7RRX0L9C07MGTWHYRJGYM.pcm
SwiftExplicitDependencyGeneratePcm arm64 /Users/admin/builder/spi-builder-workspace/.derivedData/ModuleCache.noindex/os-AOK4LQ23MW2NBBUH2N8QOP52R.pcm
SwiftExplicitDependencyGeneratePcm armv7k /Users/admin/builder/spi-builder-workspace/.derivedData/ModuleCache.noindex/CoreGraphics-A230YT8VVJ0UP5GJNZGB054RH.pcm
SwiftExplicitDependencyGeneratePcm armv7k /Users/admin/builder/spi-builder-workspace/.derivedData/ModuleCache.noindex/Security-C9A0B26R2UIADBXLVBKU1FJV1.pcm
SwiftExplicitDependencyGeneratePcm arm64 /Users/admin/builder/spi-builder-workspace/.derivedData/ModuleCache.noindex/CoreFoundation-C0JIKJUNM7J0IFUIZ8S5RWP5A.pcm
SwiftExplicitDependencyGeneratePcm arm64_32 /Users/admin/builder/spi-builder-workspace/.derivedData/ModuleCache.noindex/CoreFoundation-EN8GNA4ERP0UOK1XPZ1YRZKGF.pcm
SwiftExplicitDependencyGeneratePcm armv7k /Users/admin/builder/spi-builder-workspace/.derivedData/ModuleCache.noindex/Foundation-BFCHXYDNJGNDW2FA1JATYZ9KO.pcm
SwiftExplicitDependencyGeneratePcm armv7k /Users/admin/builder/spi-builder-workspace/.derivedData/ModuleCache.noindex/CoreText-DCPN7X6HQXY78VOK12DIFINRJ.pcm
SwiftExplicitDependencyGeneratePcm armv7k /Users/admin/builder/spi-builder-workspace/.derivedData/ModuleCache.noindex/CoreVideo-9LJSZ98GBQC0NW896CIQW0UEV.pcm
SwiftExplicitDependencyGeneratePcm arm64 /Users/admin/builder/spi-builder-workspace/.derivedData/ModuleCache.noindex/Security-8WXKZYCC8N3IYZ7GEEYK1LTTC.pcm
SwiftExplicitDependencyGeneratePcm arm64 /Users/admin/builder/spi-builder-workspace/.derivedData/ModuleCache.noindex/CoreGraphics-2FMIK8L6NJMCE0PUQH3KNMGI3.pcm
SwiftExplicitDependencyGeneratePcm arm64_32 /Users/admin/builder/spi-builder-workspace/.derivedData/ModuleCache.noindex/Security-8KJEGVX0ECINJU374GLCNITFA.pcm
SwiftExplicitDependencyGeneratePcm arm64_32 /Users/admin/builder/spi-builder-workspace/.derivedData/ModuleCache.noindex/CoreGraphics-54WAF0IQ8H82D87XJZCFRIVTY.pcm
SwiftExplicitDependencyGeneratePcm arm64 /Users/admin/builder/spi-builder-workspace/.derivedData/ModuleCache.noindex/Foundation-188QGUU7PNEMS0JL2JNA4L9D.pcm
SwiftExplicitDependencyGeneratePcm arm64_32 /Users/admin/builder/spi-builder-workspace/.derivedData/ModuleCache.noindex/Foundation-1ZQJQ54U4TUPUQFY2U9YK0983.pcm
SwiftExplicitDependencyGeneratePcm arm64_32 /Users/admin/builder/spi-builder-workspace/.derivedData/ModuleCache.noindex/CoreVideo-DAFM97GFIP18A85P7GYKWGVKF.pcm
SwiftExplicitDependencyGeneratePcm arm64_32 /Users/admin/builder/spi-builder-workspace/.derivedData/ModuleCache.noindex/CoreText-69WFEC62YDTCXQEGLBFA7KKF1.pcm
SwiftExplicitDependencyGeneratePcm arm64 /Users/admin/builder/spi-builder-workspace/.derivedData/ModuleCache.noindex/CoreVideo-15AO69LNM8QYOGDN9W7HMBMTS.pcm
SwiftExplicitDependencyGeneratePcm arm64 /Users/admin/builder/spi-builder-workspace/.derivedData/ModuleCache.noindex/CoreText-2GN9EZ4ZQV3RJTZAUM2RAP0C5.pcm
SwiftExplicitDependencyGeneratePcm armv7k /Users/admin/builder/spi-builder-workspace/.derivedData/ModuleCache.noindex/_LocationEssentials-6RPXUWONXZZQNEVRO7EVCWQ8J.pcm
SwiftExplicitDependencyGeneratePcm armv7k /Users/admin/builder/spi-builder-workspace/.derivedData/ModuleCache.noindex/QuartzCore-E5DSOST36XGNVVQHZIS419UFC.pcm
SwiftExplicitDependencyGeneratePcm armv7k /Users/admin/builder/spi-builder-workspace/.derivedData/ModuleCache.noindex/OSLog-5A0L0MW8SO3QFDNRLJSQPI59Y.pcm
SwiftExplicitDependencyGeneratePcm armv7k /Users/admin/builder/spi-builder-workspace/.derivedData/ModuleCache.noindex/UserNotifications-CL55GGUF3EY5ZD9C91CWRQTIO.pcm
SwiftExplicitDependencyGeneratePcm armv7k /Users/admin/builder/spi-builder-workspace/.derivedData/ModuleCache.noindex/Accessibility-12JU0I443ZEPF4RTH0JWTSNRI.pcm
SwiftExplicitDependencyGeneratePcm armv7k /Users/admin/builder/spi-builder-workspace/.derivedData/ModuleCache.noindex/UniformTypeIdentifiers-574XQDS9Z0VG0613D2YZQXOZ5.pcm
SwiftExplicitDependencyGeneratePcm armv7k /Users/admin/builder/spi-builder-workspace/.derivedData/ModuleCache.noindex/UIUtilities-3L6BZV1EK7T0DMR10S63VG17H.pcm
SwiftExplicitDependencyGeneratePcm armv7k /Users/admin/builder/spi-builder-workspace/.derivedData/ModuleCache.noindex/CoreData-16LHBTXRAA3PUQCX54R8313TT.pcm
SwiftExplicitDependencyGeneratePcm armv7k /Users/admin/builder/spi-builder-workspace/.derivedData/ModuleCache.noindex/CoreLocation-6H5FDYJ8BBBA1TR9Y796016MP.pcm
SwiftExplicitDependencyGeneratePcm armv7k /Users/admin/builder/spi-builder-workspace/.derivedData/ModuleCache.noindex/DataDetection-5A88L7N08ADBUP44SKGFLKLDG.pcm
SwiftExplicitDependencyGeneratePcm armv7k /Users/admin/builder/spi-builder-workspace/.derivedData/ModuleCache.noindex/CoreTransferable-3GDQ7JUXXEYCW5AE0M4K5JN6P.pcm
SwiftExplicitDependencyGeneratePcm armv7k /Users/admin/builder/spi-builder-workspace/.derivedData/ModuleCache.noindex/SceneKit-1X6X33RVDGLJSOA4XFFH989CS.pcm
SwiftExplicitDependencyGeneratePcm armv7k /Users/admin/builder/spi-builder-workspace/.derivedData/ModuleCache.noindex/Symbols-4VO7DDKC0KZH0J59PHASYUCD7.pcm
SwiftExplicitDependencyGeneratePcm armv7k /Users/admin/builder/spi-builder-workspace/.derivedData/ModuleCache.noindex/SwiftUICore-DDOCCMECRVCFO0U3NLSLEABPC.pcm
SwiftExplicitDependencyGeneratePcm armv7k /Users/admin/builder/spi-builder-workspace/.derivedData/ModuleCache.noindex/UIKit-D1VYH5ZMVKWMCB6QIOECFJAU9.pcm
SwiftExplicitDependencyGeneratePcm arm64_32 /Users/admin/builder/spi-builder-workspace/.derivedData/ModuleCache.noindex/UserNotifications-CY8CZNOA4HZ4NXF0NT757OY1I.pcm
SwiftExplicitDependencyGeneratePcm arm64_32 /Users/admin/builder/spi-builder-workspace/.derivedData/ModuleCache.noindex/UniformTypeIdentifiers-6VZH7JUQRBGXCIXRY267O4LKC.pcm
SwiftExplicitDependencyGeneratePcm arm64_32 /Users/admin/builder/spi-builder-workspace/.derivedData/ModuleCache.noindex/_LocationEssentials-4AVGDYZWJ1Z1EFYUB10MHWTSY.pcm
SwiftExplicitDependencyGeneratePcm arm64_32 /Users/admin/builder/spi-builder-workspace/.derivedData/ModuleCache.noindex/UIUtilities-CPB7RV7T2CQM4IT41KNK8WEPF.pcm
SwiftExplicitDependencyGeneratePcm arm64_32 /Users/admin/builder/spi-builder-workspace/.derivedData/ModuleCache.noindex/OSLog-BBMJB65CZBEAD54GKEVKN32T5.pcm
SwiftExplicitDependencyGeneratePcm arm64 /Users/admin/builder/spi-builder-workspace/.derivedData/ModuleCache.noindex/CoreTransferable-8REPBA8E7O6DTYSXERNLF5EVF.pcm
SwiftExplicitDependencyGeneratePcm arm64 /Users/admin/builder/spi-builder-workspace/.derivedData/ModuleCache.noindex/SceneKit-3DCFJMYMG1AW8U9GLQQCC1TM9.pcm
SwiftExplicitDependencyGeneratePcm arm64 /Users/admin/builder/spi-builder-workspace/.derivedData/ModuleCache.noindex/CoreData-2R09KN2ITB4YCFZYE0RKJ42SX.pcm
SwiftExplicitDependencyGeneratePcm arm64_32 /Users/admin/builder/spi-builder-workspace/.derivedData/ModuleCache.noindex/Accessibility-869BJBZ6Y0GHCSU4LZ2MMOG62.pcm
SwiftExplicitDependencyGeneratePcm arm64_32 /Users/admin/builder/spi-builder-workspace/.derivedData/ModuleCache.noindex/QuartzCore-5EU9GG539SM7NV65MHB043EPG.pcm
SwiftExplicitDependencyGeneratePcm arm64 /Users/admin/builder/spi-builder-workspace/.derivedData/ModuleCache.noindex/QuartzCore-4KHS4Y6YPAFSDDCY9RNZPJHA3.pcm
SwiftExplicitDependencyGeneratePcm arm64 /Users/admin/builder/spi-builder-workspace/.derivedData/ModuleCache.noindex/Symbols-2U9Y3ZW48EA4WDS5V00VYWP77.pcm
SwiftExplicitDependencyGeneratePcm arm64_32 /Users/admin/builder/spi-builder-workspace/.derivedData/ModuleCache.noindex/CoreData-F2DL2NECK2F0P1OBHCU46MF3Q.pcm
SwiftExplicitDependencyGeneratePcm arm64 /Users/admin/builder/spi-builder-workspace/.derivedData/ModuleCache.noindex/_LocationEssentials-89SR6PJ8VGRNDNOJCJUJKQDF.pcm
SwiftExplicitDependencyGeneratePcm arm64_32 /Users/admin/builder/spi-builder-workspace/.derivedData/ModuleCache.noindex/Symbols-A1BAQZRA0IPQ1BAQPBXB0XLK.pcm
SwiftExplicitDependencyGeneratePcm arm64_32 /Users/admin/builder/spi-builder-workspace/.derivedData/ModuleCache.noindex/SceneKit-6MBHR3E1L3RXHLA4E857VB005.pcm
SwiftExplicitDependencyGeneratePcm arm64 /Users/admin/builder/spi-builder-workspace/.derivedData/ModuleCache.noindex/CoreLocation-BOG5PV0G1GSHHPJXU4ZBJCZRH.pcm
SwiftExplicitDependencyGeneratePcm arm64 /Users/admin/builder/spi-builder-workspace/.derivedData/ModuleCache.noindex/UIUtilities-2AT70EV9YA6Z5O1GGD8GO52CG.pcm
SwiftExplicitDependencyGeneratePcm arm64 /Users/admin/builder/spi-builder-workspace/.derivedData/ModuleCache.noindex/UserNotifications-57VYXICVMN3EV36XAB1WHJZ2C.pcm
SwiftExplicitDependencyGeneratePcm arm64 /Users/admin/builder/spi-builder-workspace/.derivedData/ModuleCache.noindex/DataDetection-DGEIPFEY2NNDNAFGCE7B6ZZG5.pcm
SwiftExplicitDependencyGeneratePcm arm64 /Users/admin/builder/spi-builder-workspace/.derivedData/ModuleCache.noindex/SwiftUICore-21H2UE8E2AZCB7ZNBBCK88V6B.pcm
SwiftExplicitDependencyGeneratePcm arm64_32 /Users/admin/builder/spi-builder-workspace/.derivedData/ModuleCache.noindex/SwiftUICore-8ANRRAIL34VOSEU0OQX19CRW1.pcm
SwiftExplicitDependencyGeneratePcm arm64_32 /Users/admin/builder/spi-builder-workspace/.derivedData/ModuleCache.noindex/CoreLocation-9RQ68E4O3PRRR7M1U83RT5KKA.pcm
SwiftExplicitDependencyGeneratePcm arm64 /Users/admin/builder/spi-builder-workspace/.derivedData/ModuleCache.noindex/UniformTypeIdentifiers-458KAXK374TXBBN52PBPJYRSJ.pcm
SwiftExplicitDependencyGeneratePcm arm64 /Users/admin/builder/spi-builder-workspace/.derivedData/ModuleCache.noindex/OSLog-15I59UMBV6CMH7II4GT8R5JED.pcm
SwiftExplicitDependencyGeneratePcm arm64_32 /Users/admin/builder/spi-builder-workspace/.derivedData/ModuleCache.noindex/CoreTransferable-2CVORFL3L1ZOPK3KZBFUQTSQZ.pcm
SwiftExplicitDependencyGeneratePcm arm64_32 /Users/admin/builder/spi-builder-workspace/.derivedData/ModuleCache.noindex/DataDetection-9RZALVH3Q8QWPGVOXLJMRIMNJ.pcm
SwiftExplicitDependencyGeneratePcm arm64 /Users/admin/builder/spi-builder-workspace/.derivedData/ModuleCache.noindex/Accessibility-4HTSNVYGF3VC9YDCPC2MNOPN4.pcm
SwiftExplicitDependencyGeneratePcm arm64 /Users/admin/builder/spi-builder-workspace/.derivedData/ModuleCache.noindex/UIKit-8SKRF6O0G9HZH553M3C9EWWAU.pcm
SwiftExplicitDependencyGeneratePcm arm64_32 /Users/admin/builder/spi-builder-workspace/.derivedData/ModuleCache.noindex/UIKit-1I38H26G25LVQJZB353WOWH6.pcm
RegisterExecutionPolicyException /Users/admin/builder/spi-builder-workspace/.derivedData/Build/Products/Debug-watchos/RubberBanding.o (in target 'RubberBanding' from project 'RubberBanding')
cd /Users/admin/builder/spi-builder-workspace/.dependencies/checkouts/swift-rubber-banding
builtin-RegisterExecutionPolicyException /Users/admin/builder/spi-builder-workspace/.derivedData/Build/Products/Debug-watchos/RubberBanding.o
SwiftExplicitDependencyGeneratePcm armv7k /Users/admin/builder/spi-builder-workspace/.derivedData/ModuleCache.noindex/MapKit-6ZRPL19HBNUG2VCW49XQ484VZ.pcm
SwiftExplicitDependencyGeneratePcm armv7k /Users/admin/builder/spi-builder-workspace/.derivedData/ModuleCache.noindex/HomeKit-SCBYUJ7YD0SUXSIN7NG0MWPA.pcm
SwiftExplicitDependencyGeneratePcm armv7k /Users/admin/builder/spi-builder-workspace/.derivedData/ModuleCache.noindex/WatchKit-69IILLZWH65S73S5X3NU9FGWX.pcm
SwiftExplicitDependencyGeneratePcm arm64 /Users/admin/builder/spi-builder-workspace/.derivedData/ModuleCache.noindex/MapKit-6Q8OOAF8BXB6AQCDERMACVNOQ.pcm
SwiftExplicitDependencyGeneratePcm arm64 /Users/admin/builder/spi-builder-workspace/.derivedData/ModuleCache.noindex/HomeKit-4C69268JUH909JW8MKMI4ZHZD.pcm
SwiftExplicitDependencyGeneratePcm arm64_32 /Users/admin/builder/spi-builder-workspace/.derivedData/ModuleCache.noindex/MapKit-61MX8NTUJI5M2YAB13WWU24YK.pcm
SwiftExplicitDependencyGeneratePcm arm64_32 /Users/admin/builder/spi-builder-workspace/.derivedData/ModuleCache.noindex/HomeKit-AHC3ILHKUO82Z75TFKF5V50CX.pcm
SwiftExplicitDependencyGeneratePcm armv7k /Users/admin/builder/spi-builder-workspace/.derivedData/ModuleCache.noindex/SwiftUI-2CWD7R423J4Q2GNMVYQ9JV7VI.pcm
SwiftCompile normal armv7k Compiling\ UIScrollViewInteroperableDragGestureRecognizer.swift /Users/admin/builder/spi-builder-workspace/.dependencies/checkouts/swiftui-scrollview-interoperable-drag-gesture/Sources/SwiftUIScrollViewInteroperableDragGesture/UIKit/UIScrollViewInteroperableDragGestureRecognizer.swift (in target 'SwiftUIScrollViewInteroperableDragGesture' from project 'swiftui-scrollview-interoperable-drag-gesture')
SwiftCompile normal armv7k /Users/admin/builder/spi-builder-workspace/.dependencies/checkouts/swiftui-scrollview-interoperable-drag-gesture/Sources/SwiftUIScrollViewInteroperableDragGesture/UIKit/UIScrollViewInteroperableDragGestureRecognizer.swift (in target 'SwiftUIScrollViewInteroperableDragGesture' from project 'swiftui-scrollview-interoperable-drag-gesture')
cd /Users/admin/builder/spi-builder-workspace/.swiftpm/xcode
SwiftEmitModule normal armv7k Emitting\ module\ for\ SwiftUISupportSizing (in target 'SwiftUISupportSizing' from project 'SwiftUISupport')
EmitSwiftModule normal armv7k (in target 'SwiftUISupportSizing' from project 'SwiftUISupport')
cd /Users/admin/builder/spi-builder-workspace/.swiftpm/xcode
SwiftEmitModule normal armv7k Emitting\ module\ for\ SwiftUIScrollViewInteroperableDragGesture (in target 'SwiftUIScrollViewInteroperableDragGesture' from project 'swiftui-scrollview-interoperable-drag-gesture')
Failed frontend command:
/Applications/Xcode-26.3.0.app/Contents/Developer/Toolchains/XcodeDefault.xctoolchain/usr/bin/swift-frontend -frontend -emit-module -experimental-skip-non-inlinable-function-bodies-without-types /Users/admin/builder/spi-builder-workspace/.dependencies/checkouts/swiftui-scrollview-interoperable-drag-gesture/Sources/SwiftUIScrollViewInteroperableDragGesture/DragGestureHandler.swift /Users/admin/builder/spi-builder-workspace/.dependencies/checkouts/swiftui-scrollview-interoperable-drag-gesture/Sources/SwiftUIScrollViewInteroperableDragGesture/ScrollController.swift /Users/admin/builder/spi-builder-workspace/.dependencies/checkouts/swiftui-scrollview-interoperable-drag-gesture/Sources/SwiftUIScrollViewInteroperableDragGesture/SwiftUIScrollViewInteroperableDragGesture.swift /Users/admin/builder/spi-builder-workspace/.dependencies/checkouts/swiftui-scrollview-interoperable-drag-gesture/Sources/SwiftUIScrollViewInteroperableDragGesture/UIKit/UIScrollViewInteroperableDragGestureRecognizer.swift /Users/admin/builder/spi-builder-workspace/.dependencies/checkouts/swiftui-scrollview-interoperable-drag-gesture/Sources/SwiftUIScrollViewInteroperableDragGesture/UIScrollView+.swift -target armv7k-apple-watchos6.0 -load-resolved-plugin /Applications/Xcode-26.3.0.app/Contents/Developer/Platforms/WatchOS.platform/Developer/usr/lib/swift/host/plugins/libFoundationMacros.dylib\#/Applications/Xcode-26.3.0.app/Contents/Developer/Platforms/WatchOS.platform/Developer/usr/bin/swift-plugin-server\#FoundationMacros -load-resolved-plugin /Applications/Xcode-26.3.0.app/Contents/Developer/Platforms/WatchOS.platform/Developer/usr/lib/swift/host/plugins/libObservationMacros.dylib\#/Applications/Xcode-26.3.0.app/Contents/Developer/Platforms/WatchOS.platform/Developer/usr/bin/swift-plugin-server\#ObservationMacros -load-resolved-plugin /Applications/Xcode-26.3.0.app/Contents/Developer/Platforms/WatchOS.platform/Developer/usr/lib/swift/host/plugins/libPreviewsMacros.dylib\#/Applications/Xcode-26.3.0.app/Contents/Developer/Platforms/WatchOS.platform/Developer/usr/bin/swift-plugin-server\#PreviewsMacros -load-resolved-plugin /Applications/Xcode-26.3.0.app/Contents/Developer/Platforms/WatchOS.platform/Developer/usr/lib/swift/host/plugins/libSwiftMacros.dylib\#/Applications/Xcode-26.3.0.app/Contents/Developer/Platforms/WatchOS.platform/Developer/usr/bin/swift-plugin-server\#SwiftMacros -load-resolved-plugin /Applications/Xcode-26.3.0.app/Contents/Developer/Platforms/WatchOS.platform/Developer/usr/lib/swift/host/plugins/libSwiftUIMacros.dylib\#/Applications/Xcode-26.3.0.app/Contents/Developer/Platforms/WatchOS.platform/Developer/usr/bin/swift-plugin-server\#SwiftUIMacros -disable-implicit-swift-modules -Xcc -fno-implicit-modules -Xcc -fno-implicit-module-maps -explicit-swift-module-map-file /Users/admin/builder/spi-builder-workspace/.derivedData/Build/Intermediates.noindex/swiftui-scrollview-interoperable-drag-gesture.build/Debug-watchos/SwiftUIScrollViewInteroperableDragGesture.build/Objects-normal/armv7k/SwiftUIScrollViewInteroperableDragGesture-dependencies-3.json -enable-objc-interop -stack-check -sdk /Applications/Xcode-26.3.0.app/Contents/Developer/Platforms/WatchOS.platform/Developer/SDKs/WatchOS26.2.sdk -I /Users/admin/builder/spi-builder-workspace/.derivedData/Build/Products/Debug-watchos -Isystem /Applications/Xcode-26.3.0.app/Contents/Developer/Platforms/WatchOS.platform/Developer/usr/lib -F /Users/admin/builder/spi-builder-workspace/.derivedData/Build/Products/Debug-watchos -F /Applications/Xcode-26.3.0.app/Contents/Developer/Platforms/WatchOS.platform/Developer/Library/Frameworks -F /Applications/Xcode-26.3.0.app/Contents/Developer/Platforms/WatchOS.platform/Developer/SDKs/WatchOS26.2.sdk/Developer/Library/Frameworks -no-color-diagnostics -Xcc -fno-color-diagnostics -enable-testing -g -debug-info-format\=dwarf -dwarf-version\=4 -module-cache-path /Users/admin/builder/spi-builder-workspace/.derivedData/Build/Intermediates.noindex/SwiftExplicitPrecompiledModules -suppress-warnings -profile-generate -profile-coverage-mapping -swift-version 6 -enforce-exclusivity\=checked -Onone -D SWIFT_PACKAGE -D DEBUG -D SWIFT_MODULE_RESOURCE_BUNDLE_UNAVAILABLE -D Xcode -serialize-debugging-options -const-gather-protocols-file /Users/admin/builder/spi-builder-workspace/.derivedData/Build/Intermediates.noindex/swiftui-scrollview-interoperable-drag-gesture.build/Debug-watchos/SwiftUIScrollViewInteroperableDragGesture.build/Objects-normal/armv7k/SwiftUIScrollViewInteroperableDragGesture_const_extract_protocols.json -enable-experimental-feature DebugDescriptionMacro -empty-abi-descriptor -user-module-version 0.5.0 -validate-clang-modules-once -clang-build-session-file /Users/admin/builder/spi-builder-workspace/.derivedData/ModuleCache.noindex/Session.modulevalidation -Xcc -working-directory -Xcc /Users/admin/builder/spi-builder-workspace/.swiftpm/xcode -enable-anonymous-context-mangled-names -file-compilation-dir /Users/admin/builder/spi-builder-workspace/.swiftpm/xcode -Xcc -D_LIBCPP_HARDENING_MODE\=_LIBCPP_HARDENING_MODE_DEBUG -Xcc -ivfsstatcache -Xcc /Users/admin/builder/spi-builder-workspace/.derivedData/SDKStatCaches.noindex/watchos26.2-23S303-dc75598d0054f22ec865fa860f139d721753b489057de6bda919edfa1c59a62b.sdkstatcache -Xcc -I/Users/admin/builder/spi-builder-workspace/.derivedData/Build/Intermediates.noindex/swiftui-scrollview-interoperable-drag-gesture.build/Debug-watchos/SwiftUIScrollViewInteroperableDragGesture.build/swift-overrides.hmap -Xcc -I/Users/admin/builder/spi-builder-workspace/.derivedData/Build/Products/Debug-watchos/include -Xcc -I/Users/admin/builder/spi-builder-workspace/.derivedData/Build/Intermediates.noindex/swiftui-scrollview-interoperable-drag-gesture.build/Debug-watchos/SwiftUIScrollViewInteroperableDragGesture.build/DerivedSources-normal/armv7k -Xcc -I/Users/admin/builder/spi-builder-workspace/.derivedData/Build/Intermediates.noindex/swiftui-scrollview-interoperable-drag-gesture.build/Debug-watchos/SwiftUIScrollViewInteroperableDragGesture.build/DerivedSources/armv7k -Xcc -I/Users/admin/builder/spi-builder-workspace/.derivedData/Build/Intermediates.noindex/swiftui-scrollview-interoperable-drag-gesture.build/Debug-watchos/SwiftUIScrollViewInteroperableDragGesture.build/DerivedSources -Xcc -DSWIFT_PACKAGE -Xcc -DDEBUG\=1 -no-auto-bridging-header-chaining -module-name SwiftUIScrollViewInteroperableDragGesture -package-name swiftui_scrollview_interoperable_drag_gesture -frontend-parseable-output -disable-clang-spi -target-sdk-version 26.2 -target-sdk-name watchos26.2 -clang-target armv7k-apple-watchos26.2 -in-process-plugin-server-path /Applications/Xcode-26.3.0.app/Contents/Developer/Toolchains/XcodeDefault.xctoolchain/usr/lib/swift/host/libSwiftInProcPluginServer.dylib -emit-module-doc-path /Users/admin/builder/spi-builder-workspace/.derivedData/Build/Intermediates.noindex/swiftui-scrollview-interoperable-drag-gesture.build/Debug-watchos/SwiftUIScrollViewInteroperableDragGesture.build/Objects-normal/armv7k/SwiftUIScrollViewInteroperableDragGesture.swiftdoc -emit-module-source-info-path /Users/admin/builder/spi-builder-workspace/.derivedData/Build/Intermediates.noindex/swiftui-scrollview-interoperable-drag-gesture.build/Debug-watchos/SwiftUIScrollViewInteroperableDragGesture.build/Objects-normal/armv7k/SwiftUIScrollViewInteroperableDragGesture.swiftsourceinfo -emit-objc-header-path /Users/admin/builder/spi-builder-workspace/.derivedData/Build/Intermediates.noindex/swiftui-scrollview-interoperable-drag-gesture.build/Debug-watchos/SwiftUIScrollViewInteroperableDragGesture.build/Objects-normal/armv7k/SwiftUIScrollViewInteroperableDragGesture-Swift.h -serialize-diagnostics-path /Users/admin/builder/spi-builder-workspace/.derivedData/Build/Intermediates.noindex/swiftui-scrollview-interoperable-drag-gesture.build/Debug-watchos/SwiftUIScrollViewInteroperableDragGesture.build/Objects-normal/armv7k/SwiftUIScrollViewInteroperableDragGesture-primary-emit-module.dia -emit-dependencies-path /Users/admin/builder/spi-builder-workspace/.derivedData/Build/Intermediates.noindex/swiftui-scrollview-interoperable-drag-gesture.build/Debug-watchos/SwiftUIScrollViewInteroperableDragGesture.build/Objects-normal/armv7k/SwiftUIScrollViewInteroperableDragGesture-primary-emit-module.d -o /Users/admin/builder/spi-builder-workspace/.derivedData/Build/Intermediates.noindex/swiftui-scrollview-interoperable-drag-gesture.build/Debug-watchos/SwiftUIScrollViewInteroperableDragGesture.build/Objects-normal/armv7k/SwiftUIScrollViewInteroperableDragGesture.swiftmodule -emit-abi-descriptor-path /Users/admin/builder/spi-builder-workspace/.derivedData/Build/Intermediates.noindex/swiftui-scrollview-interoperable-drag-gesture.build/Debug-watchos/SwiftUIScrollViewInteroperableDragGesture.build/Objects-normal/armv7k/SwiftUIScrollViewInteroperableDragGesture.abi.json
EmitSwiftModule normal armv7k (in target 'SwiftUIScrollViewInteroperableDragGesture' from project 'swiftui-scrollview-interoperable-drag-gesture')
cd /Users/admin/builder/spi-builder-workspace/.swiftpm/xcode
/Users/admin/builder/spi-builder-workspace/.dependencies/checkouts/swiftui-scrollview-interoperable-drag-gesture/Sources/SwiftUIScrollViewInteroperableDragGesture/DragGestureHandler.swift:51:25: error: 'UIGestureRecognizer' is unavailable in watchOS
@MainActor var state: UIGestureRecognizer.State { get }
^~~~~~~~~~~~~~~~~~~
/Applications/Xcode-26.3.0.app/Contents/Developer/Platforms/WatchOS.platform/Developer/SDKs/WatchOS26.2.sdk/System/Library/Frameworks/UIKit.framework/Headers/UIGestureRecognizer.h:35:12: note: 'UIGestureRecognizer' has been explicitly marked unavailable here
@interface UIGestureRecognizer : NSObject
^
/Users/admin/builder/spi-builder-workspace/.dependencies/checkouts/swiftui-scrollview-interoperable-drag-gesture/Sources/SwiftUIScrollViewInteroperableDragGesture/DragGestureHandler.swift:52:38: error: 'UIScrollView' is unavailable in watchOS
@MainActor var trackingScrollView: UIScrollView? { get }
^~~~~~~~~~~~
/Applications/Xcode-26.3.0.app/Contents/Developer/Platforms/WatchOS.platform/Developer/SDKs/WatchOS26.2.sdk/System/Library/Frameworks/UIKit.framework/Headers/UIScrollView.h:87:12: note: 'UIScrollView' has been explicitly marked unavailable here
@interface UIScrollView : UIView <NSCoding, UIFocusItemScrollableContainer>
^
/Users/admin/builder/spi-builder-workspace/.dependencies/checkouts/swiftui-scrollview-interoperable-drag-gesture/Sources/SwiftUIScrollViewInteroperableDragGesture/DragGestureHandler.swift:106:26: error: 'UIGestureRecognizer' is unavailable in watchOS
_ gestureRecognizer: UIGestureRecognizer,
^~~~~~~~~~~~~~~~~~~
/Applications/Xcode-26.3.0.app/Contents/Developer/Platforms/WatchOS.platform/Developer/SDKs/WatchOS26.2.sdk/System/Library/Frameworks/UIKit.framework/Headers/UIGestureRecognizer.h:35:12: note: 'UIGestureRecognizer' has been explicitly marked unavailable here
@interface UIGestureRecognizer : NSObject
^
/Users/admin/builder/spi-builder-workspace/.dependencies/checkouts/swiftui-scrollview-interoperable-drag-gesture/Sources/SwiftUIScrollViewInteroperableDragGesture/DragGestureHandler.swift:107:34: error: 'UIGestureRecognizer' is unavailable in watchOS
with otherGestureRecognizer: UIGestureRecognizer
^~~~~~~~~~~~~~~~~~~
/Applications/Xcode-26.3.0.app/Contents/Developer/Platforms/WatchOS.platform/Developer/SDKs/WatchOS26.2.sdk/System/Library/Frameworks/UIKit.framework/Headers/UIGestureRecognizer.h:35:12: note: 'UIGestureRecognizer' has been explicitly marked unavailable here
@interface UIGestureRecognizer : NSObject
^
/Users/admin/builder/spi-builder-workspace/.dependencies/checkouts/swiftui-scrollview-interoperable-drag-gesture/Sources/SwiftUIScrollViewInteroperableDragGesture/ScrollController.swift:26:19: error: 'UIScrollView' is unavailable in watchOS
let scrollView: UIScrollView
^~~~~~~~~~~~
/Applications/Xcode-26.3.0.app/Contents/Developer/Platforms/WatchOS.platform/Developer/SDKs/WatchOS26.2.sdk/System/Library/Frameworks/UIKit.framework/Headers/UIScrollView.h:87:12: note: 'UIScrollView' has been explicitly marked unavailable here
@interface UIScrollView : UIView <NSCoding, UIFocusItemScrollableContainer>
^
/Users/admin/builder/spi-builder-workspace/.dependencies/checkouts/swiftui-scrollview-interoperable-drag-gesture/Sources/SwiftUIScrollViewInteroperableDragGesture/ScrollController.swift:28:20: error: 'UIScrollView' is unavailable in watchOS
init(scrollView: UIScrollView) {
^~~~~~~~~~~~
/Applications/Xcode-26.3.0.app/Contents/Developer/Platforms/WatchOS.platform/Developer/SDKs/WatchOS26.2.sdk/System/Library/Frameworks/UIKit.framework/Headers/UIScrollView.h:87:12: note: 'UIScrollView' has been explicitly marked unavailable here
@interface UIScrollView : UIView <NSCoding, UIFocusItemScrollableContainer>
^
/Users/admin/builder/spi-builder-workspace/.dependencies/checkouts/swiftui-scrollview-interoperable-drag-gesture/Sources/SwiftUIScrollViewInteroperableDragGesture/ScrollController.swift:143:17: error: 'UIScrollView' is unavailable in watchOS
scrollView: UIScrollView,
^~~~~~~~~~~~
/Applications/Xcode-26.3.0.app/Contents/Developer/Platforms/WatchOS.platform/Developer/SDKs/WatchOS26.2.sdk/System/Library/Frameworks/UIKit.framework/Headers/UIScrollView.h:87:12: note: 'UIScrollView' has been explicitly marked unavailable here
@interface UIScrollView : UIView <NSCoding, UIFocusItemScrollableContainer>
^
/Users/admin/builder/spi-builder-workspace/.dependencies/checkouts/swiftui-scrollview-interoperable-drag-gesture/Sources/SwiftUIScrollViewInteroperableDragGesture/SwiftUIScrollViewInteroperableDragGesture.swift:20:28: error: 'UIGestureRecognizer' is unavailable in watchOS
_ gestureRecognizer: UIGestureRecognizer,
^~~~~~~~~~~~~~~~~~~
/Applications/Xcode-26.3.0.app/Contents/Developer/Platforms/WatchOS.platform/Developer/SDKs/WatchOS26.2.sdk/System/Library/Frameworks/UIKit.framework/Headers/UIGestureRecognizer.h:35:12: note: 'UIGestureRecognizer' has been explicitly marked unavailable here
@interface UIGestureRecognizer : NSObject
^
/Users/admin/builder/spi-builder-workspace/.dependencies/checkouts/swiftui-scrollview-interoperable-drag-gesture/Sources/SwiftUIScrollViewInteroperableDragGesture/SwiftUIScrollViewInteroperableDragGesture.swift:21:65: error: 'UIGestureRecognizer' is unavailable in watchOS
shouldRecognizeSimultaneouslyWith otherGestureRecognizer: UIGestureRecognizer
^~~~~~~~~~~~~~~~~~~
/Applications/Xcode-26.3.0.app/Contents/Developer/Platforms/WatchOS.platform/Developer/SDKs/WatchOS26.2.sdk/System/Library/Frameworks/UIKit.framework/Headers/UIGestureRecognizer.h:35:12: note: 'UIGestureRecognizer' has been explicitly marked unavailable here
@interface UIGestureRecognizer : NSObject
^
/Users/admin/builder/spi-builder-workspace/.dependencies/checkouts/swiftui-scrollview-interoperable-drag-gesture/Sources/SwiftUIScrollViewInteroperableDragGesture/SwiftUIScrollViewInteroperableDragGesture.swift:10:45: error: 'UIGestureRecognizerDelegate' is unavailable in watchOS
public final class Coordinator: NSObject, UIGestureRecognizerDelegate {
^~~~~~~~~~~~~~~~~~~~~~~~~~~
/Applications/Xcode-26.3.0.app/Contents/Developer/Platforms/WatchOS.platform/Developer/SDKs/WatchOS26.2.sdk/System/Library/Frameworks/UIKit.framework/Headers/UIGestureRecognizer.h:91:11: note: 'UIGestureRecognizerDelegate' has been explicitly marked unavailable here
@protocol UIGestureRecognizerDelegate <NSObject>
^
/Users/admin/builder/spi-builder-workspace/.dependencies/checkouts/swiftui-scrollview-interoperable-drag-gesture/Sources/SwiftUIScrollViewInteroperableDragGesture/SwiftUIScrollViewInteroperableDragGesture.swift:27:42: error: 'CoordinateSpaceProtocol' is only available in watchOS 10.0 or newer
private let coordinateSpaceInDragging: CoordinateSpaceProtocol
^
/Users/admin/builder/spi-builder-workspace/.dependencies/checkouts/swiftui-scrollview-interoperable-drag-gesture/Sources/SwiftUIScrollViewInteroperableDragGesture/SwiftUIScrollViewInteroperableDragGesture.swift:5:15: note: add '@available' attribute to enclosing struct
public struct ScrollViewInteroperableDragGesture: UIGestureRecognizerRepresentable {
^
/Users/admin/builder/spi-builder-workspace/.dependencies/checkouts/swiftui-scrollview-interoperable-drag-gesture/Sources/SwiftUIScrollViewInteroperableDragGesture/SwiftUIScrollViewInteroperableDragGesture.swift:43:32: error: 'CoordinateSpaceProtocol' is only available in watchOS 10.0 or newer
coordinateSpaceInDragging: CoordinateSpaceProtocol,
^
/Users/admin/builder/spi-builder-workspace/.dependencies/checkouts/swiftui-scrollview-interoperable-drag-gesture/Sources/SwiftUIScrollViewInteroperableDragGesture/SwiftUIScrollViewInteroperableDragGesture.swift:35:10: note: add '@available' attribute to enclosing initializer
public init(
^
/Users/admin/builder/spi-builder-workspace/.dependencies/checkouts/swiftui-scrollview-interoperable-drag-gesture/Sources/SwiftUIScrollViewInteroperableDragGesture/SwiftUIScrollViewInteroperableDragGesture.swift:5:15: note: add '@available' attribute to enclosing struct
public struct ScrollViewInteroperableDragGesture: UIGestureRecognizerRepresentable {
^
/Users/admin/builder/spi-builder-workspace/.dependencies/checkouts/swiftui-scrollview-interoperable-drag-gesture/Sources/SwiftUIScrollViewInteroperableDragGesture/SwiftUIScrollViewInteroperableDragGesture.swift:55:42: error: cannot find type 'CoordinateSpaceConverter' in scope
public func makeCoordinator(converter: CoordinateSpaceConverter) -> Coordinator {
^~~~~~~~~~~~~~~~~~~~~~~~
/Users/admin/builder/spi-builder-workspace/.dependencies/checkouts/swiftui-scrollview-interoperable-drag-gesture/Sources/SwiftUIScrollViewInteroperableDragGesture/SwiftUIScrollViewInteroperableDragGesture.swift:59:48: error: cannot find type 'Context' in scope
public func makeUIGestureRecognizer(context: Context) -> _ScrollViewDragGestureRecognizer {
^~~~~~~
/Users/admin/builder/spi-builder-workspace/.dependencies/checkouts/swiftui-scrollview-interoperable-drag-gesture/Sources/SwiftUIScrollViewInteroperableDragGesture/SwiftUIScrollViewInteroperableDragGesture.swift:70:14: error: cannot find type 'Context' in scope
context: Context
^~~~~~~
/Users/admin/builder/spi-builder-workspace/.dependencies/checkouts/swiftui-scrollview-interoperable-drag-gesture/Sources/SwiftUIScrollViewInteroperableDragGesture/SwiftUIScrollViewInteroperableDragGesture.swift:5:51: error: 'UIGestureRecognizerRepresentable' is unavailable in watchOS
public struct ScrollViewInteroperableDragGesture: UIGestureRecognizerRepresentable {
^~~~~~~~~~~~~~~~~~~~~~~~~~~~~~~~
SwiftUI.UIGestureRecognizerRepresentable:6:44: note: 'UIGestureRecognizerRepresentable' has been explicitly marked unavailable here
@MainActor @preconcurrency public protocol UIGestureRecognizerRepresentable {
^
/Users/admin/builder/spi-builder-workspace/.dependencies/checkouts/swiftui-scrollview-interoperable-drag-gesture/Sources/SwiftUIScrollViewInteroperableDragGesture/SwiftUIScrollViewInteroperableDragGesture.swift:107:32: error: 'UIScrollView' is unavailable in watchOS
weak var trackingScrollView: UIScrollView?
^~~~~~~~~~~~
/Applications/Xcode-26.3.0.app/Contents/Developer/Platforms/WatchOS.platform/Developer/SDKs/WatchOS26.2.sdk/System/Library/Frameworks/UIKit.framework/Headers/UIScrollView.h:87:12: note: 'UIScrollView' has been explicitly marked unavailable here
@interface UIScrollView : UIView <NSCoding, UIFocusItemScrollableContainer>
^
/Users/admin/builder/spi-builder-workspace/.dependencies/checkouts/swiftui-scrollview-interoperable-drag-gesture/Sources/SwiftUIScrollViewInteroperableDragGesture/SwiftUIScrollViewInteroperableDragGesture.swift:135:52: error: 'UITouch' is unavailable in watchOS
public override func touchesBegan(_ touches: Set<UITouch>, with event: UIEvent) {
^~~~~~~
/Applications/Xcode-26.3.0.app/Contents/Developer/Platforms/WatchOS.platform/Developer/SDKs/WatchOS26.2.sdk/System/Library/Frameworks/UIKit.framework/Headers/UITouch.h:51:12: note: 'UITouch' has been explicitly marked unavailable here
@interface UITouch : NSObject
^
/Users/admin/builder/spi-builder-workspace/.dependencies/checkouts/swiftui-scrollview-interoperable-drag-gesture/Sources/SwiftUIScrollViewInteroperableDragGesture/SwiftUIScrollViewInteroperableDragGesture.swift:135:74: error: 'UIEvent' is unavailable in watchOS
public override func touchesBegan(_ touches: Set<UITouch>, with event: UIEvent) {
^~~~~~~
/Applications/Xcode-26.3.0.app/Contents/Developer/Platforms/WatchOS.platform/Developer/SDKs/WatchOS26.2.sdk/System/Library/Frameworks/UIKit.framework/Headers/UIEvent.h:62:12: note: 'UIEvent' has been explicitly marked unavailable here
@interface UIEvent : NSObject
^
/Users/admin/builder/spi-builder-workspace/.dependencies/checkouts/swiftui-scrollview-interoperable-drag-gesture/Sources/SwiftUIScrollViewInteroperableDragGesture/SwiftUIScrollViewInteroperableDragGesture.swift:140:52: error: 'UITouch' is unavailable in watchOS
public override func touchesMoved(_ touches: Set<UITouch>, with event: UIEvent) {
^~~~~~~
/Applications/Xcode-26.3.0.app/Contents/Developer/Platforms/WatchOS.platform/Developer/SDKs/WatchOS26.2.sdk/System/Library/Frameworks/UIKit.framework/Headers/UITouch.h:51:12: note: 'UITouch' has been explicitly marked unavailable here
@interface UITouch : NSObject
^
/Users/admin/builder/spi-builder-workspace/.dependencies/checkouts/swiftui-scrollview-interoperable-drag-gesture/Sources/SwiftUIScrollViewInteroperableDragGesture/SwiftUIScrollViewInteroperableDragGesture.swift:140:74: error: 'UIEvent' is unavailable in watchOS
public override func touchesMoved(_ touches: Set<UITouch>, with event: UIEvent) {
^~~~~~~
/Applications/Xcode-26.3.0.app/Contents/Developer/Platforms/WatchOS.platform/Developer/SDKs/WatchOS26.2.sdk/System/Library/Frameworks/UIKit.framework/Headers/UIEvent.h:62:12: note: 'UIEvent' has been explicitly marked unavailable here
@interface UIEvent : NSObject
^
/Users/admin/builder/spi-builder-workspace/.dependencies/checkouts/swiftui-scrollview-interoperable-drag-gesture/Sources/SwiftUIScrollViewInteroperableDragGesture/SwiftUIScrollViewInteroperableDragGesture.swift:145:52: error: 'UITouch' is unavailable in watchOS
public override func touchesEnded(_ touches: Set<UITouch>, with event: UIEvent) {
^~~~~~~
/Applications/Xcode-26.3.0.app/Contents/Developer/Platforms/WatchOS.platform/Developer/SDKs/WatchOS26.2.sdk/System/Library/Frameworks/UIKit.framework/Headers/UITouch.h:51:12: note: 'UITouch' has been explicitly marked unavailable here
@interface UITouch : NSObject
^
/Users/admin/builder/spi-builder-workspace/.dependencies/checkouts/swiftui-scrollview-interoperable-drag-gesture/Sources/SwiftUIScrollViewInteroperableDragGesture/SwiftUIScrollViewInteroperableDragGesture.swift:145:74: error: 'UIEvent' is unavailable in watchOS
public override func touchesEnded(_ touches: Set<UITouch>, with event: UIEvent) {
^~~~~~~
/Applications/Xcode-26.3.0.app/Contents/Developer/Platforms/WatchOS.platform/Developer/SDKs/WatchOS26.2.sdk/System/Library/Frameworks/UIKit.framework/Headers/UIEvent.h:62:12: note: 'UIEvent' has been explicitly marked unavailable here
@interface UIEvent : NSObject
^
/Users/admin/builder/spi-builder-workspace/.dependencies/checkouts/swiftui-scrollview-interoperable-drag-gesture/Sources/SwiftUIScrollViewInteroperableDragGesture/SwiftUIScrollViewInteroperableDragGesture.swift:149:56: error: 'UITouch' is unavailable in watchOS
public override func touchesCancelled(_ touches: Set<UITouch>, with event: UIEvent) {
^~~~~~~
/Applications/Xcode-26.3.0.app/Contents/Developer/Platforms/WatchOS.platform/Developer/SDKs/WatchOS26.2.sdk/System/Library/Frameworks/UIKit.framework/Headers/UITouch.h:51:12: note: 'UITouch' has been explicitly marked unavailable here
@interface UITouch : NSObject
^
/Users/admin/builder/spi-builder-workspace/.dependencies/checkouts/swiftui-scrollview-interoperable-drag-gesture/Sources/SwiftUIScrollViewInteroperableDragGesture/SwiftUIScrollViewInteroperableDragGesture.swift:149:78: error: 'UIEvent' is unavailable in watchOS
public override func touchesCancelled(_ touches: Set<UITouch>, with event: UIEvent) {
^~~~~~~
/Applications/Xcode-26.3.0.app/Contents/Developer/Platforms/WatchOS.platform/Developer/SDKs/WatchOS26.2.sdk/System/Library/Frameworks/UIKit.framework/Headers/UIEvent.h:62:12: note: 'UIEvent' has been explicitly marked unavailable here
@interface UIEvent : NSObject
^
/Users/admin/builder/spi-builder-workspace/.dependencies/checkouts/swiftui-scrollview-interoperable-drag-gesture/Sources/SwiftUIScrollViewInteroperableDragGesture/SwiftUIScrollViewInteroperableDragGesture.swift:95:48: error: 'UIPanGestureRecognizer' is unavailable in watchOS
public class _ScrollViewDragGestureRecognizer: UIPanGestureRecognizer, ScrollViewDragGestureRecognizing {
^~~~~~~~~~~~~~~~~~~~~~
/Applications/Xcode-26.3.0.app/Contents/Developer/Platforms/WatchOS.platform/Developer/SDKs/WatchOS26.2.sdk/System/Library/Frameworks/UIKit.framework/Headers/UIPanGestureRecognizer.h:31:12: note: 'UIPanGestureRecognizer' has been explicitly marked unavailable here
@interface UIPanGestureRecognizer : UIGestureRecognizer
^
/Users/admin/builder/spi-builder-workspace/.dependencies/checkouts/swiftui-scrollview-interoperable-drag-gesture/Sources/SwiftUIScrollViewInteroperableDragGesture/SwiftUIScrollViewInteroperableDragGesture.swift:158:66: error: 'UIScrollView' is unavailable in watchOS
fileprivate func findScrollView(targetEdge: ScrollViewEdge) -> UIScrollView? {
^~~~~~~~~~~~
/Applications/Xcode-26.3.0.app/Contents/Developer/Platforms/WatchOS.platform/Developer/SDKs/WatchOS26.2.sdk/System/Library/Frameworks/UIKit.framework/Headers/UIScrollView.h:87:12: note: 'UIScrollView' has been explicitly marked unavailable here
@interface UIScrollView : UIView <NSCoding, UIFocusItemScrollableContainer>
^
/Users/admin/builder/spi-builder-workspace/.dependencies/checkouts/swiftui-scrollview-interoperable-drag-gesture/Sources/SwiftUIScrollViewInteroperableDragGesture/SwiftUIScrollViewInteroperableDragGesture.swift:155:11: error: 'UIEvent' is unavailable in watchOS
extension UIEvent {
^~~~~~~
/Applications/Xcode-26.3.0.app/Contents/Developer/Platforms/WatchOS.platform/Developer/SDKs/WatchOS26.2.sdk/System/Library/Frameworks/UIKit.framework/Headers/UIEvent.h:62:12: note: 'UIEvent' has been explicitly marked unavailable here
@interface UIEvent : NSObject
^
/Users/admin/builder/spi-builder-workspace/.dependencies/checkouts/swiftui-scrollview-interoperable-drag-gesture/Sources/SwiftUIScrollViewInteroperableDragGesture/UIKit/UIScrollViewInteroperableDragGestureRecognizer.swift:33:40: error: 'UIView' is unavailable in watchOS
public weak var coordinateSpaceView: UIView?
^~~~~~
/Applications/Xcode-26.3.0.app/Contents/Developer/Platforms/WatchOS.platform/Developer/SDKs/WatchOS26.2.sdk/System/Library/Frameworks/UIKit.framework/Headers/UIView.h:148:12: note: 'UIView' has been explicitly marked unavailable here
@interface UIView : UIResponder <NSCoding, UIAppearance, UIAppearanceContainer, UIDynamicItem, UITraitEnvironment, UICoordinateSpace, UIFocusItem, UIFocusItemContainer, CALayerDelegate>
^
/Users/admin/builder/spi-builder-workspace/.dependencies/checkouts/swiftui-scrollview-interoperable-drag-gesture/Sources/SwiftUIScrollViewInteroperableDragGesture/UIKit/UIScrollViewInteroperableDragGestureRecognizer.swift:94:28: error: 'UIGestureRecognizer' is unavailable in watchOS
_ gestureRecognizer: UIGestureRecognizer,
^~~~~~~~~~~~~~~~~~~
/Applications/Xcode-26.3.0.app/Contents/Developer/Platforms/WatchOS.platform/Developer/SDKs/WatchOS26.2.sdk/System/Library/Frameworks/UIKit.framework/Headers/UIGestureRecognizer.h:35:12: note: 'UIGestureRecognizer' has been explicitly marked unavailable here
@interface UIGestureRecognizer : NSObject
^
/Users/admin/builder/spi-builder-workspace/.dependencies/checkouts/swiftui-scrollview-interoperable-drag-gesture/Sources/SwiftUIScrollViewInteroperableDragGesture/UIKit/UIScrollViewInteroperableDragGestureRecognizer.swift:95:65: error: 'UIGestureRecognizer' is unavailable in watchOS
shouldRecognizeSimultaneouslyWith otherGestureRecognizer: UIGestureRecognizer
^~~~~~~~~~~~~~~~~~~
/Applications/Xcode-26.3.0.app/Contents/Developer/Platforms/WatchOS.platform/Developer/SDKs/WatchOS26.2.sdk/System/Library/Frameworks/UIKit.framework/Headers/UIGestureRecognizer.h:35:12: note: 'UIGestureRecognizer' has been explicitly marked unavailable here
@interface UIGestureRecognizer : NSObject
^
/Users/admin/builder/spi-builder-workspace/.dependencies/checkouts/swiftui-scrollview-interoperable-drag-gesture/Sources/SwiftUIScrollViewInteroperableDragGesture/UIKit/UIScrollViewInteroperableDragGestureRecognizer.swift:85:51: error: 'UIGestureRecognizerDelegate' is unavailable in watchOS
private final class InternalDelegate: NSObject, UIGestureRecognizerDelegate {
^~~~~~~~~~~~~~~~~~~~~~~~~~~
/Applications/Xcode-26.3.0.app/Contents/Developer/Platforms/WatchOS.platform/Developer/SDKs/WatchOS26.2.sdk/System/Library/Frameworks/UIKit.framework/Headers/UIGestureRecognizer.h:91:11: note: 'UIGestureRecognizerDelegate' has been explicitly marked unavailable here
@protocol UIGestureRecognizerDelegate <NSObject>
^
/Users/admin/builder/spi-builder-workspace/.dependencies/checkouts/swiftui-scrollview-interoperable-drag-gesture/Sources/SwiftUIScrollViewInteroperableDragGesture/UIScrollView+.swift:47:11: error: 'UIScrollView' is unavailable in watchOS
extension UIScrollView {
^~~~~~~~~~~~
/Applications/Xcode-26.3.0.app/Contents/Developer/Platforms/WatchOS.platform/Developer/SDKs/WatchOS26.2.sdk/System/Library/Frameworks/UIKit.framework/Headers/UIScrollView.h:87:12: note: 'UIScrollView' has been explicitly marked unavailable here
@interface UIScrollView : UIView <NSCoding, UIFocusItemScrollableContainer>
^
SwiftCompile normal armv7k Compiling\ View+MeasureSize.swift /Users/admin/builder/spi-builder-workspace/.dependencies/checkouts/swiftui-support/Sources/SwiftUISupportSizing/View+MeasureSize.swift (in target 'SwiftUISupportSizing' from project 'SwiftUISupport')
SwiftCompile normal armv7k /Users/admin/builder/spi-builder-workspace/.dependencies/checkouts/swiftui-support/Sources/SwiftUISupportSizing/View+MeasureSize.swift (in target 'SwiftUISupportSizing' from project 'SwiftUISupport')
cd /Users/admin/builder/spi-builder-workspace/.swiftpm/xcode
SwiftCompile normal armv7k Compiling\ ResizableModifier.swift /Users/admin/builder/spi-builder-workspace/.dependencies/checkouts/swiftui-support/Sources/SwiftUISupportSizing/ResizableModifier.swift (in target 'SwiftUISupportSizing' from project 'SwiftUISupport')
SwiftCompile normal armv7k /Users/admin/builder/spi-builder-workspace/.dependencies/checkouts/swiftui-support/Sources/SwiftUISupportSizing/ResizableModifier.swift (in target 'SwiftUISupportSizing' from project 'SwiftUISupport')
cd /Users/admin/builder/spi-builder-workspace/.swiftpm/xcode
SwiftEmitModule normal armv7k Emitting\ module\ for\ SwiftUISupportGeometryEffect (in target 'SwiftUISupportGeometryEffect' from project 'SwiftUISupport')
SwiftCompile normal armv7k /Users/admin/builder/spi-builder-workspace/.dependencies/checkouts/swiftui-support/Sources/SwiftUISupportGeometryEffect/TranslationEffect.swift (in target 'SwiftUISupportGeometryEffect' from project 'SwiftUISupport')
cd /Users/admin/builder/spi-builder-workspace/.swiftpm/xcode
SwiftCompile normal armv7k Compiling\ TranslationEffect.swift /Users/admin/builder/spi-builder-workspace/.dependencies/checkouts/swiftui-support/Sources/SwiftUISupportGeometryEffect/TranslationEffect.swift (in target 'SwiftUISupportGeometryEffect' from project 'SwiftUISupport')
SwiftCompile normal armv7k /Users/admin/builder/spi-builder-workspace/.dependencies/checkouts/swiftui-support/Sources/SwiftUISupportGeometryEffect/TranslationEffect.swift (in target 'SwiftUISupportGeometryEffect' from project 'SwiftUISupport')
cd /Users/admin/builder/spi-builder-workspace/.swiftpm/xcode
SwiftCompile normal armv7k Compiling\ DragGestureHandler.swift /Users/admin/builder/spi-builder-workspace/.dependencies/checkouts/swiftui-scrollview-interoperable-drag-gesture/Sources/SwiftUIScrollViewInteroperableDragGesture/DragGestureHandler.swift (in target 'SwiftUIScrollViewInteroperableDragGesture' from project 'swiftui-scrollview-interoperable-drag-gesture')
SwiftCompile normal armv7k /Users/admin/builder/spi-builder-workspace/.dependencies/checkouts/swiftui-scrollview-interoperable-drag-gesture/Sources/SwiftUIScrollViewInteroperableDragGesture/DragGestureHandler.swift (in target 'SwiftUIScrollViewInteroperableDragGesture' from project 'swiftui-scrollview-interoperable-drag-gesture')
cd /Users/admin/builder/spi-builder-workspace/.swiftpm/xcode
SwiftCompile normal armv7k Compiling\ UIScrollView+.swift /Users/admin/builder/spi-builder-workspace/.dependencies/checkouts/swiftui-scrollview-interoperable-drag-gesture/Sources/SwiftUIScrollViewInteroperableDragGesture/UIScrollView+.swift (in target 'SwiftUIScrollViewInteroperableDragGesture' from project 'swiftui-scrollview-interoperable-drag-gesture')
SwiftCompile normal armv7k /Users/admin/builder/spi-builder-workspace/.dependencies/checkouts/swiftui-scrollview-interoperable-drag-gesture/Sources/SwiftUIScrollViewInteroperableDragGesture/UIScrollView+.swift (in target 'SwiftUIScrollViewInteroperableDragGesture' from project 'swiftui-scrollview-interoperable-drag-gesture')
cd /Users/admin/builder/spi-builder-workspace/.swiftpm/xcode
SwiftExplicitDependencyGeneratePcm arm64 /Users/admin/builder/spi-builder-workspace/.derivedData/ModuleCache.noindex/WatchKit-5T2K1B24G8E6J6KMDU2M6UZPN.pcm
SwiftExplicitDependencyGeneratePcm arm64_32 /Users/admin/builder/spi-builder-workspace/.derivedData/ModuleCache.noindex/WatchKit-CAD4AK8HX5FUC7GD3OEVCTMHI.pcm
SwiftDriverJobDiscovery normal armv7k Emitting module for SwiftUISupportGeometryEffect (in target 'SwiftUISupportGeometryEffect' from project 'SwiftUISupport')
SwiftCompile normal armv7k Compiling\ SwiftUIScrollViewInteroperableDragGesture.swift /Users/admin/builder/spi-builder-workspace/.dependencies/checkouts/swiftui-scrollview-interoperable-drag-gesture/Sources/SwiftUIScrollViewInteroperableDragGesture/SwiftUIScrollViewInteroperableDragGesture.swift (in target 'SwiftUIScrollViewInteroperableDragGesture' from project 'swiftui-scrollview-interoperable-drag-gesture')
SwiftCompile normal armv7k /Users/admin/builder/spi-builder-workspace/.dependencies/checkouts/swiftui-scrollview-interoperable-drag-gesture/Sources/SwiftUIScrollViewInteroperableDragGesture/SwiftUIScrollViewInteroperableDragGesture.swift (in target 'SwiftUIScrollViewInteroperableDragGesture' from project 'swiftui-scrollview-interoperable-drag-gesture')
cd /Users/admin/builder/spi-builder-workspace/.swiftpm/xcode
SwiftDriverJobDiscovery normal armv7k Emitting module for SwiftUISupportSizing (in target 'SwiftUISupportSizing' from project 'SwiftUISupport')
SwiftDriver\ Compilation\ Requirements SwiftUISupportSizing normal armv7k com.apple.xcode.tools.swift.compiler (in target 'SwiftUISupportSizing' from project 'SwiftUISupport')
cd /Users/admin/builder/spi-builder-workspace/.swiftpm/xcode
builtin-Swift-Compilation-Requirements -- /Applications/Xcode-26.3.0.app/Contents/Developer/Toolchains/XcodeDefault.xctoolchain/usr/bin/swiftc -module-name SwiftUISupportSizing -Onone -enforce-exclusivity\=checked @/Users/admin/builder/spi-builder-workspace/.derivedData/Build/Intermediates.noindex/SwiftUISupport.build/Debug-watchos/SwiftUISupportSizing.build/Objects-normal/armv7k/SwiftUISupportSizing.SwiftFileList -DSWIFT_PACKAGE -DDEBUG -DSWIFT_MODULE_RESOURCE_BUNDLE_UNAVAILABLE -DXcode -plugin-path /Applications/Xcode-26.3.0.app/Contents/Developer/Toolchains/XcodeDefault.xctoolchain/usr/lib/swift/host/plugins/testing -enable-experimental-feature DebugDescriptionMacro -sdk /Applications/Xcode-26.3.0.app/Contents/Developer/Platforms/WatchOS.platform/Developer/SDKs/WatchOS26.2.sdk -target armv7k-apple-watchos6.0 -g -module-cache-path /Users/admin/builder/spi-builder-workspace/.derivedData/ModuleCache.noindex -Xfrontend -serialize-debugging-options -profile-coverage-mapping -profile-generate -enable-testing -suppress-warnings -index-store-path /Users/admin/builder/spi-builder-workspace/.derivedData/Index.noindex/DataStore -Xcc -D_LIBCPP_HARDENING_MODE\=_LIBCPP_HARDENING_MODE_DEBUG -swift-version 6 -I /Users/admin/builder/spi-builder-workspace/.derivedData/Build/Products/Debug-watchos -Isystem /Applications/Xcode-26.3.0.app/Contents/Developer/Platforms/WatchOS.platform/Developer/usr/lib -F /Users/admin/builder/spi-builder-workspace/.derivedData/Build/Products/Debug-watchos -F /Applications/Xcode-26.3.0.app/Contents/Developer/Platforms/WatchOS.platform/Developer/Library/Frameworks -F /Applications/Xcode-26.3.0.app/Contents/Developer/Platforms/WatchOS.platform/Developer/SDKs/WatchOS26.2.sdk/Developer/Library/Frameworks -c -j10 -enable-batch-mode -incremental -Xcc -ivfsstatcache -Xcc /Users/admin/builder/spi-builder-workspace/.derivedData/SDKStatCaches.noindex/watchos26.2-23S303-dc75598d0054f22ec865fa860f139d721753b489057de6bda919edfa1c59a62b.sdkstatcache -output-file-map /Users/admin/builder/spi-builder-workspace/.derivedData/Build/Intermediates.noindex/SwiftUISupport.build/Debug-watchos/SwiftUISupportSizing.build/Objects-normal/armv7k/SwiftUISupportSizing-OutputFileMap.json -use-frontend-parseable-output -save-temps -no-color-diagnostics -explicit-module-build -module-cache-path /Users/admin/builder/spi-builder-workspace/.derivedData/Build/Intermediates.noindex/SwiftExplicitPrecompiledModules -clang-scanner-module-cache-path /Users/admin/builder/spi-builder-workspace/.derivedData/ModuleCache.noindex -sdk-module-cache-path /Users/admin/builder/spi-builder-workspace/.derivedData/ModuleCache.noindex -serialize-diagnostics -emit-dependencies -emit-module -emit-module-path /Users/admin/builder/spi-builder-workspace/.derivedData/Build/Intermediates.noindex/SwiftUISupport.build/Debug-watchos/SwiftUISupportSizing.build/Objects-normal/armv7k/SwiftUISupportSizing.swiftmodule -user-module-version 0.14.0 -validate-clang-modules-once -clang-build-session-file /Users/admin/builder/spi-builder-workspace/.derivedData/ModuleCache.noindex/Session.modulevalidation -package-name swiftui_support -Xcc -I/Users/admin/builder/spi-builder-workspace/.derivedData/Build/Intermediates.noindex/SwiftUISupport.build/Debug-watchos/SwiftUISupportSizing.build/swift-overrides.hmap -emit-const-values -Xfrontend -const-gather-protocols-file -Xfrontend /Users/admin/builder/spi-builder-workspace/.derivedData/Build/Intermediates.noindex/SwiftUISupport.build/Debug-watchos/SwiftUISupportSizing.build/Objects-normal/armv7k/SwiftUISupportSizing_const_extract_protocols.json -Xcc -I/Users/admin/builder/spi-builder-workspace/.derivedData/Build/Products/Debug-watchos/include -Xcc -I/Users/admin/builder/spi-builder-workspace/.derivedData/Build/Intermediates.noindex/SwiftUISupport.build/Debug-watchos/SwiftUISupportSizing.build/DerivedSources-normal/armv7k -Xcc -I/Users/admin/builder/spi-builder-workspace/.derivedData/Build/Intermediates.noindex/SwiftUISupport.build/Debug-watchos/SwiftUISupportSizing.build/DerivedSources/armv7k -Xcc -I/Users/admin/builder/spi-builder-workspace/.derivedData/Build/Intermediates.noindex/SwiftUISupport.build/Debug-watchos/SwiftUISupportSizing.build/DerivedSources -Xcc -DSWIFT_PACKAGE -Xcc -DDEBUG\=1 -emit-objc-header -emit-objc-header-path /Users/admin/builder/spi-builder-workspace/.derivedData/Build/Intermediates.noindex/SwiftUISupport.build/Debug-watchos/SwiftUISupportSizing.build/Objects-normal/armv7k/SwiftUISupportSizing-Swift.h -working-directory /Users/admin/builder/spi-builder-workspace/.swiftpm/xcode -experimental-emit-module-separately -disable-cmo
SwiftDriver\ Compilation\ Requirements SwiftUISupportGeometryEffect normal armv7k com.apple.xcode.tools.swift.compiler (in target 'SwiftUISupportGeometryEffect' from project 'SwiftUISupport')
cd /Users/admin/builder/spi-builder-workspace/.swiftpm/xcode
builtin-Swift-Compilation-Requirements -- /Applications/Xcode-26.3.0.app/Contents/Developer/Toolchains/XcodeDefault.xctoolchain/usr/bin/swiftc -module-name SwiftUISupportGeometryEffect -Onone -enforce-exclusivity\=checked @/Users/admin/builder/spi-builder-workspace/.derivedData/Build/Intermediates.noindex/SwiftUISupport.build/Debug-watchos/SwiftUISupportGeometryEffect.build/Objects-normal/armv7k/SwiftUISupportGeometryEffect.SwiftFileList -DSWIFT_PACKAGE -DDEBUG -DSWIFT_MODULE_RESOURCE_BUNDLE_UNAVAILABLE -DXcode -plugin-path /Applications/Xcode-26.3.0.app/Contents/Developer/Toolchains/XcodeDefault.xctoolchain/usr/lib/swift/host/plugins/testing -enable-experimental-feature DebugDescriptionMacro -sdk /Applications/Xcode-26.3.0.app/Contents/Developer/Platforms/WatchOS.platform/Developer/SDKs/WatchOS26.2.sdk -target armv7k-apple-watchos6.0 -g -module-cache-path /Users/admin/builder/spi-builder-workspace/.derivedData/ModuleCache.noindex -Xfrontend -serialize-debugging-options -profile-coverage-mapping -profile-generate -enable-testing -suppress-warnings -index-store-path /Users/admin/builder/spi-builder-workspace/.derivedData/Index.noindex/DataStore -Xcc -D_LIBCPP_HARDENING_MODE\=_LIBCPP_HARDENING_MODE_DEBUG -swift-version 6 -I /Users/admin/builder/spi-builder-workspace/.derivedData/Build/Products/Debug-watchos -Isystem /Applications/Xcode-26.3.0.app/Contents/Developer/Platforms/WatchOS.platform/Developer/usr/lib -F /Users/admin/builder/spi-builder-workspace/.derivedData/Build/Products/Debug-watchos -F /Applications/Xcode-26.3.0.app/Contents/Developer/Platforms/WatchOS.platform/Developer/Library/Frameworks -F /Applications/Xcode-26.3.0.app/Contents/Developer/Platforms/WatchOS.platform/Developer/SDKs/WatchOS26.2.sdk/Developer/Library/Frameworks -parse-as-library -c -j10 -enable-batch-mode -incremental -Xcc -ivfsstatcache -Xcc /Users/admin/builder/spi-builder-workspace/.derivedData/SDKStatCaches.noindex/watchos26.2-23S303-dc75598d0054f22ec865fa860f139d721753b489057de6bda919edfa1c59a62b.sdkstatcache -output-file-map /Users/admin/builder/spi-builder-workspace/.derivedData/Build/Intermediates.noindex/SwiftUISupport.build/Debug-watchos/SwiftUISupportGeometryEffect.build/Objects-normal/armv7k/SwiftUISupportGeometryEffect-OutputFileMap.json -use-frontend-parseable-output -save-temps -no-color-diagnostics -explicit-module-build -module-cache-path /Users/admin/builder/spi-builder-workspace/.derivedData/Build/Intermediates.noindex/SwiftExplicitPrecompiledModules -clang-scanner-module-cache-path /Users/admin/builder/spi-builder-workspace/.derivedData/ModuleCache.noindex -sdk-module-cache-path /Users/admin/builder/spi-builder-workspace/.derivedData/ModuleCache.noindex -serialize-diagnostics -emit-dependencies -emit-module -emit-module-path /Users/admin/builder/spi-builder-workspace/.derivedData/Build/Intermediates.noindex/SwiftUISupport.build/Debug-watchos/SwiftUISupportGeometryEffect.build/Objects-normal/armv7k/SwiftUISupportGeometryEffect.swiftmodule -user-module-version 0.14.0 -validate-clang-modules-once -clang-build-session-file /Users/admin/builder/spi-builder-workspace/.derivedData/ModuleCache.noindex/Session.modulevalidation -package-name swiftui_support -Xcc -I/Users/admin/builder/spi-builder-workspace/.derivedData/Build/Intermediates.noindex/SwiftUISupport.build/Debug-watchos/SwiftUISupportGeometryEffect.build/swift-overrides.hmap -emit-const-values -Xfrontend -const-gather-protocols-file -Xfrontend /Users/admin/builder/spi-builder-workspace/.derivedData/Build/Intermediates.noindex/SwiftUISupport.build/Debug-watchos/SwiftUISupportGeometryEffect.build/Objects-normal/armv7k/SwiftUISupportGeometryEffect_const_extract_protocols.json -Xcc -I/Users/admin/builder/spi-builder-workspace/.derivedData/Build/Products/Debug-watchos/include -Xcc -I/Users/admin/builder/spi-builder-workspace/.derivedData/Build/Intermediates.noindex/SwiftUISupport.build/Debug-watchos/SwiftUISupportGeometryEffect.build/DerivedSources-normal/armv7k -Xcc -I/Users/admin/builder/spi-builder-workspace/.derivedData/Build/Intermediates.noindex/SwiftUISupport.build/Debug-watchos/SwiftUISupportGeometryEffect.build/DerivedSources/armv7k -Xcc -I/Users/admin/builder/spi-builder-workspace/.derivedData/Build/Intermediates.noindex/SwiftUISupport.build/Debug-watchos/SwiftUISupportGeometryEffect.build/DerivedSources -Xcc -DSWIFT_PACKAGE -Xcc -DDEBUG\=1 -emit-objc-header -emit-objc-header-path /Users/admin/builder/spi-builder-workspace/.derivedData/Build/Intermediates.noindex/SwiftUISupport.build/Debug-watchos/SwiftUISupportGeometryEffect.build/Objects-normal/armv7k/SwiftUISupportGeometryEffect-Swift.h -working-directory /Users/admin/builder/spi-builder-workspace/.swiftpm/xcode -experimental-emit-module-separately -disable-cmo
SwiftExplicitDependencyGeneratePcm arm64 /Users/admin/builder/spi-builder-workspace/.derivedData/ModuleCache.noindex/SwiftUI-4OC0A8HWPDEBIVB0BVWDDC788.pcm
Copy /Users/admin/builder/spi-builder-workspace/.derivedData/Build/Products/Debug-watchos/SwiftUISupportSizing.swiftmodule/armv7k-apple-watchos.swiftmodule /Users/admin/builder/spi-builder-workspace/.derivedData/Build/Intermediates.noindex/SwiftUISupport.build/Debug-watchos/SwiftUISupportSizing.build/Objects-normal/armv7k/SwiftUISupportSizing.swiftmodule (in target 'SwiftUISupportSizing' from project 'SwiftUISupport')
cd /Users/admin/builder/spi-builder-workspace/.dependencies/checkouts/swiftui-support
builtin-copy -exclude .DS_Store -exclude CVS -exclude .svn -exclude .git -exclude .hg -resolve-src-symlinks -rename /Users/admin/builder/spi-builder-workspace/.derivedData/Build/Intermediates.noindex/SwiftUISupport.build/Debug-watchos/SwiftUISupportSizing.build/Objects-normal/armv7k/SwiftUISupportSizing.swiftmodule /Users/admin/builder/spi-builder-workspace/.derivedData/Build/Products/Debug-watchos/SwiftUISupportSizing.swiftmodule/armv7k-apple-watchos.swiftmodule
2026-08-17 22:21:18.463 xcodebuild[797:4886] [MT] IDERunDestination: Supported platforms for the buildables in the current scheme is empty.
2026-08-17 22:21:18.620 xcodebuild[797:4886] [MT] IDERunDestination: Supported platforms for the buildables in the current scheme is empty.
2026-08-17 22:21:20.532 xcodebuild[797:4886] [MT] IDERunDestination: Supported platforms for the buildables in the current scheme is empty.
** BUILD FAILED **
The following build commands failed:
SwiftEmitModule normal armv7k Emitting\ module\ for\ SwiftUIScrollViewInteroperableDragGesture (in target 'SwiftUIScrollViewInteroperableDragGesture' from project 'swiftui-scrollview-interoperable-drag-gesture')
EmitSwiftModule normal armv7k (in target 'SwiftUIScrollViewInteroperableDragGesture' from project 'swiftui-scrollview-interoperable-drag-gesture')
Building workspace spi-builder-workspace with scheme swiftui-snap-dragging-modifier
(3 failures)
Command line invocation:
/Applications/Xcode-26.3.0.app/Contents/Developer/usr/bin/xcodebuild -IDEClonedSourcePackagesDirPathOverride=/Users/admin/builder/spi-builder-workspace/.dependencies -resolvePackageDependencies
Resolve Package Graph
Resolved source packages:
SwiftUISupport: https://github.com/FluidGroup/swiftui-support @ 0.14.0
swiftui-snap-dragging-modifier: /Users/admin/builder/spi-builder-workspace
swiftui-scrollview-interoperable-drag-gesture: https://github.com/FluidGroup/swiftui-scrollview-interoperable-drag-gesture @ 0.5.0
RubberBanding: https://github.com/FluidGroup/swift-rubber-banding @ 1.0.0
resolved source packages: SwiftUISupport, swiftui-snap-dragging-modifier, swiftui-scrollview-interoperable-drag-gesture, RubberBanding
2026-08-17 22:21:28.944 xcodebuild[1029:6172] [MT] IDERunDestination: Supported platforms for the buildables in the current scheme is empty.
2026-08-17 22:21:29.110 xcodebuild[1029:6172] [MT] IDERunDestination: Supported platforms for the buildables in the current scheme is empty.
2026-08-17 22:21:29.224 xcodebuild[1029:6172] [MT] IDERunDestination: Supported platforms for the buildables in the current scheme is empty.
{
"dependencies" : [
{
"identity" : "swiftui-support",
"requirement" : {
"range" : [
{
"lower_bound" : "0.9.0",
"upper_bound" : "1.0.0"
}
]
},
"type" : "sourceControl",
"url" : "https://github.com/FluidGroup/swiftui-support"
},
{
"identity" : "swift-rubber-banding",
"requirement" : {
"range" : [
{
"lower_bound" : "1.0.0",
"upper_bound" : "2.0.0"
}
]
},
"type" : "sourceControl",
"url" : "https://github.com/FluidGroup/swift-rubber-banding"
},
{
"identity" : "swiftui-scrollview-interoperable-drag-gesture",
"requirement" : {
"range" : [
{
"lower_bound" : "0.5.0",
"upper_bound" : "1.0.0"
}
]
},
"type" : "sourceControl",
"url" : "https://github.com/FluidGroup/swiftui-scrollview-interoperable-drag-gesture"
}
],
"manifest_display_name" : "swiftui-snap-dragging-modifier",
"name" : "swiftui-snap-dragging-modifier",
"path" : "/Users/admin/builder/spi-builder-workspace",
"platforms" : [
{
"name" : "ios",
"version" : "16.0"
}
],
"products" : [
{
"name" : "SwiftUISnapDraggingModifier",
"targets" : [
"SwiftUISnapDraggingModifier"
],
"type" : {
"library" : [
"automatic"
]
}
}
],
"targets" : [
{
"c99name" : "SwiftUISnapDraggingModifier",
"module_type" : "SwiftTarget",
"name" : "SwiftUISnapDraggingModifier",
"path" : "Sources/SwiftUISnapDraggingModifier",
"product_dependencies" : [
"RubberBanding",
"SwiftUISupportSizing",
"SwiftUISupportGeometryEffect",
"SwiftUIScrollViewInteroperableDragGesture"
],
"product_memberships" : [
"SwiftUISnapDraggingModifier"
],
"sources" : [
"DirectionalDragGesture.swift",
"Modifiers.swift",
"SnapDraggingModifier.swift"
],
"type" : "library"
},
{
"c99name" : "SnapDraggingModifierTests",
"module_type" : "SwiftTarget",
"name" : "SnapDraggingModifierTests",
"path" : "Tests/SnapDraggingModifierTests",
"sources" : [
"swiftui_snap_dragging_modifierTests.swift"
],
"target_dependencies" : [
"SwiftUISnapDraggingModifier"
],
"type" : "test"
}
],
"tools_version" : "5.7"
}
{
"workspace" : {
"name" : "spi-builder-workspace",
"schemes" : [
"SnapDraggingModifier",
"swiftui-snap-dragging-modifier",
"SwiftUISnapDraggingModifier"
]
}
}
2026-08-17 22:21:30.076 xcodebuild[1037:6247] [MT] IDERunDestination: Supported platforms for the buildables in the current scheme is empty.
2026-08-17 22:21:30.236 xcodebuild[1037:6247] [MT] IDERunDestination: Supported platforms for the buildables in the current scheme is empty.
{
"workspace" : {
"name" : "spi-builder-workspace",
"schemes" : [
"SnapDraggingModifier",
"swiftui-snap-dragging-modifier",
"SwiftUISnapDraggingModifier"
]
}
}
2026-08-17 22:21:30.969 xcodebuild[1040:6283] [MT] IDERunDestination: Supported platforms for the buildables in the current scheme is empty.
2026-08-17 22:21:31.134 xcodebuild[1040:6283] [MT] IDERunDestination: Supported platforms for the buildables in the current scheme is empty.
Running build ...
env DEVELOPER_DIR=/Applications/Xcode-26.3.0.app xcrun xcodebuild -IDEClonedSourcePackagesDirPathOverride=$PWD/.dependencies -skipMacroValidation -skipPackagePluginValidation -derivedDataPath $PWD/.derivedData build -scheme swiftui-snap-dragging-modifier -destination generic/platform=watchOS
Command line invocation:
/Applications/Xcode-26.3.0.app/Contents/Developer/usr/bin/xcodebuild -IDEClonedSourcePackagesDirPathOverride=/Users/admin/builder/spi-builder-workspace/.dependencies -skipMacroValidation -skipPackagePluginValidation -derivedDataPath /Users/admin/builder/spi-builder-workspace/.derivedData build -scheme swiftui-snap-dragging-modifier -destination generic/platform=watchOS
Resolve Package Graph
Resolved source packages:
swiftui-scrollview-interoperable-drag-gesture: https://github.com/FluidGroup/swiftui-scrollview-interoperable-drag-gesture @ 0.5.0
swiftui-snap-dragging-modifier: /Users/admin/builder/spi-builder-workspace
RubberBanding: https://github.com/FluidGroup/swift-rubber-banding @ 1.0.0
SwiftUISupport: https://github.com/FluidGroup/swiftui-support @ 0.14.0
ComputePackagePrebuildTargetDependencyGraph
Prepare packages
CreateBuildRequest
SendProjectDescription
CreateBuildOperation
ComputeTargetDependencyGraph
note: Building targets in dependency order
note: Target dependency graph (11 targets)
Target 'SwiftUISnapDraggingModifier' in project 'swiftui-snap-dragging-modifier'
➜ Explicit dependency on target 'SwiftUISnapDraggingModifier' in project 'swiftui-snap-dragging-modifier'
➜ Explicit dependency on target 'RubberBanding' in project 'RubberBanding'
➜ Explicit dependency on target 'SwiftUISupportSizing' in project 'SwiftUISupport'
➜ Explicit dependency on target 'SwiftUISupportGeometryEffect' in project 'SwiftUISupport'
➜ Explicit dependency on target 'SwiftUIScrollViewInteroperableDragGesture' in project 'swiftui-scrollview-interoperable-drag-gesture'
Target 'SnapDraggingModifierTests' in project 'swiftui-snap-dragging-modifier'
➜ Explicit dependency on target 'SwiftUISnapDraggingModifier' in project 'swiftui-snap-dragging-modifier'
➜ Explicit dependency on target 'RubberBanding' in project 'RubberBanding'
➜ Explicit dependency on target 'SwiftUISupportSizing' in project 'SwiftUISupport'
➜ Explicit dependency on target 'SwiftUISupportGeometryEffect' in project 'SwiftUISupport'
➜ Explicit dependency on target 'SwiftUIScrollViewInteroperableDragGesture' in project 'swiftui-scrollview-interoperable-drag-gesture'
Target 'SwiftUISnapDraggingModifier' in project 'swiftui-snap-dragging-modifier'
➜ Explicit dependency on target 'RubberBanding' in project 'RubberBanding'
➜ Explicit dependency on target 'SwiftUISupportSizing' in project 'SwiftUISupport'
➜ Explicit dependency on target 'SwiftUISupportGeometryEffect' in project 'SwiftUISupport'
➜ Explicit dependency on target 'SwiftUIScrollViewInteroperableDragGesture' in project 'swiftui-scrollview-interoperable-drag-gesture'
Target 'SwiftUIScrollViewInteroperableDragGesture' in project 'swiftui-scrollview-interoperable-drag-gesture'
➜ Explicit dependency on target 'SwiftUIScrollViewInteroperableDragGesture' in project 'swiftui-scrollview-interoperable-drag-gesture'
Target 'SwiftUIScrollViewInteroperableDragGesture' in project 'swiftui-scrollview-interoperable-drag-gesture' (no dependencies)
Target 'SwiftUISupportGeometryEffect' in project 'SwiftUISupport'
➜ Explicit dependency on target 'SwiftUISupportGeometryEffect' in project 'SwiftUISupport'
Target 'SwiftUISupportGeometryEffect' in project 'SwiftUISupport' (no dependencies)
Target 'SwiftUISupportSizing' in project 'SwiftUISupport'
➜ Explicit dependency on target 'SwiftUISupportSizing' in project 'SwiftUISupport'
Target 'SwiftUISupportSizing' in project 'SwiftUISupport' (no dependencies)
Target 'RubberBanding' in project 'RubberBanding'
➜ Explicit dependency on target 'RubberBanding' in project 'RubberBanding'
Target 'RubberBanding' in project 'RubberBanding' (no dependencies)
GatherProvisioningInputs
CreateBuildDescription
ClangStatCache /Applications/Xcode-26.3.0.app/Contents/Developer/Toolchains/XcodeDefault.xctoolchain/usr/bin/clang-stat-cache /Applications/Xcode-26.3.0.app/Contents/Developer/Platforms/WatchOS.platform/Developer/SDKs/WatchOS26.2.sdk /Users/admin/builder/spi-builder-workspace/.derivedData/SDKStatCaches.noindex/watchos26.2-23S303-dc75598d0054f22ec865fa860f139d721753b489057de6bda919edfa1c59a62b.sdkstatcache
cd /Users/admin/builder/spi-builder-workspace/.swiftpm/xcode
/Applications/Xcode-26.3.0.app/Contents/Developer/Toolchains/XcodeDefault.xctoolchain/usr/bin/clang-stat-cache /Applications/Xcode-26.3.0.app/Contents/Developer/Platforms/WatchOS.platform/Developer/SDKs/WatchOS26.2.sdk -o /Users/admin/builder/spi-builder-workspace/.derivedData/SDKStatCaches.noindex/watchos26.2-23S303-dc75598d0054f22ec865fa860f139d721753b489057de6bda919edfa1c59a62b.sdkstatcache
Copy /Users/admin/builder/spi-builder-workspace/.derivedData/Build/Products/Debug-watchos/SwiftUISupportSizing.swiftmodule/armv7k-apple-watchos.swiftmodule /Users/admin/builder/spi-builder-workspace/.derivedData/Build/Intermediates.noindex/SwiftUISupport.build/Debug-watchos/SwiftUISupportSizing.build/Objects-normal/armv7k/SwiftUISupportSizing.swiftmodule (in target 'SwiftUISupportSizing' from project 'SwiftUISupport')
cd /Users/admin/builder/spi-builder-workspace/.dependencies/checkouts/swiftui-support
builtin-copy -exclude .DS_Store -exclude CVS -exclude .svn -exclude .git -exclude .hg -resolve-src-symlinks -rename /Users/admin/builder/spi-builder-workspace/.derivedData/Build/Intermediates.noindex/SwiftUISupport.build/Debug-watchos/SwiftUISupportSizing.build/Objects-normal/armv7k/SwiftUISupportSizing.swiftmodule /Users/admin/builder/spi-builder-workspace/.derivedData/Build/Products/Debug-watchos/SwiftUISupportSizing.swiftmodule/armv7k-apple-watchos.swiftmodule
Copy /Users/admin/builder/spi-builder-workspace/.derivedData/Build/Products/Debug-watchos/SwiftUISupportSizing.swiftmodule/armv7k-apple-watchos.swiftdoc /Users/admin/builder/spi-builder-workspace/.derivedData/Build/Intermediates.noindex/SwiftUISupport.build/Debug-watchos/SwiftUISupportSizing.build/Objects-normal/armv7k/SwiftUISupportSizing.swiftdoc (in target 'SwiftUISupportSizing' from project 'SwiftUISupport')
cd /Users/admin/builder/spi-builder-workspace/.dependencies/checkouts/swiftui-support
builtin-copy -exclude .DS_Store -exclude CVS -exclude .svn -exclude .git -exclude .hg -resolve-src-symlinks -rename /Users/admin/builder/spi-builder-workspace/.derivedData/Build/Intermediates.noindex/SwiftUISupport.build/Debug-watchos/SwiftUISupportSizing.build/Objects-normal/armv7k/SwiftUISupportSizing.swiftdoc /Users/admin/builder/spi-builder-workspace/.derivedData/Build/Products/Debug-watchos/SwiftUISupportSizing.swiftmodule/armv7k-apple-watchos.swiftdoc
Copy /Users/admin/builder/spi-builder-workspace/.derivedData/Build/Products/Debug-watchos/SwiftUISupportSizing.swiftmodule/armv7k-apple-watchos.abi.json /Users/admin/builder/spi-builder-workspace/.derivedData/Build/Intermediates.noindex/SwiftUISupport.build/Debug-watchos/SwiftUISupportSizing.build/Objects-normal/armv7k/SwiftUISupportSizing.abi.json (in target 'SwiftUISupportSizing' from project 'SwiftUISupport')
cd /Users/admin/builder/spi-builder-workspace/.dependencies/checkouts/swiftui-support
builtin-copy -exclude .DS_Store -exclude CVS -exclude .svn -exclude .git -exclude .hg -resolve-src-symlinks -rename /Users/admin/builder/spi-builder-workspace/.derivedData/Build/Intermediates.noindex/SwiftUISupport.build/Debug-watchos/SwiftUISupportSizing.build/Objects-normal/armv7k/SwiftUISupportSizing.abi.json /Users/admin/builder/spi-builder-workspace/.derivedData/Build/Products/Debug-watchos/SwiftUISupportSizing.swiftmodule/armv7k-apple-watchos.abi.json
SwiftDriver SwiftUISupportSizing normal arm64_32 com.apple.xcode.tools.swift.compiler (in target 'SwiftUISupportSizing' from project 'SwiftUISupport')
cd /Users/admin/builder/spi-builder-workspace/.swiftpm/xcode
builtin-SwiftDriver -- /Applications/Xcode-26.3.0.app/Contents/Developer/Toolchains/XcodeDefault.xctoolchain/usr/bin/swiftc -module-name SwiftUISupportSizing -Onone -enforce-exclusivity\=checked @/Users/admin/builder/spi-builder-workspace/.derivedData/Build/Intermediates.noindex/SwiftUISupport.build/Debug-watchos/SwiftUISupportSizing.build/Objects-normal/arm64_32/SwiftUISupportSizing.SwiftFileList -DSWIFT_PACKAGE -DDEBUG -DSWIFT_MODULE_RESOURCE_BUNDLE_UNAVAILABLE -DXcode -plugin-path /Applications/Xcode-26.3.0.app/Contents/Developer/Toolchains/XcodeDefault.xctoolchain/usr/lib/swift/host/plugins/testing -enable-experimental-feature DebugDescriptionMacro -sdk /Applications/Xcode-26.3.0.app/Contents/Developer/Platforms/WatchOS.platform/Developer/SDKs/WatchOS26.2.sdk -target arm64_32-apple-watchos6.0 -g -module-cache-path /Users/admin/builder/spi-builder-workspace/.derivedData/ModuleCache.noindex -Xfrontend -serialize-debugging-options -profile-coverage-mapping -profile-generate -enable-testing -suppress-warnings -index-store-path /Users/admin/builder/spi-builder-workspace/.derivedData/Index.noindex/DataStore -Xcc -D_LIBCPP_HARDENING_MODE\=_LIBCPP_HARDENING_MODE_DEBUG -swift-version 6 -I /Users/admin/builder/spi-builder-workspace/.derivedData/Build/Products/Debug-watchos -Isystem /Applications/Xcode-26.3.0.app/Contents/Developer/Platforms/WatchOS.platform/Developer/usr/lib -F /Users/admin/builder/spi-builder-workspace/.derivedData/Build/Products/Debug-watchos -F /Applications/Xcode-26.3.0.app/Contents/Developer/Platforms/WatchOS.platform/Developer/Library/Frameworks -F /Applications/Xcode-26.3.0.app/Contents/Developer/Platforms/WatchOS.platform/Developer/SDKs/WatchOS26.2.sdk/Developer/Library/Frameworks -c -j10 -enable-batch-mode -incremental -Xcc -ivfsstatcache -Xcc /Users/admin/builder/spi-builder-workspace/.derivedData/SDKStatCaches.noindex/watchos26.2-23S303-dc75598d0054f22ec865fa860f139d721753b489057de6bda919edfa1c59a62b.sdkstatcache -output-file-map /Users/admin/builder/spi-builder-workspace/.derivedData/Build/Intermediates.noindex/SwiftUISupport.build/Debug-watchos/SwiftUISupportSizing.build/Objects-normal/arm64_32/SwiftUISupportSizing-OutputFileMap.json -use-frontend-parseable-output -save-temps -no-color-diagnostics -explicit-module-build -module-cache-path /Users/admin/builder/spi-builder-workspace/.derivedData/Build/Intermediates.noindex/SwiftExplicitPrecompiledModules -clang-scanner-module-cache-path /Users/admin/builder/spi-builder-workspace/.derivedData/ModuleCache.noindex -sdk-module-cache-path /Users/admin/builder/spi-builder-workspace/.derivedData/ModuleCache.noindex -serialize-diagnostics -emit-dependencies -emit-module -emit-module-path /Users/admin/builder/spi-builder-workspace/.derivedData/Build/Intermediates.noindex/SwiftUISupport.build/Debug-watchos/SwiftUISupportSizing.build/Objects-normal/arm64_32/SwiftUISupportSizing.swiftmodule -user-module-version 0.14.0 -validate-clang-modules-once -clang-build-session-file /Users/admin/builder/spi-builder-workspace/.derivedData/ModuleCache.noindex/Session.modulevalidation -package-name swiftui_support -Xcc -I/Users/admin/builder/spi-builder-workspace/.derivedData/Build/Intermediates.noindex/SwiftUISupport.build/Debug-watchos/SwiftUISupportSizing.build/swift-overrides.hmap -emit-const-values -Xfrontend -const-gather-protocols-file -Xfrontend /Users/admin/builder/spi-builder-workspace/.derivedData/Build/Intermediates.noindex/SwiftUISupport.build/Debug-watchos/SwiftUISupportSizing.build/Objects-normal/arm64_32/SwiftUISupportSizing_const_extract_protocols.json -Xcc -I/Users/admin/builder/spi-builder-workspace/.derivedData/Build/Products/Debug-watchos/include -Xcc -I/Users/admin/builder/spi-builder-workspace/.derivedData/Build/Intermediates.noindex/SwiftUISupport.build/Debug-watchos/SwiftUISupportSizing.build/DerivedSources-normal/arm64_32 -Xcc -I/Users/admin/builder/spi-builder-workspace/.derivedData/Build/Intermediates.noindex/SwiftUISupport.build/Debug-watchos/SwiftUISupportSizing.build/DerivedSources/arm64_32 -Xcc -I/Users/admin/builder/spi-builder-workspace/.derivedData/Build/Intermediates.noindex/SwiftUISupport.build/Debug-watchos/SwiftUISupportSizing.build/DerivedSources -Xcc -DSWIFT_PACKAGE -Xcc -DDEBUG\=1 -emit-objc-header -emit-objc-header-path /Users/admin/builder/spi-builder-workspace/.derivedData/Build/Intermediates.noindex/SwiftUISupport.build/Debug-watchos/SwiftUISupportSizing.build/Objects-normal/arm64_32/SwiftUISupportSizing-Swift.h -working-directory /Users/admin/builder/spi-builder-workspace/.swiftpm/xcode -experimental-emit-module-separately -disable-cmo
SwiftDriver SwiftUISupportSizing normal armv7k com.apple.xcode.tools.swift.compiler (in target 'SwiftUISupportSizing' from project 'SwiftUISupport')
cd /Users/admin/builder/spi-builder-workspace/.swiftpm/xcode
builtin-SwiftDriver -- /Applications/Xcode-26.3.0.app/Contents/Developer/Toolchains/XcodeDefault.xctoolchain/usr/bin/swiftc -module-name SwiftUISupportSizing -Onone -enforce-exclusivity\=checked @/Users/admin/builder/spi-builder-workspace/.derivedData/Build/Intermediates.noindex/SwiftUISupport.build/Debug-watchos/SwiftUISupportSizing.build/Objects-normal/armv7k/SwiftUISupportSizing.SwiftFileList -DSWIFT_PACKAGE -DDEBUG -DSWIFT_MODULE_RESOURCE_BUNDLE_UNAVAILABLE -DXcode -plugin-path /Applications/Xcode-26.3.0.app/Contents/Developer/Toolchains/XcodeDefault.xctoolchain/usr/lib/swift/host/plugins/testing -enable-experimental-feature DebugDescriptionMacro -sdk /Applications/Xcode-26.3.0.app/Contents/Developer/Platforms/WatchOS.platform/Developer/SDKs/WatchOS26.2.sdk -target armv7k-apple-watchos6.0 -g -module-cache-path /Users/admin/builder/spi-builder-workspace/.derivedData/ModuleCache.noindex -Xfrontend -serialize-debugging-options -profile-coverage-mapping -profile-generate -enable-testing -suppress-warnings -index-store-path /Users/admin/builder/spi-builder-workspace/.derivedData/Index.noindex/DataStore -Xcc -D_LIBCPP_HARDENING_MODE\=_LIBCPP_HARDENING_MODE_DEBUG -swift-version 6 -I /Users/admin/builder/spi-builder-workspace/.derivedData/Build/Products/Debug-watchos -Isystem /Applications/Xcode-26.3.0.app/Contents/Developer/Platforms/WatchOS.platform/Developer/usr/lib -F /Users/admin/builder/spi-builder-workspace/.derivedData/Build/Products/Debug-watchos -F /Applications/Xcode-26.3.0.app/Contents/Developer/Platforms/WatchOS.platform/Developer/Library/Frameworks -F /Applications/Xcode-26.3.0.app/Contents/Developer/Platforms/WatchOS.platform/Developer/SDKs/WatchOS26.2.sdk/Developer/Library/Frameworks -c -j10 -enable-batch-mode -incremental -Xcc -ivfsstatcache -Xcc /Users/admin/builder/spi-builder-workspace/.derivedData/SDKStatCaches.noindex/watchos26.2-23S303-dc75598d0054f22ec865fa860f139d721753b489057de6bda919edfa1c59a62b.sdkstatcache -output-file-map /Users/admin/builder/spi-builder-workspace/.derivedData/Build/Intermediates.noindex/SwiftUISupport.build/Debug-watchos/SwiftUISupportSizing.build/Objects-normal/armv7k/SwiftUISupportSizing-OutputFileMap.json -use-frontend-parseable-output -save-temps -no-color-diagnostics -explicit-module-build -module-cache-path /Users/admin/builder/spi-builder-workspace/.derivedData/Build/Intermediates.noindex/SwiftExplicitPrecompiledModules -clang-scanner-module-cache-path /Users/admin/builder/spi-builder-workspace/.derivedData/ModuleCache.noindex -sdk-module-cache-path /Users/admin/builder/spi-builder-workspace/.derivedData/ModuleCache.noindex -serialize-diagnostics -emit-dependencies -emit-module -emit-module-path /Users/admin/builder/spi-builder-workspace/.derivedData/Build/Intermediates.noindex/SwiftUISupport.build/Debug-watchos/SwiftUISupportSizing.build/Objects-normal/armv7k/SwiftUISupportSizing.swiftmodule -user-module-version 0.14.0 -validate-clang-modules-once -clang-build-session-file /Users/admin/builder/spi-builder-workspace/.derivedData/ModuleCache.noindex/Session.modulevalidation -package-name swiftui_support -Xcc -I/Users/admin/builder/spi-builder-workspace/.derivedData/Build/Intermediates.noindex/SwiftUISupport.build/Debug-watchos/SwiftUISupportSizing.build/swift-overrides.hmap -emit-const-values -Xfrontend -const-gather-protocols-file -Xfrontend /Users/admin/builder/spi-builder-workspace/.derivedData/Build/Intermediates.noindex/SwiftUISupport.build/Debug-watchos/SwiftUISupportSizing.build/Objects-normal/armv7k/SwiftUISupportSizing_const_extract_protocols.json -Xcc -I/Users/admin/builder/spi-builder-workspace/.derivedData/Build/Products/Debug-watchos/include -Xcc -I/Users/admin/builder/spi-builder-workspace/.derivedData/Build/Intermediates.noindex/SwiftUISupport.build/Debug-watchos/SwiftUISupportSizing.build/DerivedSources-normal/armv7k -Xcc -I/Users/admin/builder/spi-builder-workspace/.derivedData/Build/Intermediates.noindex/SwiftUISupport.build/Debug-watchos/SwiftUISupportSizing.build/DerivedSources/armv7k -Xcc -I/Users/admin/builder/spi-builder-workspace/.derivedData/Build/Intermediates.noindex/SwiftUISupport.build/Debug-watchos/SwiftUISupportSizing.build/DerivedSources -Xcc -DSWIFT_PACKAGE -Xcc -DDEBUG\=1 -emit-objc-header -emit-objc-header-path /Users/admin/builder/spi-builder-workspace/.derivedData/Build/Intermediates.noindex/SwiftUISupport.build/Debug-watchos/SwiftUISupportSizing.build/Objects-normal/armv7k/SwiftUISupportSizing-Swift.h -working-directory /Users/admin/builder/spi-builder-workspace/.swiftpm/xcode -experimental-emit-module-separately -disable-cmo
Copy /Users/admin/builder/spi-builder-workspace/.derivedData/Build/Products/Debug-watchos/SwiftUISupportGeometryEffect.swiftmodule/armv7k-apple-watchos.swiftdoc /Users/admin/builder/spi-builder-workspace/.derivedData/Build/Intermediates.noindex/SwiftUISupport.build/Debug-watchos/SwiftUISupportGeometryEffect.build/Objects-normal/armv7k/SwiftUISupportGeometryEffect.swiftdoc (in target 'SwiftUISupportGeometryEffect' from project 'SwiftUISupport')
cd /Users/admin/builder/spi-builder-workspace/.dependencies/checkouts/swiftui-support
builtin-copy -exclude .DS_Store -exclude CVS -exclude .svn -exclude .git -exclude .hg -resolve-src-symlinks -rename /Users/admin/builder/spi-builder-workspace/.derivedData/Build/Intermediates.noindex/SwiftUISupport.build/Debug-watchos/SwiftUISupportGeometryEffect.build/Objects-normal/armv7k/SwiftUISupportGeometryEffect.swiftdoc /Users/admin/builder/spi-builder-workspace/.derivedData/Build/Products/Debug-watchos/SwiftUISupportGeometryEffect.swiftmodule/armv7k-apple-watchos.swiftdoc
Copy /Users/admin/builder/spi-builder-workspace/.derivedData/Build/Products/Debug-watchos/SwiftUISupportGeometryEffect.swiftmodule/armv7k-apple-watchos.abi.json /Users/admin/builder/spi-builder-workspace/.derivedData/Build/Intermediates.noindex/SwiftUISupport.build/Debug-watchos/SwiftUISupportGeometryEffect.build/Objects-normal/armv7k/SwiftUISupportGeometryEffect.abi.json (in target 'SwiftUISupportGeometryEffect' from project 'SwiftUISupport')
cd /Users/admin/builder/spi-builder-workspace/.dependencies/checkouts/swiftui-support
builtin-copy -exclude .DS_Store -exclude CVS -exclude .svn -exclude .git -exclude .hg -resolve-src-symlinks -rename /Users/admin/builder/spi-builder-workspace/.derivedData/Build/Intermediates.noindex/SwiftUISupport.build/Debug-watchos/SwiftUISupportGeometryEffect.build/Objects-normal/armv7k/SwiftUISupportGeometryEffect.abi.json /Users/admin/builder/spi-builder-workspace/.derivedData/Build/Products/Debug-watchos/SwiftUISupportGeometryEffect.swiftmodule/armv7k-apple-watchos.abi.json
Copy /Users/admin/builder/spi-builder-workspace/.derivedData/Build/Products/Debug-watchos/SwiftUISupportGeometryEffect.swiftmodule/armv7k-apple-watchos.swiftmodule /Users/admin/builder/spi-builder-workspace/.derivedData/Build/Intermediates.noindex/SwiftUISupport.build/Debug-watchos/SwiftUISupportGeometryEffect.build/Objects-normal/armv7k/SwiftUISupportGeometryEffect.swiftmodule (in target 'SwiftUISupportGeometryEffect' from project 'SwiftUISupport')
cd /Users/admin/builder/spi-builder-workspace/.dependencies/checkouts/swiftui-support
builtin-copy -exclude .DS_Store -exclude CVS -exclude .svn -exclude .git -exclude .hg -resolve-src-symlinks -rename /Users/admin/builder/spi-builder-workspace/.derivedData/Build/Intermediates.noindex/SwiftUISupport.build/Debug-watchos/SwiftUISupportGeometryEffect.build/Objects-normal/armv7k/SwiftUISupportGeometryEffect.swiftmodule /Users/admin/builder/spi-builder-workspace/.derivedData/Build/Products/Debug-watchos/SwiftUISupportGeometryEffect.swiftmodule/armv7k-apple-watchos.swiftmodule
Copy /Users/admin/builder/spi-builder-workspace/.derivedData/Build/Products/Debug-watchos/SwiftUISupportSizing.swiftmodule/Project/armv7k-apple-watchos.swiftsourceinfo /Users/admin/builder/spi-builder-workspace/.derivedData/Build/Intermediates.noindex/SwiftUISupport.build/Debug-watchos/SwiftUISupportSizing.build/Objects-normal/armv7k/SwiftUISupportSizing.swiftsourceinfo (in target 'SwiftUISupportSizing' from project 'SwiftUISupport')
cd /Users/admin/builder/spi-builder-workspace/.dependencies/checkouts/swiftui-support
builtin-copy -exclude .DS_Store -exclude CVS -exclude .svn -exclude .git -exclude .hg -resolve-src-symlinks -rename /Users/admin/builder/spi-builder-workspace/.derivedData/Build/Intermediates.noindex/SwiftUISupport.build/Debug-watchos/SwiftUISupportSizing.build/Objects-normal/armv7k/SwiftUISupportSizing.swiftsourceinfo /Users/admin/builder/spi-builder-workspace/.derivedData/Build/Products/Debug-watchos/SwiftUISupportSizing.swiftmodule/Project/armv7k-apple-watchos.swiftsourceinfo
Copy /Users/admin/builder/spi-builder-workspace/.derivedData/Build/Products/Debug-watchos/SwiftUISupportGeometryEffect.swiftmodule/Project/armv7k-apple-watchos.swiftsourceinfo /Users/admin/builder/spi-builder-workspace/.derivedData/Build/Intermediates.noindex/SwiftUISupport.build/Debug-watchos/SwiftUISupportGeometryEffect.build/Objects-normal/armv7k/SwiftUISupportGeometryEffect.swiftsourceinfo (in target 'SwiftUISupportGeometryEffect' from project 'SwiftUISupport')
cd /Users/admin/builder/spi-builder-workspace/.dependencies/checkouts/swiftui-support
builtin-copy -exclude .DS_Store -exclude CVS -exclude .svn -exclude .git -exclude .hg -resolve-src-symlinks -rename /Users/admin/builder/spi-builder-workspace/.derivedData/Build/Intermediates.noindex/SwiftUISupport.build/Debug-watchos/SwiftUISupportGeometryEffect.build/Objects-normal/armv7k/SwiftUISupportGeometryEffect.swiftsourceinfo /Users/admin/builder/spi-builder-workspace/.derivedData/Build/Products/Debug-watchos/SwiftUISupportGeometryEffect.swiftmodule/Project/armv7k-apple-watchos.swiftsourceinfo
SwiftDriver SwiftUISupportSizing normal arm64 com.apple.xcode.tools.swift.compiler (in target 'SwiftUISupportSizing' from project 'SwiftUISupport')
cd /Users/admin/builder/spi-builder-workspace/.swiftpm/xcode
builtin-SwiftDriver -- /Applications/Xcode-26.3.0.app/Contents/Developer/Toolchains/XcodeDefault.xctoolchain/usr/bin/swiftc -module-name SwiftUISupportSizing -Onone -enforce-exclusivity\=checked @/Users/admin/builder/spi-builder-workspace/.derivedData/Build/Intermediates.noindex/SwiftUISupport.build/Debug-watchos/SwiftUISupportSizing.build/Objects-normal/arm64/SwiftUISupportSizing.SwiftFileList -DSWIFT_PACKAGE -DDEBUG -DSWIFT_MODULE_RESOURCE_BUNDLE_UNAVAILABLE -DXcode -plugin-path /Applications/Xcode-26.3.0.app/Contents/Developer/Toolchains/XcodeDefault.xctoolchain/usr/lib/swift/host/plugins/testing -enable-experimental-feature DebugDescriptionMacro -sdk /Applications/Xcode-26.3.0.app/Contents/Developer/Platforms/WatchOS.platform/Developer/SDKs/WatchOS26.2.sdk -target arm64-apple-watchos6.0 -g -module-cache-path /Users/admin/builder/spi-builder-workspace/.derivedData/ModuleCache.noindex -Xfrontend -serialize-debugging-options -profile-coverage-mapping -profile-generate -enable-testing -suppress-warnings -index-store-path /Users/admin/builder/spi-builder-workspace/.derivedData/Index.noindex/DataStore -Xcc -D_LIBCPP_HARDENING_MODE\=_LIBCPP_HARDENING_MODE_DEBUG -swift-version 6 -I /Users/admin/builder/spi-builder-workspace/.derivedData/Build/Products/Debug-watchos -Isystem /Applications/Xcode-26.3.0.app/Contents/Developer/Platforms/WatchOS.platform/Developer/usr/lib -F /Users/admin/builder/spi-builder-workspace/.derivedData/Build/Products/Debug-watchos -F /Applications/Xcode-26.3.0.app/Contents/Developer/Platforms/WatchOS.platform/Developer/Library/Frameworks -F /Applications/Xcode-26.3.0.app/Contents/Developer/Platforms/WatchOS.platform/Developer/SDKs/WatchOS26.2.sdk/Developer/Library/Frameworks -c -j10 -enable-batch-mode -incremental -Xcc -ivfsstatcache -Xcc /Users/admin/builder/spi-builder-workspace/.derivedData/SDKStatCaches.noindex/watchos26.2-23S303-dc75598d0054f22ec865fa860f139d721753b489057de6bda919edfa1c59a62b.sdkstatcache -output-file-map /Users/admin/builder/spi-builder-workspace/.derivedData/Build/Intermediates.noindex/SwiftUISupport.build/Debug-watchos/SwiftUISupportSizing.build/Objects-normal/arm64/SwiftUISupportSizing-OutputFileMap.json -use-frontend-parseable-output -save-temps -no-color-diagnostics -explicit-module-build -module-cache-path /Users/admin/builder/spi-builder-workspace/.derivedData/Build/Intermediates.noindex/SwiftExplicitPrecompiledModules -clang-scanner-module-cache-path /Users/admin/builder/spi-builder-workspace/.derivedData/ModuleCache.noindex -sdk-module-cache-path /Users/admin/builder/spi-builder-workspace/.derivedData/ModuleCache.noindex -serialize-diagnostics -emit-dependencies -emit-module -emit-module-path /Users/admin/builder/spi-builder-workspace/.derivedData/Build/Intermediates.noindex/SwiftUISupport.build/Debug-watchos/SwiftUISupportSizing.build/Objects-normal/arm64/SwiftUISupportSizing.swiftmodule -user-module-version 0.14.0 -validate-clang-modules-once -clang-build-session-file /Users/admin/builder/spi-builder-workspace/.derivedData/ModuleCache.noindex/Session.modulevalidation -package-name swiftui_support -Xcc -I/Users/admin/builder/spi-builder-workspace/.derivedData/Build/Intermediates.noindex/SwiftUISupport.build/Debug-watchos/SwiftUISupportSizing.build/swift-overrides.hmap -emit-const-values -Xfrontend -const-gather-protocols-file -Xfrontend /Users/admin/builder/spi-builder-workspace/.derivedData/Build/Intermediates.noindex/SwiftUISupport.build/Debug-watchos/SwiftUISupportSizing.build/Objects-normal/arm64/SwiftUISupportSizing_const_extract_protocols.json -Xcc -I/Users/admin/builder/spi-builder-workspace/.derivedData/Build/Products/Debug-watchos/include -Xcc -I/Users/admin/builder/spi-builder-workspace/.derivedData/Build/Intermediates.noindex/SwiftUISupport.build/Debug-watchos/SwiftUISupportSizing.build/DerivedSources-normal/arm64 -Xcc -I/Users/admin/builder/spi-builder-workspace/.derivedData/Build/Intermediates.noindex/SwiftUISupport.build/Debug-watchos/SwiftUISupportSizing.build/DerivedSources/arm64 -Xcc -I/Users/admin/builder/spi-builder-workspace/.derivedData/Build/Intermediates.noindex/SwiftUISupport.build/Debug-watchos/SwiftUISupportSizing.build/DerivedSources -Xcc -DSWIFT_PACKAGE -Xcc -DDEBUG\=1 -emit-objc-header -emit-objc-header-path /Users/admin/builder/spi-builder-workspace/.derivedData/Build/Intermediates.noindex/SwiftUISupport.build/Debug-watchos/SwiftUISupportSizing.build/Objects-normal/arm64/SwiftUISupportSizing-Swift.h -working-directory /Users/admin/builder/spi-builder-workspace/.swiftpm/xcode -experimental-emit-module-separately -disable-cmo
SwiftDriver SwiftUISupportGeometryEffect normal arm64_32 com.apple.xcode.tools.swift.compiler (in target 'SwiftUISupportGeometryEffect' from project 'SwiftUISupport')
cd /Users/admin/builder/spi-builder-workspace/.swiftpm/xcode
builtin-SwiftDriver -- /Applications/Xcode-26.3.0.app/Contents/Developer/Toolchains/XcodeDefault.xctoolchain/usr/bin/swiftc -module-name SwiftUISupportGeometryEffect -Onone -enforce-exclusivity\=checked @/Users/admin/builder/spi-builder-workspace/.derivedData/Build/Intermediates.noindex/SwiftUISupport.build/Debug-watchos/SwiftUISupportGeometryEffect.build/Objects-normal/arm64_32/SwiftUISupportGeometryEffect.SwiftFileList -DSWIFT_PACKAGE -DDEBUG -DSWIFT_MODULE_RESOURCE_BUNDLE_UNAVAILABLE -DXcode -plugin-path /Applications/Xcode-26.3.0.app/Contents/Developer/Toolchains/XcodeDefault.xctoolchain/usr/lib/swift/host/plugins/testing -enable-experimental-feature DebugDescriptionMacro -sdk /Applications/Xcode-26.3.0.app/Contents/Developer/Platforms/WatchOS.platform/Developer/SDKs/WatchOS26.2.sdk -target arm64_32-apple-watchos6.0 -g -module-cache-path /Users/admin/builder/spi-builder-workspace/.derivedData/ModuleCache.noindex -Xfrontend -serialize-debugging-options -profile-coverage-mapping -profile-generate -enable-testing -suppress-warnings -index-store-path /Users/admin/builder/spi-builder-workspace/.derivedData/Index.noindex/DataStore -Xcc -D_LIBCPP_HARDENING_MODE\=_LIBCPP_HARDENING_MODE_DEBUG -swift-version 6 -I /Users/admin/builder/spi-builder-workspace/.derivedData/Build/Products/Debug-watchos -Isystem /Applications/Xcode-26.3.0.app/Contents/Developer/Platforms/WatchOS.platform/Developer/usr/lib -F /Users/admin/builder/spi-builder-workspace/.derivedData/Build/Products/Debug-watchos -F /Applications/Xcode-26.3.0.app/Contents/Developer/Platforms/WatchOS.platform/Developer/Library/Frameworks -F /Applications/Xcode-26.3.0.app/Contents/Developer/Platforms/WatchOS.platform/Developer/SDKs/WatchOS26.2.sdk/Developer/Library/Frameworks -parse-as-library -c -j10 -enable-batch-mode -incremental -Xcc -ivfsstatcache -Xcc /Users/admin/builder/spi-builder-workspace/.derivedData/SDKStatCaches.noindex/watchos26.2-23S303-dc75598d0054f22ec865fa860f139d721753b489057de6bda919edfa1c59a62b.sdkstatcache -output-file-map /Users/admin/builder/spi-builder-workspace/.derivedData/Build/Intermediates.noindex/SwiftUISupport.build/Debug-watchos/SwiftUISupportGeometryEffect.build/Objects-normal/arm64_32/SwiftUISupportGeometryEffect-OutputFileMap.json -use-frontend-parseable-output -save-temps -no-color-diagnostics -explicit-module-build -module-cache-path /Users/admin/builder/spi-builder-workspace/.derivedData/Build/Intermediates.noindex/SwiftExplicitPrecompiledModules -clang-scanner-module-cache-path /Users/admin/builder/spi-builder-workspace/.derivedData/ModuleCache.noindex -sdk-module-cache-path /Users/admin/builder/spi-builder-workspace/.derivedData/ModuleCache.noindex -serialize-diagnostics -emit-dependencies -emit-module -emit-module-path /Users/admin/builder/spi-builder-workspace/.derivedData/Build/Intermediates.noindex/SwiftUISupport.build/Debug-watchos/SwiftUISupportGeometryEffect.build/Objects-normal/arm64_32/SwiftUISupportGeometryEffect.swiftmodule -user-module-version 0.14.0 -validate-clang-modules-once -clang-build-session-file /Users/admin/builder/spi-builder-workspace/.derivedData/ModuleCache.noindex/Session.modulevalidation -package-name swiftui_support -Xcc -I/Users/admin/builder/spi-builder-workspace/.derivedData/Build/Intermediates.noindex/SwiftUISupport.build/Debug-watchos/SwiftUISupportGeometryEffect.build/swift-overrides.hmap -emit-const-values -Xfrontend -const-gather-protocols-file -Xfrontend /Users/admin/builder/spi-builder-workspace/.derivedData/Build/Intermediates.noindex/SwiftUISupport.build/Debug-watchos/SwiftUISupportGeometryEffect.build/Objects-normal/arm64_32/SwiftUISupportGeometryEffect_const_extract_protocols.json -Xcc -I/Users/admin/builder/spi-builder-workspace/.derivedData/Build/Products/Debug-watchos/include -Xcc -I/Users/admin/builder/spi-builder-workspace/.derivedData/Build/Intermediates.noindex/SwiftUISupport.build/Debug-watchos/SwiftUISupportGeometryEffect.build/DerivedSources-normal/arm64_32 -Xcc -I/Users/admin/builder/spi-builder-workspace/.derivedData/Build/Intermediates.noindex/SwiftUISupport.build/Debug-watchos/SwiftUISupportGeometryEffect.build/DerivedSources/arm64_32 -Xcc -I/Users/admin/builder/spi-builder-workspace/.derivedData/Build/Intermediates.noindex/SwiftUISupport.build/Debug-watchos/SwiftUISupportGeometryEffect.build/DerivedSources -Xcc -DSWIFT_PACKAGE -Xcc -DDEBUG\=1 -emit-objc-header -emit-objc-header-path /Users/admin/builder/spi-builder-workspace/.derivedData/Build/Intermediates.noindex/SwiftUISupport.build/Debug-watchos/SwiftUISupportGeometryEffect.build/Objects-normal/arm64_32/SwiftUISupportGeometryEffect-Swift.h -working-directory /Users/admin/builder/spi-builder-workspace/.swiftpm/xcode -experimental-emit-module-separately -disable-cmo
SwiftDriver SwiftUISupportGeometryEffect normal arm64 com.apple.xcode.tools.swift.compiler (in target 'SwiftUISupportGeometryEffect' from project 'SwiftUISupport')
cd /Users/admin/builder/spi-builder-workspace/.swiftpm/xcode
builtin-SwiftDriver -- /Applications/Xcode-26.3.0.app/Contents/Developer/Toolchains/XcodeDefault.xctoolchain/usr/bin/swiftc -module-name SwiftUISupportGeometryEffect -Onone -enforce-exclusivity\=checked @/Users/admin/builder/spi-builder-workspace/.derivedData/Build/Intermediates.noindex/SwiftUISupport.build/Debug-watchos/SwiftUISupportGeometryEffect.build/Objects-normal/arm64/SwiftUISupportGeometryEffect.SwiftFileList -DSWIFT_PACKAGE -DDEBUG -DSWIFT_MODULE_RESOURCE_BUNDLE_UNAVAILABLE -DXcode -plugin-path /Applications/Xcode-26.3.0.app/Contents/Developer/Toolchains/XcodeDefault.xctoolchain/usr/lib/swift/host/plugins/testing -enable-experimental-feature DebugDescriptionMacro -sdk /Applications/Xcode-26.3.0.app/Contents/Developer/Platforms/WatchOS.platform/Developer/SDKs/WatchOS26.2.sdk -target arm64-apple-watchos6.0 -g -module-cache-path /Users/admin/builder/spi-builder-workspace/.derivedData/ModuleCache.noindex -Xfrontend -serialize-debugging-options -profile-coverage-mapping -profile-generate -enable-testing -suppress-warnings -index-store-path /Users/admin/builder/spi-builder-workspace/.derivedData/Index.noindex/DataStore -Xcc -D_LIBCPP_HARDENING_MODE\=_LIBCPP_HARDENING_MODE_DEBUG -swift-version 6 -I /Users/admin/builder/spi-builder-workspace/.derivedData/Build/Products/Debug-watchos -Isystem /Applications/Xcode-26.3.0.app/Contents/Developer/Platforms/WatchOS.platform/Developer/usr/lib -F /Users/admin/builder/spi-builder-workspace/.derivedData/Build/Products/Debug-watchos -F /Applications/Xcode-26.3.0.app/Contents/Developer/Platforms/WatchOS.platform/Developer/Library/Frameworks -F /Applications/Xcode-26.3.0.app/Contents/Developer/Platforms/WatchOS.platform/Developer/SDKs/WatchOS26.2.sdk/Developer/Library/Frameworks -parse-as-library -c -j10 -enable-batch-mode -incremental -Xcc -ivfsstatcache -Xcc /Users/admin/builder/spi-builder-workspace/.derivedData/SDKStatCaches.noindex/watchos26.2-23S303-dc75598d0054f22ec865fa860f139d721753b489057de6bda919edfa1c59a62b.sdkstatcache -output-file-map /Users/admin/builder/spi-builder-workspace/.derivedData/Build/Intermediates.noindex/SwiftUISupport.build/Debug-watchos/SwiftUISupportGeometryEffect.build/Objects-normal/arm64/SwiftUISupportGeometryEffect-OutputFileMap.json -use-frontend-parseable-output -save-temps -no-color-diagnostics -explicit-module-build -module-cache-path /Users/admin/builder/spi-builder-workspace/.derivedData/Build/Intermediates.noindex/SwiftExplicitPrecompiledModules -clang-scanner-module-cache-path /Users/admin/builder/spi-builder-workspace/.derivedData/ModuleCache.noindex -sdk-module-cache-path /Users/admin/builder/spi-builder-workspace/.derivedData/ModuleCache.noindex -serialize-diagnostics -emit-dependencies -emit-module -emit-module-path /Users/admin/builder/spi-builder-workspace/.derivedData/Build/Intermediates.noindex/SwiftUISupport.build/Debug-watchos/SwiftUISupportGeometryEffect.build/Objects-normal/arm64/SwiftUISupportGeometryEffect.swiftmodule -user-module-version 0.14.0 -validate-clang-modules-once -clang-build-session-file /Users/admin/builder/spi-builder-workspace/.derivedData/ModuleCache.noindex/Session.modulevalidation -package-name swiftui_support -Xcc -I/Users/admin/builder/spi-builder-workspace/.derivedData/Build/Intermediates.noindex/SwiftUISupport.build/Debug-watchos/SwiftUISupportGeometryEffect.build/swift-overrides.hmap -emit-const-values -Xfrontend -const-gather-protocols-file -Xfrontend /Users/admin/builder/spi-builder-workspace/.derivedData/Build/Intermediates.noindex/SwiftUISupport.build/Debug-watchos/SwiftUISupportGeometryEffect.build/Objects-normal/arm64/SwiftUISupportGeometryEffect_const_extract_protocols.json -Xcc -I/Users/admin/builder/spi-builder-workspace/.derivedData/Build/Products/Debug-watchos/include -Xcc -I/Users/admin/builder/spi-builder-workspace/.derivedData/Build/Intermediates.noindex/SwiftUISupport.build/Debug-watchos/SwiftUISupportGeometryEffect.build/DerivedSources-normal/arm64 -Xcc -I/Users/admin/builder/spi-builder-workspace/.derivedData/Build/Intermediates.noindex/SwiftUISupport.build/Debug-watchos/SwiftUISupportGeometryEffect.build/DerivedSources/arm64 -Xcc -I/Users/admin/builder/spi-builder-workspace/.derivedData/Build/Intermediates.noindex/SwiftUISupport.build/Debug-watchos/SwiftUISupportGeometryEffect.build/DerivedSources -Xcc -DSWIFT_PACKAGE -Xcc -DDEBUG\=1 -emit-objc-header -emit-objc-header-path /Users/admin/builder/spi-builder-workspace/.derivedData/Build/Intermediates.noindex/SwiftUISupport.build/Debug-watchos/SwiftUISupportGeometryEffect.build/Objects-normal/arm64/SwiftUISupportGeometryEffect-Swift.h -working-directory /Users/admin/builder/spi-builder-workspace/.swiftpm/xcode -experimental-emit-module-separately -disable-cmo
SwiftDriver SwiftUISupportGeometryEffect normal armv7k com.apple.xcode.tools.swift.compiler (in target 'SwiftUISupportGeometryEffect' from project 'SwiftUISupport')
cd /Users/admin/builder/spi-builder-workspace/.swiftpm/xcode
builtin-SwiftDriver -- /Applications/Xcode-26.3.0.app/Contents/Developer/Toolchains/XcodeDefault.xctoolchain/usr/bin/swiftc -module-name SwiftUISupportGeometryEffect -Onone -enforce-exclusivity\=checked @/Users/admin/builder/spi-builder-workspace/.derivedData/Build/Intermediates.noindex/SwiftUISupport.build/Debug-watchos/SwiftUISupportGeometryEffect.build/Objects-normal/armv7k/SwiftUISupportGeometryEffect.SwiftFileList -DSWIFT_PACKAGE -DDEBUG -DSWIFT_MODULE_RESOURCE_BUNDLE_UNAVAILABLE -DXcode -plugin-path /Applications/Xcode-26.3.0.app/Contents/Developer/Toolchains/XcodeDefault.xctoolchain/usr/lib/swift/host/plugins/testing -enable-experimental-feature DebugDescriptionMacro -sdk /Applications/Xcode-26.3.0.app/Contents/Developer/Platforms/WatchOS.platform/Developer/SDKs/WatchOS26.2.sdk -target armv7k-apple-watchos6.0 -g -module-cache-path /Users/admin/builder/spi-builder-workspace/.derivedData/ModuleCache.noindex -Xfrontend -serialize-debugging-options -profile-coverage-mapping -profile-generate -enable-testing -suppress-warnings -index-store-path /Users/admin/builder/spi-builder-workspace/.derivedData/Index.noindex/DataStore -Xcc -D_LIBCPP_HARDENING_MODE\=_LIBCPP_HARDENING_MODE_DEBUG -swift-version 6 -I /Users/admin/builder/spi-builder-workspace/.derivedData/Build/Products/Debug-watchos -Isystem /Applications/Xcode-26.3.0.app/Contents/Developer/Platforms/WatchOS.platform/Developer/usr/lib -F /Users/admin/builder/spi-builder-workspace/.derivedData/Build/Products/Debug-watchos -F /Applications/Xcode-26.3.0.app/Contents/Developer/Platforms/WatchOS.platform/Developer/Library/Frameworks -F /Applications/Xcode-26.3.0.app/Contents/Developer/Platforms/WatchOS.platform/Developer/SDKs/WatchOS26.2.sdk/Developer/Library/Frameworks -parse-as-library -c -j10 -enable-batch-mode -incremental -Xcc -ivfsstatcache -Xcc /Users/admin/builder/spi-builder-workspace/.derivedData/SDKStatCaches.noindex/watchos26.2-23S303-dc75598d0054f22ec865fa860f139d721753b489057de6bda919edfa1c59a62b.sdkstatcache -output-file-map /Users/admin/builder/spi-builder-workspace/.derivedData/Build/Intermediates.noindex/SwiftUISupport.build/Debug-watchos/SwiftUISupportGeometryEffect.build/Objects-normal/armv7k/SwiftUISupportGeometryEffect-OutputFileMap.json -use-frontend-parseable-output -save-temps -no-color-diagnostics -explicit-module-build -module-cache-path /Users/admin/builder/spi-builder-workspace/.derivedData/Build/Intermediates.noindex/SwiftExplicitPrecompiledModules -clang-scanner-module-cache-path /Users/admin/builder/spi-builder-workspace/.derivedData/ModuleCache.noindex -sdk-module-cache-path /Users/admin/builder/spi-builder-workspace/.derivedData/ModuleCache.noindex -serialize-diagnostics -emit-dependencies -emit-module -emit-module-path /Users/admin/builder/spi-builder-workspace/.derivedData/Build/Intermediates.noindex/SwiftUISupport.build/Debug-watchos/SwiftUISupportGeometryEffect.build/Objects-normal/armv7k/SwiftUISupportGeometryEffect.swiftmodule -user-module-version 0.14.0 -validate-clang-modules-once -clang-build-session-file /Users/admin/builder/spi-builder-workspace/.derivedData/ModuleCache.noindex/Session.modulevalidation -package-name swiftui_support -Xcc -I/Users/admin/builder/spi-builder-workspace/.derivedData/Build/Intermediates.noindex/SwiftUISupport.build/Debug-watchos/SwiftUISupportGeometryEffect.build/swift-overrides.hmap -emit-const-values -Xfrontend -const-gather-protocols-file -Xfrontend /Users/admin/builder/spi-builder-workspace/.derivedData/Build/Intermediates.noindex/SwiftUISupport.build/Debug-watchos/SwiftUISupportGeometryEffect.build/Objects-normal/armv7k/SwiftUISupportGeometryEffect_const_extract_protocols.json -Xcc -I/Users/admin/builder/spi-builder-workspace/.derivedData/Build/Products/Debug-watchos/include -Xcc -I/Users/admin/builder/spi-builder-workspace/.derivedData/Build/Intermediates.noindex/SwiftUISupport.build/Debug-watchos/SwiftUISupportGeometryEffect.build/DerivedSources-normal/armv7k -Xcc -I/Users/admin/builder/spi-builder-workspace/.derivedData/Build/Intermediates.noindex/SwiftUISupport.build/Debug-watchos/SwiftUISupportGeometryEffect.build/DerivedSources/armv7k -Xcc -I/Users/admin/builder/spi-builder-workspace/.derivedData/Build/Intermediates.noindex/SwiftUISupport.build/Debug-watchos/SwiftUISupportGeometryEffect.build/DerivedSources -Xcc -DSWIFT_PACKAGE -Xcc -DDEBUG\=1 -emit-objc-header -emit-objc-header-path /Users/admin/builder/spi-builder-workspace/.derivedData/Build/Intermediates.noindex/SwiftUISupport.build/Debug-watchos/SwiftUISupportGeometryEffect.build/Objects-normal/armv7k/SwiftUISupportGeometryEffect-Swift.h -working-directory /Users/admin/builder/spi-builder-workspace/.swiftpm/xcode -experimental-emit-module-separately -disable-cmo
SwiftDriver SwiftUIScrollViewInteroperableDragGesture normal arm64 com.apple.xcode.tools.swift.compiler (in target 'SwiftUIScrollViewInteroperableDragGesture' from project 'swiftui-scrollview-interoperable-drag-gesture')
cd /Users/admin/builder/spi-builder-workspace/.swiftpm/xcode
builtin-SwiftDriver -- /Applications/Xcode-26.3.0.app/Contents/Developer/Toolchains/XcodeDefault.xctoolchain/usr/bin/swiftc -module-name SwiftUIScrollViewInteroperableDragGesture -Onone -enforce-exclusivity\=checked @/Users/admin/builder/spi-builder-workspace/.derivedData/Build/Intermediates.noindex/swiftui-scrollview-interoperable-drag-gesture.build/Debug-watchos/SwiftUIScrollViewInteroperableDragGesture.build/Objects-normal/arm64/SwiftUIScrollViewInteroperableDragGesture.SwiftFileList -DSWIFT_PACKAGE -DDEBUG -DSWIFT_MODULE_RESOURCE_BUNDLE_UNAVAILABLE -DXcode -plugin-path /Applications/Xcode-26.3.0.app/Contents/Developer/Toolchains/XcodeDefault.xctoolchain/usr/lib/swift/host/plugins/testing -enable-experimental-feature DebugDescriptionMacro -sdk /Applications/Xcode-26.3.0.app/Contents/Developer/Platforms/WatchOS.platform/Developer/SDKs/WatchOS26.2.sdk -target arm64-apple-watchos6.0 -g -module-cache-path /Users/admin/builder/spi-builder-workspace/.derivedData/ModuleCache.noindex -Xfrontend -serialize-debugging-options -profile-coverage-mapping -profile-generate -enable-testing -suppress-warnings -index-store-path /Users/admin/builder/spi-builder-workspace/.derivedData/Index.noindex/DataStore -Xcc -D_LIBCPP_HARDENING_MODE\=_LIBCPP_HARDENING_MODE_DEBUG -swift-version 6 -I /Users/admin/builder/spi-builder-workspace/.derivedData/Build/Products/Debug-watchos -Isystem /Applications/Xcode-26.3.0.app/Contents/Developer/Platforms/WatchOS.platform/Developer/usr/lib -F /Users/admin/builder/spi-builder-workspace/.derivedData/Build/Products/Debug-watchos -F /Applications/Xcode-26.3.0.app/Contents/Developer/Platforms/WatchOS.platform/Developer/Library/Frameworks -F /Applications/Xcode-26.3.0.app/Contents/Developer/Platforms/WatchOS.platform/Developer/SDKs/WatchOS26.2.sdk/Developer/Library/Frameworks -c -j10 -enable-batch-mode -incremental -Xcc -ivfsstatcache -Xcc /Users/admin/builder/spi-builder-workspace/.derivedData/SDKStatCaches.noindex/watchos26.2-23S303-dc75598d0054f22ec865fa860f139d721753b489057de6bda919edfa1c59a62b.sdkstatcache -output-file-map /Users/admin/builder/spi-builder-workspace/.derivedData/Build/Intermediates.noindex/swiftui-scrollview-interoperable-drag-gesture.build/Debug-watchos/SwiftUIScrollViewInteroperableDragGesture.build/Objects-normal/arm64/SwiftUIScrollViewInteroperableDragGesture-OutputFileMap.json -use-frontend-parseable-output -save-temps -no-color-diagnostics -explicit-module-build -module-cache-path /Users/admin/builder/spi-builder-workspace/.derivedData/Build/Intermediates.noindex/SwiftExplicitPrecompiledModules -clang-scanner-module-cache-path /Users/admin/builder/spi-builder-workspace/.derivedData/ModuleCache.noindex -sdk-module-cache-path /Users/admin/builder/spi-builder-workspace/.derivedData/ModuleCache.noindex -serialize-diagnostics -emit-dependencies -emit-module -emit-module-path /Users/admin/builder/spi-builder-workspace/.derivedData/Build/Intermediates.noindex/swiftui-scrollview-interoperable-drag-gesture.build/Debug-watchos/SwiftUIScrollViewInteroperableDragGesture.build/Objects-normal/arm64/SwiftUIScrollViewInteroperableDragGesture.swiftmodule -user-module-version 0.5.0 -validate-clang-modules-once -clang-build-session-file /Users/admin/builder/spi-builder-workspace/.derivedData/ModuleCache.noindex/Session.modulevalidation -package-name swiftui_scrollview_interoperable_drag_gesture -Xcc -I/Users/admin/builder/spi-builder-workspace/.derivedData/Build/Intermediates.noindex/swiftui-scrollview-interoperable-drag-gesture.build/Debug-watchos/SwiftUIScrollViewInteroperableDragGesture.build/swift-overrides.hmap -emit-const-values -Xfrontend -const-gather-protocols-file -Xfrontend /Users/admin/builder/spi-builder-workspace/.derivedData/Build/Intermediates.noindex/swiftui-scrollview-interoperable-drag-gesture.build/Debug-watchos/SwiftUIScrollViewInteroperableDragGesture.build/Objects-normal/arm64/SwiftUIScrollViewInteroperableDragGesture_const_extract_protocols.json -Xcc -I/Users/admin/builder/spi-builder-workspace/.derivedData/Build/Products/Debug-watchos/include -Xcc -I/Users/admin/builder/spi-builder-workspace/.derivedData/Build/Intermediates.noindex/swiftui-scrollview-interoperable-drag-gesture.build/Debug-watchos/SwiftUIScrollViewInteroperableDragGesture.build/DerivedSources-normal/arm64 -Xcc -I/Users/admin/builder/spi-builder-workspace/.derivedData/Build/Intermediates.noindex/swiftui-scrollview-interoperable-drag-gesture.build/Debug-watchos/SwiftUIScrollViewInteroperableDragGesture.build/DerivedSources/arm64 -Xcc -I/Users/admin/builder/spi-builder-workspace/.derivedData/Build/Intermediates.noindex/swiftui-scrollview-interoperable-drag-gesture.build/Debug-watchos/SwiftUIScrollViewInteroperableDragGesture.build/DerivedSources -Xcc -DSWIFT_PACKAGE -Xcc -DDEBUG\=1 -emit-objc-header -emit-objc-header-path /Users/admin/builder/spi-builder-workspace/.derivedData/Build/Intermediates.noindex/swiftui-scrollview-interoperable-drag-gesture.build/Debug-watchos/SwiftUIScrollViewInteroperableDragGesture.build/Objects-normal/arm64/SwiftUIScrollViewInteroperableDragGesture-Swift.h -working-directory /Users/admin/builder/spi-builder-workspace/.swiftpm/xcode -experimental-emit-module-separately -disable-cmo
SwiftDriver SwiftUIScrollViewInteroperableDragGesture normal arm64_32 com.apple.xcode.tools.swift.compiler (in target 'SwiftUIScrollViewInteroperableDragGesture' from project 'swiftui-scrollview-interoperable-drag-gesture')
cd /Users/admin/builder/spi-builder-workspace/.swiftpm/xcode
builtin-SwiftDriver -- /Applications/Xcode-26.3.0.app/Contents/Developer/Toolchains/XcodeDefault.xctoolchain/usr/bin/swiftc -module-name SwiftUIScrollViewInteroperableDragGesture -Onone -enforce-exclusivity\=checked @/Users/admin/builder/spi-builder-workspace/.derivedData/Build/Intermediates.noindex/swiftui-scrollview-interoperable-drag-gesture.build/Debug-watchos/SwiftUIScrollViewInteroperableDragGesture.build/Objects-normal/arm64_32/SwiftUIScrollViewInteroperableDragGesture.SwiftFileList -DSWIFT_PACKAGE -DDEBUG -DSWIFT_MODULE_RESOURCE_BUNDLE_UNAVAILABLE -DXcode -plugin-path /Applications/Xcode-26.3.0.app/Contents/Developer/Toolchains/XcodeDefault.xctoolchain/usr/lib/swift/host/plugins/testing -enable-experimental-feature DebugDescriptionMacro -sdk /Applications/Xcode-26.3.0.app/Contents/Developer/Platforms/WatchOS.platform/Developer/SDKs/WatchOS26.2.sdk -target arm64_32-apple-watchos6.0 -g -module-cache-path /Users/admin/builder/spi-builder-workspace/.derivedData/ModuleCache.noindex -Xfrontend -serialize-debugging-options -profile-coverage-mapping -profile-generate -enable-testing -suppress-warnings -index-store-path /Users/admin/builder/spi-builder-workspace/.derivedData/Index.noindex/DataStore -Xcc -D_LIBCPP_HARDENING_MODE\=_LIBCPP_HARDENING_MODE_DEBUG -swift-version 6 -I /Users/admin/builder/spi-builder-workspace/.derivedData/Build/Products/Debug-watchos -Isystem /Applications/Xcode-26.3.0.app/Contents/Developer/Platforms/WatchOS.platform/Developer/usr/lib -F /Users/admin/builder/spi-builder-workspace/.derivedData/Build/Products/Debug-watchos -F /Applications/Xcode-26.3.0.app/Contents/Developer/Platforms/WatchOS.platform/Developer/Library/Frameworks -F /Applications/Xcode-26.3.0.app/Contents/Developer/Platforms/WatchOS.platform/Developer/SDKs/WatchOS26.2.sdk/Developer/Library/Frameworks -c -j10 -enable-batch-mode -incremental -Xcc -ivfsstatcache -Xcc /Users/admin/builder/spi-builder-workspace/.derivedData/SDKStatCaches.noindex/watchos26.2-23S303-dc75598d0054f22ec865fa860f139d721753b489057de6bda919edfa1c59a62b.sdkstatcache -output-file-map /Users/admin/builder/spi-builder-workspace/.derivedData/Build/Intermediates.noindex/swiftui-scrollview-interoperable-drag-gesture.build/Debug-watchos/SwiftUIScrollViewInteroperableDragGesture.build/Objects-normal/arm64_32/SwiftUIScrollViewInteroperableDragGesture-OutputFileMap.json -use-frontend-parseable-output -save-temps -no-color-diagnostics -explicit-module-build -module-cache-path /Users/admin/builder/spi-builder-workspace/.derivedData/Build/Intermediates.noindex/SwiftExplicitPrecompiledModules -clang-scanner-module-cache-path /Users/admin/builder/spi-builder-workspace/.derivedData/ModuleCache.noindex -sdk-module-cache-path /Users/admin/builder/spi-builder-workspace/.derivedData/ModuleCache.noindex -serialize-diagnostics -emit-dependencies -emit-module -emit-module-path /Users/admin/builder/spi-builder-workspace/.derivedData/Build/Intermediates.noindex/swiftui-scrollview-interoperable-drag-gesture.build/Debug-watchos/SwiftUIScrollViewInteroperableDragGesture.build/Objects-normal/arm64_32/SwiftUIScrollViewInteroperableDragGesture.swiftmodule -user-module-version 0.5.0 -validate-clang-modules-once -clang-build-session-file /Users/admin/builder/spi-builder-workspace/.derivedData/ModuleCache.noindex/Session.modulevalidation -package-name swiftui_scrollview_interoperable_drag_gesture -Xcc -I/Users/admin/builder/spi-builder-workspace/.derivedData/Build/Intermediates.noindex/swiftui-scrollview-interoperable-drag-gesture.build/Debug-watchos/SwiftUIScrollViewInteroperableDragGesture.build/swift-overrides.hmap -emit-const-values -Xfrontend -const-gather-protocols-file -Xfrontend /Users/admin/builder/spi-builder-workspace/.derivedData/Build/Intermediates.noindex/swiftui-scrollview-interoperable-drag-gesture.build/Debug-watchos/SwiftUIScrollViewInteroperableDragGesture.build/Objects-normal/arm64_32/SwiftUIScrollViewInteroperableDragGesture_const_extract_protocols.json -Xcc -I/Users/admin/builder/spi-builder-workspace/.derivedData/Build/Products/Debug-watchos/include -Xcc -I/Users/admin/builder/spi-builder-workspace/.derivedData/Build/Intermediates.noindex/swiftui-scrollview-interoperable-drag-gesture.build/Debug-watchos/SwiftUIScrollViewInteroperableDragGesture.build/DerivedSources-normal/arm64_32 -Xcc -I/Users/admin/builder/spi-builder-workspace/.derivedData/Build/Intermediates.noindex/swiftui-scrollview-interoperable-drag-gesture.build/Debug-watchos/SwiftUIScrollViewInteroperableDragGesture.build/DerivedSources/arm64_32 -Xcc -I/Users/admin/builder/spi-builder-workspace/.derivedData/Build/Intermediates.noindex/swiftui-scrollview-interoperable-drag-gesture.build/Debug-watchos/SwiftUIScrollViewInteroperableDragGesture.build/DerivedSources -Xcc -DSWIFT_PACKAGE -Xcc -DDEBUG\=1 -emit-objc-header -emit-objc-header-path /Users/admin/builder/spi-builder-workspace/.derivedData/Build/Intermediates.noindex/swiftui-scrollview-interoperable-drag-gesture.build/Debug-watchos/SwiftUIScrollViewInteroperableDragGesture.build/Objects-normal/arm64_32/SwiftUIScrollViewInteroperableDragGesture-Swift.h -working-directory /Users/admin/builder/spi-builder-workspace/.swiftpm/xcode -experimental-emit-module-separately -disable-cmo
SwiftDriver SwiftUIScrollViewInteroperableDragGesture normal armv7k com.apple.xcode.tools.swift.compiler (in target 'SwiftUIScrollViewInteroperableDragGesture' from project 'swiftui-scrollview-interoperable-drag-gesture')
cd /Users/admin/builder/spi-builder-workspace/.swiftpm/xcode
builtin-SwiftDriver -- /Applications/Xcode-26.3.0.app/Contents/Developer/Toolchains/XcodeDefault.xctoolchain/usr/bin/swiftc -module-name SwiftUIScrollViewInteroperableDragGesture -Onone -enforce-exclusivity\=checked @/Users/admin/builder/spi-builder-workspace/.derivedData/Build/Intermediates.noindex/swiftui-scrollview-interoperable-drag-gesture.build/Debug-watchos/SwiftUIScrollViewInteroperableDragGesture.build/Objects-normal/armv7k/SwiftUIScrollViewInteroperableDragGesture.SwiftFileList -DSWIFT_PACKAGE -DDEBUG -DSWIFT_MODULE_RESOURCE_BUNDLE_UNAVAILABLE -DXcode -plugin-path /Applications/Xcode-26.3.0.app/Contents/Developer/Toolchains/XcodeDefault.xctoolchain/usr/lib/swift/host/plugins/testing -enable-experimental-feature DebugDescriptionMacro -sdk /Applications/Xcode-26.3.0.app/Contents/Developer/Platforms/WatchOS.platform/Developer/SDKs/WatchOS26.2.sdk -target armv7k-apple-watchos6.0 -g -module-cache-path /Users/admin/builder/spi-builder-workspace/.derivedData/ModuleCache.noindex -Xfrontend -serialize-debugging-options -profile-coverage-mapping -profile-generate -enable-testing -suppress-warnings -index-store-path /Users/admin/builder/spi-builder-workspace/.derivedData/Index.noindex/DataStore -Xcc -D_LIBCPP_HARDENING_MODE\=_LIBCPP_HARDENING_MODE_DEBUG -swift-version 6 -I /Users/admin/builder/spi-builder-workspace/.derivedData/Build/Products/Debug-watchos -Isystem /Applications/Xcode-26.3.0.app/Contents/Developer/Platforms/WatchOS.platform/Developer/usr/lib -F /Users/admin/builder/spi-builder-workspace/.derivedData/Build/Products/Debug-watchos -F /Applications/Xcode-26.3.0.app/Contents/Developer/Platforms/WatchOS.platform/Developer/Library/Frameworks -F /Applications/Xcode-26.3.0.app/Contents/Developer/Platforms/WatchOS.platform/Developer/SDKs/WatchOS26.2.sdk/Developer/Library/Frameworks -c -j10 -enable-batch-mode -incremental -Xcc -ivfsstatcache -Xcc /Users/admin/builder/spi-builder-workspace/.derivedData/SDKStatCaches.noindex/watchos26.2-23S303-dc75598d0054f22ec865fa860f139d721753b489057de6bda919edfa1c59a62b.sdkstatcache -output-file-map /Users/admin/builder/spi-builder-workspace/.derivedData/Build/Intermediates.noindex/swiftui-scrollview-interoperable-drag-gesture.build/Debug-watchos/SwiftUIScrollViewInteroperableDragGesture.build/Objects-normal/armv7k/SwiftUIScrollViewInteroperableDragGesture-OutputFileMap.json -use-frontend-parseable-output -save-temps -no-color-diagnostics -explicit-module-build -module-cache-path /Users/admin/builder/spi-builder-workspace/.derivedData/Build/Intermediates.noindex/SwiftExplicitPrecompiledModules -clang-scanner-module-cache-path /Users/admin/builder/spi-builder-workspace/.derivedData/ModuleCache.noindex -sdk-module-cache-path /Users/admin/builder/spi-builder-workspace/.derivedData/ModuleCache.noindex -serialize-diagnostics -emit-dependencies -emit-module -emit-module-path /Users/admin/builder/spi-builder-workspace/.derivedData/Build/Intermediates.noindex/swiftui-scrollview-interoperable-drag-gesture.build/Debug-watchos/SwiftUIScrollViewInteroperableDragGesture.build/Objects-normal/armv7k/SwiftUIScrollViewInteroperableDragGesture.swiftmodule -user-module-version 0.5.0 -validate-clang-modules-once -clang-build-session-file /Users/admin/builder/spi-builder-workspace/.derivedData/ModuleCache.noindex/Session.modulevalidation -package-name swiftui_scrollview_interoperable_drag_gesture -Xcc -I/Users/admin/builder/spi-builder-workspace/.derivedData/Build/Intermediates.noindex/swiftui-scrollview-interoperable-drag-gesture.build/Debug-watchos/SwiftUIScrollViewInteroperableDragGesture.build/swift-overrides.hmap -emit-const-values -Xfrontend -const-gather-protocols-file -Xfrontend /Users/admin/builder/spi-builder-workspace/.derivedData/Build/Intermediates.noindex/swiftui-scrollview-interoperable-drag-gesture.build/Debug-watchos/SwiftUIScrollViewInteroperableDragGesture.build/Objects-normal/armv7k/SwiftUIScrollViewInteroperableDragGesture_const_extract_protocols.json -Xcc -I/Users/admin/builder/spi-builder-workspace/.derivedData/Build/Products/Debug-watchos/include -Xcc -I/Users/admin/builder/spi-builder-workspace/.derivedData/Build/Intermediates.noindex/swiftui-scrollview-interoperable-drag-gesture.build/Debug-watchos/SwiftUIScrollViewInteroperableDragGesture.build/DerivedSources-normal/armv7k -Xcc -I/Users/admin/builder/spi-builder-workspace/.derivedData/Build/Intermediates.noindex/swiftui-scrollview-interoperable-drag-gesture.build/Debug-watchos/SwiftUIScrollViewInteroperableDragGesture.build/DerivedSources/armv7k -Xcc -I/Users/admin/builder/spi-builder-workspace/.derivedData/Build/Intermediates.noindex/swiftui-scrollview-interoperable-drag-gesture.build/Debug-watchos/SwiftUIScrollViewInteroperableDragGesture.build/DerivedSources -Xcc -DSWIFT_PACKAGE -Xcc -DDEBUG\=1 -emit-objc-header -emit-objc-header-path /Users/admin/builder/spi-builder-workspace/.derivedData/Build/Intermediates.noindex/swiftui-scrollview-interoperable-drag-gesture.build/Debug-watchos/SwiftUIScrollViewInteroperableDragGesture.build/Objects-normal/armv7k/SwiftUIScrollViewInteroperableDragGesture-Swift.h -working-directory /Users/admin/builder/spi-builder-workspace/.swiftpm/xcode -experimental-emit-module-separately -disable-cmo
SwiftEmitModule normal armv7k Emitting\ module\ for\ SwiftUISupportGeometryEffect (in target 'SwiftUISupportGeometryEffect' from project 'SwiftUISupport')
SwiftCompile normal armv7k /Users/admin/builder/spi-builder-workspace/.dependencies/checkouts/swiftui-support/Sources/SwiftUISupportGeometryEffect/TranslationEffect.swift (in target 'SwiftUISupportGeometryEffect' from project 'SwiftUISupport')
cd /Users/admin/builder/spi-builder-workspace/.swiftpm/xcode
SwiftCompile normal armv7k Compiling\ TranslationEffect.swift /Users/admin/builder/spi-builder-workspace/.dependencies/checkouts/swiftui-support/Sources/SwiftUISupportGeometryEffect/TranslationEffect.swift (in target 'SwiftUISupportGeometryEffect' from project 'SwiftUISupport')
SwiftCompile normal armv7k /Users/admin/builder/spi-builder-workspace/.dependencies/checkouts/swiftui-support/Sources/SwiftUISupportGeometryEffect/TranslationEffect.swift (in target 'SwiftUISupportGeometryEffect' from project 'SwiftUISupport')
cd /Users/admin/builder/spi-builder-workspace/.swiftpm/xcode
SwiftExplicitDependencyGeneratePcm arm64 /Users/admin/builder/spi-builder-workspace/.derivedData/ModuleCache.noindex/SwiftUI-4OC0A8HWPDEBIVB0BVWDDC788.pcm
SwiftExplicitDependencyGeneratePcm arm64_32 /Users/admin/builder/spi-builder-workspace/.derivedData/ModuleCache.noindex/WatchKit-CAD4AK8HX5FUC7GD3OEVCTMHI.pcm
SwiftEmitModule normal armv7k Emitting\ module\ for\ SwiftUISupportSizing (in target 'SwiftUISupportSizing' from project 'SwiftUISupport')
EmitSwiftModule normal armv7k (in target 'SwiftUISupportSizing' from project 'SwiftUISupport')
cd /Users/admin/builder/spi-builder-workspace/.swiftpm/xcode
SwiftCompile normal armv7k Compiling\ View+MeasureSize.swift /Users/admin/builder/spi-builder-workspace/.dependencies/checkouts/swiftui-support/Sources/SwiftUISupportSizing/View+MeasureSize.swift (in target 'SwiftUISupportSizing' from project 'SwiftUISupport')
SwiftCompile normal armv7k /Users/admin/builder/spi-builder-workspace/.dependencies/checkouts/swiftui-support/Sources/SwiftUISupportSizing/View+MeasureSize.swift (in target 'SwiftUISupportSizing' from project 'SwiftUISupport')
cd /Users/admin/builder/spi-builder-workspace/.swiftpm/xcode
SwiftCompile normal armv7k Compiling\ ResizableModifier.swift /Users/admin/builder/spi-builder-workspace/.dependencies/checkouts/swiftui-support/Sources/SwiftUISupportSizing/ResizableModifier.swift (in target 'SwiftUISupportSizing' from project 'SwiftUISupport')
SwiftCompile normal armv7k /Users/admin/builder/spi-builder-workspace/.dependencies/checkouts/swiftui-support/Sources/SwiftUISupportSizing/ResizableModifier.swift (in target 'SwiftUISupportSizing' from project 'SwiftUISupport')
cd /Users/admin/builder/spi-builder-workspace/.swiftpm/xcode
SwiftEmitModule normal armv7k Emitting\ module\ for\ SwiftUIScrollViewInteroperableDragGesture (in target 'SwiftUIScrollViewInteroperableDragGesture' from project 'swiftui-scrollview-interoperable-drag-gesture')
Failed frontend command:
/Applications/Xcode-26.3.0.app/Contents/Developer/Toolchains/XcodeDefault.xctoolchain/usr/bin/swift-frontend -frontend -emit-module -experimental-skip-non-inlinable-function-bodies-without-types /Users/admin/builder/spi-builder-workspace/.dependencies/checkouts/swiftui-scrollview-interoperable-drag-gesture/Sources/SwiftUIScrollViewInteroperableDragGesture/DragGestureHandler.swift /Users/admin/builder/spi-builder-workspace/.dependencies/checkouts/swiftui-scrollview-interoperable-drag-gesture/Sources/SwiftUIScrollViewInteroperableDragGesture/ScrollController.swift /Users/admin/builder/spi-builder-workspace/.dependencies/checkouts/swiftui-scrollview-interoperable-drag-gesture/Sources/SwiftUIScrollViewInteroperableDragGesture/SwiftUIScrollViewInteroperableDragGesture.swift /Users/admin/builder/spi-builder-workspace/.dependencies/checkouts/swiftui-scrollview-interoperable-drag-gesture/Sources/SwiftUIScrollViewInteroperableDragGesture/UIKit/UIScrollViewInteroperableDragGestureRecognizer.swift /Users/admin/builder/spi-builder-workspace/.dependencies/checkouts/swiftui-scrollview-interoperable-drag-gesture/Sources/SwiftUIScrollViewInteroperableDragGesture/UIScrollView+.swift -target armv7k-apple-watchos6.0 -load-resolved-plugin /Applications/Xcode-26.3.0.app/Contents/Developer/Platforms/WatchOS.platform/Developer/usr/lib/swift/host/plugins/libFoundationMacros.dylib\#/Applications/Xcode-26.3.0.app/Contents/Developer/Platforms/WatchOS.platform/Developer/usr/bin/swift-plugin-server\#FoundationMacros -load-resolved-plugin /Applications/Xcode-26.3.0.app/Contents/Developer/Platforms/WatchOS.platform/Developer/usr/lib/swift/host/plugins/libObservationMacros.dylib\#/Applications/Xcode-26.3.0.app/Contents/Developer/Platforms/WatchOS.platform/Developer/usr/bin/swift-plugin-server\#ObservationMacros -load-resolved-plugin /Applications/Xcode-26.3.0.app/Contents/Developer/Platforms/WatchOS.platform/Developer/usr/lib/swift/host/plugins/libPreviewsMacros.dylib\#/Applications/Xcode-26.3.0.app/Contents/Developer/Platforms/WatchOS.platform/Developer/usr/bin/swift-plugin-server\#PreviewsMacros -load-resolved-plugin /Applications/Xcode-26.3.0.app/Contents/Developer/Platforms/WatchOS.platform/Developer/usr/lib/swift/host/plugins/libSwiftMacros.dylib\#/Applications/Xcode-26.3.0.app/Contents/Developer/Platforms/WatchOS.platform/Developer/usr/bin/swift-plugin-server\#SwiftMacros -load-resolved-plugin /Applications/Xcode-26.3.0.app/Contents/Developer/Platforms/WatchOS.platform/Developer/usr/lib/swift/host/plugins/libSwiftUIMacros.dylib\#/Applications/Xcode-26.3.0.app/Contents/Developer/Platforms/WatchOS.platform/Developer/usr/bin/swift-plugin-server\#SwiftUIMacros -disable-implicit-swift-modules -Xcc -fno-implicit-modules -Xcc -fno-implicit-module-maps -explicit-swift-module-map-file /Users/admin/builder/spi-builder-workspace/.derivedData/Build/Intermediates.noindex/swiftui-scrollview-interoperable-drag-gesture.build/Debug-watchos/SwiftUIScrollViewInteroperableDragGesture.build/Objects-normal/armv7k/SwiftUIScrollViewInteroperableDragGesture-dependencies-2.json -enable-objc-interop -stack-check -sdk /Applications/Xcode-26.3.0.app/Contents/Developer/Platforms/WatchOS.platform/Developer/SDKs/WatchOS26.2.sdk -I /Users/admin/builder/spi-builder-workspace/.derivedData/Build/Products/Debug-watchos -Isystem /Applications/Xcode-26.3.0.app/Contents/Developer/Platforms/WatchOS.platform/Developer/usr/lib -F /Users/admin/builder/spi-builder-workspace/.derivedData/Build/Products/Debug-watchos -F /Applications/Xcode-26.3.0.app/Contents/Developer/Platforms/WatchOS.platform/Developer/Library/Frameworks -F /Applications/Xcode-26.3.0.app/Contents/Developer/Platforms/WatchOS.platform/Developer/SDKs/WatchOS26.2.sdk/Developer/Library/Frameworks -no-color-diagnostics -Xcc -fno-color-diagnostics -enable-testing -g -debug-info-format\=dwarf -dwarf-version\=4 -module-cache-path /Users/admin/builder/spi-builder-workspace/.derivedData/Build/Intermediates.noindex/SwiftExplicitPrecompiledModules -suppress-warnings -profile-generate -profile-coverage-mapping -swift-version 6 -enforce-exclusivity\=checked -Onone -D SWIFT_PACKAGE -D DEBUG -D SWIFT_MODULE_RESOURCE_BUNDLE_UNAVAILABLE -D Xcode -serialize-debugging-options -const-gather-protocols-file /Users/admin/builder/spi-builder-workspace/.derivedData/Build/Intermediates.noindex/swiftui-scrollview-interoperable-drag-gesture.build/Debug-watchos/SwiftUIScrollViewInteroperableDragGesture.build/Objects-normal/armv7k/SwiftUIScrollViewInteroperableDragGesture_const_extract_protocols.json -enable-experimental-feature DebugDescriptionMacro -empty-abi-descriptor -user-module-version 0.5.0 -validate-clang-modules-once -clang-build-session-file /Users/admin/builder/spi-builder-workspace/.derivedData/ModuleCache.noindex/Session.modulevalidation -Xcc -working-directory -Xcc /Users/admin/builder/spi-builder-workspace/.swiftpm/xcode -enable-anonymous-context-mangled-names -file-compilation-dir /Users/admin/builder/spi-builder-workspace/.swiftpm/xcode -Xcc -D_LIBCPP_HARDENING_MODE\=_LIBCPP_HARDENING_MODE_DEBUG -Xcc -ivfsstatcache -Xcc /Users/admin/builder/spi-builder-workspace/.derivedData/SDKStatCaches.noindex/watchos26.2-23S303-dc75598d0054f22ec865fa860f139d721753b489057de6bda919edfa1c59a62b.sdkstatcache -Xcc -I/Users/admin/builder/spi-builder-workspace/.derivedData/Build/Intermediates.noindex/swiftui-scrollview-interoperable-drag-gesture.build/Debug-watchos/SwiftUIScrollViewInteroperableDragGesture.build/swift-overrides.hmap -Xcc -I/Users/admin/builder/spi-builder-workspace/.derivedData/Build/Products/Debug-watchos/include -Xcc -I/Users/admin/builder/spi-builder-workspace/.derivedData/Build/Intermediates.noindex/swiftui-scrollview-interoperable-drag-gesture.build/Debug-watchos/SwiftUIScrollViewInteroperableDragGesture.build/DerivedSources-normal/armv7k -Xcc -I/Users/admin/builder/spi-builder-workspace/.derivedData/Build/Intermediates.noindex/swiftui-scrollview-interoperable-drag-gesture.build/Debug-watchos/SwiftUIScrollViewInteroperableDragGesture.build/DerivedSources/armv7k -Xcc -I/Users/admin/builder/spi-builder-workspace/.derivedData/Build/Intermediates.noindex/swiftui-scrollview-interoperable-drag-gesture.build/Debug-watchos/SwiftUIScrollViewInteroperableDragGesture.build/DerivedSources -Xcc -DSWIFT_PACKAGE -Xcc -DDEBUG\=1 -no-auto-bridging-header-chaining -module-name SwiftUIScrollViewInteroperableDragGesture -package-name swiftui_scrollview_interoperable_drag_gesture -frontend-parseable-output -disable-clang-spi -target-sdk-version 26.2 -target-sdk-name watchos26.2 -clang-target armv7k-apple-watchos26.2 -in-process-plugin-server-path /Applications/Xcode-26.3.0.app/Contents/Developer/Toolchains/XcodeDefault.xctoolchain/usr/lib/swift/host/libSwiftInProcPluginServer.dylib -emit-module-doc-path /Users/admin/builder/spi-builder-workspace/.derivedData/Build/Intermediates.noindex/swiftui-scrollview-interoperable-drag-gesture.build/Debug-watchos/SwiftUIScrollViewInteroperableDragGesture.build/Objects-normal/armv7k/SwiftUIScrollViewInteroperableDragGesture.swiftdoc -emit-module-source-info-path /Users/admin/builder/spi-builder-workspace/.derivedData/Build/Intermediates.noindex/swiftui-scrollview-interoperable-drag-gesture.build/Debug-watchos/SwiftUIScrollViewInteroperableDragGesture.build/Objects-normal/armv7k/SwiftUIScrollViewInteroperableDragGesture.swiftsourceinfo -emit-objc-header-path /Users/admin/builder/spi-builder-workspace/.derivedData/Build/Intermediates.noindex/swiftui-scrollview-interoperable-drag-gesture.build/Debug-watchos/SwiftUIScrollViewInteroperableDragGesture.build/Objects-normal/armv7k/SwiftUIScrollViewInteroperableDragGesture-Swift.h -serialize-diagnostics-path /Users/admin/builder/spi-builder-workspace/.derivedData/Build/Intermediates.noindex/swiftui-scrollview-interoperable-drag-gesture.build/Debug-watchos/SwiftUIScrollViewInteroperableDragGesture.build/Objects-normal/armv7k/SwiftUIScrollViewInteroperableDragGesture-primary-emit-module.dia -emit-dependencies-path /Users/admin/builder/spi-builder-workspace/.derivedData/Build/Intermediates.noindex/swiftui-scrollview-interoperable-drag-gesture.build/Debug-watchos/SwiftUIScrollViewInteroperableDragGesture.build/Objects-normal/armv7k/SwiftUIScrollViewInteroperableDragGesture-primary-emit-module.d -o /Users/admin/builder/spi-builder-workspace/.derivedData/Build/Intermediates.noindex/swiftui-scrollview-interoperable-drag-gesture.build/Debug-watchos/SwiftUIScrollViewInteroperableDragGesture.build/Objects-normal/armv7k/SwiftUIScrollViewInteroperableDragGesture.swiftmodule -emit-abi-descriptor-path /Users/admin/builder/spi-builder-workspace/.derivedData/Build/Intermediates.noindex/swiftui-scrollview-interoperable-drag-gesture.build/Debug-watchos/SwiftUIScrollViewInteroperableDragGesture.build/Objects-normal/armv7k/SwiftUIScrollViewInteroperableDragGesture.abi.json
EmitSwiftModule normal armv7k (in target 'SwiftUIScrollViewInteroperableDragGesture' from project 'swiftui-scrollview-interoperable-drag-gesture')
cd /Users/admin/builder/spi-builder-workspace/.swiftpm/xcode
/Users/admin/builder/spi-builder-workspace/.dependencies/checkouts/swiftui-scrollview-interoperable-drag-gesture/Sources/SwiftUIScrollViewInteroperableDragGesture/DragGestureHandler.swift:51:25: error: 'UIGestureRecognizer' is unavailable in watchOS
@MainActor var state: UIGestureRecognizer.State { get }
^~~~~~~~~~~~~~~~~~~
/Applications/Xcode-26.3.0.app/Contents/Developer/Platforms/WatchOS.platform/Developer/SDKs/WatchOS26.2.sdk/System/Library/Frameworks/UIKit.framework/Headers/UIGestureRecognizer.h:35:12: note: 'UIGestureRecognizer' has been explicitly marked unavailable here
@interface UIGestureRecognizer : NSObject
^
/Users/admin/builder/spi-builder-workspace/.dependencies/checkouts/swiftui-scrollview-interoperable-drag-gesture/Sources/SwiftUIScrollViewInteroperableDragGesture/DragGestureHandler.swift:52:38: error: 'UIScrollView' is unavailable in watchOS
@MainActor var trackingScrollView: UIScrollView? { get }
^~~~~~~~~~~~
/Applications/Xcode-26.3.0.app/Contents/Developer/Platforms/WatchOS.platform/Developer/SDKs/WatchOS26.2.sdk/System/Library/Frameworks/UIKit.framework/Headers/UIScrollView.h:87:12: note: 'UIScrollView' has been explicitly marked unavailable here
@interface UIScrollView : UIView <NSCoding, UIFocusItemScrollableContainer>
^
/Users/admin/builder/spi-builder-workspace/.dependencies/checkouts/swiftui-scrollview-interoperable-drag-gesture/Sources/SwiftUIScrollViewInteroperableDragGesture/DragGestureHandler.swift:106:26: error: 'UIGestureRecognizer' is unavailable in watchOS
_ gestureRecognizer: UIGestureRecognizer,
^~~~~~~~~~~~~~~~~~~
/Applications/Xcode-26.3.0.app/Contents/Developer/Platforms/WatchOS.platform/Developer/SDKs/WatchOS26.2.sdk/System/Library/Frameworks/UIKit.framework/Headers/UIGestureRecognizer.h:35:12: note: 'UIGestureRecognizer' has been explicitly marked unavailable here
@interface UIGestureRecognizer : NSObject
^
/Users/admin/builder/spi-builder-workspace/.dependencies/checkouts/swiftui-scrollview-interoperable-drag-gesture/Sources/SwiftUIScrollViewInteroperableDragGesture/DragGestureHandler.swift:107:34: error: 'UIGestureRecognizer' is unavailable in watchOS
with otherGestureRecognizer: UIGestureRecognizer
^~~~~~~~~~~~~~~~~~~
/Applications/Xcode-26.3.0.app/Contents/Developer/Platforms/WatchOS.platform/Developer/SDKs/WatchOS26.2.sdk/System/Library/Frameworks/UIKit.framework/Headers/UIGestureRecognizer.h:35:12: note: 'UIGestureRecognizer' has been explicitly marked unavailable here
@interface UIGestureRecognizer : NSObject
^
/Users/admin/builder/spi-builder-workspace/.dependencies/checkouts/swiftui-scrollview-interoperable-drag-gesture/Sources/SwiftUIScrollViewInteroperableDragGesture/ScrollController.swift:26:19: error: 'UIScrollView' is unavailable in watchOS
let scrollView: UIScrollView
^~~~~~~~~~~~
/Applications/Xcode-26.3.0.app/Contents/Developer/Platforms/WatchOS.platform/Developer/SDKs/WatchOS26.2.sdk/System/Library/Frameworks/UIKit.framework/Headers/UIScrollView.h:87:12: note: 'UIScrollView' has been explicitly marked unavailable here
@interface UIScrollView : UIView <NSCoding, UIFocusItemScrollableContainer>
^
/Users/admin/builder/spi-builder-workspace/.dependencies/checkouts/swiftui-scrollview-interoperable-drag-gesture/Sources/SwiftUIScrollViewInteroperableDragGesture/ScrollController.swift:28:20: error: 'UIScrollView' is unavailable in watchOS
init(scrollView: UIScrollView) {
^~~~~~~~~~~~
/Applications/Xcode-26.3.0.app/Contents/Developer/Platforms/WatchOS.platform/Developer/SDKs/WatchOS26.2.sdk/System/Library/Frameworks/UIKit.framework/Headers/UIScrollView.h:87:12: note: 'UIScrollView' has been explicitly marked unavailable here
@interface UIScrollView : UIView <NSCoding, UIFocusItemScrollableContainer>
^
/Users/admin/builder/spi-builder-workspace/.dependencies/checkouts/swiftui-scrollview-interoperable-drag-gesture/Sources/SwiftUIScrollViewInteroperableDragGesture/ScrollController.swift:143:17: error: 'UIScrollView' is unavailable in watchOS
scrollView: UIScrollView,
^~~~~~~~~~~~
/Applications/Xcode-26.3.0.app/Contents/Developer/Platforms/WatchOS.platform/Developer/SDKs/WatchOS26.2.sdk/System/Library/Frameworks/UIKit.framework/Headers/UIScrollView.h:87:12: note: 'UIScrollView' has been explicitly marked unavailable here
@interface UIScrollView : UIView <NSCoding, UIFocusItemScrollableContainer>
^
/Users/admin/builder/spi-builder-workspace/.dependencies/checkouts/swiftui-scrollview-interoperable-drag-gesture/Sources/SwiftUIScrollViewInteroperableDragGesture/SwiftUIScrollViewInteroperableDragGesture.swift:20:28: error: 'UIGestureRecognizer' is unavailable in watchOS
_ gestureRecognizer: UIGestureRecognizer,
^~~~~~~~~~~~~~~~~~~
/Applications/Xcode-26.3.0.app/Contents/Developer/Platforms/WatchOS.platform/Developer/SDKs/WatchOS26.2.sdk/System/Library/Frameworks/UIKit.framework/Headers/UIGestureRecognizer.h:35:12: note: 'UIGestureRecognizer' has been explicitly marked unavailable here
@interface UIGestureRecognizer : NSObject
^
/Users/admin/builder/spi-builder-workspace/.dependencies/checkouts/swiftui-scrollview-interoperable-drag-gesture/Sources/SwiftUIScrollViewInteroperableDragGesture/SwiftUIScrollViewInteroperableDragGesture.swift:21:65: error: 'UIGestureRecognizer' is unavailable in watchOS
shouldRecognizeSimultaneouslyWith otherGestureRecognizer: UIGestureRecognizer
^~~~~~~~~~~~~~~~~~~
/Applications/Xcode-26.3.0.app/Contents/Developer/Platforms/WatchOS.platform/Developer/SDKs/WatchOS26.2.sdk/System/Library/Frameworks/UIKit.framework/Headers/UIGestureRecognizer.h:35:12: note: 'UIGestureRecognizer' has been explicitly marked unavailable here
@interface UIGestureRecognizer : NSObject
^
/Users/admin/builder/spi-builder-workspace/.dependencies/checkouts/swiftui-scrollview-interoperable-drag-gesture/Sources/SwiftUIScrollViewInteroperableDragGesture/SwiftUIScrollViewInteroperableDragGesture.swift:10:45: error: 'UIGestureRecognizerDelegate' is unavailable in watchOS
public final class Coordinator: NSObject, UIGestureRecognizerDelegate {
^~~~~~~~~~~~~~~~~~~~~~~~~~~
/Applications/Xcode-26.3.0.app/Contents/Developer/Platforms/WatchOS.platform/Developer/SDKs/WatchOS26.2.sdk/System/Library/Frameworks/UIKit.framework/Headers/UIGestureRecognizer.h:91:11: note: 'UIGestureRecognizerDelegate' has been explicitly marked unavailable here
@protocol UIGestureRecognizerDelegate <NSObject>
^
/Users/admin/builder/spi-builder-workspace/.dependencies/checkouts/swiftui-scrollview-interoperable-drag-gesture/Sources/SwiftUIScrollViewInteroperableDragGesture/SwiftUIScrollViewInteroperableDragGesture.swift:27:42: error: 'CoordinateSpaceProtocol' is only available in watchOS 10.0 or newer
private let coordinateSpaceInDragging: CoordinateSpaceProtocol
^
/Users/admin/builder/spi-builder-workspace/.dependencies/checkouts/swiftui-scrollview-interoperable-drag-gesture/Sources/SwiftUIScrollViewInteroperableDragGesture/SwiftUIScrollViewInteroperableDragGesture.swift:5:15: note: add '@available' attribute to enclosing struct
public struct ScrollViewInteroperableDragGesture: UIGestureRecognizerRepresentable {
^
/Users/admin/builder/spi-builder-workspace/.dependencies/checkouts/swiftui-scrollview-interoperable-drag-gesture/Sources/SwiftUIScrollViewInteroperableDragGesture/SwiftUIScrollViewInteroperableDragGesture.swift:43:32: error: 'CoordinateSpaceProtocol' is only available in watchOS 10.0 or newer
coordinateSpaceInDragging: CoordinateSpaceProtocol,
^
/Users/admin/builder/spi-builder-workspace/.dependencies/checkouts/swiftui-scrollview-interoperable-drag-gesture/Sources/SwiftUIScrollViewInteroperableDragGesture/SwiftUIScrollViewInteroperableDragGesture.swift:35:10: note: add '@available' attribute to enclosing initializer
public init(
^
/Users/admin/builder/spi-builder-workspace/.dependencies/checkouts/swiftui-scrollview-interoperable-drag-gesture/Sources/SwiftUIScrollViewInteroperableDragGesture/SwiftUIScrollViewInteroperableDragGesture.swift:5:15: note: add '@available' attribute to enclosing struct
public struct ScrollViewInteroperableDragGesture: UIGestureRecognizerRepresentable {
^
/Users/admin/builder/spi-builder-workspace/.dependencies/checkouts/swiftui-scrollview-interoperable-drag-gesture/Sources/SwiftUIScrollViewInteroperableDragGesture/SwiftUIScrollViewInteroperableDragGesture.swift:55:42: error: cannot find type 'CoordinateSpaceConverter' in scope
public func makeCoordinator(converter: CoordinateSpaceConverter) -> Coordinator {
^~~~~~~~~~~~~~~~~~~~~~~~
/Users/admin/builder/spi-builder-workspace/.dependencies/checkouts/swiftui-scrollview-interoperable-drag-gesture/Sources/SwiftUIScrollViewInteroperableDragGesture/SwiftUIScrollViewInteroperableDragGesture.swift:59:48: error: cannot find type 'Context' in scope
public func makeUIGestureRecognizer(context: Context) -> _ScrollViewDragGestureRecognizer {
^~~~~~~
/Users/admin/builder/spi-builder-workspace/.dependencies/checkouts/swiftui-scrollview-interoperable-drag-gesture/Sources/SwiftUIScrollViewInteroperableDragGesture/SwiftUIScrollViewInteroperableDragGesture.swift:70:14: error: cannot find type 'Context' in scope
context: Context
^~~~~~~
/Users/admin/builder/spi-builder-workspace/.dependencies/checkouts/swiftui-scrollview-interoperable-drag-gesture/Sources/SwiftUIScrollViewInteroperableDragGesture/SwiftUIScrollViewInteroperableDragGesture.swift:5:51: error: 'UIGestureRecognizerRepresentable' is unavailable in watchOS
public struct ScrollViewInteroperableDragGesture: UIGestureRecognizerRepresentable {
^~~~~~~~~~~~~~~~~~~~~~~~~~~~~~~~
SwiftUI.UIGestureRecognizerRepresentable:6:44: note: 'UIGestureRecognizerRepresentable' has been explicitly marked unavailable here
@MainActor @preconcurrency public protocol UIGestureRecognizerRepresentable {
^
/Users/admin/builder/spi-builder-workspace/.dependencies/checkouts/swiftui-scrollview-interoperable-drag-gesture/Sources/SwiftUIScrollViewInteroperableDragGesture/SwiftUIScrollViewInteroperableDragGesture.swift:107:32: error: 'UIScrollView' is unavailable in watchOS
weak var trackingScrollView: UIScrollView?
^~~~~~~~~~~~
/Applications/Xcode-26.3.0.app/Contents/Developer/Platforms/WatchOS.platform/Developer/SDKs/WatchOS26.2.sdk/System/Library/Frameworks/UIKit.framework/Headers/UIScrollView.h:87:12: note: 'UIScrollView' has been explicitly marked unavailable here
@interface UIScrollView : UIView <NSCoding, UIFocusItemScrollableContainer>
^
/Users/admin/builder/spi-builder-workspace/.dependencies/checkouts/swiftui-scrollview-interoperable-drag-gesture/Sources/SwiftUIScrollViewInteroperableDragGesture/SwiftUIScrollViewInteroperableDragGesture.swift:135:52: error: 'UITouch' is unavailable in watchOS
public override func touchesBegan(_ touches: Set<UITouch>, with event: UIEvent) {
^~~~~~~
/Applications/Xcode-26.3.0.app/Contents/Developer/Platforms/WatchOS.platform/Developer/SDKs/WatchOS26.2.sdk/System/Library/Frameworks/UIKit.framework/Headers/UITouch.h:51:12: note: 'UITouch' has been explicitly marked unavailable here
@interface UITouch : NSObject
^
/Users/admin/builder/spi-builder-workspace/.dependencies/checkouts/swiftui-scrollview-interoperable-drag-gesture/Sources/SwiftUIScrollViewInteroperableDragGesture/SwiftUIScrollViewInteroperableDragGesture.swift:135:74: error: 'UIEvent' is unavailable in watchOS
public override func touchesBegan(_ touches: Set<UITouch>, with event: UIEvent) {
^~~~~~~
/Applications/Xcode-26.3.0.app/Contents/Developer/Platforms/WatchOS.platform/Developer/SDKs/WatchOS26.2.sdk/System/Library/Frameworks/UIKit.framework/Headers/UIEvent.h:62:12: note: 'UIEvent' has been explicitly marked unavailable here
@interface UIEvent : NSObject
^
/Users/admin/builder/spi-builder-workspace/.dependencies/checkouts/swiftui-scrollview-interoperable-drag-gesture/Sources/SwiftUIScrollViewInteroperableDragGesture/SwiftUIScrollViewInteroperableDragGesture.swift:140:52: error: 'UITouch' is unavailable in watchOS
public override func touchesMoved(_ touches: Set<UITouch>, with event: UIEvent) {
^~~~~~~
/Applications/Xcode-26.3.0.app/Contents/Developer/Platforms/WatchOS.platform/Developer/SDKs/WatchOS26.2.sdk/System/Library/Frameworks/UIKit.framework/Headers/UITouch.h:51:12: note: 'UITouch' has been explicitly marked unavailable here
@interface UITouch : NSObject
^
/Users/admin/builder/spi-builder-workspace/.dependencies/checkouts/swiftui-scrollview-interoperable-drag-gesture/Sources/SwiftUIScrollViewInteroperableDragGesture/SwiftUIScrollViewInteroperableDragGesture.swift:140:74: error: 'UIEvent' is unavailable in watchOS
public override func touchesMoved(_ touches: Set<UITouch>, with event: UIEvent) {
^~~~~~~
/Applications/Xcode-26.3.0.app/Contents/Developer/Platforms/WatchOS.platform/Developer/SDKs/WatchOS26.2.sdk/System/Library/Frameworks/UIKit.framework/Headers/UIEvent.h:62:12: note: 'UIEvent' has been explicitly marked unavailable here
@interface UIEvent : NSObject
^
/Users/admin/builder/spi-builder-workspace/.dependencies/checkouts/swiftui-scrollview-interoperable-drag-gesture/Sources/SwiftUIScrollViewInteroperableDragGesture/SwiftUIScrollViewInteroperableDragGesture.swift:145:52: error: 'UITouch' is unavailable in watchOS
public override func touchesEnded(_ touches: Set<UITouch>, with event: UIEvent) {
^~~~~~~
/Applications/Xcode-26.3.0.app/Contents/Developer/Platforms/WatchOS.platform/Developer/SDKs/WatchOS26.2.sdk/System/Library/Frameworks/UIKit.framework/Headers/UITouch.h:51:12: note: 'UITouch' has been explicitly marked unavailable here
@interface UITouch : NSObject
^
/Users/admin/builder/spi-builder-workspace/.dependencies/checkouts/swiftui-scrollview-interoperable-drag-gesture/Sources/SwiftUIScrollViewInteroperableDragGesture/SwiftUIScrollViewInteroperableDragGesture.swift:145:74: error: 'UIEvent' is unavailable in watchOS
public override func touchesEnded(_ touches: Set<UITouch>, with event: UIEvent) {
^~~~~~~
/Applications/Xcode-26.3.0.app/Contents/Developer/Platforms/WatchOS.platform/Developer/SDKs/WatchOS26.2.sdk/System/Library/Frameworks/UIKit.framework/Headers/UIEvent.h:62:12: note: 'UIEvent' has been explicitly marked unavailable here
@interface UIEvent : NSObject
^
/Users/admin/builder/spi-builder-workspace/.dependencies/checkouts/swiftui-scrollview-interoperable-drag-gesture/Sources/SwiftUIScrollViewInteroperableDragGesture/SwiftUIScrollViewInteroperableDragGesture.swift:149:56: error: 'UITouch' is unavailable in watchOS
public override func touchesCancelled(_ touches: Set<UITouch>, with event: UIEvent) {
^~~~~~~
/Applications/Xcode-26.3.0.app/Contents/Developer/Platforms/WatchOS.platform/Developer/SDKs/WatchOS26.2.sdk/System/Library/Frameworks/UIKit.framework/Headers/UITouch.h:51:12: note: 'UITouch' has been explicitly marked unavailable here
@interface UITouch : NSObject
^
/Users/admin/builder/spi-builder-workspace/.dependencies/checkouts/swiftui-scrollview-interoperable-drag-gesture/Sources/SwiftUIScrollViewInteroperableDragGesture/SwiftUIScrollViewInteroperableDragGesture.swift:149:78: error: 'UIEvent' is unavailable in watchOS
public override func touchesCancelled(_ touches: Set<UITouch>, with event: UIEvent) {
^~~~~~~
/Applications/Xcode-26.3.0.app/Contents/Developer/Platforms/WatchOS.platform/Developer/SDKs/WatchOS26.2.sdk/System/Library/Frameworks/UIKit.framework/Headers/UIEvent.h:62:12: note: 'UIEvent' has been explicitly marked unavailable here
@interface UIEvent : NSObject
^
/Users/admin/builder/spi-builder-workspace/.dependencies/checkouts/swiftui-scrollview-interoperable-drag-gesture/Sources/SwiftUIScrollViewInteroperableDragGesture/SwiftUIScrollViewInteroperableDragGesture.swift:95:48: error: 'UIPanGestureRecognizer' is unavailable in watchOS
public class _ScrollViewDragGestureRecognizer: UIPanGestureRecognizer, ScrollViewDragGestureRecognizing {
^~~~~~~~~~~~~~~~~~~~~~
/Applications/Xcode-26.3.0.app/Contents/Developer/Platforms/WatchOS.platform/Developer/SDKs/WatchOS26.2.sdk/System/Library/Frameworks/UIKit.framework/Headers/UIPanGestureRecognizer.h:31:12: note: 'UIPanGestureRecognizer' has been explicitly marked unavailable here
@interface UIPanGestureRecognizer : UIGestureRecognizer
^
/Users/admin/builder/spi-builder-workspace/.dependencies/checkouts/swiftui-scrollview-interoperable-drag-gesture/Sources/SwiftUIScrollViewInteroperableDragGesture/SwiftUIScrollViewInteroperableDragGesture.swift:158:66: error: 'UIScrollView' is unavailable in watchOS
fileprivate func findScrollView(targetEdge: ScrollViewEdge) -> UIScrollView? {
^~~~~~~~~~~~
/Applications/Xcode-26.3.0.app/Contents/Developer/Platforms/WatchOS.platform/Developer/SDKs/WatchOS26.2.sdk/System/Library/Frameworks/UIKit.framework/Headers/UIScrollView.h:87:12: note: 'UIScrollView' has been explicitly marked unavailable here
@interface UIScrollView : UIView <NSCoding, UIFocusItemScrollableContainer>
^
/Users/admin/builder/spi-builder-workspace/.dependencies/checkouts/swiftui-scrollview-interoperable-drag-gesture/Sources/SwiftUIScrollViewInteroperableDragGesture/SwiftUIScrollViewInteroperableDragGesture.swift:155:11: error: 'UIEvent' is unavailable in watchOS
extension UIEvent {
^~~~~~~
/Applications/Xcode-26.3.0.app/Contents/Developer/Platforms/WatchOS.platform/Developer/SDKs/WatchOS26.2.sdk/System/Library/Frameworks/UIKit.framework/Headers/UIEvent.h:62:12: note: 'UIEvent' has been explicitly marked unavailable here
@interface UIEvent : NSObject
^
/Users/admin/builder/spi-builder-workspace/.dependencies/checkouts/swiftui-scrollview-interoperable-drag-gesture/Sources/SwiftUIScrollViewInteroperableDragGesture/UIKit/UIScrollViewInteroperableDragGestureRecognizer.swift:33:40: error: 'UIView' is unavailable in watchOS
public weak var coordinateSpaceView: UIView?
^~~~~~
/Applications/Xcode-26.3.0.app/Contents/Developer/Platforms/WatchOS.platform/Developer/SDKs/WatchOS26.2.sdk/System/Library/Frameworks/UIKit.framework/Headers/UIView.h:148:12: note: 'UIView' has been explicitly marked unavailable here
@interface UIView : UIResponder <NSCoding, UIAppearance, UIAppearanceContainer, UIDynamicItem, UITraitEnvironment, UICoordinateSpace, UIFocusItem, UIFocusItemContainer, CALayerDelegate>
^
/Users/admin/builder/spi-builder-workspace/.dependencies/checkouts/swiftui-scrollview-interoperable-drag-gesture/Sources/SwiftUIScrollViewInteroperableDragGesture/UIKit/UIScrollViewInteroperableDragGestureRecognizer.swift:94:28: error: 'UIGestureRecognizer' is unavailable in watchOS
_ gestureRecognizer: UIGestureRecognizer,
^~~~~~~~~~~~~~~~~~~
/Applications/Xcode-26.3.0.app/Contents/Developer/Platforms/WatchOS.platform/Developer/SDKs/WatchOS26.2.sdk/System/Library/Frameworks/UIKit.framework/Headers/UIGestureRecognizer.h:35:12: note: 'UIGestureRecognizer' has been explicitly marked unavailable here
@interface UIGestureRecognizer : NSObject
^
/Users/admin/builder/spi-builder-workspace/.dependencies/checkouts/swiftui-scrollview-interoperable-drag-gesture/Sources/SwiftUIScrollViewInteroperableDragGesture/UIKit/UIScrollViewInteroperableDragGestureRecognizer.swift:95:65: error: 'UIGestureRecognizer' is unavailable in watchOS
shouldRecognizeSimultaneouslyWith otherGestureRecognizer: UIGestureRecognizer
^~~~~~~~~~~~~~~~~~~
/Applications/Xcode-26.3.0.app/Contents/Developer/Platforms/WatchOS.platform/Developer/SDKs/WatchOS26.2.sdk/System/Library/Frameworks/UIKit.framework/Headers/UIGestureRecognizer.h:35:12: note: 'UIGestureRecognizer' has been explicitly marked unavailable here
@interface UIGestureRecognizer : NSObject
^
/Users/admin/builder/spi-builder-workspace/.dependencies/checkouts/swiftui-scrollview-interoperable-drag-gesture/Sources/SwiftUIScrollViewInteroperableDragGesture/UIKit/UIScrollViewInteroperableDragGestureRecognizer.swift:85:51: error: 'UIGestureRecognizerDelegate' is unavailable in watchOS
private final class InternalDelegate: NSObject, UIGestureRecognizerDelegate {
^~~~~~~~~~~~~~~~~~~~~~~~~~~
/Applications/Xcode-26.3.0.app/Contents/Developer/Platforms/WatchOS.platform/Developer/SDKs/WatchOS26.2.sdk/System/Library/Frameworks/UIKit.framework/Headers/UIGestureRecognizer.h:91:11: note: 'UIGestureRecognizerDelegate' has been explicitly marked unavailable here
@protocol UIGestureRecognizerDelegate <NSObject>
^
/Users/admin/builder/spi-builder-workspace/.dependencies/checkouts/swiftui-scrollview-interoperable-drag-gesture/Sources/SwiftUIScrollViewInteroperableDragGesture/UIScrollView+.swift:47:11: error: 'UIScrollView' is unavailable in watchOS
extension UIScrollView {
^~~~~~~~~~~~
/Applications/Xcode-26.3.0.app/Contents/Developer/Platforms/WatchOS.platform/Developer/SDKs/WatchOS26.2.sdk/System/Library/Frameworks/UIKit.framework/Headers/UIScrollView.h:87:12: note: 'UIScrollView' has been explicitly marked unavailable here
@interface UIScrollView : UIView <NSCoding, UIFocusItemScrollableContainer>
^
SwiftCompile normal armv7k Compiling\ UIScrollView+.swift /Users/admin/builder/spi-builder-workspace/.dependencies/checkouts/swiftui-scrollview-interoperable-drag-gesture/Sources/SwiftUIScrollViewInteroperableDragGesture/UIScrollView+.swift (in target 'SwiftUIScrollViewInteroperableDragGesture' from project 'swiftui-scrollview-interoperable-drag-gesture')
SwiftCompile normal armv7k /Users/admin/builder/spi-builder-workspace/.dependencies/checkouts/swiftui-scrollview-interoperable-drag-gesture/Sources/SwiftUIScrollViewInteroperableDragGesture/UIScrollView+.swift (in target 'SwiftUIScrollViewInteroperableDragGesture' from project 'swiftui-scrollview-interoperable-drag-gesture')
cd /Users/admin/builder/spi-builder-workspace/.swiftpm/xcode
SwiftCompile normal armv7k Compiling\ SwiftUIScrollViewInteroperableDragGesture.swift /Users/admin/builder/spi-builder-workspace/.dependencies/checkouts/swiftui-scrollview-interoperable-drag-gesture/Sources/SwiftUIScrollViewInteroperableDragGesture/SwiftUIScrollViewInteroperableDragGesture.swift (in target 'SwiftUIScrollViewInteroperableDragGesture' from project 'swiftui-scrollview-interoperable-drag-gesture')
SwiftCompile normal armv7k /Users/admin/builder/spi-builder-workspace/.dependencies/checkouts/swiftui-scrollview-interoperable-drag-gesture/Sources/SwiftUIScrollViewInteroperableDragGesture/SwiftUIScrollViewInteroperableDragGesture.swift (in target 'SwiftUIScrollViewInteroperableDragGesture' from project 'swiftui-scrollview-interoperable-drag-gesture')
cd /Users/admin/builder/spi-builder-workspace/.swiftpm/xcode
SwiftCompile normal armv7k Compiling\ DragGestureHandler.swift /Users/admin/builder/spi-builder-workspace/.dependencies/checkouts/swiftui-scrollview-interoperable-drag-gesture/Sources/SwiftUIScrollViewInteroperableDragGesture/DragGestureHandler.swift (in target 'SwiftUIScrollViewInteroperableDragGesture' from project 'swiftui-scrollview-interoperable-drag-gesture')
SwiftCompile normal armv7k /Users/admin/builder/spi-builder-workspace/.dependencies/checkouts/swiftui-scrollview-interoperable-drag-gesture/Sources/SwiftUIScrollViewInteroperableDragGesture/DragGestureHandler.swift (in target 'SwiftUIScrollViewInteroperableDragGesture' from project 'swiftui-scrollview-interoperable-drag-gesture')
cd /Users/admin/builder/spi-builder-workspace/.swiftpm/xcode
SwiftEmitModule normal arm64 Emitting\ module\ for\ SwiftUISupportSizing (in target 'SwiftUISupportSizing' from project 'SwiftUISupport')
EmitSwiftModule normal arm64 (in target 'SwiftUISupportSizing' from project 'SwiftUISupport')
cd /Users/admin/builder/spi-builder-workspace/.swiftpm/xcode
SwiftEmitModule normal arm64 Emitting\ module\ for\ SwiftUISupportGeometryEffect (in target 'SwiftUISupportGeometryEffect' from project 'SwiftUISupport')
SwiftCompile normal arm64 /Users/admin/builder/spi-builder-workspace/.dependencies/checkouts/swiftui-support/Sources/SwiftUISupportGeometryEffect/TranslationEffect.swift (in target 'SwiftUISupportGeometryEffect' from project 'SwiftUISupport')
cd /Users/admin/builder/spi-builder-workspace/.swiftpm/xcode
SwiftEmitModule normal arm64 Emitting\ module\ for\ SwiftUIScrollViewInteroperableDragGesture (in target 'SwiftUIScrollViewInteroperableDragGesture' from project 'swiftui-scrollview-interoperable-drag-gesture')
EmitSwiftModule normal arm64 (in target 'SwiftUIScrollViewInteroperableDragGesture' from project 'swiftui-scrollview-interoperable-drag-gesture')
cd /Users/admin/builder/spi-builder-workspace/.swiftpm/xcode
SwiftExplicitDependencyGeneratePcm arm64_32 /Users/admin/builder/spi-builder-workspace/.derivedData/ModuleCache.noindex/SwiftUI-CTJZPDH0D73K21479D8OGT6Y3.pcm
2026-08-17 22:21:31.828 xcodebuild[1042:6315] [MT] IDERunDestination: Supported platforms for the buildables in the current scheme is empty.
2026-08-17 22:21:31.989 xcodebuild[1042:6315] [MT] IDERunDestination: Supported platforms for the buildables in the current scheme is empty.
2026-08-17 22:21:32.165 xcodebuild[1042:6315] [MT] IDERunDestination: Supported platforms for the buildables in the current scheme is empty.
** BUILD FAILED **
The following build commands failed:
SwiftEmitModule normal armv7k Emitting\ module\ for\ SwiftUIScrollViewInteroperableDragGesture (in target 'SwiftUIScrollViewInteroperableDragGesture' from project 'swiftui-scrollview-interoperable-drag-gesture')
EmitSwiftModule normal armv7k (in target 'SwiftUIScrollViewInteroperableDragGesture' from project 'swiftui-scrollview-interoperable-drag-gesture')
Building workspace spi-builder-workspace with scheme swiftui-snap-dragging-modifier
(3 failures)
BUILD FAILURE 6.2 watchOS