Build Information
Failed to build CellsReloadable, reference 2.4.0 (cb779a), with Swift 6.4 for visionOS using Xcode 27.0 on 21 Sep 2026 05:12:52 UTC.
Build Command
env DEVELOPER_DIR=/Applications/Xcode-27.0.0-Release.Candidate.app xcrun xcodebuild -IDEClonedSourcePackagesDirPathOverride=$PWD/.dependencies -skipMacroValidation -skipPackagePluginValidation -derivedDataPath $PWD/.derivedData build -scheme CellsReloadable -destination generic/platform=xrOSBuild Log
========================================
RunAll
========================================
Builder version: 5.1.0
Interrupt handler set up.
========================================
Checkout
========================================
Clone URL: https://github.com/dankinsoid/CellsReloadable.git
Reference: 2.4.0
Initialized empty Git repository in /Users/admin/builder/spi-builder-workspace/.git/
From https://github.com/dankinsoid/CellsReloadable
* tag 2.4.0 -> FETCH_HEAD
HEAD is now at cb779a1 2.4.0
Cloned https://github.com/dankinsoid/CellsReloadable.git
Revision (git rev-parse @):
cb779a1a6e677c216954e82ebba680b1d86afa0b
SUCCESS checkout https://github.com/dankinsoid/CellsReloadable.git at 2.4.0
========================================
Build
========================================
Selected platform: visionOS
Swift version: 6.4
Building package at path: $PWD
https://github.com/dankinsoid/CellsReloadable.git
Command line invocation:
/Applications/Xcode-27.0.0-Release.Candidate.app/Contents/Developer/usr/bin/xcodebuild -IDEClonedSourcePackagesDirPathOverride=/Users/admin/builder/spi-builder-workspace/.dependencies -resolvePackageDependencies
Resolve Package Graph
Fetching from https://github.com/ra1028/DifferenceKit.git
Creating working copy of package ‘DifferenceKit’
Checking out 1.3.0 of package ‘DifferenceKit’
Resolve Package Graph
Resolved source packages:
DifferenceKit: https://github.com/ra1028/DifferenceKit.git @ 1.3.0
CellsReloadable: /Users/admin/builder/spi-builder-workspace
resolved source packages: DifferenceKit, CellsReloadable
2026-09-21 01:11:53.670 xcodebuild[524:3009] [MT] IDERunDestination: Supported platforms for the buildables in the current scheme is empty.
{
"dependencies" : [
{
"identity" : "differencekit",
"requirement" : {
"range" : [
{
"lower_bound" : "1.3.0",
"upper_bound" : "2.0.0"
}
]
},
"type" : "sourceControl",
"url" : "https://github.com/ra1028/DifferenceKit.git"
}
],
"manifest_display_name" : "CellsReloadable",
"name" : "CellsReloadable",
"path" : "/Users/admin/builder/spi-builder-workspace",
"platforms" : [
{
"name" : "ios",
"version" : "13.0"
}
],
"products" : [
{
"name" : "CellsReloadable",
"targets" : [
"CellsReloadable"
],
"type" : {
"library" : [
"automatic"
]
}
}
],
"targets" : [
{
"c99name" : "CellsReloadable",
"module_type" : "SwiftTarget",
"name" : "CellsReloadable",
"path" : "Sources/CellsReloadable",
"product_dependencies" : [
"DifferenceKit"
],
"product_memberships" : [
"CellsReloadable"
],
"sources" : [
"CellsSection.swift",
"CellsSectionsBuilder.swift",
"CellsSectionsReloadable.swift",
"CodeID.swift",
"DifferenceKit/Differentiable++.swift",
"LazyArray.swift",
"Modifiers/DelegateModifiers.swift",
"Modifiers/DidHighlight.swift",
"Modifiers/Height.swift",
"Modifiers/Size.swift",
"Modifiers/WillReuse.swift",
"NoneID.swift",
"Protocols/RenderableView.swift",
"SingleViewCellBuilder.swift",
"SwiftUI/HostingView.swift",
"TypedViewCell.swift",
"UICollectionView+Reload.swift",
"UIStackView+Reload.swift",
"UITableView+Reload.swift",
"UnionID.swift",
"Utils/AnyEquatable.swift",
"Utils/Collection++.swift",
"Utils/String++.swift",
"Utils/UIScrollView++.swift",
"ViewCell.swift",
"ViewCellsBuilder.swift",
"ViewCellsReloadable.swift"
],
"type" : "library"
}
],
"tools_version" : "5.7"
}
{
"workspace" : {
"name" : "CellsReloadable",
"schemes" : [
"CellsReloadable"
]
}
}
2026-09-21 01:12:35.291 xcodebuild[686:4293] [MT] IDERunDestination: Supported platforms for the buildables in the current scheme is empty.
Running build ...
env DEVELOPER_DIR=/Applications/Xcode-27.0.0-Release.Candidate.app xcrun xcodebuild -IDEClonedSourcePackagesDirPathOverride=$PWD/.dependencies -skipMacroValidation -skipPackagePluginValidation -derivedDataPath $PWD/.derivedData build -scheme CellsReloadable -destination generic/platform=xrOS
Command line invocation:
/Applications/Xcode-27.0.0-Release.Candidate.app/Contents/Developer/usr/bin/xcodebuild -IDEClonedSourcePackagesDirPathOverride=/Users/admin/builder/spi-builder-workspace/.dependencies -skipMacroValidation -skipPackagePluginValidation -derivedDataPath /Users/admin/builder/spi-builder-workspace/.derivedData build -scheme CellsReloadable -destination generic/platform=xrOS
Resolve Package Graph
Resolve Package Graph
Resolved source packages:
DifferenceKit: https://github.com/ra1028/DifferenceKit.git @ 1.3.0
CellsReloadable: /Users/admin/builder/spi-builder-workspace
ComputePackagePrebuildTargetDependencyGraph
Prepare packages
CreateBuildRequest
SendProjectDescription
CreateBuildOperation
ComputeTargetDependencyGraph
note: Building targets in dependency order
note: Target dependency graph (4 targets)
Target 'CellsReloadable-product' in project 'CellsReloadable'
➜ Explicit dependency on target 'CellsReloadable' in project 'CellsReloadable'
➜ Explicit dependency on target 'DifferenceKit-product' in project 'DifferenceKit'
Target 'CellsReloadable' in project 'CellsReloadable'
➜ Explicit dependency on target 'DifferenceKit-product' in project 'DifferenceKit'
Target 'DifferenceKit-product' in project 'DifferenceKit'
➜ Explicit dependency on target 'DifferenceKit' in project 'DifferenceKit'
Target 'DifferenceKit' in project 'DifferenceKit' (no dependencies)
GatherProvisioningInputs
CreateBuildDescription
ExecuteExternalTool /Applications/Xcode-27.0.0-Release.Candidate.app/Contents/Developer/Toolchains/XcodeDefault.xctoolchain/usr/bin/clang -v -E -dM -isysroot /Applications/Xcode-27.0.0-Release.Candidate.app/Contents/Developer/Platforms/XROS.platform/Developer/SDKs/XROS27.0.sdk -x c -c /dev/null
ExecuteExternalTool /Applications/Xcode-27.0.0-Release.Candidate.app/Contents/Developer/Toolchains/XcodeDefault.xctoolchain/usr/bin/swiftc --version
ExecuteExternalTool /Applications/Xcode-27.0.0-Release.Candidate.app/Contents/Developer/Toolchains/XcodeDefault.xctoolchain/usr/bin/ld -version_details
Build description signature: c0837aa1e73570c0fa7b978def413ed6
Build description path: /Users/admin/builder/spi-builder-workspace/.derivedData/Build/Intermediates.noindex/XCBuildData/c0837aa1e73570c0fa7b978def413ed6.xcbuilddata
CreateBuildDirectory /Users/admin/builder/spi-builder-workspace/.derivedData/SDKExplicitPrecompiledModules
cd /Users/admin/builder/spi-builder-workspace/.swiftpm/xcode
builtin-create-build-directory /Users/admin/builder/spi-builder-workspace/.derivedData/SDKExplicitPrecompiledModules
CreateBuildDirectory /Users/admin/builder/spi-builder-workspace/.derivedData/ModuleCache.noindex
cd /Users/admin/builder/spi-builder-workspace/.swiftpm/xcode
builtin-create-build-directory /Users/admin/builder/spi-builder-workspace/.derivedData/ModuleCache.noindex
CreateBuildDirectory /Users/admin/builder/spi-builder-workspace/.derivedData/CompilationCache.noindex
cd /Users/admin/builder/spi-builder-workspace/.swiftpm/xcode
builtin-create-build-directory /Users/admin/builder/spi-builder-workspace/.derivedData/CompilationCache.noindex
ClangStatCache /Applications/Xcode-27.0.0-Release.Candidate.app/Contents/Developer/Toolchains/XcodeDefault.xctoolchain/usr/bin/clang-stat-cache /Applications/Xcode-27.0.0-Release.Candidate.app/Contents/Developer/Platforms/XROS.platform/Developer/SDKs/XROS27.0.sdk /Users/admin/builder/spi-builder-workspace/.derivedData/SDKStatCaches.noindex/xros27.0-24M361-e829b21a6f8c9b70876ba0858053c044735bd543db762f57723cac368afd1ce4.sdkstatcache
cd /Users/admin/builder/spi-builder-workspace/.swiftpm/xcode
/Applications/Xcode-27.0.0-Release.Candidate.app/Contents/Developer/Toolchains/XcodeDefault.xctoolchain/usr/bin/clang-stat-cache /Applications/Xcode-27.0.0-Release.Candidate.app/Contents/Developer/Platforms/XROS.platform/Developer/SDKs/XROS27.0.sdk -o /Users/admin/builder/spi-builder-workspace/.derivedData/SDKStatCaches.noindex/xros27.0-24M361-e829b21a6f8c9b70876ba0858053c044735bd543db762f57723cac368afd1ce4.sdkstatcache
CreateBuildDirectory /Users/admin/builder/spi-builder-workspace/.derivedData/Build/Products
cd /Users/admin/builder/spi-builder-workspace/.swiftpm/xcode
builtin-create-build-directory /Users/admin/builder/spi-builder-workspace/.derivedData/Build/Products
CreateBuildDirectory /Users/admin/builder/spi-builder-workspace/.derivedData/Build/Intermediates.noindex
cd /Users/admin/builder/spi-builder-workspace/.swiftpm/xcode
builtin-create-build-directory /Users/admin/builder/spi-builder-workspace/.derivedData/Build/Intermediates.noindex
CreateBuildDirectory /Users/admin/builder/spi-builder-workspace/.derivedData/Build/Products/Debug-xros
cd /Users/admin/builder/spi-builder-workspace/.swiftpm/xcode
builtin-create-build-directory /Users/admin/builder/spi-builder-workspace/.derivedData/Build/Products/Debug-xros
CreateBuildDirectory /Users/admin/builder/spi-builder-workspace/.derivedData/Build/Intermediates.noindex/SwiftExplicitPrecompiledModules
cd /Users/admin/builder/spi-builder-workspace/.swiftpm/xcode
builtin-create-build-directory /Users/admin/builder/spi-builder-workspace/.derivedData/Build/Intermediates.noindex/SwiftExplicitPrecompiledModules
CreateBuildDirectory /Users/admin/builder/spi-builder-workspace/.derivedData/Build/Intermediates.noindex/ExplicitPrecompiledModules
cd /Users/admin/builder/spi-builder-workspace/.swiftpm/xcode
builtin-create-build-directory /Users/admin/builder/spi-builder-workspace/.derivedData/Build/Intermediates.noindex/ExplicitPrecompiledModules
CreateBuildDirectory /Users/admin/builder/spi-builder-workspace/.derivedData/Build/Intermediates.noindex/PrecompiledHeaders
cd /Users/admin/builder/spi-builder-workspace/.swiftpm/xcode
builtin-create-build-directory /Users/admin/builder/spi-builder-workspace/.derivedData/Build/Intermediates.noindex/PrecompiledHeaders
CreateBuildDirectory /Users/admin/builder/spi-builder-workspace/.derivedData/Build/Intermediates.noindex/EagerLinkingTBDs/Debug-xros
cd /Users/admin/builder/spi-builder-workspace/.swiftpm/xcode
builtin-create-build-directory /Users/admin/builder/spi-builder-workspace/.derivedData/Build/Intermediates.noindex/EagerLinkingTBDs/Debug-xros
CreateBuildDirectory /Users/admin/builder/spi-builder-workspace/.derivedData/Build/Products/Debug-xros/PackageFrameworks
cd /Users/admin/builder/spi-builder-workspace/.swiftpm/xcode
builtin-create-build-directory /Users/admin/builder/spi-builder-workspace/.derivedData/Build/Products/Debug-xros/PackageFrameworks
WriteAuxiliaryFile /Users/admin/builder/spi-builder-workspace/.derivedData/Build/Intermediates.noindex/DifferenceKit.build/Debug-xros/DifferenceKit-t.build/DifferenceKit.modulemap (in target 'DifferenceKit' from project 'DifferenceKit')
cd /Users/admin/builder/spi-builder-workspace/.dependencies/checkouts/DifferenceKit
write-file /Users/admin/builder/spi-builder-workspace/.derivedData/Build/Intermediates.noindex/DifferenceKit.build/Debug-xros/DifferenceKit-t.build/DifferenceKit.modulemap
WriteAuxiliaryFile /Users/admin/builder/spi-builder-workspace/.derivedData/Build/Intermediates.noindex/DifferenceKit.build/Debug-xros/DifferenceKit-t.build/DifferenceKit.DependencyStaticMetadataFileList (in target 'DifferenceKit' from project 'DifferenceKit')
cd /Users/admin/builder/spi-builder-workspace/.dependencies/checkouts/DifferenceKit
write-file /Users/admin/builder/spi-builder-workspace/.derivedData/Build/Intermediates.noindex/DifferenceKit.build/Debug-xros/DifferenceKit-t.build/DifferenceKit.DependencyStaticMetadataFileList
WriteAuxiliaryFile /Users/admin/builder/spi-builder-workspace/.derivedData/Build/Intermediates.noindex/DifferenceKit.build/Debug-xros/DifferenceKit-t.build/DifferenceKit.DependencyMetadataFileList (in target 'DifferenceKit' from project 'DifferenceKit')
cd /Users/admin/builder/spi-builder-workspace/.dependencies/checkouts/DifferenceKit
write-file /Users/admin/builder/spi-builder-workspace/.derivedData/Build/Intermediates.noindex/DifferenceKit.build/Debug-xros/DifferenceKit-t.build/DifferenceKit.DependencyMetadataFileList
WriteAuxiliaryFile /Users/admin/builder/spi-builder-workspace/.derivedData/Build/Intermediates.noindex/DifferenceKit.build/Debug-xros/DifferenceKit-t.build/Objects-normal/arm64/DifferenceKit.SwiftFileList (in target 'DifferenceKit' from project 'DifferenceKit')
cd /Users/admin/builder/spi-builder-workspace/.dependencies/checkouts/DifferenceKit
write-file /Users/admin/builder/spi-builder-workspace/.derivedData/Build/Intermediates.noindex/DifferenceKit.build/Debug-xros/DifferenceKit-t.build/Objects-normal/arm64/DifferenceKit.SwiftFileList
WriteAuxiliaryFile /Users/admin/builder/spi-builder-workspace/.derivedData/Build/Intermediates.noindex/DifferenceKit.build/Debug-xros/DifferenceKit-t.build/Objects-normal/arm64/DifferenceKit-OutputFileMap.json (in target 'DifferenceKit' from project 'DifferenceKit')
cd /Users/admin/builder/spi-builder-workspace/.dependencies/checkouts/DifferenceKit
write-file /Users/admin/builder/spi-builder-workspace/.derivedData/Build/Intermediates.noindex/DifferenceKit.build/Debug-xros/DifferenceKit-t.build/Objects-normal/arm64/DifferenceKit-OutputFileMap.json
WriteAuxiliaryFile /Users/admin/builder/spi-builder-workspace/.derivedData/Build/Intermediates.noindex/DifferenceKit.build/Debug-xros/DifferenceKit-t.build/Objects-normal/arm64/DifferenceKit.SwiftConstValuesFileList (in target 'DifferenceKit' from project 'DifferenceKit')
cd /Users/admin/builder/spi-builder-workspace/.dependencies/checkouts/DifferenceKit
write-file /Users/admin/builder/spi-builder-workspace/.derivedData/Build/Intermediates.noindex/DifferenceKit.build/Debug-xros/DifferenceKit-t.build/Objects-normal/arm64/DifferenceKit.SwiftConstValuesFileList
WriteAuxiliaryFile /Users/admin/builder/spi-builder-workspace/.derivedData/Build/Intermediates.noindex/DifferenceKit.build/Debug-xros/DifferenceKit-t.build/Objects-normal/arm64/DifferenceKit_const_extract_protocols.json (in target 'DifferenceKit' from project 'DifferenceKit')
cd /Users/admin/builder/spi-builder-workspace/.dependencies/checkouts/DifferenceKit
write-file /Users/admin/builder/spi-builder-workspace/.derivedData/Build/Intermediates.noindex/DifferenceKit.build/Debug-xros/DifferenceKit-t.build/Objects-normal/arm64/DifferenceKit_const_extract_protocols.json
WriteAuxiliaryFile /Users/admin/builder/spi-builder-workspace/.derivedData/Build/Intermediates.noindex/DifferenceKit.build/Debug-xros/DifferenceKit-t.build/Objects-normal/arm64/DifferenceKit.LinkFileList (in target 'DifferenceKit' from project 'DifferenceKit')
cd /Users/admin/builder/spi-builder-workspace/.dependencies/checkouts/DifferenceKit
write-file /Users/admin/builder/spi-builder-workspace/.derivedData/Build/Intermediates.noindex/DifferenceKit.build/Debug-xros/DifferenceKit-t.build/Objects-normal/arm64/DifferenceKit.LinkFileList
WriteAuxiliaryFile /Users/admin/builder/spi-builder-workspace/.derivedData/Build/Intermediates.noindex/CellsReloadable.build/Debug-xros/CellsReloadable-t.build/Objects-normal/arm64/CellsReloadable_const_extract_protocols.json (in target 'CellsReloadable' from project 'CellsReloadable')
cd /Users/admin/builder/spi-builder-workspace
write-file /Users/admin/builder/spi-builder-workspace/.derivedData/Build/Intermediates.noindex/CellsReloadable.build/Debug-xros/CellsReloadable-t.build/Objects-normal/arm64/CellsReloadable_const_extract_protocols.json
WriteAuxiliaryFile /Users/admin/builder/spi-builder-workspace/.derivedData/Build/Intermediates.noindex/CellsReloadable.build/Debug-xros/CellsReloadable-t.build/Objects-normal/arm64/CellsReloadable.SwiftFileList (in target 'CellsReloadable' from project 'CellsReloadable')
cd /Users/admin/builder/spi-builder-workspace
write-file /Users/admin/builder/spi-builder-workspace/.derivedData/Build/Intermediates.noindex/CellsReloadable.build/Debug-xros/CellsReloadable-t.build/Objects-normal/arm64/CellsReloadable.SwiftFileList
WriteAuxiliaryFile /Users/admin/builder/spi-builder-workspace/.derivedData/Build/Intermediates.noindex/CellsReloadable.build/Debug-xros/CellsReloadable-t.build/Objects-normal/arm64/CellsReloadable.SwiftConstValuesFileList (in target 'CellsReloadable' from project 'CellsReloadable')
cd /Users/admin/builder/spi-builder-workspace
write-file /Users/admin/builder/spi-builder-workspace/.derivedData/Build/Intermediates.noindex/CellsReloadable.build/Debug-xros/CellsReloadable-t.build/Objects-normal/arm64/CellsReloadable.SwiftConstValuesFileList
WriteAuxiliaryFile /Users/admin/builder/spi-builder-workspace/.derivedData/Build/Intermediates.noindex/CellsReloadable.build/Debug-xros/CellsReloadable-t.build/CellsReloadable.modulemap (in target 'CellsReloadable' from project 'CellsReloadable')
cd /Users/admin/builder/spi-builder-workspace
write-file /Users/admin/builder/spi-builder-workspace/.derivedData/Build/Intermediates.noindex/CellsReloadable.build/Debug-xros/CellsReloadable-t.build/CellsReloadable.modulemap
WriteAuxiliaryFile /Users/admin/builder/spi-builder-workspace/.derivedData/Build/Intermediates.noindex/CellsReloadable.build/Debug-xros/CellsReloadable-t.build/CellsReloadable.DependencyStaticMetadataFileList (in target 'CellsReloadable' from project 'CellsReloadable')
cd /Users/admin/builder/spi-builder-workspace
write-file /Users/admin/builder/spi-builder-workspace/.derivedData/Build/Intermediates.noindex/CellsReloadable.build/Debug-xros/CellsReloadable-t.build/CellsReloadable.DependencyStaticMetadataFileList
WriteAuxiliaryFile /Users/admin/builder/spi-builder-workspace/.derivedData/Build/Intermediates.noindex/CellsReloadable.build/Debug-xros/CellsReloadable-t.build/Objects-normal/arm64/CellsReloadable-OutputFileMap.json (in target 'CellsReloadable' from project 'CellsReloadable')
cd /Users/admin/builder/spi-builder-workspace
write-file /Users/admin/builder/spi-builder-workspace/.derivedData/Build/Intermediates.noindex/CellsReloadable.build/Debug-xros/CellsReloadable-t.build/Objects-normal/arm64/CellsReloadable-OutputFileMap.json
WriteAuxiliaryFile /Users/admin/builder/spi-builder-workspace/.derivedData/Build/Intermediates.noindex/CellsReloadable.build/Debug-xros/CellsReloadable-t.build/Objects-normal/arm64/CellsReloadable.LinkFileList (in target 'CellsReloadable' from project 'CellsReloadable')
cd /Users/admin/builder/spi-builder-workspace
write-file /Users/admin/builder/spi-builder-workspace/.derivedData/Build/Intermediates.noindex/CellsReloadable.build/Debug-xros/CellsReloadable-t.build/Objects-normal/arm64/CellsReloadable.LinkFileList
Copy /Users/admin/builder/spi-builder-workspace/.derivedData/Build/Intermediates.noindex/GeneratedModuleMaps-xros/DifferenceKit.modulemap /Users/admin/builder/spi-builder-workspace/.derivedData/Build/Intermediates.noindex/DifferenceKit.build/Debug-xros/DifferenceKit-t.build/DifferenceKit.modulemap (in target 'DifferenceKit' from project 'DifferenceKit')
cd /Users/admin/builder/spi-builder-workspace/.dependencies/checkouts/DifferenceKit
builtin-copy -exclude .DS_Store -exclude CVS -exclude .svn -exclude .git -exclude .hg -resolve-src-symlinks /Users/admin/builder/spi-builder-workspace/.derivedData/Build/Intermediates.noindex/DifferenceKit.build/Debug-xros/DifferenceKit-t.build/DifferenceKit.modulemap /Users/admin/builder/spi-builder-workspace/.derivedData/Build/Intermediates.noindex/GeneratedModuleMaps-xros
WriteAuxiliaryFile /Users/admin/builder/spi-builder-workspace/.derivedData/Build/Intermediates.noindex/CellsReloadable.build/Debug-xros/CellsReloadable-t.build/CellsReloadable.DependencyMetadataFileList (in target 'CellsReloadable' from project 'CellsReloadable')
cd /Users/admin/builder/spi-builder-workspace
write-file /Users/admin/builder/spi-builder-workspace/.derivedData/Build/Intermediates.noindex/CellsReloadable.build/Debug-xros/CellsReloadable-t.build/CellsReloadable.DependencyMetadataFileList
Copy /Users/admin/builder/spi-builder-workspace/.derivedData/Build/Intermediates.noindex/GeneratedModuleMaps-xros/CellsReloadable.modulemap /Users/admin/builder/spi-builder-workspace/.derivedData/Build/Intermediates.noindex/CellsReloadable.build/Debug-xros/CellsReloadable-t.build/CellsReloadable.modulemap (in target 'CellsReloadable' from project 'CellsReloadable')
cd /Users/admin/builder/spi-builder-workspace
builtin-copy -exclude .DS_Store -exclude CVS -exclude .svn -exclude .git -exclude .hg -resolve-src-symlinks /Users/admin/builder/spi-builder-workspace/.derivedData/Build/Intermediates.noindex/CellsReloadable.build/Debug-xros/CellsReloadable-t.build/CellsReloadable.modulemap /Users/admin/builder/spi-builder-workspace/.derivedData/Build/Intermediates.noindex/GeneratedModuleMaps-xros
SwiftDriver DifferenceKit normal arm64 com.apple.xcode.tools.swift.compiler (in target 'DifferenceKit' from project 'DifferenceKit')
cd /Users/admin/builder/spi-builder-workspace/.swiftpm/xcode
builtin-SwiftDriver -- /Applications/Xcode-27.0.0-Release.Candidate.app/Contents/Developer/Toolchains/XcodeDefault.xctoolchain/usr/bin/swiftc -parse-as-library -module-name DifferenceKit -Onone @/Users/admin/builder/spi-builder-workspace/.derivedData/Build/Intermediates.noindex/DifferenceKit.build/Debug-xros/DifferenceKit-t.build/Objects-normal/arm64/DifferenceKit.SwiftFileList -DSWIFT_PACKAGE -DDEBUG -DSWIFT_MODULE_RESOURCE_BUNDLE_UNAVAILABLE -DXcode -plugin-path /Applications/Xcode-27.0.0-Release.Candidate.app/Contents/Developer/Toolchains/XcodeDefault.xctoolchain/usr/lib/swift/host/plugins/testing -enable-experimental-feature DebugDescriptionMacro -sdk /Applications/Xcode-27.0.0-Release.Candidate.app/Contents/Developer/Platforms/XROS.platform/Developer/SDKs/XROS27.0.sdk -target arm64-apple-xros1.0 -g -module-cache-path /Users/admin/builder/spi-builder-workspace/.derivedData/ModuleCache.noindex -Xfrontend -serialize-debugging-options -enable-testing -suppress-warnings -index-store-path /Users/admin/builder/spi-builder-workspace/.derivedData/Index.noindex/DataStore -Xcc -D_LIBCPP_HARDENING_MODE\=_LIBCPP_HARDENING_MODE_DEBUG -swift-version 5 -I /Users/admin/builder/spi-builder-workspace/.derivedData/Build/Products/Debug-xros -Isystem /Applications/Xcode-27.0.0-Release.Candidate.app/Contents/Developer/Platforms/XROS.platform/Developer/usr/lib -F /Users/admin/builder/spi-builder-workspace/.derivedData/Build/Products/Debug-xros -F /Applications/Xcode-27.0.0-Release.Candidate.app/Contents/Developer/Platforms/XROS.platform/Developer/Library/Frameworks -F /Applications/Xcode-27.0.0-Release.Candidate.app/Contents/Developer/Platforms/XROS.platform/Developer/SDKs/XROS27.0.sdk/Developer/Library/Frameworks -c -j10 -enable-batch-mode -incremental -Xcc -ivfsstatcache -Xcc /Users/admin/builder/spi-builder-workspace/.derivedData/SDKStatCaches.noindex/xros27.0-24M361-e829b21a6f8c9b70876ba0858053c044735bd543db762f57723cac368afd1ce4.sdkstatcache -output-file-map /Users/admin/builder/spi-builder-workspace/.derivedData/Build/Intermediates.noindex/DifferenceKit.build/Debug-xros/DifferenceKit-t.build/Objects-normal/arm64/DifferenceKit-OutputFileMap.json -save-temps -no-color-diagnostics -explicit-module-build -module-cache-path /Users/admin/builder/spi-builder-workspace/.derivedData/Build/Intermediates.noindex/SwiftExplicitPrecompiledModules -clang-scanner-module-cache-path /Users/admin/builder/spi-builder-workspace/.derivedData/ModuleCache.noindex -sdk-module-cache-path /Users/admin/builder/spi-builder-workspace/.derivedData/SDKExplicitPrecompiledModules -emit-dependencies -emit-module -emit-module-path /Users/admin/builder/spi-builder-workspace/.derivedData/Build/Intermediates.noindex/DifferenceKit.build/Debug-xros/DifferenceKit-t.build/Objects-normal/arm64/DifferenceKit.swiftmodule -serialize-diagnostics -dependency-scan-serialize-diagnostics-path /Users/admin/builder/spi-builder-workspace/.derivedData/Build/Intermediates.noindex/DifferenceKit.build/Debug-xros/DifferenceKit-t.build/Objects-normal/arm64/DifferenceKit-dependency-scan.dia -validate-clang-modules-once -clang-build-session-file /Users/admin/builder/spi-builder-workspace/.derivedData/ModuleCache.noindex/Session.modulevalidation -Xcc -fmodules-prune-interval\=86400 -Xcc -fmodules-prune-after\=345600 -emit-const-values -const-gather-protocols-list /Users/admin/builder/spi-builder-workspace/.derivedData/Build/Intermediates.noindex/DifferenceKit.build/Debug-xros/DifferenceKit-t.build/Objects-normal/arm64/DifferenceKit_const_extract_protocols.json -Xcc -I/Users/admin/builder/spi-builder-workspace/.derivedData/Build/Products/Debug-xros/include -Xcc -I/Users/admin/builder/spi-builder-workspace/.derivedData/Build/Intermediates.noindex/DifferenceKit.build/Debug-xros/DifferenceKit-t.build/DerivedSources-normal/arm64 -Xcc -I/Users/admin/builder/spi-builder-workspace/.derivedData/Build/Intermediates.noindex/DifferenceKit.build/Debug-xros/DifferenceKit-t.build/DerivedSources/arm64 -Xcc -I/Users/admin/builder/spi-builder-workspace/.derivedData/Build/Intermediates.noindex/DifferenceKit.build/Debug-xros/DifferenceKit-t.build/DerivedSources -Xcc -DSWIFT_PACKAGE -Xcc -DDEBUG\=1 -emit-objc-header -emit-objc-header-path /Users/admin/builder/spi-builder-workspace/.derivedData/Build/Intermediates.noindex/DifferenceKit.build/Debug-xros/DifferenceKit-t.build/Objects-normal/arm64/DifferenceKit-Swift.h -working-directory /Users/admin/builder/spi-builder-workspace/.swiftpm/xcode -experimental-emit-module-separately -disable-cmo
SwiftExplicitDependencyGeneratePcm arm64 /Users/admin/builder/spi-builder-workspace/.derivedData/SDKExplicitPrecompiledModules/_SwiftConcurrencyShims-C8XHKSHX96D5YYALNM4W70Z0O.pcm
SwiftExplicitDependencyGeneratePcm arm64 /Users/admin/builder/spi-builder-workspace/.derivedData/SDKExplicitPrecompiledModules/SwiftShims-CI4H5RO9IYFFWQ2COB512Q2S9.pcm
SwiftEmitModule normal arm64 Emitting\ module\ for\ DifferenceKit (in target 'DifferenceKit' from project 'DifferenceKit')
SwiftCompile normal arm64 (in target 'DifferenceKit' from project 'DifferenceKit')
cd /Users/admin/builder/spi-builder-workspace/.swiftpm/xcode
SwiftCompile normal arm64 Compiling\ StagedChangeset.swift /Users/admin/builder/spi-builder-workspace/.dependencies/checkouts/DifferenceKit/Sources/StagedChangeset.swift (in target 'DifferenceKit' from project 'DifferenceKit')
SwiftCompile normal arm64 /Users/admin/builder/spi-builder-workspace/.dependencies/checkouts/DifferenceKit/Sources/StagedChangeset.swift (in target 'DifferenceKit' from project 'DifferenceKit')
cd /Users/admin/builder/spi-builder-workspace/.swiftpm/xcode
builtin-SwiftPerFileCompile StagedChangeset.swift
SwiftCompile normal arm64 Compiling\ DifferentiableSection.swift /Users/admin/builder/spi-builder-workspace/.dependencies/checkouts/DifferenceKit/Sources/DifferentiableSection.swift (in target 'DifferenceKit' from project 'DifferenceKit')
SwiftCompile normal arm64 /Users/admin/builder/spi-builder-workspace/.dependencies/checkouts/DifferenceKit/Sources/DifferentiableSection.swift (in target 'DifferenceKit' from project 'DifferenceKit')
cd /Users/admin/builder/spi-builder-workspace/.swiftpm/xcode
builtin-SwiftPerFileCompile DifferentiableSection.swift
SwiftCompile normal arm64 Compiling\ UIKitExtension.swift /Users/admin/builder/spi-builder-workspace/.dependencies/checkouts/DifferenceKit/Sources/Extensions/UIKitExtension.swift (in target 'DifferenceKit' from project 'DifferenceKit')
SwiftCompile normal arm64 /Users/admin/builder/spi-builder-workspace/.dependencies/checkouts/DifferenceKit/Sources/Extensions/UIKitExtension.swift (in target 'DifferenceKit' from project 'DifferenceKit')
cd /Users/admin/builder/spi-builder-workspace/.swiftpm/xcode
builtin-SwiftPerFileCompile UIKitExtension.swift
SwiftCompile normal arm64 Compiling\ Algorithm.swift,\ AnyDifferentiable.swift /Users/admin/builder/spi-builder-workspace/.dependencies/checkouts/DifferenceKit/Sources/Algorithm.swift /Users/admin/builder/spi-builder-workspace/.dependencies/checkouts/DifferenceKit/Sources/AnyDifferentiable.swift (in target 'DifferenceKit' from project 'DifferenceKit')
SwiftCompile normal arm64 /Users/admin/builder/spi-builder-workspace/.dependencies/checkouts/DifferenceKit/Sources/Algorithm.swift (in target 'DifferenceKit' from project 'DifferenceKit')
cd /Users/admin/builder/spi-builder-workspace/.swiftpm/xcode
builtin-SwiftPerFileCompile Algorithm.swift
SwiftCompile normal arm64 /Users/admin/builder/spi-builder-workspace/.dependencies/checkouts/DifferenceKit/Sources/AnyDifferentiable.swift (in target 'DifferenceKit' from project 'DifferenceKit')
cd /Users/admin/builder/spi-builder-workspace/.swiftpm/xcode
builtin-SwiftPerFileCompile AnyDifferentiable.swift
SwiftCompile normal arm64 Compiling\ Differentiable.swift /Users/admin/builder/spi-builder-workspace/.dependencies/checkouts/DifferenceKit/Sources/Differentiable.swift (in target 'DifferenceKit' from project 'DifferenceKit')
SwiftCompile normal arm64 /Users/admin/builder/spi-builder-workspace/.dependencies/checkouts/DifferenceKit/Sources/Differentiable.swift (in target 'DifferenceKit' from project 'DifferenceKit')
cd /Users/admin/builder/spi-builder-workspace/.swiftpm/xcode
builtin-SwiftPerFileCompile Differentiable.swift
SwiftCompile normal arm64 Compiling\ ContentIdentifiable.swift /Users/admin/builder/spi-builder-workspace/.dependencies/checkouts/DifferenceKit/Sources/ContentIdentifiable.swift (in target 'DifferenceKit' from project 'DifferenceKit')
SwiftCompile normal arm64 /Users/admin/builder/spi-builder-workspace/.dependencies/checkouts/DifferenceKit/Sources/ContentIdentifiable.swift (in target 'DifferenceKit' from project 'DifferenceKit')
cd /Users/admin/builder/spi-builder-workspace/.swiftpm/xcode
builtin-SwiftPerFileCompile ContentIdentifiable.swift
SwiftCompile normal arm64 Compiling\ ElementPath.swift /Users/admin/builder/spi-builder-workspace/.dependencies/checkouts/DifferenceKit/Sources/ElementPath.swift (in target 'DifferenceKit' from project 'DifferenceKit')
SwiftCompile normal arm64 /Users/admin/builder/spi-builder-workspace/.dependencies/checkouts/DifferenceKit/Sources/ElementPath.swift (in target 'DifferenceKit' from project 'DifferenceKit')
cd /Users/admin/builder/spi-builder-workspace/.swiftpm/xcode
builtin-SwiftPerFileCompile ElementPath.swift
SwiftCompile normal arm64 Compiling\ ArraySection.swift,\ Changeset.swift /Users/admin/builder/spi-builder-workspace/.dependencies/checkouts/DifferenceKit/Sources/ArraySection.swift /Users/admin/builder/spi-builder-workspace/.dependencies/checkouts/DifferenceKit/Sources/Changeset.swift (in target 'DifferenceKit' from project 'DifferenceKit')
SwiftCompile normal arm64 /Users/admin/builder/spi-builder-workspace/.dependencies/checkouts/DifferenceKit/Sources/ArraySection.swift (in target 'DifferenceKit' from project 'DifferenceKit')
cd /Users/admin/builder/spi-builder-workspace/.swiftpm/xcode
builtin-SwiftPerFileCompile ArraySection.swift
SwiftCompile normal arm64 /Users/admin/builder/spi-builder-workspace/.dependencies/checkouts/DifferenceKit/Sources/Changeset.swift (in target 'DifferenceKit' from project 'DifferenceKit')
cd /Users/admin/builder/spi-builder-workspace/.swiftpm/xcode
builtin-SwiftPerFileCompile Changeset.swift
SwiftCompile normal arm64 Compiling\ AppKitExtension.swift /Users/admin/builder/spi-builder-workspace/.dependencies/checkouts/DifferenceKit/Sources/Extensions/AppKitExtension.swift (in target 'DifferenceKit' from project 'DifferenceKit')
SwiftCompile normal arm64 /Users/admin/builder/spi-builder-workspace/.dependencies/checkouts/DifferenceKit/Sources/Extensions/AppKitExtension.swift (in target 'DifferenceKit' from project 'DifferenceKit')
cd /Users/admin/builder/spi-builder-workspace/.swiftpm/xcode
builtin-SwiftPerFileCompile AppKitExtension.swift
SwiftCompile normal arm64 Compiling\ ContentEquatable.swift /Users/admin/builder/spi-builder-workspace/.dependencies/checkouts/DifferenceKit/Sources/ContentEquatable.swift (in target 'DifferenceKit' from project 'DifferenceKit')
SwiftCompile normal arm64 /Users/admin/builder/spi-builder-workspace/.dependencies/checkouts/DifferenceKit/Sources/ContentEquatable.swift (in target 'DifferenceKit' from project 'DifferenceKit')
cd /Users/admin/builder/spi-builder-workspace/.swiftpm/xcode
builtin-SwiftPerFileCompile ContentEquatable.swift
SwiftDriverJobDiscovery normal arm64 Emitting module for DifferenceKit (in target 'DifferenceKit' from project 'DifferenceKit')
SwiftDriver\ Compilation\ Requirements DifferenceKit normal arm64 com.apple.xcode.tools.swift.compiler (in target 'DifferenceKit' from project 'DifferenceKit')
cd /Users/admin/builder/spi-builder-workspace/.swiftpm/xcode
builtin-Swift-Compilation-Requirements -- /Applications/Xcode-27.0.0-Release.Candidate.app/Contents/Developer/Toolchains/XcodeDefault.xctoolchain/usr/bin/swiftc -parse-as-library -module-name DifferenceKit -Onone @/Users/admin/builder/spi-builder-workspace/.derivedData/Build/Intermediates.noindex/DifferenceKit.build/Debug-xros/DifferenceKit-t.build/Objects-normal/arm64/DifferenceKit.SwiftFileList -DSWIFT_PACKAGE -DDEBUG -DSWIFT_MODULE_RESOURCE_BUNDLE_UNAVAILABLE -DXcode -plugin-path /Applications/Xcode-27.0.0-Release.Candidate.app/Contents/Developer/Toolchains/XcodeDefault.xctoolchain/usr/lib/swift/host/plugins/testing -enable-experimental-feature DebugDescriptionMacro -sdk /Applications/Xcode-27.0.0-Release.Candidate.app/Contents/Developer/Platforms/XROS.platform/Developer/SDKs/XROS27.0.sdk -target arm64-apple-xros1.0 -g -module-cache-path /Users/admin/builder/spi-builder-workspace/.derivedData/ModuleCache.noindex -Xfrontend -serialize-debugging-options -enable-testing -suppress-warnings -index-store-path /Users/admin/builder/spi-builder-workspace/.derivedData/Index.noindex/DataStore -Xcc -D_LIBCPP_HARDENING_MODE\=_LIBCPP_HARDENING_MODE_DEBUG -swift-version 5 -I /Users/admin/builder/spi-builder-workspace/.derivedData/Build/Products/Debug-xros -Isystem /Applications/Xcode-27.0.0-Release.Candidate.app/Contents/Developer/Platforms/XROS.platform/Developer/usr/lib -F /Users/admin/builder/spi-builder-workspace/.derivedData/Build/Products/Debug-xros -F /Applications/Xcode-27.0.0-Release.Candidate.app/Contents/Developer/Platforms/XROS.platform/Developer/Library/Frameworks -F /Applications/Xcode-27.0.0-Release.Candidate.app/Contents/Developer/Platforms/XROS.platform/Developer/SDKs/XROS27.0.sdk/Developer/Library/Frameworks -c -j10 -enable-batch-mode -incremental -Xcc -ivfsstatcache -Xcc /Users/admin/builder/spi-builder-workspace/.derivedData/SDKStatCaches.noindex/xros27.0-24M361-e829b21a6f8c9b70876ba0858053c044735bd543db762f57723cac368afd1ce4.sdkstatcache -output-file-map /Users/admin/builder/spi-builder-workspace/.derivedData/Build/Intermediates.noindex/DifferenceKit.build/Debug-xros/DifferenceKit-t.build/Objects-normal/arm64/DifferenceKit-OutputFileMap.json -save-temps -no-color-diagnostics -explicit-module-build -module-cache-path /Users/admin/builder/spi-builder-workspace/.derivedData/Build/Intermediates.noindex/SwiftExplicitPrecompiledModules -clang-scanner-module-cache-path /Users/admin/builder/spi-builder-workspace/.derivedData/ModuleCache.noindex -sdk-module-cache-path /Users/admin/builder/spi-builder-workspace/.derivedData/SDKExplicitPrecompiledModules -emit-dependencies -emit-module -emit-module-path /Users/admin/builder/spi-builder-workspace/.derivedData/Build/Intermediates.noindex/DifferenceKit.build/Debug-xros/DifferenceKit-t.build/Objects-normal/arm64/DifferenceKit.swiftmodule -serialize-diagnostics -dependency-scan-serialize-diagnostics-path /Users/admin/builder/spi-builder-workspace/.derivedData/Build/Intermediates.noindex/DifferenceKit.build/Debug-xros/DifferenceKit-t.build/Objects-normal/arm64/DifferenceKit-dependency-scan.dia -validate-clang-modules-once -clang-build-session-file /Users/admin/builder/spi-builder-workspace/.derivedData/ModuleCache.noindex/Session.modulevalidation -Xcc -fmodules-prune-interval\=86400 -Xcc -fmodules-prune-after\=345600 -emit-const-values -const-gather-protocols-list /Users/admin/builder/spi-builder-workspace/.derivedData/Build/Intermediates.noindex/DifferenceKit.build/Debug-xros/DifferenceKit-t.build/Objects-normal/arm64/DifferenceKit_const_extract_protocols.json -Xcc -I/Users/admin/builder/spi-builder-workspace/.derivedData/Build/Products/Debug-xros/include -Xcc -I/Users/admin/builder/spi-builder-workspace/.derivedData/Build/Intermediates.noindex/DifferenceKit.build/Debug-xros/DifferenceKit-t.build/DerivedSources-normal/arm64 -Xcc -I/Users/admin/builder/spi-builder-workspace/.derivedData/Build/Intermediates.noindex/DifferenceKit.build/Debug-xros/DifferenceKit-t.build/DerivedSources/arm64 -Xcc -I/Users/admin/builder/spi-builder-workspace/.derivedData/Build/Intermediates.noindex/DifferenceKit.build/Debug-xros/DifferenceKit-t.build/DerivedSources -Xcc -DSWIFT_PACKAGE -Xcc -DDEBUG\=1 -emit-objc-header -emit-objc-header-path /Users/admin/builder/spi-builder-workspace/.derivedData/Build/Intermediates.noindex/DifferenceKit.build/Debug-xros/DifferenceKit-t.build/Objects-normal/arm64/DifferenceKit-Swift.h -working-directory /Users/admin/builder/spi-builder-workspace/.swiftpm/xcode -experimental-emit-module-separately -disable-cmo
SwiftDriverJobDiscovery normal arm64 Compiling UIKitExtension.swift (in target 'DifferenceKit' from project 'DifferenceKit')
SwiftMergeGeneratedHeaders /Users/admin/builder/spi-builder-workspace/.derivedData/Build/Intermediates.noindex/GeneratedModuleMaps-xros/DifferenceKit-Swift.h /Users/admin/builder/spi-builder-workspace/.derivedData/Build/Intermediates.noindex/DifferenceKit.build/Debug-xros/DifferenceKit-t.build/Objects-normal/arm64/DifferenceKit-Swift.h (in target 'DifferenceKit' from project 'DifferenceKit')
cd /Users/admin/builder/spi-builder-workspace/.dependencies/checkouts/DifferenceKit
builtin-swiftHeaderTool -arch arm64 /Users/admin/builder/spi-builder-workspace/.derivedData/Build/Intermediates.noindex/DifferenceKit.build/Debug-xros/DifferenceKit-t.build/Objects-normal/arm64/DifferenceKit-Swift.h -o /Users/admin/builder/spi-builder-workspace/.derivedData/Build/Intermediates.noindex/GeneratedModuleMaps-xros/DifferenceKit-Swift.h
Copy /Users/admin/builder/spi-builder-workspace/.derivedData/Build/Products/Debug-xros/DifferenceKit.swiftmodule/arm64-apple-xros.swiftmodule /Users/admin/builder/spi-builder-workspace/.derivedData/Build/Intermediates.noindex/DifferenceKit.build/Debug-xros/DifferenceKit-t.build/Objects-normal/arm64/DifferenceKit.swiftmodule (in target 'DifferenceKit' from project 'DifferenceKit')
cd /Users/admin/builder/spi-builder-workspace/.dependencies/checkouts/DifferenceKit
builtin-copy -exclude .DS_Store -exclude CVS -exclude .svn -exclude .git -exclude .hg -resolve-src-symlinks -rename /Users/admin/builder/spi-builder-workspace/.derivedData/Build/Intermediates.noindex/DifferenceKit.build/Debug-xros/DifferenceKit-t.build/Objects-normal/arm64/DifferenceKit.swiftmodule /Users/admin/builder/spi-builder-workspace/.derivedData/Build/Products/Debug-xros/DifferenceKit.swiftmodule/arm64-apple-xros.swiftmodule
SwiftDriverJobDiscovery normal arm64 Compiling DifferentiableSection.swift (in target 'DifferenceKit' from project 'DifferenceKit')
Copy /Users/admin/builder/spi-builder-workspace/.derivedData/Build/Products/Debug-xros/DifferenceKit.swiftmodule/arm64-apple-xros.swiftdoc /Users/admin/builder/spi-builder-workspace/.derivedData/Build/Intermediates.noindex/DifferenceKit.build/Debug-xros/DifferenceKit-t.build/Objects-normal/arm64/DifferenceKit.swiftdoc (in target 'DifferenceKit' from project 'DifferenceKit')
cd /Users/admin/builder/spi-builder-workspace/.dependencies/checkouts/DifferenceKit
builtin-copy -exclude .DS_Store -exclude CVS -exclude .svn -exclude .git -exclude .hg -resolve-src-symlinks -rename /Users/admin/builder/spi-builder-workspace/.derivedData/Build/Intermediates.noindex/DifferenceKit.build/Debug-xros/DifferenceKit-t.build/Objects-normal/arm64/DifferenceKit.swiftdoc /Users/admin/builder/spi-builder-workspace/.derivedData/Build/Products/Debug-xros/DifferenceKit.swiftmodule/arm64-apple-xros.swiftdoc
SwiftDriverJobDiscovery normal arm64 Compiling Differentiable.swift (in target 'DifferenceKit' from project 'DifferenceKit')
Copy /Users/admin/builder/spi-builder-workspace/.derivedData/Build/Products/Debug-xros/DifferenceKit.swiftmodule/arm64-apple-xros.abi.json /Users/admin/builder/spi-builder-workspace/.derivedData/Build/Intermediates.noindex/DifferenceKit.build/Debug-xros/DifferenceKit-t.build/Objects-normal/arm64/DifferenceKit.abi.json (in target 'DifferenceKit' from project 'DifferenceKit')
cd /Users/admin/builder/spi-builder-workspace/.dependencies/checkouts/DifferenceKit
builtin-copy -exclude .DS_Store -exclude CVS -exclude .svn -exclude .git -exclude .hg -resolve-src-symlinks -rename /Users/admin/builder/spi-builder-workspace/.derivedData/Build/Intermediates.noindex/DifferenceKit.build/Debug-xros/DifferenceKit-t.build/Objects-normal/arm64/DifferenceKit.abi.json /Users/admin/builder/spi-builder-workspace/.derivedData/Build/Products/Debug-xros/DifferenceKit.swiftmodule/arm64-apple-xros.abi.json
Copy /Users/admin/builder/spi-builder-workspace/.derivedData/Build/Products/Debug-xros/DifferenceKit.swiftmodule/Project/arm64-apple-xros.swiftsourceinfo /Users/admin/builder/spi-builder-workspace/.derivedData/Build/Intermediates.noindex/DifferenceKit.build/Debug-xros/DifferenceKit-t.build/Objects-normal/arm64/DifferenceKit.swiftsourceinfo (in target 'DifferenceKit' from project 'DifferenceKit')
cd /Users/admin/builder/spi-builder-workspace/.dependencies/checkouts/DifferenceKit
builtin-copy -exclude .DS_Store -exclude CVS -exclude .svn -exclude .git -exclude .hg -resolve-src-symlinks -rename /Users/admin/builder/spi-builder-workspace/.derivedData/Build/Intermediates.noindex/DifferenceKit.build/Debug-xros/DifferenceKit-t.build/Objects-normal/arm64/DifferenceKit.swiftsourceinfo /Users/admin/builder/spi-builder-workspace/.derivedData/Build/Products/Debug-xros/DifferenceKit.swiftmodule/Project/arm64-apple-xros.swiftsourceinfo
SwiftDriverJobDiscovery normal arm64 Compiling AppKitExtension.swift (in target 'DifferenceKit' from project 'DifferenceKit')
SwiftDriverJobDiscovery normal arm64 Compiling ContentIdentifiable.swift (in target 'DifferenceKit' from project 'DifferenceKit')
SwiftDriver CellsReloadable normal arm64 com.apple.xcode.tools.swift.compiler (in target 'CellsReloadable' from project 'CellsReloadable')
cd /Users/admin/builder/spi-builder-workspace/.swiftpm/xcode
builtin-SwiftDriver -- /Applications/Xcode-27.0.0-Release.Candidate.app/Contents/Developer/Toolchains/XcodeDefault.xctoolchain/usr/bin/swiftc -parse-as-library -module-name CellsReloadable -Onone @/Users/admin/builder/spi-builder-workspace/.derivedData/Build/Intermediates.noindex/CellsReloadable.build/Debug-xros/CellsReloadable-t.build/Objects-normal/arm64/CellsReloadable.SwiftFileList -DSWIFT_PACKAGE -DDEBUG -DSWIFT_MODULE_RESOURCE_BUNDLE_UNAVAILABLE -DXcode -plugin-path /Applications/Xcode-27.0.0-Release.Candidate.app/Contents/Developer/Toolchains/XcodeDefault.xctoolchain/usr/lib/swift/host/plugins/testing -enable-experimental-feature DebugDescriptionMacro -sdk /Applications/Xcode-27.0.0-Release.Candidate.app/Contents/Developer/Platforms/XROS.platform/Developer/SDKs/XROS27.0.sdk -target arm64-apple-xros1.0 -g -module-cache-path /Users/admin/builder/spi-builder-workspace/.derivedData/ModuleCache.noindex -Xfrontend -serialize-debugging-options -enable-testing -index-store-path /Users/admin/builder/spi-builder-workspace/.derivedData/Index.noindex/DataStore -Xcc -D_LIBCPP_HARDENING_MODE\=_LIBCPP_HARDENING_MODE_DEBUG -swift-version 5 -I /Users/admin/builder/spi-builder-workspace/.derivedData/Build/Products/Debug-xros -Isystem /Applications/Xcode-27.0.0-Release.Candidate.app/Contents/Developer/Platforms/XROS.platform/Developer/usr/lib -F /Users/admin/builder/spi-builder-workspace/.derivedData/Build/Products/Debug-xros/PackageFrameworks -F /Users/admin/builder/spi-builder-workspace/.derivedData/Build/Products/Debug-xros -F /Applications/Xcode-27.0.0-Release.Candidate.app/Contents/Developer/Platforms/XROS.platform/Developer/Library/Frameworks -F /Applications/Xcode-27.0.0-Release.Candidate.app/Contents/Developer/Platforms/XROS.platform/Developer/SDKs/XROS27.0.sdk/Developer/Library/Frameworks -c -j10 -enable-batch-mode -incremental -Xcc -ivfsstatcache -Xcc /Users/admin/builder/spi-builder-workspace/.derivedData/SDKStatCaches.noindex/xros27.0-24M361-e829b21a6f8c9b70876ba0858053c044735bd543db762f57723cac368afd1ce4.sdkstatcache -output-file-map /Users/admin/builder/spi-builder-workspace/.derivedData/Build/Intermediates.noindex/CellsReloadable.build/Debug-xros/CellsReloadable-t.build/Objects-normal/arm64/CellsReloadable-OutputFileMap.json -save-temps -no-color-diagnostics -explicit-module-build -module-cache-path /Users/admin/builder/spi-builder-workspace/.derivedData/Build/Intermediates.noindex/SwiftExplicitPrecompiledModules -clang-scanner-module-cache-path /Users/admin/builder/spi-builder-workspace/.derivedData/ModuleCache.noindex -sdk-module-cache-path /Users/admin/builder/spi-builder-workspace/.derivedData/SDKExplicitPrecompiledModules -emit-dependencies -emit-module -emit-module-path /Users/admin/builder/spi-builder-workspace/.derivedData/Build/Intermediates.noindex/CellsReloadable.build/Debug-xros/CellsReloadable-t.build/Objects-normal/arm64/CellsReloadable.swiftmodule -serialize-diagnostics -dependency-scan-serialize-diagnostics-path /Users/admin/builder/spi-builder-workspace/.derivedData/Build/Intermediates.noindex/CellsReloadable.build/Debug-xros/CellsReloadable-t.build/Objects-normal/arm64/CellsReloadable-dependency-scan.dia -validate-clang-modules-once -clang-build-session-file /Users/admin/builder/spi-builder-workspace/.derivedData/ModuleCache.noindex/Session.modulevalidation -Xcc -fmodules-prune-interval\=86400 -Xcc -fmodules-prune-after\=345600 -emit-const-values -const-gather-protocols-list /Users/admin/builder/spi-builder-workspace/.derivedData/Build/Intermediates.noindex/CellsReloadable.build/Debug-xros/CellsReloadable-t.build/Objects-normal/arm64/CellsReloadable_const_extract_protocols.json -Xcc -I/Users/admin/builder/spi-builder-workspace/.derivedData/Build/Products/Debug-xros/include -Xcc -I/Users/admin/builder/spi-builder-workspace/.derivedData/Build/Intermediates.noindex/CellsReloadable.build/Debug-xros/CellsReloadable-t.build/DerivedSources-normal/arm64 -Xcc -I/Users/admin/builder/spi-builder-workspace/.derivedData/Build/Intermediates.noindex/CellsReloadable.build/Debug-xros/CellsReloadable-t.build/DerivedSources/arm64 -Xcc -I/Users/admin/builder/spi-builder-workspace/.derivedData/Build/Intermediates.noindex/CellsReloadable.build/Debug-xros/CellsReloadable-t.build/DerivedSources -Xcc -DSWIFT_PACKAGE -Xcc -DDEBUG\=1 -emit-objc-header -emit-objc-header-path /Users/admin/builder/spi-builder-workspace/.derivedData/Build/Intermediates.noindex/CellsReloadable.build/Debug-xros/CellsReloadable-t.build/Objects-normal/arm64/CellsReloadable-Swift.h -working-directory /Users/admin/builder/spi-builder-workspace/.swiftpm/xcode -experimental-emit-module-separately -disable-cmo
SwiftDriverJobDiscovery normal arm64 Compiling ElementPath.swift (in target 'DifferenceKit' from project 'DifferenceKit')
SwiftDriverJobDiscovery normal arm64 Compiling StagedChangeset.swift (in target 'DifferenceKit' from project 'DifferenceKit')
SwiftDriverJobDiscovery normal arm64 Compiling ArraySection.swift, Changeset.swift (in target 'DifferenceKit' from project 'DifferenceKit')
SwiftDriverJobDiscovery normal arm64 Compiling Algorithm.swift, AnyDifferentiable.swift (in target 'DifferenceKit' from project 'DifferenceKit')
SwiftDriverJobDiscovery normal arm64 Compiling ContentEquatable.swift (in target 'DifferenceKit' from project 'DifferenceKit')
SwiftDriver\ Compilation DifferenceKit normal arm64 com.apple.xcode.tools.swift.compiler (in target 'DifferenceKit' from project 'DifferenceKit')
cd /Users/admin/builder/spi-builder-workspace/.swiftpm/xcode
builtin-Swift-Compilation -- /Applications/Xcode-27.0.0-Release.Candidate.app/Contents/Developer/Toolchains/XcodeDefault.xctoolchain/usr/bin/swiftc -parse-as-library -module-name DifferenceKit -Onone @/Users/admin/builder/spi-builder-workspace/.derivedData/Build/Intermediates.noindex/DifferenceKit.build/Debug-xros/DifferenceKit-t.build/Objects-normal/arm64/DifferenceKit.SwiftFileList -DSWIFT_PACKAGE -DDEBUG -DSWIFT_MODULE_RESOURCE_BUNDLE_UNAVAILABLE -DXcode -plugin-path /Applications/Xcode-27.0.0-Release.Candidate.app/Contents/Developer/Toolchains/XcodeDefault.xctoolchain/usr/lib/swift/host/plugins/testing -enable-experimental-feature DebugDescriptionMacro -sdk /Applications/Xcode-27.0.0-Release.Candidate.app/Contents/Developer/Platforms/XROS.platform/Developer/SDKs/XROS27.0.sdk -target arm64-apple-xros1.0 -g -module-cache-path /Users/admin/builder/spi-builder-workspace/.derivedData/ModuleCache.noindex -Xfrontend -serialize-debugging-options -enable-testing -suppress-warnings -index-store-path /Users/admin/builder/spi-builder-workspace/.derivedData/Index.noindex/DataStore -Xcc -D_LIBCPP_HARDENING_MODE\=_LIBCPP_HARDENING_MODE_DEBUG -swift-version 5 -I /Users/admin/builder/spi-builder-workspace/.derivedData/Build/Products/Debug-xros -Isystem /Applications/Xcode-27.0.0-Release.Candidate.app/Contents/Developer/Platforms/XROS.platform/Developer/usr/lib -F /Users/admin/builder/spi-builder-workspace/.derivedData/Build/Products/Debug-xros -F /Applications/Xcode-27.0.0-Release.Candidate.app/Contents/Developer/Platforms/XROS.platform/Developer/Library/Frameworks -F /Applications/Xcode-27.0.0-Release.Candidate.app/Contents/Developer/Platforms/XROS.platform/Developer/SDKs/XROS27.0.sdk/Developer/Library/Frameworks -c -j10 -enable-batch-mode -incremental -Xcc -ivfsstatcache -Xcc /Users/admin/builder/spi-builder-workspace/.derivedData/SDKStatCaches.noindex/xros27.0-24M361-e829b21a6f8c9b70876ba0858053c044735bd543db762f57723cac368afd1ce4.sdkstatcache -output-file-map /Users/admin/builder/spi-builder-workspace/.derivedData/Build/Intermediates.noindex/DifferenceKit.build/Debug-xros/DifferenceKit-t.build/Objects-normal/arm64/DifferenceKit-OutputFileMap.json -save-temps -no-color-diagnostics -explicit-module-build -module-cache-path /Users/admin/builder/spi-builder-workspace/.derivedData/Build/Intermediates.noindex/SwiftExplicitPrecompiledModules -clang-scanner-module-cache-path /Users/admin/builder/spi-builder-workspace/.derivedData/ModuleCache.noindex -sdk-module-cache-path /Users/admin/builder/spi-builder-workspace/.derivedData/SDKExplicitPrecompiledModules -emit-dependencies -emit-module -emit-module-path /Users/admin/builder/spi-builder-workspace/.derivedData/Build/Intermediates.noindex/DifferenceKit.build/Debug-xros/DifferenceKit-t.build/Objects-normal/arm64/DifferenceKit.swiftmodule -serialize-diagnostics -dependency-scan-serialize-diagnostics-path /Users/admin/builder/spi-builder-workspace/.derivedData/Build/Intermediates.noindex/DifferenceKit.build/Debug-xros/DifferenceKit-t.build/Objects-normal/arm64/DifferenceKit-dependency-scan.dia -validate-clang-modules-once -clang-build-session-file /Users/admin/builder/spi-builder-workspace/.derivedData/ModuleCache.noindex/Session.modulevalidation -Xcc -fmodules-prune-interval\=86400 -Xcc -fmodules-prune-after\=345600 -emit-const-values -const-gather-protocols-list /Users/admin/builder/spi-builder-workspace/.derivedData/Build/Intermediates.noindex/DifferenceKit.build/Debug-xros/DifferenceKit-t.build/Objects-normal/arm64/DifferenceKit_const_extract_protocols.json -Xcc -I/Users/admin/builder/spi-builder-workspace/.derivedData/Build/Products/Debug-xros/include -Xcc -I/Users/admin/builder/spi-builder-workspace/.derivedData/Build/Intermediates.noindex/DifferenceKit.build/Debug-xros/DifferenceKit-t.build/DerivedSources-normal/arm64 -Xcc -I/Users/admin/builder/spi-builder-workspace/.derivedData/Build/Intermediates.noindex/DifferenceKit.build/Debug-xros/DifferenceKit-t.build/DerivedSources/arm64 -Xcc -I/Users/admin/builder/spi-builder-workspace/.derivedData/Build/Intermediates.noindex/DifferenceKit.build/Debug-xros/DifferenceKit-t.build/DerivedSources -Xcc -DSWIFT_PACKAGE -Xcc -DDEBUG\=1 -emit-objc-header -emit-objc-header-path /Users/admin/builder/spi-builder-workspace/.derivedData/Build/Intermediates.noindex/DifferenceKit.build/Debug-xros/DifferenceKit-t.build/Objects-normal/arm64/DifferenceKit-Swift.h -working-directory /Users/admin/builder/spi-builder-workspace/.swiftpm/xcode -experimental-emit-module-separately -disable-cmo
Ld /Users/admin/builder/spi-builder-workspace/.derivedData/Build/Products/Debug-xros/DifferenceKit.o normal (in target 'DifferenceKit' from project 'DifferenceKit')
cd /Users/admin/builder/spi-builder-workspace/.dependencies/checkouts/DifferenceKit
/Applications/Xcode-27.0.0-Release.Candidate.app/Contents/Developer/Toolchains/XcodeDefault.xctoolchain/usr/bin/clang -Xlinker -reproducible -target arm64-apple-xros1.0 -r -isysroot /Applications/Xcode-27.0.0-Release.Candidate.app/Contents/Developer/Platforms/XROS.platform/Developer/SDKs/XROS27.0.sdk -O0 -w -Xlinker -no_warn_duplicate_libraries -F/Users/admin/builder/spi-builder-workspace/.derivedData/Build/Intermediates.noindex/EagerLinkingTBDs/Debug-xros -F/Users/admin/builder/spi-builder-workspace/.derivedData/Build/Products/Debug-xros -iframework /Applications/Xcode-27.0.0-Release.Candidate.app/Contents/Developer/Platforms/XROS.platform/Developer/Library/Frameworks -iframework /Applications/Xcode-27.0.0-Release.Candidate.app/Contents/Developer/Platforms/XROS.platform/Developer/SDKs/XROS27.0.sdk/Developer/Library/Frameworks -filelist /Users/admin/builder/spi-builder-workspace/.derivedData/Build/Intermediates.noindex/DifferenceKit.build/Debug-xros/DifferenceKit-t.build/Objects-normal/arm64/DifferenceKit.LinkFileList -nostdlib -Xlinker -object_path_lto -Xlinker /Users/admin/builder/spi-builder-workspace/.derivedData/Build/Intermediates.noindex/DifferenceKit.build/Debug-xros/DifferenceKit-t.build/Objects-normal/arm64/DifferenceKit_lto.o -Xlinker -no_deduplicate -Xlinker -dependency_info -Xlinker /Users/admin/builder/spi-builder-workspace/.derivedData/Build/Intermediates.noindex/DifferenceKit.build/Debug-xros/DifferenceKit-t.build/Objects-normal/arm64/DifferenceKit_dependency_info.dat -fobjc-link-runtime -L/Applications/Xcode-27.0.0-Release.Candidate.app/Contents/Developer/Toolchains/XcodeDefault.xctoolchain/usr/lib/swift/xros -L/usr/lib/swift -Xlinker -add_ast_path -Xlinker /Users/admin/builder/spi-builder-workspace/.derivedData/Build/Intermediates.noindex/DifferenceKit.build/Debug-xros/DifferenceKit-t.build/Objects-normal/arm64/DifferenceKit.swiftmodule -o /Users/admin/builder/spi-builder-workspace/.derivedData/Build/Products/Debug-xros/DifferenceKit.o
ExtractAppIntentsMetadata (in target 'DifferenceKit' from project 'DifferenceKit')
cd /Users/admin/builder/spi-builder-workspace/.dependencies/checkouts/DifferenceKit
/Applications/Xcode-27.0.0-Release.Candidate.app/Contents/Developer/Toolchains/XcodeDefault.xctoolchain/usr/bin/appintentsmetadataprocessor --toolchain-dir /var/run/com.apple.security.cryptexd/mnt/com.apple.MobileAsset.MetalToolchain-v27.1.266.1.hHfZk8/Metal.xctoolchain --module-name DifferenceKit --sdk-root /Applications/Xcode-27.0.0-Release.Candidate.app/Contents/Developer/Platforms/XROS.platform/Developer/SDKs/XROS27.0.sdk --xcode-version 27A266a --platform-family xrOS --deployment-target 1.0 --bundle-identifier differencekit.DifferenceKit --output /Users/admin/builder/spi-builder-workspace/.derivedData/Build/Products/Debug-xros/DifferenceKit.appintents --target-triple arm64-apple-xros1.0 --binary-file /Users/admin/builder/spi-builder-workspace/.derivedData/Build/Products/Debug-xros/DifferenceKit.o --dependency-file /Users/admin/builder/spi-builder-workspace/.derivedData/Build/Intermediates.noindex/DifferenceKit.build/Debug-xros/DifferenceKit-t.build/Objects-normal/arm64/DifferenceKit_dependency_info.dat --stringsdata-file /Users/admin/builder/spi-builder-workspace/.derivedData/Build/Intermediates.noindex/DifferenceKit.build/Debug-xros/DifferenceKit-t.build/Objects-normal/arm64/ExtractedAppShortcutsMetadata.stringsdata --source-file-list /Users/admin/builder/spi-builder-workspace/.derivedData/Build/Intermediates.noindex/DifferenceKit.build/Debug-xros/DifferenceKit-t.build/Objects-normal/arm64/DifferenceKit.SwiftFileList --metadata-file-list /Users/admin/builder/spi-builder-workspace/.derivedData/Build/Intermediates.noindex/DifferenceKit.build/Debug-xros/DifferenceKit-t.build/DifferenceKit.DependencyMetadataFileList --static-metadata-file-list /Users/admin/builder/spi-builder-workspace/.derivedData/Build/Intermediates.noindex/DifferenceKit.build/Debug-xros/DifferenceKit-t.build/DifferenceKit.DependencyStaticMetadataFileList --swift-const-vals-list /Users/admin/builder/spi-builder-workspace/.derivedData/Build/Intermediates.noindex/DifferenceKit.build/Debug-xros/DifferenceKit-t.build/Objects-normal/arm64/DifferenceKit.SwiftConstValuesFileList --force --compile-time-extraction --deployment-aware-processing --no-app-shortcuts-localization
2026-09-21 01:12:41.215 appintentsmetadataprocessor[740:4610] Starting appintentsmetadataprocessor export
2026-09-21 01:12:41.308 appintentsmetadataprocessor[740:4610] Extracted no relevant App Intents symbols, skipping writing output
SwiftExplicitDependencyGeneratePcm arm64 /Users/admin/builder/spi-builder-workspace/.derivedData/SDKExplicitPrecompiledModules/_Builtin_stdarg-CDA349K2K4US766844K8E0PVA.pcm
SwiftExplicitDependencyGeneratePcm arm64 /Users/admin/builder/spi-builder-workspace/.derivedData/SDKExplicitPrecompiledModules/ShaderGraph-AW1O397P711WTY8KSK8LZX9YA.pcm
SwiftExplicitDependencyGeneratePcm arm64 /Users/admin/builder/spi-builder-workspace/.derivedData/SDKExplicitPrecompiledModules/ptrcheck-BXA97MNLI4BB0HF5I8MJE403D.pcm
SwiftExplicitDependencyGeneratePcm arm64 /Users/admin/builder/spi-builder-workspace/.derivedData/SDKExplicitPrecompiledModules/_Builtin_stddef-5NQ9Z1GV07GBSRQGAQCGXGVRI.pcm
SwiftExplicitDependencyGeneratePcm arm64 /Users/admin/builder/spi-builder-workspace/.derivedData/SDKExplicitPrecompiledModules/_AvailabilityInternal-1Q8IQP6M38UWSGZ95UCEY2M44.pcm
SwiftExplicitDependencyGeneratePcm arm64 /Users/admin/builder/spi-builder-workspace/.derivedData/SDKExplicitPrecompiledModules/_Builtin_stdbool-5BU2ADS7JXQMYENKQHW9X8XOU.pcm
SwiftExplicitDependencyGeneratePcm arm64 /Users/admin/builder/spi-builder-workspace/.derivedData/SDKExplicitPrecompiledModules/DeveloperToolsSupport-46GOQP8J1QTHLYQSJW81T8UZ3.pcm
SwiftExplicitDependencyGeneratePcm arm64 /Users/admin/builder/spi-builder-workspace/.derivedData/SDKExplicitPrecompiledModules/_Builtin_float-6WKHNW5S40U2QGHXXGETUDIRA.pcm
SwiftExplicitDependencyGeneratePcm arm64 /Users/admin/builder/spi-builder-workspace/.derivedData/SDKExplicitPrecompiledModules/ptrauth-1WBA714DZSVUL5JQDJ08CLKZ.pcm
SwiftExplicitDependencyGeneratePcm arm64 /Users/admin/builder/spi-builder-workspace/.derivedData/SDKExplicitPrecompiledModules/_DarwinFoundation1-5RGRVV2TZ6WC4WZW5IXF8NQ04.pcm
SwiftExplicitDependencyGeneratePcm arm64 /Users/admin/builder/spi-builder-workspace/.derivedData/SDKExplicitPrecompiledModules/_DarwinFoundation2-ENTECK156YEWITZRRBTOCE4KR.pcm
SwiftExplicitDependencyGeneratePcm arm64 /Users/admin/builder/spi-builder-workspace/.derivedData/SDKExplicitPrecompiledModules/_Builtin_limits-425JDMN5HPM3D0UEI8LEHP6NM.pcm
SwiftExplicitDependencyGeneratePcm arm64 /Users/admin/builder/spi-builder-workspace/.derivedData/SDKExplicitPrecompiledModules/_Builtin_stdint-8OR6T47OOYJA90ZBO3N1USDE.pcm
SwiftExplicitDependencyGeneratePcm arm64 /Users/admin/builder/spi-builder-workspace/.derivedData/SDKExplicitPrecompiledModules/sys_types-AYM0BHR77VKMWZCO2T0XGV2HF.pcm
SwiftExplicitDependencyGeneratePcm arm64 /Users/admin/builder/spi-builder-workspace/.derivedData/SDKExplicitPrecompiledModules/string_h-2GT67HHHHK5CF1V1S31LH0PU2.pcm
SwiftExplicitDependencyGeneratePcm arm64 /Users/admin/builder/spi-builder-workspace/.derivedData/SDKExplicitPrecompiledModules/_Builtin_tgmath-BPYSMHWI520EQRL2HW519ZY7Z.pcm
SwiftExplicitDependencyGeneratePcm arm64 /Users/admin/builder/spi-builder-workspace/.derivedData/SDKExplicitPrecompiledModules/_Builtin_intrinsics-BC5IJI3YI34RQ61ZNVDRDZ6RN.pcm
SwiftExplicitDependencyGeneratePcm arm64 /Users/admin/builder/spi-builder-workspace/.derivedData/SDKExplicitPrecompiledModules/_Builtin_stdatomic-1VUZPM79PNCAHXVBERD53WRSF.pcm
SwiftExplicitDependencyGeneratePcm arm64 /Users/admin/builder/spi-builder-workspace/.derivedData/SDKExplicitPrecompiledModules/_DarwinFoundation3-9ZHN6JKBS40BBA81RQMV8H0IC.pcm
SwiftExplicitDependencyGeneratePcm arm64 /Users/admin/builder/spi-builder-workspace/.derivedData/SDKExplicitPrecompiledModules/_Builtin_inttypes-11B64KJD36B3YOHBR1BBXBJY8.pcm
SwiftExplicitDependencyGeneratePcm arm64 /Users/admin/builder/spi-builder-workspace/.derivedData/SDKExplicitPrecompiledModules/Darwin-60P5LVNQO3ESRRM5DCJ05PFNK.pcm
SwiftExplicitDependencyGeneratePcm arm64 /Users/admin/builder/spi-builder-workspace/.derivedData/SDKExplicitPrecompiledModules/simd-9XXAB17Y6E4BBPQADD61NZ23.pcm
SwiftExplicitDependencyGeneratePcm arm64 /Users/admin/builder/spi-builder-workspace/.derivedData/SDKExplicitPrecompiledModules/MachO-3XTHY7HWV6RF3KXKYQVHUBUXK.pcm
SwiftExplicitDependencyGeneratePcm arm64 /Users/admin/builder/spi-builder-workspace/.derivedData/SDKExplicitPrecompiledModules/ObjectiveC-26TIBFYCEJZVP216ZZAU1X8KN.pcm
SwiftExplicitDependencyGeneratePcm arm64 /Users/admin/builder/spi-builder-workspace/.derivedData/SDKExplicitPrecompiledModules/os_object-692CJ8BG6RE5H04487EJJOVXW.pcm
SwiftExplicitDependencyGeneratePcm arm64 /Users/admin/builder/spi-builder-workspace/.derivedData/SDKExplicitPrecompiledModules/os_workgroup-4U1VXMWIZD80E7PRUQF2G7P9X.pcm
SwiftExplicitDependencyGeneratePcm arm64 /Users/admin/builder/spi-builder-workspace/.derivedData/SDKExplicitPrecompiledModules/Spatial-5E0I2846LO3ZE24CSVR2O57TI.pcm
SwiftExplicitDependencyGeneratePcm arm64 /Users/admin/builder/spi-builder-workspace/.derivedData/SDKExplicitPrecompiledModules/Dispatch-CLT3466HKC22GCKAWSCNG0H7T.pcm
SwiftExplicitDependencyGeneratePcm arm64 /Users/admin/builder/spi-builder-workspace/.derivedData/SDKExplicitPrecompiledModules/CoreFoundation-AVLTZVCXBU2TO75JCN4AGU8XJ.pcm
SwiftExplicitDependencyGeneratePcm arm64 /Users/admin/builder/spi-builder-workspace/.derivedData/SDKExplicitPrecompiledModules/XPC-EP5EU7FNGP4VOA3EDM18P1KHO.pcm
SwiftExplicitDependencyGeneratePcm arm64 /Users/admin/builder/spi-builder-workspace/.derivedData/SDKExplicitPrecompiledModules/dnssd-CCUV1M8EULNEQJUXO7L0PJAL4.pcm
SwiftExplicitDependencyGeneratePcm arm64 /Users/admin/builder/spi-builder-workspace/.derivedData/SDKExplicitPrecompiledModules/os-1004XEJ3IXOOAU0KL58SM3D0K.pcm
SwiftExplicitDependencyGeneratePcm arm64 /Users/admin/builder/spi-builder-workspace/.derivedData/SDKExplicitPrecompiledModules/CoreAudioTypes-45UXYEQRN95KG6BF2CW0QIYK9.pcm
SwiftExplicitDependencyGeneratePcm arm64 /Users/admin/builder/spi-builder-workspace/.derivedData/SDKExplicitPrecompiledModules/CoreGraphics-BFUJ177R223UT2ZI327ZTZY91.pcm
SwiftExplicitDependencyGeneratePcm arm64 /Users/admin/builder/spi-builder-workspace/.derivedData/SDKExplicitPrecompiledModules/Security-8TH2M8WJIQMET4SADWX0N8372.pcm
SwiftExplicitDependencyGeneratePcm arm64 /Users/admin/builder/spi-builder-workspace/.derivedData/SDKExplicitPrecompiledModules/CFNetwork-5MI70N1VLDQSWTX4COWLMSIRO.pcm
SwiftExplicitDependencyGeneratePcm arm64 /Users/admin/builder/spi-builder-workspace/.derivedData/SDKExplicitPrecompiledModules/CoreAudio-CXS3C78T5TQDGLEGXIBJ04WJ4.pcm
SwiftExplicitDependencyGeneratePcm arm64 /Users/admin/builder/spi-builder-workspace/.derivedData/SDKExplicitPrecompiledModules/Foundation-8GON1KVEKRN3NOQI8RETBRWJP.pcm
SwiftExplicitDependencyGeneratePcm arm64 /Users/admin/builder/spi-builder-workspace/.derivedData/SDKExplicitPrecompiledModules/ImageIO-5CC6COR9KJYI1UBL7CSHLU2OG.pcm
SwiftExplicitDependencyGeneratePcm arm64 /Users/admin/builder/spi-builder-workspace/.derivedData/SDKExplicitPrecompiledModules/CoreText-6F9TY5TEPCCZ1K2KYM4GMEGHD.pcm
SwiftExplicitDependencyGeneratePcm arm64 /Users/admin/builder/spi-builder-workspace/.derivedData/SDKExplicitPrecompiledModules/CoreData-73N6Z547OZUEZ8ADGEC6XRHWN.pcm
SwiftExplicitDependencyGeneratePcm arm64 /Users/admin/builder/spi-builder-workspace/.derivedData/SDKExplicitPrecompiledModules/Symbols-8G2XC01RPQ5HYIZE6JNUT864I.pcm
SwiftExplicitDependencyGeneratePcm arm64 /Users/admin/builder/spi-builder-workspace/.derivedData/SDKExplicitPrecompiledModules/CoreMIDI-7L19IC4ZH9BPYLVTD8IIFWN9R.pcm
SwiftExplicitDependencyGeneratePcm arm64 /Users/admin/builder/spi-builder-workspace/.derivedData/SDKExplicitPrecompiledModules/CoreTransferable-8TBYAKHCX6UC8QQSS7BD8GQK5.pcm
SwiftExplicitDependencyGeneratePcm arm64 /Users/admin/builder/spi-builder-workspace/.derivedData/SDKExplicitPrecompiledModules/UserNotifications-8IIV1V1FPNAPA4LY1Y23LOM2N.pcm
SwiftExplicitDependencyGeneratePcm arm64 /Users/admin/builder/spi-builder-workspace/.derivedData/SDKExplicitPrecompiledModules/Network-EQPZZF3W6BWG89K0PY9NZO3T0.pcm
SwiftExplicitDependencyGeneratePcm arm64 /Users/admin/builder/spi-builder-workspace/.derivedData/SDKExplicitPrecompiledModules/_LocationEssentials-8GQGFVARUE99D8VJX3TINY0VP.pcm
SwiftExplicitDependencyGeneratePcm arm64 /Users/admin/builder/spi-builder-workspace/.derivedData/SDKExplicitPrecompiledModules/OSLog-BNGT87TS0GMBFF7TY70HHB69.pcm
SwiftExplicitDependencyGeneratePcm arm64 /Users/admin/builder/spi-builder-workspace/.derivedData/SDKExplicitPrecompiledModules/DataDetection-BANTQ3WXXGKZJYC0LLB3MD9K0.pcm
SwiftExplicitDependencyGeneratePcm arm64 /Users/admin/builder/spi-builder-workspace/.derivedData/SDKExplicitPrecompiledModules/Accessibility-1DR4J4YDVDGAYQTZ0FKZ1PU09.pcm
SwiftExplicitDependencyGeneratePcm arm64 /Users/admin/builder/spi-builder-workspace/.derivedData/SDKExplicitPrecompiledModules/IOSurface-5FE9U89GVFF9A7X7AGO2R8ENI.pcm
SwiftExplicitDependencyGeneratePcm arm64 /Users/admin/builder/spi-builder-workspace/.derivedData/SDKExplicitPrecompiledModules/UniformTypeIdentifiers-E5KMWDZEKS4QW9RO1KBRDEXV6.pcm
SwiftExplicitDependencyGeneratePcm arm64 /Users/admin/builder/spi-builder-workspace/.derivedData/SDKExplicitPrecompiledModules/UIUtilities-AOVGLUWEAN6CG2UZFNESGSP6C.pcm
SwiftExplicitDependencyGeneratePcm arm64 /Users/admin/builder/spi-builder-workspace/.derivedData/SDKExplicitPrecompiledModules/CoreLocation-1SN37095DAPVJ068LLP9TBDQX.pcm
SwiftExplicitDependencyGeneratePcm arm64 /Users/admin/builder/spi-builder-workspace/.derivedData/SDKExplicitPrecompiledModules/LocalAuthentication-9MSPUJ85OBXBTOD7NJCT1GZ0O.pcm
SwiftExplicitDependencyGeneratePcm arm64 /Users/admin/builder/spi-builder-workspace/.derivedData/SDKExplicitPrecompiledModules/FileProvider-C9I28SI56F2SEVH1BCWTKGODO.pcm
SwiftExplicitDependencyGeneratePcm arm64 /Users/admin/builder/spi-builder-workspace/.derivedData/SDKExplicitPrecompiledModules/AudioToolbox-2K3S8EA590EB3GMH6D6784BWZ.pcm
SwiftExplicitDependencyGeneratePcm arm64 /Users/admin/builder/spi-builder-workspace/.derivedData/SDKExplicitPrecompiledModules/AVRouting-55P8FRNK50AFZOMMB2LBBOX33.pcm
SwiftExplicitDependencyGeneratePcm arm64 /Users/admin/builder/spi-builder-workspace/.derivedData/SDKExplicitPrecompiledModules/Metal-EKNUM9P3PRIBHZK1ZBD6BA2T7.pcm
SwiftExplicitDependencyGeneratePcm arm64 /Users/admin/builder/spi-builder-workspace/.derivedData/SDKExplicitPrecompiledModules/OpenGLES-56BKSYXNVAP91BYZRWAKQZKGI.pcm
SwiftExplicitDependencyGeneratePcm arm64 /Users/admin/builder/spi-builder-workspace/.derivedData/SDKExplicitPrecompiledModules/CoreMotion-10LV922UPGE28QX2SOIO7ALIZ.pcm
SwiftExplicitDependencyGeneratePcm arm64 /Users/admin/builder/spi-builder-workspace/.derivedData/SDKExplicitPrecompiledModules/CoreVideo-E12HJSJSLO0YKWYBES11UKJ02.pcm
SwiftExplicitDependencyCompileModuleFromInterface arm64 /Users/admin/builder/spi-builder-workspace/.derivedData/SDKExplicitPrecompiledModules/ShaderGraph-URHKVVOFZL5Z.swiftmodule
SwiftExplicitDependencyGeneratePcm arm64 /Users/admin/builder/spi-builder-workspace/.derivedData/SDKExplicitPrecompiledModules/CoreML-37QYERWC0RQN4IY4377UD0TY1.pcm
SwiftExplicitDependencyGeneratePcm arm64 /Users/admin/builder/spi-builder-workspace/.derivedData/SDKExplicitPrecompiledModules/CoreImage-8WF1P230U10QM666EQMNV7OF1.pcm
SwiftExplicitDependencyGeneratePcm arm64 /Users/admin/builder/spi-builder-workspace/.derivedData/SDKExplicitPrecompiledModules/QuartzCore-12T8WVKUNCL1N7VXH87MM4YOB.pcm
SwiftExplicitDependencyGeneratePcm arm64 /Users/admin/builder/spi-builder-workspace/.derivedData/SDKExplicitPrecompiledModules/CoreMedia-D1IBHC28BRHWLNUG1Q75G5YN0.pcm
SwiftExplicitDependencyGeneratePcm arm64 /Users/admin/builder/spi-builder-workspace/.derivedData/SDKExplicitPrecompiledModules/ARKitFoundation-3N77COW7DLP77CM0PWZXSR9BD.pcm
SwiftExplicitDependencyGeneratePcm arm64 /Users/admin/builder/spi-builder-workspace/.derivedData/SDKExplicitPrecompiledModules/SwiftUICore-6OBBMA39VFD4CB6SG2PE41FAP.pcm
SwiftExplicitDependencyGeneratePcm arm64 /Users/admin/builder/spi-builder-workspace/.derivedData/SDKExplicitPrecompiledModules/UIKit-2D2PMAAE45TMO6S28UCGCO5BR.pcm
SwiftExplicitDependencyGeneratePcm arm64 /Users/admin/builder/spi-builder-workspace/.derivedData/SDKExplicitPrecompiledModules/MediaToolbox-1J5U29ERBPNPI1HKEJHXOP8EV.pcm
SwiftExplicitDependencyGeneratePcm arm64 /Users/admin/builder/spi-builder-workspace/.derivedData/SDKExplicitPrecompiledModules/AVFAudio-E8GATWFYYBEBB41O9N0LRRGYC.pcm
SwiftExplicitDependencyGeneratePcm arm64 /Users/admin/builder/spi-builder-workspace/.derivedData/SDKExplicitPrecompiledModules/Vision-DVVG9MQGC3IMTVPTC1691MQ6Z.pcm
SwiftExplicitDependencyGeneratePcm arm64 /Users/admin/builder/spi-builder-workspace/.derivedData/SDKExplicitPrecompiledModules/VideoToolbox-7I4MDYIPJ4IWU1ZSL4JE3I7M6.pcm
SwiftExplicitDependencyGeneratePcm arm64 /Users/admin/builder/spi-builder-workspace/.derivedData/SDKExplicitPrecompiledModules/AVFoundation-DFCX8GQJWVA3CZBITWEHAZEFX.pcm
SwiftExplicitDependencyGeneratePcm arm64 /Users/admin/builder/spi-builder-workspace/.derivedData/SDKExplicitPrecompiledModules/ARKitCore-307YVPJLQNB66BTBIONHZNP86.pcm
SwiftExplicitDependencyGeneratePcm arm64 /Users/admin/builder/spi-builder-workspace/.derivedData/SDKExplicitPrecompiledModules/SwiftUI-77PUPXISY3V3TUF5FJEHUQC86.pcm
SwiftExplicitDependencyGeneratePcm arm64 /Users/admin/builder/spi-builder-workspace/.derivedData/SDKExplicitPrecompiledModules/GameController-7QL0VMQHE24OWQFUR0UFT89DW.pcm
SwiftExplicitDependencyGeneratePcm arm64 /Users/admin/builder/spi-builder-workspace/.derivedData/SDKExplicitPrecompiledModules/ARKit-27VDPOZ50FG2MJG7OFV6IFQYQ.pcm
SwiftEmitModule normal arm64 Emitting\ module\ for\ CellsReloadable (in target 'CellsReloadable' from project 'CellsReloadable')
SwiftCompile normal arm64 (in target 'CellsReloadable' from project 'CellsReloadable')
cd /Users/admin/builder/spi-builder-workspace/.swiftpm/xcode
SwiftCompile normal arm64 Compiling\ DelegateModifiers.swift,\ DidHighlight.swift,\ Height.swift /Users/admin/builder/spi-builder-workspace/Sources/CellsReloadable/Modifiers/DelegateModifiers.swift /Users/admin/builder/spi-builder-workspace/Sources/CellsReloadable/Modifiers/DidHighlight.swift /Users/admin/builder/spi-builder-workspace/Sources/CellsReloadable/Modifiers/Height.swift (in target 'CellsReloadable' from project 'CellsReloadable')
SwiftCompile normal arm64 /Users/admin/builder/spi-builder-workspace/Sources/CellsReloadable/Modifiers/DelegateModifiers.swift (in target 'CellsReloadable' from project 'CellsReloadable')
cd /Users/admin/builder/spi-builder-workspace/.swiftpm/xcode
builtin-SwiftPerFileCompile DelegateModifiers.swift
SwiftCompile normal arm64 /Users/admin/builder/spi-builder-workspace/Sources/CellsReloadable/Modifiers/DidHighlight.swift (in target 'CellsReloadable' from project 'CellsReloadable')
cd /Users/admin/builder/spi-builder-workspace/.swiftpm/xcode
builtin-SwiftPerFileCompile DidHighlight.swift
SwiftCompile normal arm64 /Users/admin/builder/spi-builder-workspace/Sources/CellsReloadable/Modifiers/Height.swift (in target 'CellsReloadable' from project 'CellsReloadable')
cd /Users/admin/builder/spi-builder-workspace/.swiftpm/xcode
builtin-SwiftPerFileCompile Height.swift
SwiftCompile normal arm64 Compiling\ UITableView+Reload.swift,\ UnionID.swift,\ AnyEquatable.swift /Users/admin/builder/spi-builder-workspace/Sources/CellsReloadable/UITableView+Reload.swift /Users/admin/builder/spi-builder-workspace/Sources/CellsReloadable/UnionID.swift /Users/admin/builder/spi-builder-workspace/Sources/CellsReloadable/Utils/AnyEquatable.swift (in target 'CellsReloadable' from project 'CellsReloadable')
SwiftCompile normal arm64 /Users/admin/builder/spi-builder-workspace/Sources/CellsReloadable/UITableView+Reload.swift (in target 'CellsReloadable' from project 'CellsReloadable')
cd /Users/admin/builder/spi-builder-workspace/.swiftpm/xcode
builtin-SwiftPerFileCompile UITableView+Reload.swift
SwiftCompile normal arm64 /Users/admin/builder/spi-builder-workspace/Sources/CellsReloadable/UnionID.swift (in target 'CellsReloadable' from project 'CellsReloadable')
cd /Users/admin/builder/spi-builder-workspace/.swiftpm/xcode
builtin-SwiftPerFileCompile UnionID.swift
SwiftCompile normal arm64 /Users/admin/builder/spi-builder-workspace/Sources/CellsReloadable/Utils/AnyEquatable.swift (in target 'CellsReloadable' from project 'CellsReloadable')
cd /Users/admin/builder/spi-builder-workspace/.swiftpm/xcode
builtin-SwiftPerFileCompile AnyEquatable.swift
/Users/admin/builder/spi-builder-workspace/Sources/CellsReloadable/UITableView+Reload.swift:302:19: error: value of type 'UITableView' has no member 'reload'
300 | }
301 | let animation = rowAnimation(for: defaultRowAnimation)
302 | tableView.reload(
| `- error: value of type 'UITableView' has no member 'reload'
303 | using: changeset,
304 | deleteSectionsAnimation: animation,
SwiftCompile normal arm64 Compiling\ CodeID.swift,\ Differentiable++.swift,\ LazyArray.swift /Users/admin/builder/spi-builder-workspace/Sources/CellsReloadable/CodeID.swift /Users/admin/builder/spi-builder-workspace/Sources/CellsReloadable/DifferenceKit/Differentiable++.swift /Users/admin/builder/spi-builder-workspace/Sources/CellsReloadable/LazyArray.swift (in target 'CellsReloadable' from project 'CellsReloadable')
SwiftCompile normal arm64 /Users/admin/builder/spi-builder-workspace/Sources/CellsReloadable/CodeID.swift (in target 'CellsReloadable' from project 'CellsReloadable')
cd /Users/admin/builder/spi-builder-workspace/.swiftpm/xcode
builtin-SwiftPerFileCompile CodeID.swift
SwiftCompile normal arm64 /Users/admin/builder/spi-builder-workspace/Sources/CellsReloadable/DifferenceKit/Differentiable++.swift (in target 'CellsReloadable' from project 'CellsReloadable')
cd /Users/admin/builder/spi-builder-workspace/.swiftpm/xcode
builtin-SwiftPerFileCompile Differentiable++.swift
SwiftCompile normal arm64 /Users/admin/builder/spi-builder-workspace/Sources/CellsReloadable/LazyArray.swift (in target 'CellsReloadable' from project 'CellsReloadable')
cd /Users/admin/builder/spi-builder-workspace/.swiftpm/xcode
builtin-SwiftPerFileCompile LazyArray.swift
SwiftCompile normal arm64 Compiling\ UIScrollView++.swift,\ ViewCell.swift /Users/admin/builder/spi-builder-workspace/Sources/CellsReloadable/Utils/UIScrollView++.swift /Users/admin/builder/spi-builder-workspace/Sources/CellsReloadable/ViewCell.swift (in target 'CellsReloadable' from project 'CellsReloadable')
SwiftCompile normal arm64 /Users/admin/builder/spi-builder-workspace/Sources/CellsReloadable/Utils/UIScrollView++.swift (in target 'CellsReloadable' from project 'CellsReloadable')
cd /Users/admin/builder/spi-builder-workspace/.swiftpm/xcode
builtin-SwiftPerFileCompile UIScrollView++.swift
SwiftCompile normal arm64 /Users/admin/builder/spi-builder-workspace/Sources/CellsReloadable/ViewCell.swift (in target 'CellsReloadable' from project 'CellsReloadable')
cd /Users/admin/builder/spi-builder-workspace/.swiftpm/xcode
builtin-SwiftPerFileCompile ViewCell.swift
SwiftCompile normal arm64 Compiling\ Collection++.swift,\ String++.swift /Users/admin/builder/spi-builder-workspace/Sources/CellsReloadable/Utils/Collection++.swift /Users/admin/builder/spi-builder-workspace/Sources/CellsReloadable/Utils/String++.swift (in target 'CellsReloadable' from project 'CellsReloadable')
SwiftCompile normal arm64 /Users/admin/builder/spi-builder-workspace/Sources/CellsReloadable/Utils/Collection++.swift (in target 'CellsReloadable' from project 'CellsReloadable')
cd /Users/admin/builder/spi-builder-workspace/.swiftpm/xcode
builtin-SwiftPerFileCompile Collection++.swift
SwiftCompile normal arm64 /Users/admin/builder/spi-builder-workspace/Sources/CellsReloadable/Utils/String++.swift (in target 'CellsReloadable' from project 'CellsReloadable')
cd /Users/admin/builder/spi-builder-workspace/.swiftpm/xcode
builtin-SwiftPerFileCompile String++.swift
SwiftCompile normal arm64 Compiling\ ViewCellsBuilder.swift,\ ViewCellsReloadable.swift /Users/admin/builder/spi-builder-workspace/Sources/CellsReloadable/ViewCellsBuilder.swift /Users/admin/builder/spi-builder-workspace/Sources/CellsReloadable/ViewCellsReloadable.swift (in target 'CellsReloadable' from project 'CellsReloadable')
SwiftCompile normal arm64 /Users/admin/builder/spi-builder-workspace/Sources/CellsReloadable/ViewCellsBuilder.swift (in target 'CellsReloadable' from project 'CellsReloadable')
cd /Users/admin/builder/spi-builder-workspace/.swiftpm/xcode
builtin-SwiftPerFileCompile ViewCellsBuilder.swift
SwiftCompile normal arm64 /Users/admin/builder/spi-builder-workspace/Sources/CellsReloadable/ViewCellsReloadable.swift (in target 'CellsReloadable' from project 'CellsReloadable')
cd /Users/admin/builder/spi-builder-workspace/.swiftpm/xcode
builtin-SwiftPerFileCompile ViewCellsReloadable.swift
SwiftCompile normal arm64 Compiling\ CellsSection.swift,\ CellsSectionsBuilder.swift,\ CellsSectionsReloadable.swift /Users/admin/builder/spi-builder-workspace/Sources/CellsReloadable/CellsSection.swift /Users/admin/builder/spi-builder-workspace/Sources/CellsReloadable/CellsSectionsBuilder.swift /Users/admin/builder/spi-builder-workspace/Sources/CellsReloadable/CellsSectionsReloadable.swift (in target 'CellsReloadable' from project 'CellsReloadable')
SwiftCompile normal arm64 /Users/admin/builder/spi-builder-workspace/Sources/CellsReloadable/CellsSection.swift (in target 'CellsReloadable' from project 'CellsReloadable')
cd /Users/admin/builder/spi-builder-workspace/.swiftpm/xcode
builtin-SwiftPerFileCompile CellsSection.swift
SwiftCompile normal arm64 /Users/admin/builder/spi-builder-workspace/Sources/CellsReloadable/CellsSectionsBuilder.swift (in target 'CellsReloadable' from project 'CellsReloadable')
cd /Users/admin/builder/spi-builder-workspace/.swiftpm/xcode
builtin-SwiftPerFileCompile CellsSectionsBuilder.swift
SwiftCompile normal arm64 /Users/admin/builder/spi-builder-workspace/Sources/CellsReloadable/CellsSectionsReloadable.swift (in target 'CellsReloadable' from project 'CellsReloadable')
cd /Users/admin/builder/spi-builder-workspace/.swiftpm/xcode
builtin-SwiftPerFileCompile CellsSectionsReloadable.swift
SwiftCompile normal arm64 Compiling\ Size.swift,\ WillReuse.swift,\ NoneID.swift /Users/admin/builder/spi-builder-workspace/Sources/CellsReloadable/Modifiers/Size.swift /Users/admin/builder/spi-builder-workspace/Sources/CellsReloadable/Modifiers/WillReuse.swift /Users/admin/builder/spi-builder-workspace/Sources/CellsReloadable/NoneID.swift (in target 'CellsReloadable' from project 'CellsReloadable')
SwiftCompile normal arm64 /Users/admin/builder/spi-builder-workspace/Sources/CellsReloadable/Modifiers/Size.swift (in target 'CellsReloadable' from project 'CellsReloadable')
cd /Users/admin/builder/spi-builder-workspace/.swiftpm/xcode
builtin-SwiftPerFileCompile Size.swift
SwiftCompile normal arm64 /Users/admin/builder/spi-builder-workspace/Sources/CellsReloadable/Modifiers/WillReuse.swift (in target 'CellsReloadable' from project 'CellsReloadable')
cd /Users/admin/builder/spi-builder-workspace/.swiftpm/xcode
builtin-SwiftPerFileCompile WillReuse.swift
SwiftCompile normal arm64 /Users/admin/builder/spi-builder-workspace/Sources/CellsReloadable/NoneID.swift (in target 'CellsReloadable' from project 'CellsReloadable')
cd /Users/admin/builder/spi-builder-workspace/.swiftpm/xcode
builtin-SwiftPerFileCompile NoneID.swift
SwiftCompile normal arm64 Compiling\ TypedViewCell.swift,\ UICollectionView+Reload.swift,\ UIStackView+Reload.swift /Users/admin/builder/spi-builder-workspace/Sources/CellsReloadable/TypedViewCell.swift /Users/admin/builder/spi-builder-workspace/Sources/CellsReloadable/UICollectionView+Reload.swift /Users/admin/builder/spi-builder-workspace/Sources/CellsReloadable/UIStackView+Reload.swift (in target 'CellsReloadable' from project 'CellsReloadable')
/Users/admin/builder/spi-builder-workspace/Sources/CellsReloadable/UICollectionView+Reload.swift:214:24: error: value of type 'UICollectionView' has no member 'reload'
212 | return
213 | }
214 | collectionView.reload(using: changeset) {
| `- error: value of type 'UICollectionView' has no member 'reload'
215 | sections = $0
216 | }
/Users/admin/builder/spi-builder-workspace/Sources/CellsReloadable/UIStackView+Reload.swift:51:39: warning: 'weak' ownership of capture 'self' differs from implicitly-captured strong reference in outer scope [#ImplicitStrongCapture]
46 | } else {
47 | reload(
48 | cells: sections.map { section in
| |- note: 'self' implicitly strongly captured here
| `- note: add 'self' as a capture list item to silence
49 | ViewCell(id: section.id) {
50 | UIStackView()
51 | } render: { [weak self] stack in
| |- warning: 'weak' ownership of capture 'self' differs from implicitly-captured strong reference in outer scope [#ImplicitStrongCapture]
| `- note: explicitly assign the capture list item to silence
52 | stack.axis = self?.axis ?? stack.axis
53 | stack.configure(with: section.values.stack)
[#ImplicitStrongCapture]: <https://docs.swift.org/compiler/documentation/diagnostics/implicit-strong-capture>
Failed frontend command:
/Applications/Xcode-27.0.0-Release.Candidate.app/Contents/Developer/Toolchains/XcodeDefault.xctoolchain/usr/bin/swift-frontend -frontend -c /Users/admin/builder/spi-builder-workspace/Sources/CellsReloadable/CellsSection.swift /Users/admin/builder/spi-builder-workspace/Sources/CellsReloadable/CellsSectionsBuilder.swift /Users/admin/builder/spi-builder-workspace/Sources/CellsReloadable/CellsSectionsReloadable.swift /Users/admin/builder/spi-builder-workspace/Sources/CellsReloadable/CodeID.swift /Users/admin/builder/spi-builder-workspace/Sources/CellsReloadable/DifferenceKit/Differentiable++.swift /Users/admin/builder/spi-builder-workspace/Sources/CellsReloadable/LazyArray.swift /Users/admin/builder/spi-builder-workspace/Sources/CellsReloadable/Modifiers/DelegateModifiers.swift /Users/admin/builder/spi-builder-workspace/Sources/CellsReloadable/Modifiers/DidHighlight.swift /Users/admin/builder/spi-builder-workspace/Sources/CellsReloadable/Modifiers/Height.swift /Users/admin/builder/spi-builder-workspace/Sources/CellsReloadable/Modifiers/Size.swift /Users/admin/builder/spi-builder-workspace/Sources/CellsReloadable/Modifiers/WillReuse.swift /Users/admin/builder/spi-builder-workspace/Sources/CellsReloadable/NoneID.swift /Users/admin/builder/spi-builder-workspace/Sources/CellsReloadable/Protocols/RenderableView.swift /Users/admin/builder/spi-builder-workspace/Sources/CellsReloadable/SingleViewCellBuilder.swift /Users/admin/builder/spi-builder-workspace/Sources/CellsReloadable/SwiftUI/HostingView.swift -primary-file /Users/admin/builder/spi-builder-workspace/Sources/CellsReloadable/TypedViewCell.swift -primary-file /Users/admin/builder/spi-builder-workspace/Sources/CellsReloadable/UICollectionView+Reload.swift -primary-file /Users/admin/builder/spi-builder-workspace/Sources/CellsReloadable/UIStackView+Reload.swift /Users/admin/builder/spi-builder-workspace/Sources/CellsReloadable/UITableView+Reload.swift /Users/admin/builder/spi-builder-workspace/Sources/CellsReloadable/UnionID.swift /Users/admin/builder/spi-builder-workspace/Sources/CellsReloadable/Utils/AnyEquatable.swift /Users/admin/builder/spi-builder-workspace/Sources/CellsReloadable/Utils/Collection++.swift /Users/admin/builder/spi-builder-workspace/Sources/CellsReloadable/Utils/String++.swift /Users/admin/builder/spi-builder-workspace/Sources/CellsReloadable/Utils/UIScrollView++.swift /Users/admin/builder/spi-builder-workspace/Sources/CellsReloadable/ViewCell.swift /Users/admin/builder/spi-builder-workspace/Sources/CellsReloadable/ViewCellsBuilder.swift /Users/admin/builder/spi-builder-workspace/Sources/CellsReloadable/ViewCellsReloadable.swift -supplementary-output-file-map /Users/admin/builder/spi-builder-workspace/.derivedData/Build/Intermediates.noindex/CellsReloadable.build/Debug-xros/CellsReloadable-t.build/Objects-normal/arm64/supplementaryOutputs-6 -target arm64-apple-xros1.0 -disable-cross-import-overlay-search -load-resolved-plugin /Applications/Xcode-27.0.0-Release.Candidate.app/Contents/Developer/Platforms/XROS.platform/Developer/usr/lib/swift/host/plugins/libFoundationMacros.dylib\#/Applications/Xcode-27.0.0-Release.Candidate.app/Contents/Developer/Platforms/XROS.platform/Developer/usr/bin/swift-plugin-server\#FoundationMacros -load-resolved-plugin /Applications/Xcode-27.0.0-Release.Candidate.app/Contents/Developer/Platforms/XROS.platform/Developer/usr/lib/swift/host/plugins/libObservationMacros.dylib\#/Applications/Xcode-27.0.0-Release.Candidate.app/Contents/Developer/Platforms/XROS.platform/Developer/usr/bin/swift-plugin-server\#ObservationMacros -load-resolved-plugin /Applications/Xcode-27.0.0-Release.Candidate.app/Contents/Developer/Platforms/XROS.platform/Developer/usr/lib/swift/host/plugins/libPreviewsMacros.dylib\#/Applications/Xcode-27.0.0-Release.Candidate.app/Contents/Developer/Platforms/XROS.platform/Developer/usr/bin/swift-plugin-server\#PreviewsMacros -load-resolved-plugin /Applications/Xcode-27.0.0-Release.Candidate.app/Contents/Developer/Platforms/XROS.platform/Developer/usr/lib/swift/host/plugins/libSwiftMacros.dylib\#/Applications/Xcode-27.0.0-Release.Candidate.app/Contents/Developer/Platforms/XROS.platform/Developer/usr/bin/swift-plugin-server\#SwiftMacros -load-resolved-plugin /Applications/Xcode-27.0.0-Release.Candidate.app/Contents/Developer/Platforms/XROS.platform/Developer/usr/lib/swift/host/plugins/libSwiftUIMacros.dylib\#/Applications/Xcode-27.0.0-Release.Candidate.app/Contents/Developer/Platforms/XROS.platform/Developer/usr/bin/swift-plugin-server\#SwiftUIMacros -disable-implicit-swift-modules -Xcc -fno-implicit-modules -Xcc -fno-implicit-module-maps -explicit-swift-module-map-file /Users/admin/builder/spi-builder-workspace/.derivedData/Build/Intermediates.noindex/CellsReloadable.build/Debug-xros/CellsReloadable-t.build/Objects-normal/arm64/CellsReloadable-dependencies-1.json -Xllvm -aarch64-use-tbi -enable-objc-interop -stack-check -sdk /Applications/Xcode-27.0.0-Release.Candidate.app/Contents/Developer/Platforms/XROS.platform/Developer/SDKs/XROS27.0.sdk -I /Users/admin/builder/spi-builder-workspace/.derivedData/Build/Products/Debug-xros -Isystem /Applications/Xcode-27.0.0-Release.Candidate.app/Contents/Developer/Platforms/XROS.platform/Developer/usr/lib -F /Users/admin/builder/spi-builder-workspace/.derivedData/Build/Products/Debug-xros/PackageFrameworks -F /Users/admin/builder/spi-builder-workspace/.derivedData/Build/Products/Debug-xros -F /Applications/Xcode-27.0.0-Release.Candidate.app/Contents/Developer/Platforms/XROS.platform/Developer/Library/Frameworks -F /Applications/Xcode-27.0.0-Release.Candidate.app/Contents/Developer/Platforms/XROS.platform/Developer/SDKs/XROS27.0.sdk/Developer/Library/Frameworks -module-cache-path /Users/admin/builder/spi-builder-workspace/.derivedData/Build/Intermediates.noindex/SwiftExplicitPrecompiledModules -no-color-diagnostics -Xcc -fno-color-diagnostics -enable-testing -g -debug-info-format\=dwarf -dwarf-version\=4 -swift-version 5 -Onone -D SWIFT_PACKAGE -D DEBUG -D SWIFT_MODULE_RESOURCE_BUNDLE_UNAVAILABLE -D Xcode -serialize-debugging-options -enable-experimental-feature DebugDescriptionMacro -empty-abi-descriptor -validate-clang-modules-once -clang-build-session-file /Users/admin/builder/spi-builder-workspace/.derivedData/ModuleCache.noindex/Session.modulevalidation -Xcc -working-directory -Xcc /Users/admin/builder/spi-builder-workspace/.swiftpm/xcode -enable-anonymous-context-mangled-names -file-compilation-dir /Users/admin/builder/spi-builder-workspace/.swiftpm/xcode -Xcc -D_LIBCPP_HARDENING_MODE\=_LIBCPP_HARDENING_MODE_DEBUG -Xcc -ivfsstatcache -Xcc /Users/admin/builder/spi-builder-workspace/.derivedData/SDKStatCaches.noindex/xros27.0-24M361-e829b21a6f8c9b70876ba0858053c044735bd543db762f57723cac368afd1ce4.sdkstatcache -Xcc -fmodules-prune-interval\=86400 -Xcc -fmodules-prune-after\=345600 -Xcc -I/Users/admin/builder/spi-builder-workspace/.derivedData/Build/Products/Debug-xros/include -Xcc -I/Users/admin/builder/spi-builder-workspace/.derivedData/Build/Intermediates.noindex/CellsReloadable.build/Debug-xros/CellsReloadable-t.build/DerivedSources-normal/arm64 -Xcc -I/Users/admin/builder/spi-builder-workspace/.derivedData/Build/Intermediates.noindex/CellsReloadable.build/Debug-xros/CellsReloadable-t.build/DerivedSources/arm64 -Xcc -I/Users/admin/builder/spi-builder-workspace/.derivedData/Build/Intermediates.noindex/CellsReloadable.build/Debug-xros/CellsReloadable-t.build/DerivedSources -Xcc -DSWIFT_PACKAGE -Xcc -DDEBUG\=1 -no-auto-bridging-header-chaining -module-name CellsReloadable -const-gather-protocols-file /Users/admin/builder/spi-builder-workspace/.derivedData/Build/Intermediates.noindex/CellsReloadable.build/Debug-xros/CellsReloadable-t.build/Objects-normal/arm64/CellsReloadable_const_extract_protocols.json -disable-clang-spi -clang-target arm64-apple-xros27.0 -target-sdk-version 27.0 -target-sdk-name xros27.0 -in-process-plugin-server-path /Applications/Xcode-27.0.0-Release.Candidate.app/Contents/Developer/Toolchains/XcodeDefault.xctoolchain/usr/lib/swift/host/libSwiftInProcPluginServer.dylib -parse-as-library -o /Users/admin/builder/spi-builder-workspace/.derivedData/Build/Intermediates.noindex/CellsReloadable.build/Debug-xros/CellsReloadable-t.build/Objects-normal/arm64/TypedViewCell.o -o /Users/admin/builder/spi-builder-workspace/.derivedData/Build/Intermediates.noindex/CellsReloadable.build/Debug-xros/CellsReloadable-t.build/Objects-normal/arm64/UICollectionView+Reload.o -o /Users/admin/builder/spi-builder-workspace/.derivedData/Build/Intermediates.noindex/CellsReloadable.build/Debug-xros/CellsReloadable-t.build/Objects-normal/arm64/UIStackView+Reload.o -debug-module-path /Users/admin/builder/spi-builder-workspace/.derivedData/Build/Intermediates.noindex/CellsReloadable.build/Debug-xros/CellsReloadable-t.build/Objects-normal/arm64/CellsReloadable.swiftmodule -index-unit-output-path /CellsReloadable.build/Debug-xros/CellsReloadable-t.build/Objects-normal/arm64/TypedViewCell.o -index-unit-output-path /CellsReloadable.build/Debug-xros/CellsReloadable-t.build/Objects-normal/arm64/UICollectionView+Reload.o -index-unit-output-path /CellsReloadable.build/Debug-xros/CellsReloadable-t.build/Objects-normal/arm64/UIStackView+Reload.o -index-store-path /Users/admin/builder/spi-builder-workspace/.derivedData/Index.noindex/DataStore -index-system-modules
SwiftCompile normal arm64 /Users/admin/builder/spi-builder-workspace/Sources/CellsReloadable/TypedViewCell.swift (in target 'CellsReloadable' from project 'CellsReloadable')
cd /Users/admin/builder/spi-builder-workspace/.swiftpm/xcode
builtin-SwiftPerFileCompile TypedViewCell.swift
SwiftCompile normal arm64 /Users/admin/builder/spi-builder-workspace/Sources/CellsReloadable/UICollectionView+Reload.swift (in target 'CellsReloadable' from project 'CellsReloadable')
cd /Users/admin/builder/spi-builder-workspace/.swiftpm/xcode
builtin-SwiftPerFileCompile UICollectionView+Reload.swift
SwiftCompile normal arm64 /Users/admin/builder/spi-builder-workspace/Sources/CellsReloadable/UIStackView+Reload.swift (in target 'CellsReloadable' from project 'CellsReloadable')
cd /Users/admin/builder/spi-builder-workspace/.swiftpm/xcode
builtin-SwiftPerFileCompile UIStackView+Reload.swift
SwiftCompile normal arm64 Compiling\ RenderableView.swift,\ SingleViewCellBuilder.swift,\ HostingView.swift /Users/admin/builder/spi-builder-workspace/Sources/CellsReloadable/Protocols/RenderableView.swift /Users/admin/builder/spi-builder-workspace/Sources/CellsReloadable/SingleViewCellBuilder.swift /Users/admin/builder/spi-builder-workspace/Sources/CellsReloadable/SwiftUI/HostingView.swift (in target 'CellsReloadable' from project 'CellsReloadable')
SwiftCompile normal arm64 /Users/admin/builder/spi-builder-workspace/Sources/CellsReloadable/Protocols/RenderableView.swift (in target 'CellsReloadable' from project 'CellsReloadable')
cd /Users/admin/builder/spi-builder-workspace/.swiftpm/xcode
builtin-SwiftPerFileCompile RenderableView.swift
SwiftCompile normal arm64 /Users/admin/builder/spi-builder-workspace/Sources/CellsReloadable/SingleViewCellBuilder.swift (in target 'CellsReloadable' from project 'CellsReloadable')
cd /Users/admin/builder/spi-builder-workspace/.swiftpm/xcode
builtin-SwiftPerFileCompile SingleViewCellBuilder.swift
SwiftCompile normal arm64 /Users/admin/builder/spi-builder-workspace/Sources/CellsReloadable/SwiftUI/HostingView.swift (in target 'CellsReloadable' from project 'CellsReloadable')
cd /Users/admin/builder/spi-builder-workspace/.swiftpm/xcode
builtin-SwiftPerFileCompile HostingView.swift
SwiftDriverJobDiscovery normal arm64 Emitting module for CellsReloadable (in target 'CellsReloadable' from project 'CellsReloadable')
SwiftDriver\ Compilation\ Requirements CellsReloadable normal arm64 com.apple.xcode.tools.swift.compiler (in target 'CellsReloadable' from project 'CellsReloadable')
cd /Users/admin/builder/spi-builder-workspace/.swiftpm/xcode
builtin-Swift-Compilation-Requirements -- /Applications/Xcode-27.0.0-Release.Candidate.app/Contents/Developer/Toolchains/XcodeDefault.xctoolchain/usr/bin/swiftc -parse-as-library -module-name CellsReloadable -Onone @/Users/admin/builder/spi-builder-workspace/.derivedData/Build/Intermediates.noindex/CellsReloadable.build/Debug-xros/CellsReloadable-t.build/Objects-normal/arm64/CellsReloadable.SwiftFileList -DSWIFT_PACKAGE -DDEBUG -DSWIFT_MODULE_RESOURCE_BUNDLE_UNAVAILABLE -DXcode -plugin-path /Applications/Xcode-27.0.0-Release.Candidate.app/Contents/Developer/Toolchains/XcodeDefault.xctoolchain/usr/lib/swift/host/plugins/testing -enable-experimental-feature DebugDescriptionMacro -sdk /Applications/Xcode-27.0.0-Release.Candidate.app/Contents/Developer/Platforms/XROS.platform/Developer/SDKs/XROS27.0.sdk -target arm64-apple-xros1.0 -g -module-cache-path /Users/admin/builder/spi-builder-workspace/.derivedData/ModuleCache.noindex -Xfrontend -serialize-debugging-options -enable-testing -index-store-path /Users/admin/builder/spi-builder-workspace/.derivedData/Index.noindex/DataStore -Xcc -D_LIBCPP_HARDENING_MODE\=_LIBCPP_HARDENING_MODE_DEBUG -swift-version 5 -I /Users/admin/builder/spi-builder-workspace/.derivedData/Build/Products/Debug-xros -Isystem /Applications/Xcode-27.0.0-Release.Candidate.app/Contents/Developer/Platforms/XROS.platform/Developer/usr/lib -F /Users/admin/builder/spi-builder-workspace/.derivedData/Build/Products/Debug-xros/PackageFrameworks -F /Users/admin/builder/spi-builder-workspace/.derivedData/Build/Products/Debug-xros -F /Applications/Xcode-27.0.0-Release.Candidate.app/Contents/Developer/Platforms/XROS.platform/Developer/Library/Frameworks -F /Applications/Xcode-27.0.0-Release.Candidate.app/Contents/Developer/Platforms/XROS.platform/Developer/SDKs/XROS27.0.sdk/Developer/Library/Frameworks -c -j10 -enable-batch-mode -incremental -Xcc -ivfsstatcache -Xcc /Users/admin/builder/spi-builder-workspace/.derivedData/SDKStatCaches.noindex/xros27.0-24M361-e829b21a6f8c9b70876ba0858053c044735bd543db762f57723cac368afd1ce4.sdkstatcache -output-file-map /Users/admin/builder/spi-builder-workspace/.derivedData/Build/Intermediates.noindex/CellsReloadable.build/Debug-xros/CellsReloadable-t.build/Objects-normal/arm64/CellsReloadable-OutputFileMap.json -save-temps -no-color-diagnostics -explicit-module-build -module-cache-path /Users/admin/builder/spi-builder-workspace/.derivedData/Build/Intermediates.noindex/SwiftExplicitPrecompiledModules -clang-scanner-module-cache-path /Users/admin/builder/spi-builder-workspace/.derivedData/ModuleCache.noindex -sdk-module-cache-path /Users/admin/builder/spi-builder-workspace/.derivedData/SDKExplicitPrecompiledModules -emit-dependencies -emit-module -emit-module-path /Users/admin/builder/spi-builder-workspace/.derivedData/Build/Intermediates.noindex/CellsReloadable.build/Debug-xros/CellsReloadable-t.build/Objects-normal/arm64/CellsReloadable.swiftmodule -serialize-diagnostics -dependency-scan-serialize-diagnostics-path /Users/admin/builder/spi-builder-workspace/.derivedData/Build/Intermediates.noindex/CellsReloadable.build/Debug-xros/CellsReloadable-t.build/Objects-normal/arm64/CellsReloadable-dependency-scan.dia -validate-clang-modules-once -clang-build-session-file /Users/admin/builder/spi-builder-workspace/.derivedData/ModuleCache.noindex/Session.modulevalidation -Xcc -fmodules-prune-interval\=86400 -Xcc -fmodules-prune-after\=345600 -emit-const-values -const-gather-protocols-list /Users/admin/builder/spi-builder-workspace/.derivedData/Build/Intermediates.noindex/CellsReloadable.build/Debug-xros/CellsReloadable-t.build/Objects-normal/arm64/CellsReloadable_const_extract_protocols.json -Xcc -I/Users/admin/builder/spi-builder-workspace/.derivedData/Build/Products/Debug-xros/include -Xcc -I/Users/admin/builder/spi-builder-workspace/.derivedData/Build/Intermediates.noindex/CellsReloadable.build/Debug-xros/CellsReloadable-t.build/DerivedSources-normal/arm64 -Xcc -I/Users/admin/builder/spi-builder-workspace/.derivedData/Build/Intermediates.noindex/CellsReloadable.build/Debug-xros/CellsReloadable-t.build/DerivedSources/arm64 -Xcc -I/Users/admin/builder/spi-builder-workspace/.derivedData/Build/Intermediates.noindex/CellsReloadable.build/Debug-xros/CellsReloadable-t.build/DerivedSources -Xcc -DSWIFT_PACKAGE -Xcc -DDEBUG\=1 -emit-objc-header -emit-objc-header-path /Users/admin/builder/spi-builder-workspace/.derivedData/Build/Intermediates.noindex/CellsReloadable.build/Debug-xros/CellsReloadable-t.build/Objects-normal/arm64/CellsReloadable-Swift.h -working-directory /Users/admin/builder/spi-builder-workspace/.swiftpm/xcode -experimental-emit-module-separately -disable-cmo
SwiftDriverJobDiscovery normal arm64 Compiling Collection++.swift, String++.swift (in target 'CellsReloadable' from project 'CellsReloadable')
SwiftMergeGeneratedHeaders /Users/admin/builder/spi-builder-workspace/.derivedData/Build/Intermediates.noindex/GeneratedModuleMaps-xros/CellsReloadable-Swift.h /Users/admin/builder/spi-builder-workspace/.derivedData/Build/Intermediates.noindex/CellsReloadable.build/Debug-xros/CellsReloadable-t.build/Objects-normal/arm64/CellsReloadable-Swift.h (in target 'CellsReloadable' from project 'CellsReloadable')
cd /Users/admin/builder/spi-builder-workspace
builtin-swiftHeaderTool -arch arm64 /Users/admin/builder/spi-builder-workspace/.derivedData/Build/Intermediates.noindex/CellsReloadable.build/Debug-xros/CellsReloadable-t.build/Objects-normal/arm64/CellsReloadable-Swift.h -o /Users/admin/builder/spi-builder-workspace/.derivedData/Build/Intermediates.noindex/GeneratedModuleMaps-xros/CellsReloadable-Swift.h
Copy /Users/admin/builder/spi-builder-workspace/.derivedData/Build/Products/Debug-xros/CellsReloadable.swiftmodule/arm64-apple-xros.swiftmodule /Users/admin/builder/spi-builder-workspace/.derivedData/Build/Intermediates.noindex/CellsReloadable.build/Debug-xros/CellsReloadable-t.build/Objects-normal/arm64/CellsReloadable.swiftmodule (in target 'CellsReloadable' from project 'CellsReloadable')
cd /Users/admin/builder/spi-builder-workspace
builtin-copy -exclude .DS_Store -exclude CVS -exclude .svn -exclude .git -exclude .hg -resolve-src-symlinks -rename /Users/admin/builder/spi-builder-workspace/.derivedData/Build/Intermediates.noindex/CellsReloadable.build/Debug-xros/CellsReloadable-t.build/Objects-normal/arm64/CellsReloadable.swiftmodule /Users/admin/builder/spi-builder-workspace/.derivedData/Build/Products/Debug-xros/CellsReloadable.swiftmodule/arm64-apple-xros.swiftmodule
SwiftDriverJobDiscovery normal arm64 Compiling CodeID.swift, Differentiable++.swift, LazyArray.swift (in target 'CellsReloadable' from project 'CellsReloadable')
Copy /Users/admin/builder/spi-builder-workspace/.derivedData/Build/Products/Debug-xros/CellsReloadable.swiftmodule/arm64-apple-xros.swiftdoc /Users/admin/builder/spi-builder-workspace/.derivedData/Build/Intermediates.noindex/CellsReloadable.build/Debug-xros/CellsReloadable-t.build/Objects-normal/arm64/CellsReloadable.swiftdoc (in target 'CellsReloadable' from project 'CellsReloadable')
cd /Users/admin/builder/spi-builder-workspace
builtin-copy -exclude .DS_Store -exclude CVS -exclude .svn -exclude .git -exclude .hg -resolve-src-symlinks -rename /Users/admin/builder/spi-builder-workspace/.derivedData/Build/Intermediates.noindex/CellsReloadable.build/Debug-xros/CellsReloadable-t.build/Objects-normal/arm64/CellsReloadable.swiftdoc /Users/admin/builder/spi-builder-workspace/.derivedData/Build/Products/Debug-xros/CellsReloadable.swiftmodule/arm64-apple-xros.swiftdoc
Copy /Users/admin/builder/spi-builder-workspace/.derivedData/Build/Products/Debug-xros/CellsReloadable.swiftmodule/arm64-apple-xros.abi.json /Users/admin/builder/spi-builder-workspace/.derivedData/Build/Intermediates.noindex/CellsReloadable.build/Debug-xros/CellsReloadable-t.build/Objects-normal/arm64/CellsReloadable.abi.json (in target 'CellsReloadable' from project 'CellsReloadable')
cd /Users/admin/builder/spi-builder-workspace
builtin-copy -exclude .DS_Store -exclude CVS -exclude .svn -exclude .git -exclude .hg -resolve-src-symlinks -rename /Users/admin/builder/spi-builder-workspace/.derivedData/Build/Intermediates.noindex/CellsReloadable.build/Debug-xros/CellsReloadable-t.build/Objects-normal/arm64/CellsReloadable.abi.json /Users/admin/builder/spi-builder-workspace/.derivedData/Build/Products/Debug-xros/CellsReloadable.swiftmodule/arm64-apple-xros.abi.json
Copy /Users/admin/builder/spi-builder-workspace/.derivedData/Build/Products/Debug-xros/CellsReloadable.swiftmodule/Project/arm64-apple-xros.swiftsourceinfo /Users/admin/builder/spi-builder-workspace/.derivedData/Build/Intermediates.noindex/CellsReloadable.build/Debug-xros/CellsReloadable-t.build/Objects-normal/arm64/CellsReloadable.swiftsourceinfo (in target 'CellsReloadable' from project 'CellsReloadable')
cd /Users/admin/builder/spi-builder-workspace
builtin-copy -exclude .DS_Store -exclude CVS -exclude .svn -exclude .git -exclude .hg -resolve-src-symlinks -rename /Users/admin/builder/spi-builder-workspace/.derivedData/Build/Intermediates.noindex/CellsReloadable.build/Debug-xros/CellsReloadable-t.build/Objects-normal/arm64/CellsReloadable.swiftsourceinfo /Users/admin/builder/spi-builder-workspace/.derivedData/Build/Products/Debug-xros/CellsReloadable.swiftmodule/Project/arm64-apple-xros.swiftsourceinfo
SwiftDriverJobDiscovery normal arm64 Compiling DelegateModifiers.swift, DidHighlight.swift, Height.swift (in target 'CellsReloadable' from project 'CellsReloadable')
PruneExplicitPrecompiledModules /Users/admin/builder/spi-builder-workspace/.derivedData/Build/Intermediates.noindex/ExplicitPrecompiledModules
PruneExplicitPrecompiledModules /Users/admin/builder/spi-builder-workspace/.derivedData/Build/Intermediates.noindex/SwiftExplicitPrecompiledModules
PruneExplicitPrecompiledModules /Users/admin/builder/spi-builder-workspace/.derivedData/SDKExplicitPrecompiledModules
2026-09-21 01:12:37.462 xcodebuild[687:4339] [MT] IDERunDestination: Supported platforms for the buildables in the current scheme is empty.
** BUILD FAILED **
The following build commands failed:
SwiftCompile normal arm64 Compiling\ TypedViewCell.swift,\ UICollectionView+Reload.swift,\ UIStackView+Reload.swift /Users/admin/builder/spi-builder-workspace/Sources/CellsReloadable/TypedViewCell.swift /Users/admin/builder/spi-builder-workspace/Sources/CellsReloadable/UICollectionView+Reload.swift /Users/admin/builder/spi-builder-workspace/Sources/CellsReloadable/UIStackView+Reload.swift (in target 'CellsReloadable' from project 'CellsReloadable')
SwiftCompile normal arm64 /Users/admin/builder/spi-builder-workspace/Sources/CellsReloadable/UICollectionView+Reload.swift (in target 'CellsReloadable' from project 'CellsReloadable')
Building workspace CellsReloadable with scheme CellsReloadable
(3 failures)
Command line invocation:
/Applications/Xcode-27.0.0-Release.Candidate.app/Contents/Developer/usr/bin/xcodebuild -IDEClonedSourcePackagesDirPathOverride=/Users/admin/builder/spi-builder-workspace/.dependencies -resolvePackageDependencies
Resolve Package Graph
Resolved source packages:
DifferenceKit: https://github.com/ra1028/DifferenceKit.git @ 1.3.0
CellsReloadable: /Users/admin/builder/spi-builder-workspace
resolved source packages: DifferenceKit, CellsReloadable
2026-09-21 01:12:48.686 xcodebuild[831:4923] [MT] IDERunDestination: Supported platforms for the buildables in the current scheme is empty.
{
"dependencies" : [
{
"identity" : "differencekit",
"requirement" : {
"range" : [
{
"lower_bound" : "1.3.0",
"upper_bound" : "2.0.0"
}
]
},
"type" : "sourceControl",
"url" : "https://github.com/ra1028/DifferenceKit.git"
}
],
"manifest_display_name" : "CellsReloadable",
"name" : "CellsReloadable",
"path" : "/Users/admin/builder/spi-builder-workspace",
"platforms" : [
{
"name" : "ios",
"version" : "13.0"
}
],
"products" : [
{
"name" : "CellsReloadable",
"targets" : [
"CellsReloadable"
],
"type" : {
"library" : [
"automatic"
]
}
}
],
"targets" : [
{
"c99name" : "CellsReloadable",
"module_type" : "SwiftTarget",
"name" : "CellsReloadable",
"path" : "Sources/CellsReloadable",
"product_dependencies" : [
"DifferenceKit"
],
"product_memberships" : [
"CellsReloadable"
],
"sources" : [
"CellsSection.swift",
"CellsSectionsBuilder.swift",
"CellsSectionsReloadable.swift",
"CodeID.swift",
"DifferenceKit/Differentiable++.swift",
"LazyArray.swift",
"Modifiers/DelegateModifiers.swift",
"Modifiers/DidHighlight.swift",
"Modifiers/Height.swift",
"Modifiers/Size.swift",
"Modifiers/WillReuse.swift",
"NoneID.swift",
"Protocols/RenderableView.swift",
"SingleViewCellBuilder.swift",
"SwiftUI/HostingView.swift",
"TypedViewCell.swift",
"UICollectionView+Reload.swift",
"UIStackView+Reload.swift",
"UITableView+Reload.swift",
"UnionID.swift",
"Utils/AnyEquatable.swift",
"Utils/Collection++.swift",
"Utils/String++.swift",
"Utils/UIScrollView++.swift",
"ViewCell.swift",
"ViewCellsBuilder.swift",
"ViewCellsReloadable.swift"
],
"type" : "library"
}
],
"tools_version" : "5.7"
}
{
"workspace" : {
"name" : "CellsReloadable",
"schemes" : [
"CellsReloadable"
]
}
}
2026-09-21 01:12:49.978 xcodebuild[839:4992] [MT] IDERunDestination: Supported platforms for the buildables in the current scheme is empty.
Running build ...
env DEVELOPER_DIR=/Applications/Xcode-27.0.0-Release.Candidate.app xcrun xcodebuild -IDEClonedSourcePackagesDirPathOverride=$PWD/.dependencies -skipMacroValidation -skipPackagePluginValidation -derivedDataPath $PWD/.derivedData build -scheme CellsReloadable -destination generic/platform=xrOS
Command line invocation:
/Applications/Xcode-27.0.0-Release.Candidate.app/Contents/Developer/usr/bin/xcodebuild -IDEClonedSourcePackagesDirPathOverride=/Users/admin/builder/spi-builder-workspace/.dependencies -skipMacroValidation -skipPackagePluginValidation -derivedDataPath /Users/admin/builder/spi-builder-workspace/.derivedData build -scheme CellsReloadable -destination generic/platform=xrOS
Resolve Package Graph
Resolved source packages:
DifferenceKit: https://github.com/ra1028/DifferenceKit.git @ 1.3.0
CellsReloadable: /Users/admin/builder/spi-builder-workspace
ComputePackagePrebuildTargetDependencyGraph
Prepare packages
CreateBuildRequest
SendProjectDescription
CreateBuildOperation
ComputeTargetDependencyGraph
note: Building targets in dependency order
note: Target dependency graph (4 targets)
Target 'CellsReloadable-product' in project 'CellsReloadable'
➜ Explicit dependency on target 'CellsReloadable' in project 'CellsReloadable'
➜ Explicit dependency on target 'DifferenceKit-product' in project 'DifferenceKit'
Target 'CellsReloadable' in project 'CellsReloadable'
➜ Explicit dependency on target 'DifferenceKit-product' in project 'DifferenceKit'
Target 'DifferenceKit-product' in project 'DifferenceKit'
➜ Explicit dependency on target 'DifferenceKit' in project 'DifferenceKit'
Target 'DifferenceKit' in project 'DifferenceKit' (no dependencies)
GatherProvisioningInputs
CreateBuildDescription
ClangStatCache /Applications/Xcode-27.0.0-Release.Candidate.app/Contents/Developer/Toolchains/XcodeDefault.xctoolchain/usr/bin/clang-stat-cache /Applications/Xcode-27.0.0-Release.Candidate.app/Contents/Developer/Platforms/XROS.platform/Developer/SDKs/XROS27.0.sdk /Users/admin/builder/spi-builder-workspace/.derivedData/SDKStatCaches.noindex/xros27.0-24M361-e829b21a6f8c9b70876ba0858053c044735bd543db762f57723cac368afd1ce4.sdkstatcache
cd /Users/admin/builder/spi-builder-workspace/.swiftpm/xcode
/Applications/Xcode-27.0.0-Release.Candidate.app/Contents/Developer/Toolchains/XcodeDefault.xctoolchain/usr/bin/clang-stat-cache /Applications/Xcode-27.0.0-Release.Candidate.app/Contents/Developer/Platforms/XROS.platform/Developer/SDKs/XROS27.0.sdk -o /Users/admin/builder/spi-builder-workspace/.derivedData/SDKStatCaches.noindex/xros27.0-24M361-e829b21a6f8c9b70876ba0858053c044735bd543db762f57723cac368afd1ce4.sdkstatcache
SwiftDriver CellsReloadable normal arm64 com.apple.xcode.tools.swift.compiler (in target 'CellsReloadable' from project 'CellsReloadable')
cd /Users/admin/builder/spi-builder-workspace/.swiftpm/xcode
builtin-SwiftDriver -- /Applications/Xcode-27.0.0-Release.Candidate.app/Contents/Developer/Toolchains/XcodeDefault.xctoolchain/usr/bin/swiftc -parse-as-library -module-name CellsReloadable -Onone @/Users/admin/builder/spi-builder-workspace/.derivedData/Build/Intermediates.noindex/CellsReloadable.build/Debug-xros/CellsReloadable-t.build/Objects-normal/arm64/CellsReloadable.SwiftFileList -DSWIFT_PACKAGE -DDEBUG -DSWIFT_MODULE_RESOURCE_BUNDLE_UNAVAILABLE -DXcode -plugin-path /Applications/Xcode-27.0.0-Release.Candidate.app/Contents/Developer/Toolchains/XcodeDefault.xctoolchain/usr/lib/swift/host/plugins/testing -enable-experimental-feature DebugDescriptionMacro -sdk /Applications/Xcode-27.0.0-Release.Candidate.app/Contents/Developer/Platforms/XROS.platform/Developer/SDKs/XROS27.0.sdk -target arm64-apple-xros1.0 -g -module-cache-path /Users/admin/builder/spi-builder-workspace/.derivedData/ModuleCache.noindex -Xfrontend -serialize-debugging-options -enable-testing -index-store-path /Users/admin/builder/spi-builder-workspace/.derivedData/Index.noindex/DataStore -Xcc -D_LIBCPP_HARDENING_MODE\=_LIBCPP_HARDENING_MODE_DEBUG -swift-version 5 -I /Users/admin/builder/spi-builder-workspace/.derivedData/Build/Products/Debug-xros -Isystem /Applications/Xcode-27.0.0-Release.Candidate.app/Contents/Developer/Platforms/XROS.platform/Developer/usr/lib -F /Users/admin/builder/spi-builder-workspace/.derivedData/Build/Products/Debug-xros/PackageFrameworks -F /Users/admin/builder/spi-builder-workspace/.derivedData/Build/Products/Debug-xros -F /Applications/Xcode-27.0.0-Release.Candidate.app/Contents/Developer/Platforms/XROS.platform/Developer/Library/Frameworks -F /Applications/Xcode-27.0.0-Release.Candidate.app/Contents/Developer/Platforms/XROS.platform/Developer/SDKs/XROS27.0.sdk/Developer/Library/Frameworks -c -j10 -enable-batch-mode -incremental -Xcc -ivfsstatcache -Xcc /Users/admin/builder/spi-builder-workspace/.derivedData/SDKStatCaches.noindex/xros27.0-24M361-e829b21a6f8c9b70876ba0858053c044735bd543db762f57723cac368afd1ce4.sdkstatcache -output-file-map /Users/admin/builder/spi-builder-workspace/.derivedData/Build/Intermediates.noindex/CellsReloadable.build/Debug-xros/CellsReloadable-t.build/Objects-normal/arm64/CellsReloadable-OutputFileMap.json -save-temps -no-color-diagnostics -explicit-module-build -module-cache-path /Users/admin/builder/spi-builder-workspace/.derivedData/Build/Intermediates.noindex/SwiftExplicitPrecompiledModules -clang-scanner-module-cache-path /Users/admin/builder/spi-builder-workspace/.derivedData/ModuleCache.noindex -sdk-module-cache-path /Users/admin/builder/spi-builder-workspace/.derivedData/SDKExplicitPrecompiledModules -emit-dependencies -emit-module -emit-module-path /Users/admin/builder/spi-builder-workspace/.derivedData/Build/Intermediates.noindex/CellsReloadable.build/Debug-xros/CellsReloadable-t.build/Objects-normal/arm64/CellsReloadable.swiftmodule -serialize-diagnostics -dependency-scan-serialize-diagnostics-path /Users/admin/builder/spi-builder-workspace/.derivedData/Build/Intermediates.noindex/CellsReloadable.build/Debug-xros/CellsReloadable-t.build/Objects-normal/arm64/CellsReloadable-dependency-scan.dia -validate-clang-modules-once -clang-build-session-file /Users/admin/builder/spi-builder-workspace/.derivedData/ModuleCache.noindex/Session.modulevalidation -Xcc -fmodules-prune-interval\=86400 -Xcc -fmodules-prune-after\=345600 -emit-const-values -const-gather-protocols-list /Users/admin/builder/spi-builder-workspace/.derivedData/Build/Intermediates.noindex/CellsReloadable.build/Debug-xros/CellsReloadable-t.build/Objects-normal/arm64/CellsReloadable_const_extract_protocols.json -Xcc -I/Users/admin/builder/spi-builder-workspace/.derivedData/Build/Products/Debug-xros/include -Xcc -I/Users/admin/builder/spi-builder-workspace/.derivedData/Build/Intermediates.noindex/CellsReloadable.build/Debug-xros/CellsReloadable-t.build/DerivedSources-normal/arm64 -Xcc -I/Users/admin/builder/spi-builder-workspace/.derivedData/Build/Intermediates.noindex/CellsReloadable.build/Debug-xros/CellsReloadable-t.build/DerivedSources/arm64 -Xcc -I/Users/admin/builder/spi-builder-workspace/.derivedData/Build/Intermediates.noindex/CellsReloadable.build/Debug-xros/CellsReloadable-t.build/DerivedSources -Xcc -DSWIFT_PACKAGE -Xcc -DDEBUG\=1 -emit-objc-header -emit-objc-header-path /Users/admin/builder/spi-builder-workspace/.derivedData/Build/Intermediates.noindex/CellsReloadable.build/Debug-xros/CellsReloadable-t.build/Objects-normal/arm64/CellsReloadable-Swift.h -working-directory /Users/admin/builder/spi-builder-workspace/.swiftpm/xcode -experimental-emit-module-separately -disable-cmo
SwiftCompile normal arm64 Compiling\ CellsSectionsReloadable.swift,\ Size.swift /Users/admin/builder/spi-builder-workspace/Sources/CellsReloadable/CellsSectionsReloadable.swift /Users/admin/builder/spi-builder-workspace/Sources/CellsReloadable/Modifiers/Size.swift (in target 'CellsReloadable' from project 'CellsReloadable')
SwiftCompile normal arm64 /Users/admin/builder/spi-builder-workspace/Sources/CellsReloadable/CellsSectionsReloadable.swift (in target 'CellsReloadable' from project 'CellsReloadable')
cd /Users/admin/builder/spi-builder-workspace/.swiftpm/xcode
builtin-SwiftPerFileCompile CellsSectionsReloadable.swift
SwiftCompile normal arm64 /Users/admin/builder/spi-builder-workspace/Sources/CellsReloadable/Modifiers/Size.swift (in target 'CellsReloadable' from project 'CellsReloadable')
cd /Users/admin/builder/spi-builder-workspace/.swiftpm/xcode
builtin-SwiftPerFileCompile Size.swift
SwiftCompile normal arm64 Compiling\ CellsSection.swift,\ CellsSectionsBuilder.swift /Users/admin/builder/spi-builder-workspace/Sources/CellsReloadable/CellsSection.swift /Users/admin/builder/spi-builder-workspace/Sources/CellsReloadable/CellsSectionsBuilder.swift (in target 'CellsReloadable' from project 'CellsReloadable')
SwiftCompile normal arm64 /Users/admin/builder/spi-builder-workspace/Sources/CellsReloadable/CellsSection.swift (in target 'CellsReloadable' from project 'CellsReloadable')
cd /Users/admin/builder/spi-builder-workspace/.swiftpm/xcode
builtin-SwiftPerFileCompile CellsSection.swift
SwiftCompile normal arm64 /Users/admin/builder/spi-builder-workspace/Sources/CellsReloadable/CellsSectionsBuilder.swift (in target 'CellsReloadable' from project 'CellsReloadable')
cd /Users/admin/builder/spi-builder-workspace/.swiftpm/xcode
builtin-SwiftPerFileCompile CellsSectionsBuilder.swift
SwiftCompile normal arm64 Compiling\ RenderableView.swift,\ SingleViewCellBuilder.swift /Users/admin/builder/spi-builder-workspace/Sources/CellsReloadable/Protocols/RenderableView.swift /Users/admin/builder/spi-builder-workspace/Sources/CellsReloadable/SingleViewCellBuilder.swift (in target 'CellsReloadable' from project 'CellsReloadable')
SwiftCompile normal arm64 /Users/admin/builder/spi-builder-workspace/Sources/CellsReloadable/Protocols/RenderableView.swift (in target 'CellsReloadable' from project 'CellsReloadable')
cd /Users/admin/builder/spi-builder-workspace/.swiftpm/xcode
builtin-SwiftPerFileCompile RenderableView.swift
SwiftCompile normal arm64 /Users/admin/builder/spi-builder-workspace/Sources/CellsReloadable/SingleViewCellBuilder.swift (in target 'CellsReloadable' from project 'CellsReloadable')
cd /Users/admin/builder/spi-builder-workspace/.swiftpm/xcode
builtin-SwiftPerFileCompile SingleViewCellBuilder.swift
SwiftCompile normal arm64 Compiling\ WillReuse.swift,\ NoneID.swift /Users/admin/builder/spi-builder-workspace/Sources/CellsReloadable/Modifiers/WillReuse.swift /Users/admin/builder/spi-builder-workspace/Sources/CellsReloadable/NoneID.swift (in target 'CellsReloadable' from project 'CellsReloadable')
SwiftCompile normal arm64 /Users/admin/builder/spi-builder-workspace/Sources/CellsReloadable/Modifiers/WillReuse.swift (in target 'CellsReloadable' from project 'CellsReloadable')
cd /Users/admin/builder/spi-builder-workspace/.swiftpm/xcode
builtin-SwiftPerFileCompile WillReuse.swift
SwiftCompile normal arm64 /Users/admin/builder/spi-builder-workspace/Sources/CellsReloadable/NoneID.swift (in target 'CellsReloadable' from project 'CellsReloadable')
cd /Users/admin/builder/spi-builder-workspace/.swiftpm/xcode
builtin-SwiftPerFileCompile NoneID.swift
SwiftCompile normal arm64 Compiling\ HostingView.swift,\ TypedViewCell.swift /Users/admin/builder/spi-builder-workspace/Sources/CellsReloadable/SwiftUI/HostingView.swift /Users/admin/builder/spi-builder-workspace/Sources/CellsReloadable/TypedViewCell.swift (in target 'CellsReloadable' from project 'CellsReloadable')
SwiftCompile normal arm64 /Users/admin/builder/spi-builder-workspace/Sources/CellsReloadable/SwiftUI/HostingView.swift (in target 'CellsReloadable' from project 'CellsReloadable')
cd /Users/admin/builder/spi-builder-workspace/.swiftpm/xcode
builtin-SwiftPerFileCompile HostingView.swift
SwiftCompile normal arm64 /Users/admin/builder/spi-builder-workspace/Sources/CellsReloadable/TypedViewCell.swift (in target 'CellsReloadable' from project 'CellsReloadable')
cd /Users/admin/builder/spi-builder-workspace/.swiftpm/xcode
builtin-SwiftPerFileCompile TypedViewCell.swift
SwiftCompile normal arm64 Compiling\ ViewCell.swift,\ ViewCellsBuilder.swift /Users/admin/builder/spi-builder-workspace/Sources/CellsReloadable/ViewCell.swift /Users/admin/builder/spi-builder-workspace/Sources/CellsReloadable/ViewCellsBuilder.swift (in target 'CellsReloadable' from project 'CellsReloadable')
SwiftCompile normal arm64 /Users/admin/builder/spi-builder-workspace/Sources/CellsReloadable/ViewCell.swift (in target 'CellsReloadable' from project 'CellsReloadable')
cd /Users/admin/builder/spi-builder-workspace/.swiftpm/xcode
builtin-SwiftPerFileCompile ViewCell.swift
SwiftCompile normal arm64 /Users/admin/builder/spi-builder-workspace/Sources/CellsReloadable/ViewCellsBuilder.swift (in target 'CellsReloadable' from project 'CellsReloadable')
cd /Users/admin/builder/spi-builder-workspace/.swiftpm/xcode
builtin-SwiftPerFileCompile ViewCellsBuilder.swift
SwiftCompile normal arm64 Compiling\ UICollectionView+Reload.swift,\ UIStackView+Reload.swift /Users/admin/builder/spi-builder-workspace/Sources/CellsReloadable/UICollectionView+Reload.swift /Users/admin/builder/spi-builder-workspace/Sources/CellsReloadable/UIStackView+Reload.swift (in target 'CellsReloadable' from project 'CellsReloadable')
/Users/admin/builder/spi-builder-workspace/Sources/CellsReloadable/UICollectionView+Reload.swift:214:24: error: value of type 'UICollectionView' has no member 'reload'
212 | return
213 | }
214 | collectionView.reload(using: changeset) {
| `- error: value of type 'UICollectionView' has no member 'reload'
215 | sections = $0
216 | }
/Users/admin/builder/spi-builder-workspace/Sources/CellsReloadable/UIStackView+Reload.swift:51:39: warning: 'weak' ownership of capture 'self' differs from implicitly-captured strong reference in outer scope [#ImplicitStrongCapture]
46 | } else {
47 | reload(
48 | cells: sections.map { section in
| |- note: 'self' implicitly strongly captured here
| `- note: add 'self' as a capture list item to silence
49 | ViewCell(id: section.id) {
50 | UIStackView()
51 | } render: { [weak self] stack in
| |- warning: 'weak' ownership of capture 'self' differs from implicitly-captured strong reference in outer scope [#ImplicitStrongCapture]
| `- note: explicitly assign the capture list item to silence
52 | stack.axis = self?.axis ?? stack.axis
53 | stack.configure(with: section.values.stack)
[#ImplicitStrongCapture]: <https://docs.swift.org/compiler/documentation/diagnostics/implicit-strong-capture>
Failed frontend command:
/Applications/Xcode-27.0.0-Release.Candidate.app/Contents/Developer/Toolchains/XcodeDefault.xctoolchain/usr/bin/swift-frontend -frontend -c /Users/admin/builder/spi-builder-workspace/Sources/CellsReloadable/CellsSection.swift /Users/admin/builder/spi-builder-workspace/Sources/CellsReloadable/CellsSectionsBuilder.swift /Users/admin/builder/spi-builder-workspace/Sources/CellsReloadable/CellsSectionsReloadable.swift /Users/admin/builder/spi-builder-workspace/Sources/CellsReloadable/CodeID.swift /Users/admin/builder/spi-builder-workspace/Sources/CellsReloadable/DifferenceKit/Differentiable++.swift /Users/admin/builder/spi-builder-workspace/Sources/CellsReloadable/LazyArray.swift /Users/admin/builder/spi-builder-workspace/Sources/CellsReloadable/Modifiers/DelegateModifiers.swift /Users/admin/builder/spi-builder-workspace/Sources/CellsReloadable/Modifiers/DidHighlight.swift /Users/admin/builder/spi-builder-workspace/Sources/CellsReloadable/Modifiers/Height.swift /Users/admin/builder/spi-builder-workspace/Sources/CellsReloadable/Modifiers/Size.swift /Users/admin/builder/spi-builder-workspace/Sources/CellsReloadable/Modifiers/WillReuse.swift /Users/admin/builder/spi-builder-workspace/Sources/CellsReloadable/NoneID.swift /Users/admin/builder/spi-builder-workspace/Sources/CellsReloadable/Protocols/RenderableView.swift /Users/admin/builder/spi-builder-workspace/Sources/CellsReloadable/SingleViewCellBuilder.swift /Users/admin/builder/spi-builder-workspace/Sources/CellsReloadable/SwiftUI/HostingView.swift /Users/admin/builder/spi-builder-workspace/Sources/CellsReloadable/TypedViewCell.swift -primary-file /Users/admin/builder/spi-builder-workspace/Sources/CellsReloadable/UICollectionView+Reload.swift -primary-file /Users/admin/builder/spi-builder-workspace/Sources/CellsReloadable/UIStackView+Reload.swift /Users/admin/builder/spi-builder-workspace/Sources/CellsReloadable/UITableView+Reload.swift /Users/admin/builder/spi-builder-workspace/Sources/CellsReloadable/UnionID.swift /Users/admin/builder/spi-builder-workspace/Sources/CellsReloadable/Utils/AnyEquatable.swift /Users/admin/builder/spi-builder-workspace/Sources/CellsReloadable/Utils/Collection++.swift /Users/admin/builder/spi-builder-workspace/Sources/CellsReloadable/Utils/String++.swift /Users/admin/builder/spi-builder-workspace/Sources/CellsReloadable/Utils/UIScrollView++.swift /Users/admin/builder/spi-builder-workspace/Sources/CellsReloadable/ViewCell.swift /Users/admin/builder/spi-builder-workspace/Sources/CellsReloadable/ViewCellsBuilder.swift /Users/admin/builder/spi-builder-workspace/Sources/CellsReloadable/ViewCellsReloadable.swift -emit-dependencies-path /Users/admin/builder/spi-builder-workspace/.derivedData/Build/Intermediates.noindex/CellsReloadable.build/Debug-xros/CellsReloadable-t.build/Objects-normal/arm64/UICollectionView+Reload.d -emit-const-values-path /Users/admin/builder/spi-builder-workspace/.derivedData/Build/Intermediates.noindex/CellsReloadable.build/Debug-xros/CellsReloadable-t.build/Objects-normal/arm64/UICollectionView+Reload.swiftconstvalues -emit-reference-dependencies-path /Users/admin/builder/spi-builder-workspace/.derivedData/Build/Intermediates.noindex/CellsReloadable.build/Debug-xros/CellsReloadable-t.build/Objects-normal/arm64/UICollectionView+Reload.swiftdeps -serialize-diagnostics-path /Users/admin/builder/spi-builder-workspace/.derivedData/Build/Intermediates.noindex/CellsReloadable.build/Debug-xros/CellsReloadable-t.build/Objects-normal/arm64/UICollectionView+Reload.dia -emit-dependencies-path /Users/admin/builder/spi-builder-workspace/.derivedData/Build/Intermediates.noindex/CellsReloadable.build/Debug-xros/CellsReloadable-t.build/Objects-normal/arm64/UIStackView+Reload.d -emit-const-values-path /Users/admin/builder/spi-builder-workspace/.derivedData/Build/Intermediates.noindex/CellsReloadable.build/Debug-xros/CellsReloadable-t.build/Objects-normal/arm64/UIStackView+Reload.swiftconstvalues -emit-reference-dependencies-path /Users/admin/builder/spi-builder-workspace/.derivedData/Build/Intermediates.noindex/CellsReloadable.build/Debug-xros/CellsReloadable-t.build/Objects-normal/arm64/UIStackView+Reload.swiftdeps -serialize-diagnostics-path /Users/admin/builder/spi-builder-workspace/.derivedData/Build/Intermediates.noindex/CellsReloadable.build/Debug-xros/CellsReloadable-t.build/Objects-normal/arm64/UIStackView+Reload.dia -target arm64-apple-xros1.0 -disable-cross-import-overlay-search -load-resolved-plugin /Applications/Xcode-27.0.0-Release.Candidate.app/Contents/Developer/Platforms/XROS.platform/Developer/usr/lib/swift/host/plugins/libFoundationMacros.dylib\#/Applications/Xcode-27.0.0-Release.Candidate.app/Contents/Developer/Platforms/XROS.platform/Developer/usr/bin/swift-plugin-server\#FoundationMacros -load-resolved-plugin /Applications/Xcode-27.0.0-Release.Candidate.app/Contents/Developer/Platforms/XROS.platform/Developer/usr/lib/swift/host/plugins/libObservationMacros.dylib\#/Applications/Xcode-27.0.0-Release.Candidate.app/Contents/Developer/Platforms/XROS.platform/Developer/usr/bin/swift-plugin-server\#ObservationMacros -load-resolved-plugin /Applications/Xcode-27.0.0-Release.Candidate.app/Contents/Developer/Platforms/XROS.platform/Developer/usr/lib/swift/host/plugins/libPreviewsMacros.dylib\#/Applications/Xcode-27.0.0-Release.Candidate.app/Contents/Developer/Platforms/XROS.platform/Developer/usr/bin/swift-plugin-server\#PreviewsMacros -load-resolved-plugin /Applications/Xcode-27.0.0-Release.Candidate.app/Contents/Developer/Platforms/XROS.platform/Developer/usr/lib/swift/host/plugins/libSwiftMacros.dylib\#/Applications/Xcode-27.0.0-Release.Candidate.app/Contents/Developer/Platforms/XROS.platform/Developer/usr/bin/swift-plugin-server\#SwiftMacros -load-resolved-plugin /Applications/Xcode-27.0.0-Release.Candidate.app/Contents/Developer/Platforms/XROS.platform/Developer/usr/lib/swift/host/plugins/libSwiftUIMacros.dylib\#/Applications/Xcode-27.0.0-Release.Candidate.app/Contents/Developer/Platforms/XROS.platform/Developer/usr/bin/swift-plugin-server\#SwiftUIMacros -disable-implicit-swift-modules -Xcc -fno-implicit-modules -Xcc -fno-implicit-module-maps -explicit-swift-module-map-file /Users/admin/builder/spi-builder-workspace/.derivedData/Build/Intermediates.noindex/CellsReloadable.build/Debug-xros/CellsReloadable-t.build/Objects-normal/arm64/CellsReloadable-dependencies-1.json -Xllvm -aarch64-use-tbi -enable-objc-interop -stack-check -sdk /Applications/Xcode-27.0.0-Release.Candidate.app/Contents/Developer/Platforms/XROS.platform/Developer/SDKs/XROS27.0.sdk -I /Users/admin/builder/spi-builder-workspace/.derivedData/Build/Products/Debug-xros -Isystem /Applications/Xcode-27.0.0-Release.Candidate.app/Contents/Developer/Platforms/XROS.platform/Developer/usr/lib -F /Users/admin/builder/spi-builder-workspace/.derivedData/Build/Products/Debug-xros/PackageFrameworks -F /Users/admin/builder/spi-builder-workspace/.derivedData/Build/Products/Debug-xros -F /Applications/Xcode-27.0.0-Release.Candidate.app/Contents/Developer/Platforms/XROS.platform/Developer/Library/Frameworks -F /Applications/Xcode-27.0.0-Release.Candidate.app/Contents/Developer/Platforms/XROS.platform/Developer/SDKs/XROS27.0.sdk/Developer/Library/Frameworks -module-cache-path /Users/admin/builder/spi-builder-workspace/.derivedData/Build/Intermediates.noindex/SwiftExplicitPrecompiledModules -no-color-diagnostics -Xcc -fno-color-diagnostics -enable-testing -g -debug-info-format\=dwarf -dwarf-version\=4 -swift-version 5 -Onone -D SWIFT_PACKAGE -D DEBUG -D SWIFT_MODULE_RESOURCE_BUNDLE_UNAVAILABLE -D Xcode -serialize-debugging-options -enable-experimental-feature DebugDescriptionMacro -empty-abi-descriptor -validate-clang-modules-once -clang-build-session-file /Users/admin/builder/spi-builder-workspace/.derivedData/ModuleCache.noindex/Session.modulevalidation -Xcc -working-directory -Xcc /Users/admin/builder/spi-builder-workspace/.swiftpm/xcode -enable-anonymous-context-mangled-names -file-compilation-dir /Users/admin/builder/spi-builder-workspace/.swiftpm/xcode -Xcc -D_LIBCPP_HARDENING_MODE\=_LIBCPP_HARDENING_MODE_DEBUG -Xcc -ivfsstatcache -Xcc /Users/admin/builder/spi-builder-workspace/.derivedData/SDKStatCaches.noindex/xros27.0-24M361-e829b21a6f8c9b70876ba0858053c044735bd543db762f57723cac368afd1ce4.sdkstatcache -Xcc -fmodules-prune-interval\=86400 -Xcc -fmodules-prune-after\=345600 -Xcc -I/Users/admin/builder/spi-builder-workspace/.derivedData/Build/Products/Debug-xros/include -Xcc -I/Users/admin/builder/spi-builder-workspace/.derivedData/Build/Intermediates.noindex/CellsReloadable.build/Debug-xros/CellsReloadable-t.build/DerivedSources-normal/arm64 -Xcc -I/Users/admin/builder/spi-builder-workspace/.derivedData/Build/Intermediates.noindex/CellsReloadable.build/Debug-xros/CellsReloadable-t.build/DerivedSources/arm64 -Xcc -I/Users/admin/builder/spi-builder-workspace/.derivedData/Build/Intermediates.noindex/CellsReloadable.build/Debug-xros/CellsReloadable-t.build/DerivedSources -Xcc -DSWIFT_PACKAGE -Xcc -DDEBUG\=1 -no-auto-bridging-header-chaining -module-name CellsReloadable -const-gather-protocols-file /Users/admin/builder/spi-builder-workspace/.derivedData/Build/Intermediates.noindex/CellsReloadable.build/Debug-xros/CellsReloadable-t.build/Objects-normal/arm64/CellsReloadable_const_extract_protocols.json -disable-clang-spi -clang-target arm64-apple-xros27.0 -target-sdk-version 27.0 -target-sdk-name xros27.0 -in-process-plugin-server-path /Applications/Xcode-27.0.0-Release.Candidate.app/Contents/Developer/Toolchains/XcodeDefault.xctoolchain/usr/lib/swift/host/libSwiftInProcPluginServer.dylib -parse-as-library -o /Users/admin/builder/spi-builder-workspace/.derivedData/Build/Intermediates.noindex/CellsReloadable.build/Debug-xros/CellsReloadable-t.build/Objects-normal/arm64/UICollectionView+Reload.o -o /Users/admin/builder/spi-builder-workspace/.derivedData/Build/Intermediates.noindex/CellsReloadable.build/Debug-xros/CellsReloadable-t.build/Objects-normal/arm64/UIStackView+Reload.o -debug-module-path /Users/admin/builder/spi-builder-workspace/.derivedData/Build/Intermediates.noindex/CellsReloadable.build/Debug-xros/CellsReloadable-t.build/Objects-normal/arm64/CellsReloadable.swiftmodule -index-unit-output-path /CellsReloadable.build/Debug-xros/CellsReloadable-t.build/Objects-normal/arm64/UICollectionView+Reload.o -index-unit-output-path /CellsReloadable.build/Debug-xros/CellsReloadable-t.build/Objects-normal/arm64/UIStackView+Reload.o -index-store-path /Users/admin/builder/spi-builder-workspace/.derivedData/Index.noindex/DataStore -index-system-modules
SwiftCompile normal arm64 /Users/admin/builder/spi-builder-workspace/Sources/CellsReloadable/UICollectionView+Reload.swift (in target 'CellsReloadable' from project 'CellsReloadable')
cd /Users/admin/builder/spi-builder-workspace/.swiftpm/xcode
builtin-SwiftPerFileCompile UICollectionView+Reload.swift
SwiftCompile normal arm64 /Users/admin/builder/spi-builder-workspace/Sources/CellsReloadable/UIStackView+Reload.swift (in target 'CellsReloadable' from project 'CellsReloadable')
cd /Users/admin/builder/spi-builder-workspace/.swiftpm/xcode
builtin-SwiftPerFileCompile UIStackView+Reload.swift
SwiftCompile normal arm64 Compiling\ AnyEquatable.swift,\ UIScrollView++.swift /Users/admin/builder/spi-builder-workspace/Sources/CellsReloadable/Utils/AnyEquatable.swift /Users/admin/builder/spi-builder-workspace/Sources/CellsReloadable/Utils/UIScrollView++.swift (in target 'CellsReloadable' from project 'CellsReloadable')
SwiftCompile normal arm64 /Users/admin/builder/spi-builder-workspace/Sources/CellsReloadable/Utils/AnyEquatable.swift (in target 'CellsReloadable' from project 'CellsReloadable')
cd /Users/admin/builder/spi-builder-workspace/.swiftpm/xcode
builtin-SwiftPerFileCompile AnyEquatable.swift
SwiftCompile normal arm64 /Users/admin/builder/spi-builder-workspace/Sources/CellsReloadable/Utils/UIScrollView++.swift (in target 'CellsReloadable' from project 'CellsReloadable')
cd /Users/admin/builder/spi-builder-workspace/.swiftpm/xcode
builtin-SwiftPerFileCompile UIScrollView++.swift
SwiftCompile normal arm64 Compiling\ ViewCellsReloadable.swift /Users/admin/builder/spi-builder-workspace/Sources/CellsReloadable/ViewCellsReloadable.swift (in target 'CellsReloadable' from project 'CellsReloadable')
SwiftCompile normal arm64 /Users/admin/builder/spi-builder-workspace/Sources/CellsReloadable/ViewCellsReloadable.swift (in target 'CellsReloadable' from project 'CellsReloadable')
cd /Users/admin/builder/spi-builder-workspace/.swiftpm/xcode
builtin-SwiftPerFileCompile ViewCellsReloadable.swift
SwiftEmitModule normal arm64 Emitting\ module\ for\ CellsReloadable (in target 'CellsReloadable' from project 'CellsReloadable')
SwiftCompile normal arm64 (in target 'CellsReloadable' from project 'CellsReloadable')
cd /Users/admin/builder/spi-builder-workspace/.swiftpm/xcode
SwiftCompile normal arm64 Compiling\ UITableView+Reload.swift,\ UnionID.swift /Users/admin/builder/spi-builder-workspace/Sources/CellsReloadable/UITableView+Reload.swift /Users/admin/builder/spi-builder-workspace/Sources/CellsReloadable/UnionID.swift (in target 'CellsReloadable' from project 'CellsReloadable')
SwiftCompile normal arm64 /Users/admin/builder/spi-builder-workspace/Sources/CellsReloadable/UITableView+Reload.swift (in target 'CellsReloadable' from project 'CellsReloadable')
cd /Users/admin/builder/spi-builder-workspace/.swiftpm/xcode
builtin-SwiftPerFileCompile UITableView+Reload.swift
SwiftCompile normal arm64 /Users/admin/builder/spi-builder-workspace/Sources/CellsReloadable/UnionID.swift (in target 'CellsReloadable' from project 'CellsReloadable')
cd /Users/admin/builder/spi-builder-workspace/.swiftpm/xcode
builtin-SwiftPerFileCompile UnionID.swift
SwiftDriverJobDiscovery normal arm64 Compiling WillReuse.swift, NoneID.swift (in target 'CellsReloadable' from project 'CellsReloadable')
SwiftDriverJobDiscovery normal arm64 Compiling CellsSectionsReloadable.swift, Size.swift (in target 'CellsReloadable' from project 'CellsReloadable')
SwiftCompile normal arm64 Compiling\ DidHighlight.swift /Users/admin/builder/spi-builder-workspace/Sources/CellsReloadable/Modifiers/DidHighlight.swift (in target 'CellsReloadable' from project 'CellsReloadable')
SwiftCompile normal arm64 /Users/admin/builder/spi-builder-workspace/Sources/CellsReloadable/Modifiers/DidHighlight.swift (in target 'CellsReloadable' from project 'CellsReloadable')
cd /Users/admin/builder/spi-builder-workspace/.swiftpm/xcode
builtin-SwiftPerFileCompile DidHighlight.swift
SwiftCompile normal arm64 Compiling\ DelegateModifiers.swift /Users/admin/builder/spi-builder-workspace/Sources/CellsReloadable/Modifiers/DelegateModifiers.swift (in target 'CellsReloadable' from project 'CellsReloadable')
SwiftCompile normal arm64 /Users/admin/builder/spi-builder-workspace/Sources/CellsReloadable/Modifiers/DelegateModifiers.swift (in target 'CellsReloadable' from project 'CellsReloadable')
cd /Users/admin/builder/spi-builder-workspace/.swiftpm/xcode
builtin-SwiftPerFileCompile DelegateModifiers.swift
SwiftDriverJobDiscovery normal arm64 Compiling AnyEquatable.swift, UIScrollView++.swift (in target 'CellsReloadable' from project 'CellsReloadable')
SwiftCompile normal arm64 Compiling\ Height.swift /Users/admin/builder/spi-builder-workspace/Sources/CellsReloadable/Modifiers/Height.swift (in target 'CellsReloadable' from project 'CellsReloadable')
SwiftCompile normal arm64 /Users/admin/builder/spi-builder-workspace/Sources/CellsReloadable/Modifiers/Height.swift (in target 'CellsReloadable' from project 'CellsReloadable')
cd /Users/admin/builder/spi-builder-workspace/.swiftpm/xcode
builtin-SwiftPerFileCompile Height.swift
PruneExplicitPrecompiledModules /Users/admin/builder/spi-builder-workspace/.derivedData/SDKExplicitPrecompiledModules
PruneExplicitPrecompiledModules /Users/admin/builder/spi-builder-workspace/.derivedData/Build/Intermediates.noindex/ExplicitPrecompiledModules
PruneExplicitPrecompiledModules /Users/admin/builder/spi-builder-workspace/.derivedData/Build/Intermediates.noindex/SwiftExplicitPrecompiledModules
2026-09-21 01:12:50.962 xcodebuild[840:5019] [MT] IDERunDestination: Supported platforms for the buildables in the current scheme is empty.
** BUILD FAILED **
The following build commands failed:
SwiftCompile normal arm64 Compiling\ UICollectionView+Reload.swift,\ UIStackView+Reload.swift /Users/admin/builder/spi-builder-workspace/Sources/CellsReloadable/UICollectionView+Reload.swift /Users/admin/builder/spi-builder-workspace/Sources/CellsReloadable/UIStackView+Reload.swift (in target 'CellsReloadable' from project 'CellsReloadable')
SwiftCompile normal arm64 /Users/admin/builder/spi-builder-workspace/Sources/CellsReloadable/UICollectionView+Reload.swift (in target 'CellsReloadable' from project 'CellsReloadable')
Building workspace CellsReloadable with scheme CellsReloadable
(3 failures)
BUILD FAILURE 6.4 visionOS