Build Information
Failed to build SwiftParamTest, reference 2.2.1 (f513e1), with Swift 6.4 for tvOS using Xcode 27.0 on 18 Sep 2026 13:01:46 UTC.
Build Command
env DEVELOPER_DIR=/Applications/Xcode-27.0.0-Release.Candidate.app xcrun xcodebuild -IDEClonedSourcePackagesDirPathOverride=$PWD/.dependencies -skipMacroValidation -skipPackagePluginValidation -derivedDataPath $PWD/.derivedData build -scheme SwiftParamTest-Package -destination generic/platform=tvOSBuild Log
========================================
RunAll
========================================
Builder version: 5.1.0
Interrupt handler set up.
========================================
Checkout
========================================
Clone URL: https://github.com/YusukeHosonuma/SwiftParamTest.git
Reference: 2.2.1
Initialized empty Git repository in /Users/admin/builder/spi-builder-workspace/.git/
From https://github.com/YusukeHosonuma/SwiftParamTest
* tag 2.2.1 -> FETCH_HEAD
HEAD is now at f513e1d Update README.md
Cloned https://github.com/YusukeHosonuma/SwiftParamTest.git
Revision (git rev-parse @):
f513e1dbbdd86e2ca2b672537f4bcb4417f94c27
SUCCESS checkout https://github.com/YusukeHosonuma/SwiftParamTest.git at 2.2.1
========================================
Build
========================================
Selected platform: tvOS
Swift version: 6.4
Building package at path: $PWD
https://github.com/YusukeHosonuma/SwiftParamTest.git
Command line invocation:
/Applications/Xcode-27.0.0-Release.Candidate.app/Contents/Developer/usr/bin/xcodebuild -IDEClonedSourcePackagesDirPathOverride=/Users/admin/builder/spi-builder-workspace/.dependencies -resolvePackageDependencies
resolved source packages:
{
"dependencies" : [
{
"identity" : "flatten",
"requirement" : {
"range" : [
{
"lower_bound" : "0.1.0",
"upper_bound" : "1.0.0"
}
]
},
"type" : "sourceControl",
"url" : "https://github.com/YusukeHosonuma/Flatten.git"
},
{
"identity" : "shlist",
"requirement" : {
"range" : [
{
"lower_bound" : "0.1.0",
"upper_bound" : "1.0.0"
}
]
},
"type" : "sourceControl",
"url" : "https://github.com/YusukeHosonuma/SHList.git"
}
],
"manifest_display_name" : "SwiftParamTest",
"name" : "SwiftParamTest",
"path" : "/Users/admin/builder/spi-builder-workspace",
"platforms" : [
],
"products" : [
{
"name" : "SwiftParamTest",
"targets" : [
"SwiftParamTest"
],
"type" : {
"library" : [
"automatic"
]
}
}
],
"targets" : [
{
"c99name" : "SwiftParamTestTests",
"module_type" : "SwiftTarget",
"name" : "SwiftParamTestTests",
"path" : "Tests/SwiftParamTestTests",
"sources" : [
"Core/ParameterizedTestRunnerTests.swift",
"DSL/BasicDSLTests.swift",
"DSL/FunctionBuilderDSLTests.swift",
"DSL/OperatorTests.swift",
"MarkdownTableTests.swift",
"_Asset/Function.swift",
"_Helper/Assertions.swift",
"_Helper/SpyCustomAssertion.swift"
],
"target_dependencies" : [
"SwiftParamTest"
],
"type" : "test"
},
{
"c99name" : "SwiftParamTest",
"module_type" : "SwiftTarget",
"name" : "SwiftParamTest",
"path" : "Sources",
"product_dependencies" : [
"Flatten",
"SHList"
],
"product_memberships" : [
"SwiftParamTest"
],
"sources" : [
"Core/ParameterizedTest.swift",
"Core/ParameterizedTestRunner.swift",
"Core/Row.swift",
"CustomAssertion.swift",
"DSL/Args.swift",
"DSL/Basic/BasicDSLAssert.swift",
"DSL/Operator.swift",
"DSL/ResultBuilder/ParameterBuilder.swift",
"DSL/ResultBuilder/ResultBuilderDSLAssert.swift",
"Util/MarkdownTable.swift"
],
"type" : "library"
}
],
"tools_version" : "5.1"
}
{
"project" : {
"configurations" : [
"Debug",
"Release"
],
"name" : "SwiftParamTest",
"schemes" : [
"SwiftParamTest-Package"
],
"targets" : [
"Flatten",
"FlattenPackageDescription",
"SHList",
"SHListPackageDescription",
"SwiftParamTest",
"SwiftParamTestPackageDescription",
"SwiftParamTestPackageTests",
"SwiftParamTestTests"
]
}
}
Running build ...
env DEVELOPER_DIR=/Applications/Xcode-27.0.0-Release.Candidate.app xcrun xcodebuild -IDEClonedSourcePackagesDirPathOverride=$PWD/.dependencies -skipMacroValidation -skipPackagePluginValidation -derivedDataPath $PWD/.derivedData build -scheme SwiftParamTest-Package -destination generic/platform=tvOS
Command line invocation:
/Applications/Xcode-27.0.0-Release.Candidate.app/Contents/Developer/usr/bin/xcodebuild -IDEClonedSourcePackagesDirPathOverride=/Users/admin/builder/spi-builder-workspace/.dependencies -skipMacroValidation -skipPackagePluginValidation -derivedDataPath /Users/admin/builder/spi-builder-workspace/.derivedData build -scheme SwiftParamTest-Package -destination generic/platform=tvOS
ComputePackagePrebuildTargetDependencyGraph
Prepare packages
CreateBuildRequest
SendProjectDescription
CreateBuildOperation
ComputeTargetDependencyGraph
note: Building targets in dependency order
note: Target dependency graph (3 targets)
Target 'SwiftParamTest' in project 'SwiftParamTest'
➜ Explicit dependency on target 'SHList' in project 'SwiftParamTest'
➜ Explicit dependency on target 'Flatten' in project 'SwiftParamTest'
Target 'Flatten' in project 'SwiftParamTest' (no dependencies)
Target 'SHList' in project 'SwiftParamTest' (no dependencies)
GatherProvisioningInputs
CreateBuildDescription
ExecuteExternalTool /Applications/Xcode-27.0.0-Release.Candidate.app/Contents/Developer/Toolchains/XcodeDefault.xctoolchain/usr/bin/swiftc --version
ExecuteExternalTool /Applications/Xcode-27.0.0-Release.Candidate.app/Contents/Developer/Toolchains/XcodeDefault.xctoolchain/usr/bin/clang -v -E -dM -isysroot /Applications/Xcode-27.0.0-Release.Candidate.app/Contents/Developer/Platforms/AppleTVOS.platform/Developer/SDKs/AppleTVOS27.0.sdk -x c -c /dev/null
ExecuteExternalTool /Applications/Xcode-27.0.0-Release.Candidate.app/Contents/Developer/Toolchains/XcodeDefault.xctoolchain/usr/bin/ld -version_details
Build description signature: 1de9e63ab93dd4d01581b26fcbb7bc6b
Build description path: /Users/admin/builder/spi-builder-workspace/.derivedData/Build/Intermediates.noindex/XCBuildData/1de9e63ab93dd4d01581b26fcbb7bc6b.xcbuilddata
/Users/admin/builder/spi-builder-workspace/SwiftParamTest.xcodeproj: error: The tvOS deployment target 'TVOS_DEPLOYMENT_TARGET' is set to 9.0, but the range of supported deployment target versions is 15.0 to 27.0.x. (in target 'Flatten' from project 'SwiftParamTest')
/Users/admin/builder/spi-builder-workspace/SwiftParamTest.xcodeproj: error: The tvOS deployment target 'TVOS_DEPLOYMENT_TARGET' is set to 9.0, but the range of supported deployment target versions is 15.0 to 27.0.x. (in target 'SwiftParamTest' from project 'SwiftParamTest')
/Users/admin/builder/spi-builder-workspace/SwiftParamTest.xcodeproj: error: The tvOS deployment target 'TVOS_DEPLOYMENT_TARGET' is set to 9.0, but the range of supported deployment target versions is 15.0 to 27.0.x. (in target 'SHList' from project 'SwiftParamTest')
** BUILD FAILED **
The following build commands failed:
Building project SwiftParamTest with scheme SwiftParamTest-Package
(1 failure)
Command line invocation:
/Applications/Xcode-27.0.0-Release.Candidate.app/Contents/Developer/usr/bin/xcodebuild -IDEClonedSourcePackagesDirPathOverride=/Users/admin/builder/spi-builder-workspace/.dependencies -resolvePackageDependencies
resolved source packages:
{
"dependencies" : [
{
"identity" : "flatten",
"requirement" : {
"range" : [
{
"lower_bound" : "0.1.0",
"upper_bound" : "1.0.0"
}
]
},
"type" : "sourceControl",
"url" : "https://github.com/YusukeHosonuma/Flatten.git"
},
{
"identity" : "shlist",
"requirement" : {
"range" : [
{
"lower_bound" : "0.1.0",
"upper_bound" : "1.0.0"
}
]
},
"type" : "sourceControl",
"url" : "https://github.com/YusukeHosonuma/SHList.git"
}
],
"manifest_display_name" : "SwiftParamTest",
"name" : "SwiftParamTest",
"path" : "/Users/admin/builder/spi-builder-workspace",
"platforms" : [
],
"products" : [
{
"name" : "SwiftParamTest",
"targets" : [
"SwiftParamTest"
],
"type" : {
"library" : [
"automatic"
]
}
}
],
"targets" : [
{
"c99name" : "SwiftParamTestTests",
"module_type" : "SwiftTarget",
"name" : "SwiftParamTestTests",
"path" : "Tests/SwiftParamTestTests",
"sources" : [
"Core/ParameterizedTestRunnerTests.swift",
"DSL/BasicDSLTests.swift",
"DSL/FunctionBuilderDSLTests.swift",
"DSL/OperatorTests.swift",
"MarkdownTableTests.swift",
"_Asset/Function.swift",
"_Helper/Assertions.swift",
"_Helper/SpyCustomAssertion.swift"
],
"target_dependencies" : [
"SwiftParamTest"
],
"type" : "test"
},
{
"c99name" : "SwiftParamTest",
"module_type" : "SwiftTarget",
"name" : "SwiftParamTest",
"path" : "Sources",
"product_dependencies" : [
"Flatten",
"SHList"
],
"product_memberships" : [
"SwiftParamTest"
],
"sources" : [
"Core/ParameterizedTest.swift",
"Core/ParameterizedTestRunner.swift",
"Core/Row.swift",
"CustomAssertion.swift",
"DSL/Args.swift",
"DSL/Basic/BasicDSLAssert.swift",
"DSL/Operator.swift",
"DSL/ResultBuilder/ParameterBuilder.swift",
"DSL/ResultBuilder/ResultBuilderDSLAssert.swift",
"Util/MarkdownTable.swift"
],
"type" : "library"
}
],
"tools_version" : "5.1"
}
{
"project" : {
"configurations" : [
"Debug",
"Release"
],
"name" : "SwiftParamTest",
"schemes" : [
"SwiftParamTest-Package"
],
"targets" : [
"Flatten",
"FlattenPackageDescription",
"SHList",
"SHListPackageDescription",
"SwiftParamTest",
"SwiftParamTestPackageDescription",
"SwiftParamTestPackageTests",
"SwiftParamTestTests"
]
}
}
Running build ...
env DEVELOPER_DIR=/Applications/Xcode-27.0.0-Release.Candidate.app xcrun xcodebuild -IDEClonedSourcePackagesDirPathOverride=$PWD/.dependencies -skipMacroValidation -skipPackagePluginValidation -derivedDataPath $PWD/.derivedData build -scheme SwiftParamTest-Package -destination generic/platform=tvOS
Command line invocation:
/Applications/Xcode-27.0.0-Release.Candidate.app/Contents/Developer/usr/bin/xcodebuild -IDEClonedSourcePackagesDirPathOverride=/Users/admin/builder/spi-builder-workspace/.dependencies -skipMacroValidation -skipPackagePluginValidation -derivedDataPath /Users/admin/builder/spi-builder-workspace/.derivedData build -scheme SwiftParamTest-Package -destination generic/platform=tvOS
ComputePackagePrebuildTargetDependencyGraph
Prepare packages
CreateBuildRequest
SendProjectDescription
CreateBuildOperation
ComputeTargetDependencyGraph
note: Building targets in dependency order
note: Target dependency graph (3 targets)
Target 'SwiftParamTest' in project 'SwiftParamTest'
➜ Explicit dependency on target 'SHList' in project 'SwiftParamTest'
➜ Explicit dependency on target 'Flatten' in project 'SwiftParamTest'
Target 'Flatten' in project 'SwiftParamTest' (no dependencies)
Target 'SHList' in project 'SwiftParamTest' (no dependencies)
GatherProvisioningInputs
CreateBuildDescription
/Users/admin/builder/spi-builder-workspace/SwiftParamTest.xcodeproj: error: The tvOS deployment target 'TVOS_DEPLOYMENT_TARGET' is set to 9.0, but the range of supported deployment target versions is 15.0 to 27.0.x. (in target 'SwiftParamTest' from project 'SwiftParamTest')
/Users/admin/builder/spi-builder-workspace/SwiftParamTest.xcodeproj: error: The tvOS deployment target 'TVOS_DEPLOYMENT_TARGET' is set to 9.0, but the range of supported deployment target versions is 15.0 to 27.0.x. (in target 'Flatten' from project 'SwiftParamTest')
/Users/admin/builder/spi-builder-workspace/SwiftParamTest.xcodeproj: error: The tvOS deployment target 'TVOS_DEPLOYMENT_TARGET' is set to 9.0, but the range of supported deployment target versions is 15.0 to 27.0.x. (in target 'SHList' from project 'SwiftParamTest')
** BUILD FAILED **
The following build commands failed:
Building project SwiftParamTest with scheme SwiftParamTest-Package
(1 failure)
BUILD FAILURE 6.4 tvOS