The Swift Package Index logo.Swift Package Index

Build Information

Failed to build Stella, reference master (ae5253), with Swift 6.4 for visionOS using Xcode 27.0 on 16 Sep 2026 11:10:41 UTC.

Build Command

env DEVELOPER_DIR=/Applications/Xcode-27.0.0-Release.Candidate.app xcrun xcodebuild -IDEClonedSourcePackagesDirPathOverride=$PWD/.dependencies -skipMacroValidation -skipPackagePluginValidation -derivedDataPath $PWD/.derivedData build -scheme Stella -destination generic/platform=xrOS

Build Log

========================================
RunAll
========================================
Builder version: 5.1.0
Interrupt handler set up.
========================================
Checkout
========================================
Clone URL: https://github.com/icapps/ios-stella.git
Reference: master
Initialized empty Git repository in /Users/admin/builder/spi-builder-workspace/.git/
From https://github.com/icapps/ios-stella
 * branch            master     -> FETCH_HEAD
 * [new branch]      master     -> origin/master
HEAD is now at ae52530 Merge pull request #71 from joridor/master
Cloned https://github.com/icapps/ios-stella.git
Revision (git rev-parse @):
ae5253054240231b75c9dd6070148a754119dcde
SUCCESS checkout https://github.com/icapps/ios-stella.git at master
========================================
Build
========================================
Selected platform:         visionOS
Swift version:             6.4
Building package at path:  $PWD
https://github.com/icapps/ios-stella.git
Command line invocation:
    /Applications/Xcode-27.0.0-Release.Candidate.app/Contents/Developer/usr/bin/xcodebuild -IDEClonedSourcePackagesDirPathOverride=/Users/admin/builder/spi-builder-workspace/.dependencies -resolvePackageDependencies
Resolve Package Graph
Resolve Package Graph
Resolved source packages:
  Stella: /Users/admin/builder/spi-builder-workspace
resolved source packages: Stella
2026-09-16 07:09:46.512 xcodebuild[529:3047] [MT] IDERunDestination: Supported platforms for the buildables in the current scheme is empty.
{
  "dependencies" : [
  ],
  "manifest_display_name" : "Stella",
  "name" : "Stella",
  "path" : "/Users/admin/builder/spi-builder-workspace",
  "platforms" : [
    {
      "name" : "macos",
      "version" : "10.10"
    },
    {
      "name" : "ios",
      "version" : "9.0"
    },
    {
      "name" : "tvos",
      "version" : "9.0"
    }
  ],
  "products" : [
    {
      "name" : "Stella",
      "targets" : [
        "Stella"
      ],
      "type" : {
        "library" : [
          "automatic"
        ]
      }
    }
  ],
  "swift_languages_versions" : [
    "4.2"
  ],
  "targets" : [
    {
      "c99name" : "Stella",
      "module_type" : "SwiftTarget",
      "name" : "Stella",
      "path" : "Sources",
      "product_memberships" : [
        "Stella"
      ],
      "sources" : [
        "Defaults/Defaults.swift",
        "Extensions/Array+Contains.swift",
        "Extensions/Array+Remove.swift",
        "Extensions/Array+Safe.swift",
        "Extensions/Array+Truncate.swift",
        "Extensions/Array+Unique.swift",
        "Extensions/Bundle+Versions.swift",
        "Extensions/CALayer+Shadow.swift",
        "Extensions/CGFloat+Radians.swift",
        "Extensions/UICollectionView+Reuse.swift",
        "Extensions/UIImage+Optional.swift",
        "Extensions/UIStackView+Remove.swift",
        "Extensions/UITableView+Reuse.swift",
        "Extensions/UIView+Constraints.swift",
        "Extensions/UIView+Nib.swift",
        "Extensions/UIView+Responder.swift",
        "Extensions/UIViewController+Child.swift",
        "Extensions/UIViewController+Storyboard.swift",
        "Extensions/UIViewController+TopMost.swift",
        "Extensions/URL+Optional.swift",
        "Keychain/Keychain.swift",
        "Localization/Localization.swift"
      ],
      "type" : "library"
    }
  ],
  "tools_version" : "5.0"
}
{
  "workspace" : {
    "name" : "Stella",
    "schemes" : [
      "Stella"
    ]
  }
}
2026-09-16 07:10:27.766 xcodebuild[680:4358] [MT] IDERunDestination: Supported platforms for the buildables in the current scheme is empty.
Running build ...
env DEVELOPER_DIR=/Applications/Xcode-27.0.0-Release.Candidate.app xcrun xcodebuild -IDEClonedSourcePackagesDirPathOverride=$PWD/.dependencies -skipMacroValidation -skipPackagePluginValidation -derivedDataPath $PWD/.derivedData build -scheme Stella -destination generic/platform=xrOS
Command line invocation:
    /Applications/Xcode-27.0.0-Release.Candidate.app/Contents/Developer/usr/bin/xcodebuild -IDEClonedSourcePackagesDirPathOverride=/Users/admin/builder/spi-builder-workspace/.dependencies -skipMacroValidation -skipPackagePluginValidation -derivedDataPath /Users/admin/builder/spi-builder-workspace/.derivedData build -scheme Stella -destination generic/platform=xrOS
Resolve Package Graph
Resolved source packages:
  Stella: /Users/admin/builder/spi-builder-workspace
ComputePackagePrebuildTargetDependencyGraph
Prepare packages
CreateBuildRequest
SendProjectDescription
CreateBuildOperation
ComputeTargetDependencyGraph
note: Building targets in dependency order
note: Target dependency graph (2 targets)
    Target 'Stella-product' in project 'Stella'
        ➜ Explicit dependency on target 'Stella' in project 'Stella'
    Target 'Stella' in project 'Stella' (no dependencies)
GatherProvisioningInputs
CreateBuildDescription
ExecuteExternalTool /Applications/Xcode-27.0.0-Release.Candidate.app/Contents/Developer/Toolchains/XcodeDefault.xctoolchain/usr/bin/clang -v -E -dM -isysroot /Applications/Xcode-27.0.0-Release.Candidate.app/Contents/Developer/Platforms/XROS.platform/Developer/SDKs/XROS27.0.sdk -x c -c /dev/null
ExecuteExternalTool /Applications/Xcode-27.0.0-Release.Candidate.app/Contents/Developer/Toolchains/XcodeDefault.xctoolchain/usr/bin/swiftc --version
ExecuteExternalTool /Applications/Xcode-27.0.0-Release.Candidate.app/Contents/Developer/Toolchains/XcodeDefault.xctoolchain/usr/bin/ld -version_details
Build description signature: a8aa5a8f496d6987dcd66adfa99c0a7d
Build description path: /Users/admin/builder/spi-builder-workspace/.derivedData/Build/Intermediates.noindex/XCBuildData/a8aa5a8f496d6987dcd66adfa99c0a7d.xcbuilddata
CreateBuildDirectory /Users/admin/builder/spi-builder-workspace/.derivedData/SDKExplicitPrecompiledModules
    cd /Users/admin/builder/spi-builder-workspace/.swiftpm/xcode
    builtin-create-build-directory /Users/admin/builder/spi-builder-workspace/.derivedData/SDKExplicitPrecompiledModules
CreateBuildDirectory /Users/admin/builder/spi-builder-workspace/.derivedData/ModuleCache.noindex
    cd /Users/admin/builder/spi-builder-workspace/.swiftpm/xcode
    builtin-create-build-directory /Users/admin/builder/spi-builder-workspace/.derivedData/ModuleCache.noindex
CreateBuildDirectory /Users/admin/builder/spi-builder-workspace/.derivedData/CompilationCache.noindex
    cd /Users/admin/builder/spi-builder-workspace/.swiftpm/xcode
    builtin-create-build-directory /Users/admin/builder/spi-builder-workspace/.derivedData/CompilationCache.noindex
CreateBuildDirectory /Users/admin/builder/spi-builder-workspace/.derivedData/Build/Products
    cd /Users/admin/builder/spi-builder-workspace/.swiftpm/xcode
    builtin-create-build-directory /Users/admin/builder/spi-builder-workspace/.derivedData/Build/Products
CreateBuildDirectory /Users/admin/builder/spi-builder-workspace/.derivedData/Build/Intermediates.noindex
    cd /Users/admin/builder/spi-builder-workspace/.swiftpm/xcode
    builtin-create-build-directory /Users/admin/builder/spi-builder-workspace/.derivedData/Build/Intermediates.noindex
ClangStatCache /Applications/Xcode-27.0.0-Release.Candidate.app/Contents/Developer/Toolchains/XcodeDefault.xctoolchain/usr/bin/clang-stat-cache /Applications/Xcode-27.0.0-Release.Candidate.app/Contents/Developer/Platforms/XROS.platform/Developer/SDKs/XROS27.0.sdk /Users/admin/builder/spi-builder-workspace/.derivedData/SDKStatCaches.noindex/xros27.0-24M361-e829b21a6f8c9b70876ba0858053c044735bd543db762f57723cac368afd1ce4.sdkstatcache
    cd /Users/admin/builder/spi-builder-workspace/.swiftpm/xcode
    /Applications/Xcode-27.0.0-Release.Candidate.app/Contents/Developer/Toolchains/XcodeDefault.xctoolchain/usr/bin/clang-stat-cache /Applications/Xcode-27.0.0-Release.Candidate.app/Contents/Developer/Platforms/XROS.platform/Developer/SDKs/XROS27.0.sdk -o /Users/admin/builder/spi-builder-workspace/.derivedData/SDKStatCaches.noindex/xros27.0-24M361-e829b21a6f8c9b70876ba0858053c044735bd543db762f57723cac368afd1ce4.sdkstatcache
CreateBuildDirectory /Users/admin/builder/spi-builder-workspace/.derivedData/Build/Products/Debug-xros
    cd /Users/admin/builder/spi-builder-workspace/.swiftpm/xcode
    builtin-create-build-directory /Users/admin/builder/spi-builder-workspace/.derivedData/Build/Products/Debug-xros
CreateBuildDirectory /Users/admin/builder/spi-builder-workspace/.derivedData/Build/Intermediates.noindex/SwiftExplicitPrecompiledModules
    cd /Users/admin/builder/spi-builder-workspace/.swiftpm/xcode
    builtin-create-build-directory /Users/admin/builder/spi-builder-workspace/.derivedData/Build/Intermediates.noindex/SwiftExplicitPrecompiledModules
CreateBuildDirectory /Users/admin/builder/spi-builder-workspace/.derivedData/Build/Intermediates.noindex/PrecompiledHeaders
    cd /Users/admin/builder/spi-builder-workspace/.swiftpm/xcode
    builtin-create-build-directory /Users/admin/builder/spi-builder-workspace/.derivedData/Build/Intermediates.noindex/PrecompiledHeaders
CreateBuildDirectory /Users/admin/builder/spi-builder-workspace/.derivedData/Build/Intermediates.noindex/ExplicitPrecompiledModules
    cd /Users/admin/builder/spi-builder-workspace/.swiftpm/xcode
    builtin-create-build-directory /Users/admin/builder/spi-builder-workspace/.derivedData/Build/Intermediates.noindex/ExplicitPrecompiledModules
CreateBuildDirectory /Users/admin/builder/spi-builder-workspace/.derivedData/Build/Intermediates.noindex/EagerLinkingTBDs/Debug-xros
    cd /Users/admin/builder/spi-builder-workspace/.swiftpm/xcode
    builtin-create-build-directory /Users/admin/builder/spi-builder-workspace/.derivedData/Build/Intermediates.noindex/EagerLinkingTBDs/Debug-xros
CreateBuildDirectory /Users/admin/builder/spi-builder-workspace/.derivedData/Build/Products/Debug-xros/PackageFrameworks
    cd /Users/admin/builder/spi-builder-workspace/.swiftpm/xcode
    builtin-create-build-directory /Users/admin/builder/spi-builder-workspace/.derivedData/Build/Products/Debug-xros/PackageFrameworks
WriteAuxiliaryFile /Users/admin/builder/spi-builder-workspace/.derivedData/Build/Intermediates.noindex/Stella.build/Debug-xros/Stella-t.build/Stella.modulemap (in target 'Stella' from project 'Stella')
    cd /Users/admin/builder/spi-builder-workspace
    write-file /Users/admin/builder/spi-builder-workspace/.derivedData/Build/Intermediates.noindex/Stella.build/Debug-xros/Stella-t.build/Stella.modulemap
WriteAuxiliaryFile /Users/admin/builder/spi-builder-workspace/.derivedData/Build/Intermediates.noindex/Stella.build/Debug-xros/Stella-t.build/Stella.DependencyMetadataFileList (in target 'Stella' from project 'Stella')
    cd /Users/admin/builder/spi-builder-workspace
    write-file /Users/admin/builder/spi-builder-workspace/.derivedData/Build/Intermediates.noindex/Stella.build/Debug-xros/Stella-t.build/Stella.DependencyMetadataFileList
WriteAuxiliaryFile /Users/admin/builder/spi-builder-workspace/.derivedData/Build/Intermediates.noindex/Stella.build/Debug-xros/Stella-t.build/Stella.DependencyStaticMetadataFileList (in target 'Stella' from project 'Stella')
    cd /Users/admin/builder/spi-builder-workspace
    write-file /Users/admin/builder/spi-builder-workspace/.derivedData/Build/Intermediates.noindex/Stella.build/Debug-xros/Stella-t.build/Stella.DependencyStaticMetadataFileList
WriteAuxiliaryFile /Users/admin/builder/spi-builder-workspace/.derivedData/Build/Intermediates.noindex/Stella.build/Debug-xros/Stella-t.build/Objects-normal/arm64/Stella_const_extract_protocols.json (in target 'Stella' from project 'Stella')
    cd /Users/admin/builder/spi-builder-workspace
    write-file /Users/admin/builder/spi-builder-workspace/.derivedData/Build/Intermediates.noindex/Stella.build/Debug-xros/Stella-t.build/Objects-normal/arm64/Stella_const_extract_protocols.json
WriteAuxiliaryFile /Users/admin/builder/spi-builder-workspace/.derivedData/Build/Intermediates.noindex/Stella.build/Debug-xros/Stella-t.build/Objects-normal/arm64/Stella.SwiftConstValuesFileList (in target 'Stella' from project 'Stella')
    cd /Users/admin/builder/spi-builder-workspace
    write-file /Users/admin/builder/spi-builder-workspace/.derivedData/Build/Intermediates.noindex/Stella.build/Debug-xros/Stella-t.build/Objects-normal/arm64/Stella.SwiftConstValuesFileList
WriteAuxiliaryFile /Users/admin/builder/spi-builder-workspace/.derivedData/Build/Intermediates.noindex/Stella.build/Debug-xros/Stella-t.build/Objects-normal/arm64/Stella.LinkFileList (in target 'Stella' from project 'Stella')
    cd /Users/admin/builder/spi-builder-workspace
    write-file /Users/admin/builder/spi-builder-workspace/.derivedData/Build/Intermediates.noindex/Stella.build/Debug-xros/Stella-t.build/Objects-normal/arm64/Stella.LinkFileList
WriteAuxiliaryFile /Users/admin/builder/spi-builder-workspace/.derivedData/Build/Intermediates.noindex/Stella.build/Debug-xros/Stella-t.build/Objects-normal/arm64/Stella.SwiftFileList (in target 'Stella' from project 'Stella')
    cd /Users/admin/builder/spi-builder-workspace
    write-file /Users/admin/builder/spi-builder-workspace/.derivedData/Build/Intermediates.noindex/Stella.build/Debug-xros/Stella-t.build/Objects-normal/arm64/Stella.SwiftFileList
WriteAuxiliaryFile /Users/admin/builder/spi-builder-workspace/.derivedData/Build/Intermediates.noindex/Stella.build/Debug-xros/Stella-t.build/Objects-normal/arm64/Stella-OutputFileMap.json (in target 'Stella' from project 'Stella')
    cd /Users/admin/builder/spi-builder-workspace
    write-file /Users/admin/builder/spi-builder-workspace/.derivedData/Build/Intermediates.noindex/Stella.build/Debug-xros/Stella-t.build/Objects-normal/arm64/Stella-OutputFileMap.json
Copy /Users/admin/builder/spi-builder-workspace/.derivedData/Build/Intermediates.noindex/GeneratedModuleMaps-xros/Stella.modulemap /Users/admin/builder/spi-builder-workspace/.derivedData/Build/Intermediates.noindex/Stella.build/Debug-xros/Stella-t.build/Stella.modulemap (in target 'Stella' from project 'Stella')
    cd /Users/admin/builder/spi-builder-workspace
    builtin-copy -exclude .DS_Store -exclude CVS -exclude .svn -exclude .git -exclude .hg -resolve-src-symlinks /Users/admin/builder/spi-builder-workspace/.derivedData/Build/Intermediates.noindex/Stella.build/Debug-xros/Stella-t.build/Stella.modulemap /Users/admin/builder/spi-builder-workspace/.derivedData/Build/Intermediates.noindex/GeneratedModuleMaps-xros
SwiftDriver Stella normal arm64 com.apple.xcode.tools.swift.compiler (in target 'Stella' from project 'Stella')
    cd /Users/admin/builder/spi-builder-workspace/.swiftpm/xcode
    builtin-SwiftDriver -- /Applications/Xcode-27.0.0-Release.Candidate.app/Contents/Developer/Toolchains/XcodeDefault.xctoolchain/usr/bin/swiftc -parse-as-library -module-name Stella -Onone @/Users/admin/builder/spi-builder-workspace/.derivedData/Build/Intermediates.noindex/Stella.build/Debug-xros/Stella-t.build/Objects-normal/arm64/Stella.SwiftFileList -DSWIFT_PACKAGE -DDEBUG -DSWIFT_MODULE_RESOURCE_BUNDLE_UNAVAILABLE -DXcode -plugin-path /Applications/Xcode-27.0.0-Release.Candidate.app/Contents/Developer/Toolchains/XcodeDefault.xctoolchain/usr/lib/swift/host/plugins/testing -enable-experimental-feature DebugDescriptionMacro -sdk /Applications/Xcode-27.0.0-Release.Candidate.app/Contents/Developer/Platforms/XROS.platform/Developer/SDKs/XROS27.0.sdk -target arm64-apple-xros1.0 -g -module-cache-path /Users/admin/builder/spi-builder-workspace/.derivedData/ModuleCache.noindex -Xfrontend -serialize-debugging-options -enable-testing -index-store-path /Users/admin/builder/spi-builder-workspace/.derivedData/Index.noindex/DataStore -Xcc -D_LIBCPP_HARDENING_MODE\=_LIBCPP_HARDENING_MODE_DEBUG -swift-version 4.2 -I /Users/admin/builder/spi-builder-workspace/.derivedData/Build/Products/Debug-xros -Isystem /Applications/Xcode-27.0.0-Release.Candidate.app/Contents/Developer/Platforms/XROS.platform/Developer/usr/lib -F /Users/admin/builder/spi-builder-workspace/.derivedData/Build/Products/Debug-xros -F /Applications/Xcode-27.0.0-Release.Candidate.app/Contents/Developer/Platforms/XROS.platform/Developer/Library/Frameworks -F /Applications/Xcode-27.0.0-Release.Candidate.app/Contents/Developer/Platforms/XROS.platform/Developer/SDKs/XROS27.0.sdk/Developer/Library/Frameworks -c -j10 -enable-batch-mode -incremental -Xcc -ivfsstatcache -Xcc /Users/admin/builder/spi-builder-workspace/.derivedData/SDKStatCaches.noindex/xros27.0-24M361-e829b21a6f8c9b70876ba0858053c044735bd543db762f57723cac368afd1ce4.sdkstatcache -output-file-map /Users/admin/builder/spi-builder-workspace/.derivedData/Build/Intermediates.noindex/Stella.build/Debug-xros/Stella-t.build/Objects-normal/arm64/Stella-OutputFileMap.json -save-temps -no-color-diagnostics -emit-dependencies -emit-module -emit-module-path /Users/admin/builder/spi-builder-workspace/.derivedData/Build/Intermediates.noindex/Stella.build/Debug-xros/Stella-t.build/Objects-normal/arm64/Stella.swiftmodule -serialize-diagnostics -validate-clang-modules-once -clang-build-session-file /Users/admin/builder/spi-builder-workspace/.derivedData/ModuleCache.noindex/Session.modulevalidation -Xcc -fmodules-prune-interval\=86400 -Xcc -fmodules-prune-after\=345600 -emit-const-values -const-gather-protocols-list /Users/admin/builder/spi-builder-workspace/.derivedData/Build/Intermediates.noindex/Stella.build/Debug-xros/Stella-t.build/Objects-normal/arm64/Stella_const_extract_protocols.json -Xcc -I/Users/admin/builder/spi-builder-workspace/.derivedData/Build/Products/Debug-xros/include -Xcc -I/Users/admin/builder/spi-builder-workspace/.derivedData/Build/Intermediates.noindex/Stella.build/Debug-xros/Stella-t.build/DerivedSources-normal/arm64 -Xcc -I/Users/admin/builder/spi-builder-workspace/.derivedData/Build/Intermediates.noindex/Stella.build/Debug-xros/Stella-t.build/DerivedSources/arm64 -Xcc -I/Users/admin/builder/spi-builder-workspace/.derivedData/Build/Intermediates.noindex/Stella.build/Debug-xros/Stella-t.build/DerivedSources -Xcc -DSWIFT_PACKAGE -Xcc -DDEBUG\=1 -emit-objc-header -emit-objc-header-path /Users/admin/builder/spi-builder-workspace/.derivedData/Build/Intermediates.noindex/Stella.build/Debug-xros/Stella-t.build/Objects-normal/arm64/Stella-Swift.h -working-directory /Users/admin/builder/spi-builder-workspace/.swiftpm/xcode -experimental-emit-module-separately -disable-cmo
SwiftCompile normal arm64 Compiling\ Bundle+Versions.swift,\ CALayer+Shadow.swift /Users/admin/builder/spi-builder-workspace/Sources/Extensions/Bundle+Versions.swift /Users/admin/builder/spi-builder-workspace/Sources/Extensions/CALayer+Shadow.swift (in target 'Stella' from project 'Stella')
SwiftCompile normal arm64 /Users/admin/builder/spi-builder-workspace/Sources/Extensions/Bundle+Versions.swift (in target 'Stella' from project 'Stella')
    cd /Users/admin/builder/spi-builder-workspace/.swiftpm/xcode
    builtin-SwiftPerFileCompile Bundle+Versions.swift
SwiftCompile normal arm64 /Users/admin/builder/spi-builder-workspace/Sources/Extensions/CALayer+Shadow.swift (in target 'Stella' from project 'Stella')
    cd /Users/admin/builder/spi-builder-workspace/.swiftpm/xcode
    builtin-SwiftPerFileCompile CALayer+Shadow.swift
SwiftCompile normal arm64 Compiling\ Array+Safe.swift,\ Array+Truncate.swift,\ Array+Unique.swift /Users/admin/builder/spi-builder-workspace/Sources/Extensions/Array+Safe.swift /Users/admin/builder/spi-builder-workspace/Sources/Extensions/Array+Truncate.swift /Users/admin/builder/spi-builder-workspace/Sources/Extensions/Array+Unique.swift (in target 'Stella' from project 'Stella')
SwiftCompile normal arm64 /Users/admin/builder/spi-builder-workspace/Sources/Extensions/Array+Safe.swift (in target 'Stella' from project 'Stella')
    cd /Users/admin/builder/spi-builder-workspace/.swiftpm/xcode
    builtin-SwiftPerFileCompile Array+Safe.swift
SwiftCompile normal arm64 /Users/admin/builder/spi-builder-workspace/Sources/Extensions/Array+Truncate.swift (in target 'Stella' from project 'Stella')
    cd /Users/admin/builder/spi-builder-workspace/.swiftpm/xcode
    builtin-SwiftPerFileCompile Array+Truncate.swift
SwiftCompile normal arm64 /Users/admin/builder/spi-builder-workspace/Sources/Extensions/Array+Unique.swift (in target 'Stella' from project 'Stella')
    cd /Users/admin/builder/spi-builder-workspace/.swiftpm/xcode
    builtin-SwiftPerFileCompile Array+Unique.swift
SwiftCompile normal arm64 Compiling\ Defaults.swift,\ Array+Contains.swift,\ Array+Remove.swift /Users/admin/builder/spi-builder-workspace/Sources/Defaults/Defaults.swift /Users/admin/builder/spi-builder-workspace/Sources/Extensions/Array+Contains.swift /Users/admin/builder/spi-builder-workspace/Sources/Extensions/Array+Remove.swift (in target 'Stella' from project 'Stella')
SwiftCompile normal arm64 /Users/admin/builder/spi-builder-workspace/Sources/Defaults/Defaults.swift (in target 'Stella' from project 'Stella')
    cd /Users/admin/builder/spi-builder-workspace/.swiftpm/xcode
    builtin-SwiftPerFileCompile Defaults.swift
SwiftCompile normal arm64 /Users/admin/builder/spi-builder-workspace/Sources/Extensions/Array+Contains.swift (in target 'Stella' from project 'Stella')
    cd /Users/admin/builder/spi-builder-workspace/.swiftpm/xcode
    builtin-SwiftPerFileCompile Array+Contains.swift
SwiftCompile normal arm64 /Users/admin/builder/spi-builder-workspace/Sources/Extensions/Array+Remove.swift (in target 'Stella' from project 'Stella')
    cd /Users/admin/builder/spi-builder-workspace/.swiftpm/xcode
    builtin-SwiftPerFileCompile Array+Remove.swift
SwiftCompile normal arm64 Compiling\ UIImage+Optional.swift,\ UIStackView+Remove.swift /Users/admin/builder/spi-builder-workspace/Sources/Extensions/UIImage+Optional.swift /Users/admin/builder/spi-builder-workspace/Sources/Extensions/UIStackView+Remove.swift (in target 'Stella' from project 'Stella')
SwiftCompile normal arm64 /Users/admin/builder/spi-builder-workspace/Sources/Extensions/UIImage+Optional.swift (in target 'Stella' from project 'Stella')
    cd /Users/admin/builder/spi-builder-workspace/.swiftpm/xcode
    builtin-SwiftPerFileCompile UIImage+Optional.swift
SwiftCompile normal arm64 /Users/admin/builder/spi-builder-workspace/Sources/Extensions/UIStackView+Remove.swift (in target 'Stella' from project 'Stella')
    cd /Users/admin/builder/spi-builder-workspace/.swiftpm/xcode
    builtin-SwiftPerFileCompile UIStackView+Remove.swift
SwiftCompile normal arm64 Compiling\ CGFloat+Radians.swift,\ UICollectionView+Reuse.swift /Users/admin/builder/spi-builder-workspace/Sources/Extensions/CGFloat+Radians.swift /Users/admin/builder/spi-builder-workspace/Sources/Extensions/UICollectionView+Reuse.swift (in target 'Stella' from project 'Stella')
/Users/admin/builder/spi-builder-workspace/Sources/Extensions/UICollectionView+Reuse.swift:35:9: warning: 'register(_:forCellWithReuseIdentifier:)' was deprecated in visionOS 1.0: Loading Interface Builder products will not be supported in a future version of visionOS. [#DeprecatedDeclaration]
33 |     /// Register a cell class with the same name as a reusable cell.
34 |     public func register<T: UICollectionViewCell>(class classType: T.Type) {
35 |         register(classType.nib, forCellWithReuseIdentifier: classType.reuseIdentifier)
   |         `- warning: 'register(_:forCellWithReuseIdentifier:)' was deprecated in visionOS 1.0: Loading Interface Builder products will not be supported in a future version of visionOS. [#DeprecatedDeclaration]
36 |     }
37 |
SwiftCompile normal arm64 /Users/admin/builder/spi-builder-workspace/Sources/Extensions/CGFloat+Radians.swift (in target 'Stella' from project 'Stella')
    cd /Users/admin/builder/spi-builder-workspace/.swiftpm/xcode
    builtin-SwiftPerFileCompile CGFloat+Radians.swift
SwiftCompile normal arm64 /Users/admin/builder/spi-builder-workspace/Sources/Extensions/UICollectionView+Reuse.swift (in target 'Stella' from project 'Stella')
    cd /Users/admin/builder/spi-builder-workspace/.swiftpm/xcode
    builtin-SwiftPerFileCompile UICollectionView+Reuse.swift
SwiftCompile normal arm64 Compiling\ UITableView+Reuse.swift,\ UIView+Constraints.swift /Users/admin/builder/spi-builder-workspace/Sources/Extensions/UITableView+Reuse.swift /Users/admin/builder/spi-builder-workspace/Sources/Extensions/UIView+Constraints.swift (in target 'Stella' from project 'Stella')
/Users/admin/builder/spi-builder-workspace/Sources/Extensions/UITableView+Reuse.swift:16:9: warning: 'register(_:forCellReuseIdentifier:)' was deprecated in visionOS 1.0: Loading Interface Builder products will not be supported in a future version of visionOS. [#DeprecatedDeclaration]
14 |     /// Register a cell class with the same name as a reusable cell.
15 |     public func register<T: UITableViewCell>(class classType: T.Type) {
16 |         register(classType.nib, forCellReuseIdentifier: T.reuseIdentifier)
   |         `- warning: 'register(_:forCellReuseIdentifier:)' was deprecated in visionOS 1.0: Loading Interface Builder products will not be supported in a future version of visionOS. [#DeprecatedDeclaration]
17 |     }
18 |
SwiftCompile normal arm64 /Users/admin/builder/spi-builder-workspace/Sources/Extensions/UITableView+Reuse.swift (in target 'Stella' from project 'Stella')
    cd /Users/admin/builder/spi-builder-workspace/.swiftpm/xcode
    builtin-SwiftPerFileCompile UITableView+Reuse.swift
SwiftCompile normal arm64 /Users/admin/builder/spi-builder-workspace/Sources/Extensions/UIView+Constraints.swift (in target 'Stella' from project 'Stella')
    cd /Users/admin/builder/spi-builder-workspace/.swiftpm/xcode
    builtin-SwiftPerFileCompile UIView+Constraints.swift
SwiftCompile normal arm64 Compiling\ UIViewController+Child.swift,\ UIViewController+Storyboard.swift /Users/admin/builder/spi-builder-workspace/Sources/Extensions/UIViewController+Child.swift /Users/admin/builder/spi-builder-workspace/Sources/Extensions/UIViewController+Storyboard.swift (in target 'Stella' from project 'Stella')
SwiftCompile normal arm64 /Users/admin/builder/spi-builder-workspace/Sources/Extensions/UIViewController+Child.swift (in target 'Stella' from project 'Stella')
    cd /Users/admin/builder/spi-builder-workspace/.swiftpm/xcode
    builtin-SwiftPerFileCompile UIViewController+Child.swift
SwiftCompile normal arm64 /Users/admin/builder/spi-builder-workspace/Sources/Extensions/UIViewController+Storyboard.swift (in target 'Stella' from project 'Stella')
    cd /Users/admin/builder/spi-builder-workspace/.swiftpm/xcode
    builtin-SwiftPerFileCompile UIViewController+Storyboard.swift
SwiftEmitModule normal arm64 Emitting\ module\ for\ Stella (in target 'Stella' from project 'Stella')
/Users/admin/builder/spi-builder-workspace/Sources/Extensions/UIView+Nib.swift:22:27: warning: 'UINib' was deprecated in visionOS 1.0: Loading Interface Builder products will not be supported in a future version of visionOS. [#DeprecatedDeclaration]
20 |
21 |     /// Return the nib matching the class name of the view.
22 |     public class var nib: UINib {
   |                           `- warning: 'UINib' was deprecated in visionOS 1.0: Loading Interface Builder products will not be supported in a future version of visionOS. [#DeprecatedDeclaration]
23 |         return UINib(nibName: nibName, bundle: Bundle(for: self))
24 |     }
[#DeprecatedDeclaration]: <https://docs.swift.org/compiler/documentation/diagnostics/deprecated-declaration>
SwiftCompile normal arm64 (in target 'Stella' from project 'Stella')
    cd /Users/admin/builder/spi-builder-workspace/.swiftpm/xcode

SwiftCompile normal arm64 Compiling\ UIView+Nib.swift,\ UIView+Responder.swift /Users/admin/builder/spi-builder-workspace/Sources/Extensions/UIView+Nib.swift /Users/admin/builder/spi-builder-workspace/Sources/Extensions/UIView+Responder.swift (in target 'Stella' from project 'Stella')
/Users/admin/builder/spi-builder-workspace/Sources/Extensions/UIView+Nib.swift:22:27: warning: 'UINib' was deprecated in visionOS 1.0: Loading Interface Builder products will not be supported in a future version of visionOS. [#DeprecatedDeclaration]
20 |
21 |     /// Return the nib matching the class name of the view.
22 |     public class var nib: UINib {
   |                           `- warning: 'UINib' was deprecated in visionOS 1.0: Loading Interface Builder products will not be supported in a future version of visionOS. [#DeprecatedDeclaration]
23 |         return UINib(nibName: nibName, bundle: Bundle(for: self))
24 |     }
SwiftCompile normal arm64 /Users/admin/builder/spi-builder-workspace/Sources/Extensions/UIView+Nib.swift (in target 'Stella' from project 'Stella')
    cd /Users/admin/builder/spi-builder-workspace/.swiftpm/xcode
    builtin-SwiftPerFileCompile UIView+Nib.swift
SwiftCompile normal arm64 /Users/admin/builder/spi-builder-workspace/Sources/Extensions/UIView+Responder.swift (in target 'Stella' from project 'Stella')
    cd /Users/admin/builder/spi-builder-workspace/.swiftpm/xcode
    builtin-SwiftPerFileCompile UIView+Responder.swift
SwiftCompile normal arm64 Compiling\ UIViewController+TopMost.swift,\ URL+Optional.swift /Users/admin/builder/spi-builder-workspace/Sources/Extensions/UIViewController+TopMost.swift /Users/admin/builder/spi-builder-workspace/Sources/Extensions/URL+Optional.swift (in target 'Stella' from project 'Stella')
SwiftCompile normal arm64 /Users/admin/builder/spi-builder-workspace/Sources/Extensions/UIViewController+TopMost.swift (in target 'Stella' from project 'Stella')
    cd /Users/admin/builder/spi-builder-workspace/.swiftpm/xcode
    builtin-SwiftPerFileCompile UIViewController+TopMost.swift
SwiftCompile normal arm64 /Users/admin/builder/spi-builder-workspace/Sources/Extensions/URL+Optional.swift (in target 'Stella' from project 'Stella')
    cd /Users/admin/builder/spi-builder-workspace/.swiftpm/xcode
    builtin-SwiftPerFileCompile URL+Optional.swift
SwiftCompile normal arm64 Compiling\ Keychain.swift,\ Localization.swift /Users/admin/builder/spi-builder-workspace/Sources/Keychain/Keychain.swift /Users/admin/builder/spi-builder-workspace/Sources/Localization/Localization.swift (in target 'Stella' from project 'Stella')
/Users/admin/builder/spi-builder-workspace/Sources/Keychain/Keychain.swift:159:37: error: cannot assign value of type 'T??' to type 'T?'
157 |     subscript<T: Codable>(key: Key<String?>) -> T? {
158 |         get {
159 |             if let result: T = try? stored(for: key.key, additionalQuery: key.additionalQuery) {
    |                                     |- error: cannot assign value of type 'T??' to type 'T?'
    |                                     `- note: arguments to generic parameter 'Wrapped' ('T?' and 'T') are expected to be equal
160 |                 return result
161 |             }
/Users/admin/builder/spi-builder-workspace/Sources/Keychain/Keychain.swift:159:37: error: generic parameter 'T' could not be inferred
 57 |     }
 58 |
 59 |     fileprivate func stored<T: Decodable>(for key: String, additionalQuery: [String: AnyObject]?) throws -> T? {
    |                      `- note: in call to function 'stored(for:additionalQuery:)'
 60 |         guard let data = data(for: key, additionalQuery: additionalQuery) else { return nil }
 61 |         return try JSONDecoder().decode(T.self, from: data)
    :
157 |     subscript<T: Codable>(key: Key<String?>) -> T? {
158 |         get {
159 |             if let result: T = try? stored(for: key.key, additionalQuery: key.additionalQuery) {
    |                                     `- error: generic parameter 'T' could not be inferred
160 |                 return result
161 |             }
Failed frontend command:
/Applications/Xcode-27.0.0-Release.Candidate.app/Contents/Developer/Toolchains/XcodeDefault.xctoolchain/usr/bin/swift-frontend -frontend -c /Users/admin/builder/spi-builder-workspace/Sources/Defaults/Defaults.swift /Users/admin/builder/spi-builder-workspace/Sources/Extensions/Array+Contains.swift /Users/admin/builder/spi-builder-workspace/Sources/Extensions/Array+Remove.swift /Users/admin/builder/spi-builder-workspace/Sources/Extensions/Array+Safe.swift /Users/admin/builder/spi-builder-workspace/Sources/Extensions/Array+Truncate.swift /Users/admin/builder/spi-builder-workspace/Sources/Extensions/Array+Unique.swift /Users/admin/builder/spi-builder-workspace/Sources/Extensions/Bundle+Versions.swift /Users/admin/builder/spi-builder-workspace/Sources/Extensions/CALayer+Shadow.swift /Users/admin/builder/spi-builder-workspace/Sources/Extensions/CGFloat+Radians.swift /Users/admin/builder/spi-builder-workspace/Sources/Extensions/UICollectionView+Reuse.swift /Users/admin/builder/spi-builder-workspace/Sources/Extensions/UIImage+Optional.swift /Users/admin/builder/spi-builder-workspace/Sources/Extensions/UIStackView+Remove.swift /Users/admin/builder/spi-builder-workspace/Sources/Extensions/UITableView+Reuse.swift /Users/admin/builder/spi-builder-workspace/Sources/Extensions/UIView+Constraints.swift /Users/admin/builder/spi-builder-workspace/Sources/Extensions/UIView+Nib.swift /Users/admin/builder/spi-builder-workspace/Sources/Extensions/UIView+Responder.swift /Users/admin/builder/spi-builder-workspace/Sources/Extensions/UIViewController+Child.swift /Users/admin/builder/spi-builder-workspace/Sources/Extensions/UIViewController+Storyboard.swift /Users/admin/builder/spi-builder-workspace/Sources/Extensions/UIViewController+TopMost.swift /Users/admin/builder/spi-builder-workspace/Sources/Extensions/URL+Optional.swift -primary-file /Users/admin/builder/spi-builder-workspace/Sources/Keychain/Keychain.swift -primary-file /Users/admin/builder/spi-builder-workspace/Sources/Localization/Localization.swift -emit-dependencies-path /Users/admin/builder/spi-builder-workspace/.derivedData/Build/Intermediates.noindex/Stella.build/Debug-xros/Stella-t.build/Objects-normal/arm64/Keychain.d -emit-const-values-path /Users/admin/builder/spi-builder-workspace/.derivedData/Build/Intermediates.noindex/Stella.build/Debug-xros/Stella-t.build/Objects-normal/arm64/Keychain.swiftconstvalues -emit-reference-dependencies-path /Users/admin/builder/spi-builder-workspace/.derivedData/Build/Intermediates.noindex/Stella.build/Debug-xros/Stella-t.build/Objects-normal/arm64/Keychain.swiftdeps -serialize-diagnostics-path /Users/admin/builder/spi-builder-workspace/.derivedData/Build/Intermediates.noindex/Stella.build/Debug-xros/Stella-t.build/Objects-normal/arm64/Keychain.dia -emit-dependencies-path /Users/admin/builder/spi-builder-workspace/.derivedData/Build/Intermediates.noindex/Stella.build/Debug-xros/Stella-t.build/Objects-normal/arm64/Localization.d -emit-const-values-path /Users/admin/builder/spi-builder-workspace/.derivedData/Build/Intermediates.noindex/Stella.build/Debug-xros/Stella-t.build/Objects-normal/arm64/Localization.swiftconstvalues -emit-reference-dependencies-path /Users/admin/builder/spi-builder-workspace/.derivedData/Build/Intermediates.noindex/Stella.build/Debug-xros/Stella-t.build/Objects-normal/arm64/Localization.swiftdeps -serialize-diagnostics-path /Users/admin/builder/spi-builder-workspace/.derivedData/Build/Intermediates.noindex/Stella.build/Debug-xros/Stella-t.build/Objects-normal/arm64/Localization.dia -target arm64-apple-xros1.0 -Xllvm -aarch64-use-tbi -enable-objc-interop -stack-check -sdk /Applications/Xcode-27.0.0-Release.Candidate.app/Contents/Developer/Platforms/XROS.platform/Developer/SDKs/XROS27.0.sdk -I /Users/admin/builder/spi-builder-workspace/.derivedData/Build/Products/Debug-xros -Isystem /Applications/Xcode-27.0.0-Release.Candidate.app/Contents/Developer/Platforms/XROS.platform/Developer/usr/lib -F /Users/admin/builder/spi-builder-workspace/.derivedData/Build/Products/Debug-xros -F /Applications/Xcode-27.0.0-Release.Candidate.app/Contents/Developer/Platforms/XROS.platform/Developer/Library/Frameworks -F /Applications/Xcode-27.0.0-Release.Candidate.app/Contents/Developer/Platforms/XROS.platform/Developer/SDKs/XROS27.0.sdk/Developer/Library/Frameworks -module-cache-path /Users/admin/builder/spi-builder-workspace/.derivedData/ModuleCache.noindex -no-color-diagnostics -Xcc -fno-color-diagnostics -enable-testing -g -debug-info-format\=dwarf -dwarf-version\=4 -swift-version 4.2 -Onone -D SWIFT_PACKAGE -D DEBUG -D SWIFT_MODULE_RESOURCE_BUNDLE_UNAVAILABLE -D Xcode -serialize-debugging-options -enable-experimental-feature DebugDescriptionMacro -empty-abi-descriptor -plugin-path /Applications/Xcode-27.0.0-Release.Candidate.app/Contents/Developer/Toolchains/XcodeDefault.xctoolchain/usr/lib/swift/host/plugins/testing -validate-clang-modules-once -clang-build-session-file /Users/admin/builder/spi-builder-workspace/.derivedData/ModuleCache.noindex/Session.modulevalidation -Xcc -working-directory -Xcc /Users/admin/builder/spi-builder-workspace/.swiftpm/xcode -enable-anonymous-context-mangled-names -file-compilation-dir /Users/admin/builder/spi-builder-workspace/.swiftpm/xcode -Xcc -D_LIBCPP_HARDENING_MODE\=_LIBCPP_HARDENING_MODE_DEBUG -Xcc -ivfsstatcache -Xcc /Users/admin/builder/spi-builder-workspace/.derivedData/SDKStatCaches.noindex/xros27.0-24M361-e829b21a6f8c9b70876ba0858053c044735bd543db762f57723cac368afd1ce4.sdkstatcache -Xcc -fmodules-prune-interval\=86400 -Xcc -fmodules-prune-after\=345600 -Xcc -I/Users/admin/builder/spi-builder-workspace/.derivedData/Build/Products/Debug-xros/include -Xcc -I/Users/admin/builder/spi-builder-workspace/.derivedData/Build/Intermediates.noindex/Stella.build/Debug-xros/Stella-t.build/DerivedSources-normal/arm64 -Xcc -I/Users/admin/builder/spi-builder-workspace/.derivedData/Build/Intermediates.noindex/Stella.build/Debug-xros/Stella-t.build/DerivedSources/arm64 -Xcc -I/Users/admin/builder/spi-builder-workspace/.derivedData/Build/Intermediates.noindex/Stella.build/Debug-xros/Stella-t.build/DerivedSources -Xcc -DSWIFT_PACKAGE -Xcc -DDEBUG\=1 -no-auto-bridging-header-chaining -module-name Stella -const-gather-protocols-file /Users/admin/builder/spi-builder-workspace/.derivedData/Build/Intermediates.noindex/Stella.build/Debug-xros/Stella-t.build/Objects-normal/arm64/Stella_const_extract_protocols.json -disable-clang-spi -target-sdk-version 27.0 -target-sdk-name xros27.0 -external-plugin-path /Applications/Xcode-27.0.0-Release.Candidate.app/Contents/Developer/Platforms/XROS.platform/Developer/usr/lib/swift/host/plugins\#/Applications/Xcode-27.0.0-Release.Candidate.app/Contents/Developer/Platforms/XROS.platform/Developer/usr/bin/swift-plugin-server -external-plugin-path /Applications/Xcode-27.0.0-Release.Candidate.app/Contents/Developer/Platforms/XROS.platform/Developer/usr/local/lib/swift/host/plugins\#/Applications/Xcode-27.0.0-Release.Candidate.app/Contents/Developer/Platforms/XROS.platform/Developer/usr/bin/swift-plugin-server -in-process-plugin-server-path /Applications/Xcode-27.0.0-Release.Candidate.app/Contents/Developer/Toolchains/XcodeDefault.xctoolchain/usr/lib/swift/host/libSwiftInProcPluginServer.dylib -plugin-path /Applications/Xcode-27.0.0-Release.Candidate.app/Contents/Developer/Toolchains/XcodeDefault.xctoolchain/usr/lib/swift/host/plugins -plugin-path /Applications/Xcode-27.0.0-Release.Candidate.app/Contents/Developer/Toolchains/XcodeDefault.xctoolchain/usr/local/lib/swift/host/plugins -parse-as-library -o /Users/admin/builder/spi-builder-workspace/.derivedData/Build/Intermediates.noindex/Stella.build/Debug-xros/Stella-t.build/Objects-normal/arm64/Keychain.o -o /Users/admin/builder/spi-builder-workspace/.derivedData/Build/Intermediates.noindex/Stella.build/Debug-xros/Stella-t.build/Objects-normal/arm64/Localization.o -index-unit-output-path /Stella.build/Debug-xros/Stella-t.build/Objects-normal/arm64/Keychain.o -index-unit-output-path /Stella.build/Debug-xros/Stella-t.build/Objects-normal/arm64/Localization.o -index-store-path /Users/admin/builder/spi-builder-workspace/.derivedData/Index.noindex/DataStore -index-system-modules
SwiftCompile normal arm64 /Users/admin/builder/spi-builder-workspace/Sources/Keychain/Keychain.swift (in target 'Stella' from project 'Stella')
    cd /Users/admin/builder/spi-builder-workspace/.swiftpm/xcode
    builtin-SwiftPerFileCompile Keychain.swift
SwiftCompile normal arm64 /Users/admin/builder/spi-builder-workspace/Sources/Localization/Localization.swift (in target 'Stella' from project 'Stella')
    cd /Users/admin/builder/spi-builder-workspace/.swiftpm/xcode
    builtin-SwiftPerFileCompile Localization.swift
SwiftDriverJobDiscovery normal arm64 Emitting module for Stella (in target 'Stella' from project 'Stella')
SwiftDriver\ Compilation\ Requirements Stella normal arm64 com.apple.xcode.tools.swift.compiler (in target 'Stella' from project 'Stella')
    cd /Users/admin/builder/spi-builder-workspace/.swiftpm/xcode
    builtin-Swift-Compilation-Requirements -- /Applications/Xcode-27.0.0-Release.Candidate.app/Contents/Developer/Toolchains/XcodeDefault.xctoolchain/usr/bin/swiftc -parse-as-library -module-name Stella -Onone @/Users/admin/builder/spi-builder-workspace/.derivedData/Build/Intermediates.noindex/Stella.build/Debug-xros/Stella-t.build/Objects-normal/arm64/Stella.SwiftFileList -DSWIFT_PACKAGE -DDEBUG -DSWIFT_MODULE_RESOURCE_BUNDLE_UNAVAILABLE -DXcode -plugin-path /Applications/Xcode-27.0.0-Release.Candidate.app/Contents/Developer/Toolchains/XcodeDefault.xctoolchain/usr/lib/swift/host/plugins/testing -enable-experimental-feature DebugDescriptionMacro -sdk /Applications/Xcode-27.0.0-Release.Candidate.app/Contents/Developer/Platforms/XROS.platform/Developer/SDKs/XROS27.0.sdk -target arm64-apple-xros1.0 -g -module-cache-path /Users/admin/builder/spi-builder-workspace/.derivedData/ModuleCache.noindex -Xfrontend -serialize-debugging-options -enable-testing -index-store-path /Users/admin/builder/spi-builder-workspace/.derivedData/Index.noindex/DataStore -Xcc -D_LIBCPP_HARDENING_MODE\=_LIBCPP_HARDENING_MODE_DEBUG -swift-version 4.2 -I /Users/admin/builder/spi-builder-workspace/.derivedData/Build/Products/Debug-xros -Isystem /Applications/Xcode-27.0.0-Release.Candidate.app/Contents/Developer/Platforms/XROS.platform/Developer/usr/lib -F /Users/admin/builder/spi-builder-workspace/.derivedData/Build/Products/Debug-xros -F /Applications/Xcode-27.0.0-Release.Candidate.app/Contents/Developer/Platforms/XROS.platform/Developer/Library/Frameworks -F /Applications/Xcode-27.0.0-Release.Candidate.app/Contents/Developer/Platforms/XROS.platform/Developer/SDKs/XROS27.0.sdk/Developer/Library/Frameworks -c -j10 -enable-batch-mode -incremental -Xcc -ivfsstatcache -Xcc /Users/admin/builder/spi-builder-workspace/.derivedData/SDKStatCaches.noindex/xros27.0-24M361-e829b21a6f8c9b70876ba0858053c044735bd543db762f57723cac368afd1ce4.sdkstatcache -output-file-map /Users/admin/builder/spi-builder-workspace/.derivedData/Build/Intermediates.noindex/Stella.build/Debug-xros/Stella-t.build/Objects-normal/arm64/Stella-OutputFileMap.json -save-temps -no-color-diagnostics -emit-dependencies -emit-module -emit-module-path /Users/admin/builder/spi-builder-workspace/.derivedData/Build/Intermediates.noindex/Stella.build/Debug-xros/Stella-t.build/Objects-normal/arm64/Stella.swiftmodule -serialize-diagnostics -validate-clang-modules-once -clang-build-session-file /Users/admin/builder/spi-builder-workspace/.derivedData/ModuleCache.noindex/Session.modulevalidation -Xcc -fmodules-prune-interval\=86400 -Xcc -fmodules-prune-after\=345600 -emit-const-values -const-gather-protocols-list /Users/admin/builder/spi-builder-workspace/.derivedData/Build/Intermediates.noindex/Stella.build/Debug-xros/Stella-t.build/Objects-normal/arm64/Stella_const_extract_protocols.json -Xcc -I/Users/admin/builder/spi-builder-workspace/.derivedData/Build/Products/Debug-xros/include -Xcc -I/Users/admin/builder/spi-builder-workspace/.derivedData/Build/Intermediates.noindex/Stella.build/Debug-xros/Stella-t.build/DerivedSources-normal/arm64 -Xcc -I/Users/admin/builder/spi-builder-workspace/.derivedData/Build/Intermediates.noindex/Stella.build/Debug-xros/Stella-t.build/DerivedSources/arm64 -Xcc -I/Users/admin/builder/spi-builder-workspace/.derivedData/Build/Intermediates.noindex/Stella.build/Debug-xros/Stella-t.build/DerivedSources -Xcc -DSWIFT_PACKAGE -Xcc -DDEBUG\=1 -emit-objc-header -emit-objc-header-path /Users/admin/builder/spi-builder-workspace/.derivedData/Build/Intermediates.noindex/Stella.build/Debug-xros/Stella-t.build/Objects-normal/arm64/Stella-Swift.h -working-directory /Users/admin/builder/spi-builder-workspace/.swiftpm/xcode -experimental-emit-module-separately -disable-cmo
PruneExplicitPrecompiledModules /Users/admin/builder/spi-builder-workspace/.derivedData/Build/Intermediates.noindex/ExplicitPrecompiledModules
PruneExplicitPrecompiledModules /Users/admin/builder/spi-builder-workspace/.derivedData/Build/Intermediates.noindex/SwiftExplicitPrecompiledModules
PruneExplicitPrecompiledModules /Users/admin/builder/spi-builder-workspace/.derivedData/SDKExplicitPrecompiledModules
2026-09-16 07:10:29.315 xcodebuild[681:4398] [MT] IDERunDestination: Supported platforms for the buildables in the current scheme is empty.
** BUILD FAILED **
The following build commands failed:
	SwiftCompile normal arm64 Compiling\ Keychain.swift,\ Localization.swift /Users/admin/builder/spi-builder-workspace/Sources/Keychain/Keychain.swift /Users/admin/builder/spi-builder-workspace/Sources/Localization/Localization.swift (in target 'Stella' from project 'Stella')
	SwiftCompile normal arm64 /Users/admin/builder/spi-builder-workspace/Sources/Keychain/Keychain.swift (in target 'Stella' from project 'Stella')
	Building workspace Stella with scheme Stella
(3 failures)
Command line invocation:
    /Applications/Xcode-27.0.0-Release.Candidate.app/Contents/Developer/usr/bin/xcodebuild -IDEClonedSourcePackagesDirPathOverride=/Users/admin/builder/spi-builder-workspace/.dependencies -resolvePackageDependencies
Resolve Package Graph
Resolved source packages:
  Stella: /Users/admin/builder/spi-builder-workspace
resolved source packages: Stella
2026-09-16 07:10:37.949 xcodebuild[716:4691] [MT] IDERunDestination: Supported platforms for the buildables in the current scheme is empty.
{
  "dependencies" : [
  ],
  "manifest_display_name" : "Stella",
  "name" : "Stella",
  "path" : "/Users/admin/builder/spi-builder-workspace",
  "platforms" : [
    {
      "name" : "macos",
      "version" : "10.10"
    },
    {
      "name" : "ios",
      "version" : "9.0"
    },
    {
      "name" : "tvos",
      "version" : "9.0"
    }
  ],
  "products" : [
    {
      "name" : "Stella",
      "targets" : [
        "Stella"
      ],
      "type" : {
        "library" : [
          "automatic"
        ]
      }
    }
  ],
  "swift_languages_versions" : [
    "4.2"
  ],
  "targets" : [
    {
      "c99name" : "Stella",
      "module_type" : "SwiftTarget",
      "name" : "Stella",
      "path" : "Sources",
      "product_memberships" : [
        "Stella"
      ],
      "sources" : [
        "Defaults/Defaults.swift",
        "Extensions/Array+Contains.swift",
        "Extensions/Array+Remove.swift",
        "Extensions/Array+Safe.swift",
        "Extensions/Array+Truncate.swift",
        "Extensions/Array+Unique.swift",
        "Extensions/Bundle+Versions.swift",
        "Extensions/CALayer+Shadow.swift",
        "Extensions/CGFloat+Radians.swift",
        "Extensions/UICollectionView+Reuse.swift",
        "Extensions/UIImage+Optional.swift",
        "Extensions/UIStackView+Remove.swift",
        "Extensions/UITableView+Reuse.swift",
        "Extensions/UIView+Constraints.swift",
        "Extensions/UIView+Nib.swift",
        "Extensions/UIView+Responder.swift",
        "Extensions/UIViewController+Child.swift",
        "Extensions/UIViewController+Storyboard.swift",
        "Extensions/UIViewController+TopMost.swift",
        "Extensions/URL+Optional.swift",
        "Keychain/Keychain.swift",
        "Localization/Localization.swift"
      ],
      "type" : "library"
    }
  ],
  "tools_version" : "5.0"
}
{
  "workspace" : {
    "name" : "Stella",
    "schemes" : [
      "Stella"
    ]
  }
}
2026-09-16 07:10:39.190 xcodebuild[724:4754] [MT] IDERunDestination: Supported platforms for the buildables in the current scheme is empty.
Running build ...
env DEVELOPER_DIR=/Applications/Xcode-27.0.0-Release.Candidate.app xcrun xcodebuild -IDEClonedSourcePackagesDirPathOverride=$PWD/.dependencies -skipMacroValidation -skipPackagePluginValidation -derivedDataPath $PWD/.derivedData build -scheme Stella -destination generic/platform=xrOS
Command line invocation:
    /Applications/Xcode-27.0.0-Release.Candidate.app/Contents/Developer/usr/bin/xcodebuild -IDEClonedSourcePackagesDirPathOverride=/Users/admin/builder/spi-builder-workspace/.dependencies -skipMacroValidation -skipPackagePluginValidation -derivedDataPath /Users/admin/builder/spi-builder-workspace/.derivedData build -scheme Stella -destination generic/platform=xrOS
Resolve Package Graph
Resolved source packages:
  Stella: /Users/admin/builder/spi-builder-workspace
ComputePackagePrebuildTargetDependencyGraph
Prepare packages
CreateBuildRequest
SendProjectDescription
CreateBuildOperation
ComputeTargetDependencyGraph
note: Building targets in dependency order
note: Target dependency graph (2 targets)
    Target 'Stella-product' in project 'Stella'
        ➜ Explicit dependency on target 'Stella' in project 'Stella'
    Target 'Stella' in project 'Stella' (no dependencies)
GatherProvisioningInputs
CreateBuildDescription
ClangStatCache /Applications/Xcode-27.0.0-Release.Candidate.app/Contents/Developer/Toolchains/XcodeDefault.xctoolchain/usr/bin/clang-stat-cache /Applications/Xcode-27.0.0-Release.Candidate.app/Contents/Developer/Platforms/XROS.platform/Developer/SDKs/XROS27.0.sdk /Users/admin/builder/spi-builder-workspace/.derivedData/SDKStatCaches.noindex/xros27.0-24M361-e829b21a6f8c9b70876ba0858053c044735bd543db762f57723cac368afd1ce4.sdkstatcache
    cd /Users/admin/builder/spi-builder-workspace/.swiftpm/xcode
    /Applications/Xcode-27.0.0-Release.Candidate.app/Contents/Developer/Toolchains/XcodeDefault.xctoolchain/usr/bin/clang-stat-cache /Applications/Xcode-27.0.0-Release.Candidate.app/Contents/Developer/Platforms/XROS.platform/Developer/SDKs/XROS27.0.sdk -o /Users/admin/builder/spi-builder-workspace/.derivedData/SDKStatCaches.noindex/xros27.0-24M361-e829b21a6f8c9b70876ba0858053c044735bd543db762f57723cac368afd1ce4.sdkstatcache
SwiftDriver Stella normal arm64 com.apple.xcode.tools.swift.compiler (in target 'Stella' from project 'Stella')
    cd /Users/admin/builder/spi-builder-workspace/.swiftpm/xcode
    builtin-SwiftDriver -- /Applications/Xcode-27.0.0-Release.Candidate.app/Contents/Developer/Toolchains/XcodeDefault.xctoolchain/usr/bin/swiftc -parse-as-library -module-name Stella -Onone @/Users/admin/builder/spi-builder-workspace/.derivedData/Build/Intermediates.noindex/Stella.build/Debug-xros/Stella-t.build/Objects-normal/arm64/Stella.SwiftFileList -DSWIFT_PACKAGE -DDEBUG -DSWIFT_MODULE_RESOURCE_BUNDLE_UNAVAILABLE -DXcode -plugin-path /Applications/Xcode-27.0.0-Release.Candidate.app/Contents/Developer/Toolchains/XcodeDefault.xctoolchain/usr/lib/swift/host/plugins/testing -enable-experimental-feature DebugDescriptionMacro -sdk /Applications/Xcode-27.0.0-Release.Candidate.app/Contents/Developer/Platforms/XROS.platform/Developer/SDKs/XROS27.0.sdk -target arm64-apple-xros1.0 -g -module-cache-path /Users/admin/builder/spi-builder-workspace/.derivedData/ModuleCache.noindex -Xfrontend -serialize-debugging-options -enable-testing -index-store-path /Users/admin/builder/spi-builder-workspace/.derivedData/Index.noindex/DataStore -Xcc -D_LIBCPP_HARDENING_MODE\=_LIBCPP_HARDENING_MODE_DEBUG -swift-version 4.2 -I /Users/admin/builder/spi-builder-workspace/.derivedData/Build/Products/Debug-xros -Isystem /Applications/Xcode-27.0.0-Release.Candidate.app/Contents/Developer/Platforms/XROS.platform/Developer/usr/lib -F /Users/admin/builder/spi-builder-workspace/.derivedData/Build/Products/Debug-xros -F /Applications/Xcode-27.0.0-Release.Candidate.app/Contents/Developer/Platforms/XROS.platform/Developer/Library/Frameworks -F /Applications/Xcode-27.0.0-Release.Candidate.app/Contents/Developer/Platforms/XROS.platform/Developer/SDKs/XROS27.0.sdk/Developer/Library/Frameworks -c -j10 -enable-batch-mode -incremental -Xcc -ivfsstatcache -Xcc /Users/admin/builder/spi-builder-workspace/.derivedData/SDKStatCaches.noindex/xros27.0-24M361-e829b21a6f8c9b70876ba0858053c044735bd543db762f57723cac368afd1ce4.sdkstatcache -output-file-map /Users/admin/builder/spi-builder-workspace/.derivedData/Build/Intermediates.noindex/Stella.build/Debug-xros/Stella-t.build/Objects-normal/arm64/Stella-OutputFileMap.json -save-temps -no-color-diagnostics -emit-dependencies -emit-module -emit-module-path /Users/admin/builder/spi-builder-workspace/.derivedData/Build/Intermediates.noindex/Stella.build/Debug-xros/Stella-t.build/Objects-normal/arm64/Stella.swiftmodule -serialize-diagnostics -validate-clang-modules-once -clang-build-session-file /Users/admin/builder/spi-builder-workspace/.derivedData/ModuleCache.noindex/Session.modulevalidation -Xcc -fmodules-prune-interval\=86400 -Xcc -fmodules-prune-after\=345600 -emit-const-values -const-gather-protocols-list /Users/admin/builder/spi-builder-workspace/.derivedData/Build/Intermediates.noindex/Stella.build/Debug-xros/Stella-t.build/Objects-normal/arm64/Stella_const_extract_protocols.json -Xcc -I/Users/admin/builder/spi-builder-workspace/.derivedData/Build/Products/Debug-xros/include -Xcc -I/Users/admin/builder/spi-builder-workspace/.derivedData/Build/Intermediates.noindex/Stella.build/Debug-xros/Stella-t.build/DerivedSources-normal/arm64 -Xcc -I/Users/admin/builder/spi-builder-workspace/.derivedData/Build/Intermediates.noindex/Stella.build/Debug-xros/Stella-t.build/DerivedSources/arm64 -Xcc -I/Users/admin/builder/spi-builder-workspace/.derivedData/Build/Intermediates.noindex/Stella.build/Debug-xros/Stella-t.build/DerivedSources -Xcc -DSWIFT_PACKAGE -Xcc -DDEBUG\=1 -emit-objc-header -emit-objc-header-path /Users/admin/builder/spi-builder-workspace/.derivedData/Build/Intermediates.noindex/Stella.build/Debug-xros/Stella-t.build/Objects-normal/arm64/Stella-Swift.h -working-directory /Users/admin/builder/spi-builder-workspace/.swiftpm/xcode -experimental-emit-module-separately -disable-cmo
SwiftCompile normal arm64 Compiling\ Array+Safe.swift,\ Array+Truncate.swift,\ Array+Unique.swift /Users/admin/builder/spi-builder-workspace/Sources/Extensions/Array+Safe.swift /Users/admin/builder/spi-builder-workspace/Sources/Extensions/Array+Truncate.swift /Users/admin/builder/spi-builder-workspace/Sources/Extensions/Array+Unique.swift (in target 'Stella' from project 'Stella')
SwiftCompile normal arm64 /Users/admin/builder/spi-builder-workspace/Sources/Extensions/Array+Safe.swift (in target 'Stella' from project 'Stella')
    cd /Users/admin/builder/spi-builder-workspace/.swiftpm/xcode
    builtin-SwiftPerFileCompile Array+Safe.swift
SwiftCompile normal arm64 /Users/admin/builder/spi-builder-workspace/Sources/Extensions/Array+Truncate.swift (in target 'Stella' from project 'Stella')
    cd /Users/admin/builder/spi-builder-workspace/.swiftpm/xcode
    builtin-SwiftPerFileCompile Array+Truncate.swift
SwiftCompile normal arm64 /Users/admin/builder/spi-builder-workspace/Sources/Extensions/Array+Unique.swift (in target 'Stella' from project 'Stella')
    cd /Users/admin/builder/spi-builder-workspace/.swiftpm/xcode
    builtin-SwiftPerFileCompile Array+Unique.swift
SwiftCompile normal arm64 Compiling\ Bundle+Versions.swift,\ CALayer+Shadow.swift /Users/admin/builder/spi-builder-workspace/Sources/Extensions/Bundle+Versions.swift /Users/admin/builder/spi-builder-workspace/Sources/Extensions/CALayer+Shadow.swift (in target 'Stella' from project 'Stella')
SwiftCompile normal arm64 /Users/admin/builder/spi-builder-workspace/Sources/Extensions/Bundle+Versions.swift (in target 'Stella' from project 'Stella')
    cd /Users/admin/builder/spi-builder-workspace/.swiftpm/xcode
    builtin-SwiftPerFileCompile Bundle+Versions.swift
SwiftCompile normal arm64 /Users/admin/builder/spi-builder-workspace/Sources/Extensions/CALayer+Shadow.swift (in target 'Stella' from project 'Stella')
    cd /Users/admin/builder/spi-builder-workspace/.swiftpm/xcode
    builtin-SwiftPerFileCompile CALayer+Shadow.swift
SwiftCompile normal arm64 Compiling\ Defaults.swift,\ Array+Contains.swift,\ Array+Remove.swift /Users/admin/builder/spi-builder-workspace/Sources/Defaults/Defaults.swift /Users/admin/builder/spi-builder-workspace/Sources/Extensions/Array+Contains.swift /Users/admin/builder/spi-builder-workspace/Sources/Extensions/Array+Remove.swift (in target 'Stella' from project 'Stella')
SwiftCompile normal arm64 /Users/admin/builder/spi-builder-workspace/Sources/Defaults/Defaults.swift (in target 'Stella' from project 'Stella')
    cd /Users/admin/builder/spi-builder-workspace/.swiftpm/xcode
    builtin-SwiftPerFileCompile Defaults.swift
SwiftCompile normal arm64 /Users/admin/builder/spi-builder-workspace/Sources/Extensions/Array+Contains.swift (in target 'Stella' from project 'Stella')
    cd /Users/admin/builder/spi-builder-workspace/.swiftpm/xcode
    builtin-SwiftPerFileCompile Array+Contains.swift
SwiftCompile normal arm64 /Users/admin/builder/spi-builder-workspace/Sources/Extensions/Array+Remove.swift (in target 'Stella' from project 'Stella')
    cd /Users/admin/builder/spi-builder-workspace/.swiftpm/xcode
    builtin-SwiftPerFileCompile Array+Remove.swift
SwiftCompile normal arm64 Compiling\ UIView+Nib.swift,\ UIView+Responder.swift /Users/admin/builder/spi-builder-workspace/Sources/Extensions/UIView+Nib.swift /Users/admin/builder/spi-builder-workspace/Sources/Extensions/UIView+Responder.swift (in target 'Stella' from project 'Stella')
SwiftCompile normal arm64 /Users/admin/builder/spi-builder-workspace/Sources/Extensions/UIView+Nib.swift (in target 'Stella' from project 'Stella')
    cd /Users/admin/builder/spi-builder-workspace/.swiftpm/xcode
    builtin-SwiftPerFileCompile UIView+Nib.swift
SwiftCompile normal arm64 /Users/admin/builder/spi-builder-workspace/Sources/Extensions/UIView+Responder.swift (in target 'Stella' from project 'Stella')
    cd /Users/admin/builder/spi-builder-workspace/.swiftpm/xcode
    builtin-SwiftPerFileCompile UIView+Responder.swift
/Users/admin/builder/spi-builder-workspace/Sources/Extensions/UIView+Nib.swift:22:27: warning: 'UINib' was deprecated in visionOS 1.0: Loading Interface Builder products will not be supported in a future version of visionOS. [#DeprecatedDeclaration]
20 |
21 |     /// Return the nib matching the class name of the view.
22 |     public class var nib: UINib {
   |                           `- warning: 'UINib' was deprecated in visionOS 1.0: Loading Interface Builder products will not be supported in a future version of visionOS. [#DeprecatedDeclaration]
23 |         return UINib(nibName: nibName, bundle: Bundle(for: self))
24 |     }
SwiftCompile normal arm64 Compiling\ UIViewController+TopMost.swift,\ URL+Optional.swift /Users/admin/builder/spi-builder-workspace/Sources/Extensions/UIViewController+TopMost.swift /Users/admin/builder/spi-builder-workspace/Sources/Extensions/URL+Optional.swift (in target 'Stella' from project 'Stella')
SwiftCompile normal arm64 /Users/admin/builder/spi-builder-workspace/Sources/Extensions/UIViewController+TopMost.swift (in target 'Stella' from project 'Stella')
    cd /Users/admin/builder/spi-builder-workspace/.swiftpm/xcode
    builtin-SwiftPerFileCompile UIViewController+TopMost.swift
SwiftCompile normal arm64 /Users/admin/builder/spi-builder-workspace/Sources/Extensions/URL+Optional.swift (in target 'Stella' from project 'Stella')
    cd /Users/admin/builder/spi-builder-workspace/.swiftpm/xcode
    builtin-SwiftPerFileCompile URL+Optional.swift
SwiftEmitModule normal arm64 Emitting\ module\ for\ Stella (in target 'Stella' from project 'Stella')
/Users/admin/builder/spi-builder-workspace/Sources/Extensions/UIView+Nib.swift:22:27: warning: 'UINib' was deprecated in visionOS 1.0: Loading Interface Builder products will not be supported in a future version of visionOS. [#DeprecatedDeclaration]
20 |
21 |     /// Return the nib matching the class name of the view.
22 |     public class var nib: UINib {
   |                           `- warning: 'UINib' was deprecated in visionOS 1.0: Loading Interface Builder products will not be supported in a future version of visionOS. [#DeprecatedDeclaration]
23 |         return UINib(nibName: nibName, bundle: Bundle(for: self))
24 |     }
[#DeprecatedDeclaration]: <https://docs.swift.org/compiler/documentation/diagnostics/deprecated-declaration>
SwiftCompile normal arm64 (in target 'Stella' from project 'Stella')
    cd /Users/admin/builder/spi-builder-workspace/.swiftpm/xcode

SwiftCompile normal arm64 Compiling\ UITableView+Reuse.swift,\ UIView+Constraints.swift /Users/admin/builder/spi-builder-workspace/Sources/Extensions/UITableView+Reuse.swift /Users/admin/builder/spi-builder-workspace/Sources/Extensions/UIView+Constraints.swift (in target 'Stella' from project 'Stella')
/Users/admin/builder/spi-builder-workspace/Sources/Extensions/UITableView+Reuse.swift:16:9: warning: 'register(_:forCellReuseIdentifier:)' was deprecated in visionOS 1.0: Loading Interface Builder products will not be supported in a future version of visionOS. [#DeprecatedDeclaration]
14 |     /// Register a cell class with the same name as a reusable cell.
15 |     public func register<T: UITableViewCell>(class classType: T.Type) {
16 |         register(classType.nib, forCellReuseIdentifier: T.reuseIdentifier)
   |         `- warning: 'register(_:forCellReuseIdentifier:)' was deprecated in visionOS 1.0: Loading Interface Builder products will not be supported in a future version of visionOS. [#DeprecatedDeclaration]
17 |     }
18 |
SwiftCompile normal arm64 /Users/admin/builder/spi-builder-workspace/Sources/Extensions/UITableView+Reuse.swift (in target 'Stella' from project 'Stella')
    cd /Users/admin/builder/spi-builder-workspace/.swiftpm/xcode
    builtin-SwiftPerFileCompile UITableView+Reuse.swift
SwiftCompile normal arm64 /Users/admin/builder/spi-builder-workspace/Sources/Extensions/UIView+Constraints.swift (in target 'Stella' from project 'Stella')
    cd /Users/admin/builder/spi-builder-workspace/.swiftpm/xcode
    builtin-SwiftPerFileCompile UIView+Constraints.swift
SwiftCompile normal arm64 Compiling\ CGFloat+Radians.swift,\ UICollectionView+Reuse.swift /Users/admin/builder/spi-builder-workspace/Sources/Extensions/CGFloat+Radians.swift /Users/admin/builder/spi-builder-workspace/Sources/Extensions/UICollectionView+Reuse.swift (in target 'Stella' from project 'Stella')
/Users/admin/builder/spi-builder-workspace/Sources/Extensions/UICollectionView+Reuse.swift:35:9: warning: 'register(_:forCellWithReuseIdentifier:)' was deprecated in visionOS 1.0: Loading Interface Builder products will not be supported in a future version of visionOS. [#DeprecatedDeclaration]
33 |     /// Register a cell class with the same name as a reusable cell.
34 |     public func register<T: UICollectionViewCell>(class classType: T.Type) {
35 |         register(classType.nib, forCellWithReuseIdentifier: classType.reuseIdentifier)
   |         `- warning: 'register(_:forCellWithReuseIdentifier:)' was deprecated in visionOS 1.0: Loading Interface Builder products will not be supported in a future version of visionOS. [#DeprecatedDeclaration]
36 |     }
37 |
SwiftCompile normal arm64 /Users/admin/builder/spi-builder-workspace/Sources/Extensions/CGFloat+Radians.swift (in target 'Stella' from project 'Stella')
    cd /Users/admin/builder/spi-builder-workspace/.swiftpm/xcode
    builtin-SwiftPerFileCompile CGFloat+Radians.swift
SwiftCompile normal arm64 /Users/admin/builder/spi-builder-workspace/Sources/Extensions/UICollectionView+Reuse.swift (in target 'Stella' from project 'Stella')
    cd /Users/admin/builder/spi-builder-workspace/.swiftpm/xcode
    builtin-SwiftPerFileCompile UICollectionView+Reuse.swift
SwiftCompile normal arm64 Compiling\ UIViewController+Child.swift,\ UIViewController+Storyboard.swift /Users/admin/builder/spi-builder-workspace/Sources/Extensions/UIViewController+Child.swift /Users/admin/builder/spi-builder-workspace/Sources/Extensions/UIViewController+Storyboard.swift (in target 'Stella' from project 'Stella')
SwiftCompile normal arm64 /Users/admin/builder/spi-builder-workspace/Sources/Extensions/UIViewController+Child.swift (in target 'Stella' from project 'Stella')
    cd /Users/admin/builder/spi-builder-workspace/.swiftpm/xcode
    builtin-SwiftPerFileCompile UIViewController+Child.swift
SwiftCompile normal arm64 /Users/admin/builder/spi-builder-workspace/Sources/Extensions/UIViewController+Storyboard.swift (in target 'Stella' from project 'Stella')
    cd /Users/admin/builder/spi-builder-workspace/.swiftpm/xcode
    builtin-SwiftPerFileCompile UIViewController+Storyboard.swift
SwiftCompile normal arm64 Compiling\ UIImage+Optional.swift,\ UIStackView+Remove.swift /Users/admin/builder/spi-builder-workspace/Sources/Extensions/UIImage+Optional.swift /Users/admin/builder/spi-builder-workspace/Sources/Extensions/UIStackView+Remove.swift (in target 'Stella' from project 'Stella')
SwiftCompile normal arm64 /Users/admin/builder/spi-builder-workspace/Sources/Extensions/UIImage+Optional.swift (in target 'Stella' from project 'Stella')
    cd /Users/admin/builder/spi-builder-workspace/.swiftpm/xcode
    builtin-SwiftPerFileCompile UIImage+Optional.swift
SwiftCompile normal arm64 /Users/admin/builder/spi-builder-workspace/Sources/Extensions/UIStackView+Remove.swift (in target 'Stella' from project 'Stella')
    cd /Users/admin/builder/spi-builder-workspace/.swiftpm/xcode
    builtin-SwiftPerFileCompile UIStackView+Remove.swift
SwiftCompile normal arm64 Compiling\ Keychain.swift,\ Localization.swift /Users/admin/builder/spi-builder-workspace/Sources/Keychain/Keychain.swift /Users/admin/builder/spi-builder-workspace/Sources/Localization/Localization.swift (in target 'Stella' from project 'Stella')
/Users/admin/builder/spi-builder-workspace/Sources/Keychain/Keychain.swift:159:37: error: cannot assign value of type 'T??' to type 'T?'
157 |     subscript<T: Codable>(key: Key<String?>) -> T? {
158 |         get {
159 |             if let result: T = try? stored(for: key.key, additionalQuery: key.additionalQuery) {
    |                                     |- error: cannot assign value of type 'T??' to type 'T?'
    |                                     `- note: arguments to generic parameter 'Wrapped' ('T?' and 'T') are expected to be equal
160 |                 return result
161 |             }
/Users/admin/builder/spi-builder-workspace/Sources/Keychain/Keychain.swift:159:37: error: generic parameter 'T' could not be inferred
 57 |     }
 58 |
 59 |     fileprivate func stored<T: Decodable>(for key: String, additionalQuery: [String: AnyObject]?) throws -> T? {
    |                      `- note: in call to function 'stored(for:additionalQuery:)'
 60 |         guard let data = data(for: key, additionalQuery: additionalQuery) else { return nil }
 61 |         return try JSONDecoder().decode(T.self, from: data)
    :
157 |     subscript<T: Codable>(key: Key<String?>) -> T? {
158 |         get {
159 |             if let result: T = try? stored(for: key.key, additionalQuery: key.additionalQuery) {
    |                                     `- error: generic parameter 'T' could not be inferred
160 |                 return result
161 |             }
Failed frontend command:
/Applications/Xcode-27.0.0-Release.Candidate.app/Contents/Developer/Toolchains/XcodeDefault.xctoolchain/usr/bin/swift-frontend -frontend -c /Users/admin/builder/spi-builder-workspace/Sources/Defaults/Defaults.swift /Users/admin/builder/spi-builder-workspace/Sources/Extensions/Array+Contains.swift /Users/admin/builder/spi-builder-workspace/Sources/Extensions/Array+Remove.swift /Users/admin/builder/spi-builder-workspace/Sources/Extensions/Array+Safe.swift /Users/admin/builder/spi-builder-workspace/Sources/Extensions/Array+Truncate.swift /Users/admin/builder/spi-builder-workspace/Sources/Extensions/Array+Unique.swift /Users/admin/builder/spi-builder-workspace/Sources/Extensions/Bundle+Versions.swift /Users/admin/builder/spi-builder-workspace/Sources/Extensions/CALayer+Shadow.swift /Users/admin/builder/spi-builder-workspace/Sources/Extensions/CGFloat+Radians.swift /Users/admin/builder/spi-builder-workspace/Sources/Extensions/UICollectionView+Reuse.swift /Users/admin/builder/spi-builder-workspace/Sources/Extensions/UIImage+Optional.swift /Users/admin/builder/spi-builder-workspace/Sources/Extensions/UIStackView+Remove.swift /Users/admin/builder/spi-builder-workspace/Sources/Extensions/UITableView+Reuse.swift /Users/admin/builder/spi-builder-workspace/Sources/Extensions/UIView+Constraints.swift /Users/admin/builder/spi-builder-workspace/Sources/Extensions/UIView+Nib.swift /Users/admin/builder/spi-builder-workspace/Sources/Extensions/UIView+Responder.swift /Users/admin/builder/spi-builder-workspace/Sources/Extensions/UIViewController+Child.swift /Users/admin/builder/spi-builder-workspace/Sources/Extensions/UIViewController+Storyboard.swift /Users/admin/builder/spi-builder-workspace/Sources/Extensions/UIViewController+TopMost.swift /Users/admin/builder/spi-builder-workspace/Sources/Extensions/URL+Optional.swift -primary-file /Users/admin/builder/spi-builder-workspace/Sources/Keychain/Keychain.swift -primary-file /Users/admin/builder/spi-builder-workspace/Sources/Localization/Localization.swift -emit-dependencies-path /Users/admin/builder/spi-builder-workspace/.derivedData/Build/Intermediates.noindex/Stella.build/Debug-xros/Stella-t.build/Objects-normal/arm64/Keychain.d -emit-const-values-path /Users/admin/builder/spi-builder-workspace/.derivedData/Build/Intermediates.noindex/Stella.build/Debug-xros/Stella-t.build/Objects-normal/arm64/Keychain.swiftconstvalues -emit-reference-dependencies-path /Users/admin/builder/spi-builder-workspace/.derivedData/Build/Intermediates.noindex/Stella.build/Debug-xros/Stella-t.build/Objects-normal/arm64/Keychain.swiftdeps -serialize-diagnostics-path /Users/admin/builder/spi-builder-workspace/.derivedData/Build/Intermediates.noindex/Stella.build/Debug-xros/Stella-t.build/Objects-normal/arm64/Keychain.dia -emit-dependencies-path /Users/admin/builder/spi-builder-workspace/.derivedData/Build/Intermediates.noindex/Stella.build/Debug-xros/Stella-t.build/Objects-normal/arm64/Localization.d -emit-const-values-path /Users/admin/builder/spi-builder-workspace/.derivedData/Build/Intermediates.noindex/Stella.build/Debug-xros/Stella-t.build/Objects-normal/arm64/Localization.swiftconstvalues -emit-reference-dependencies-path /Users/admin/builder/spi-builder-workspace/.derivedData/Build/Intermediates.noindex/Stella.build/Debug-xros/Stella-t.build/Objects-normal/arm64/Localization.swiftdeps -serialize-diagnostics-path /Users/admin/builder/spi-builder-workspace/.derivedData/Build/Intermediates.noindex/Stella.build/Debug-xros/Stella-t.build/Objects-normal/arm64/Localization.dia -target arm64-apple-xros1.0 -Xllvm -aarch64-use-tbi -enable-objc-interop -stack-check -sdk /Applications/Xcode-27.0.0-Release.Candidate.app/Contents/Developer/Platforms/XROS.platform/Developer/SDKs/XROS27.0.sdk -I /Users/admin/builder/spi-builder-workspace/.derivedData/Build/Products/Debug-xros -Isystem /Applications/Xcode-27.0.0-Release.Candidate.app/Contents/Developer/Platforms/XROS.platform/Developer/usr/lib -F /Users/admin/builder/spi-builder-workspace/.derivedData/Build/Products/Debug-xros -F /Applications/Xcode-27.0.0-Release.Candidate.app/Contents/Developer/Platforms/XROS.platform/Developer/Library/Frameworks -F /Applications/Xcode-27.0.0-Release.Candidate.app/Contents/Developer/Platforms/XROS.platform/Developer/SDKs/XROS27.0.sdk/Developer/Library/Frameworks -module-cache-path /Users/admin/builder/spi-builder-workspace/.derivedData/ModuleCache.noindex -no-color-diagnostics -Xcc -fno-color-diagnostics -enable-testing -g -debug-info-format\=dwarf -dwarf-version\=4 -swift-version 4.2 -Onone -D SWIFT_PACKAGE -D DEBUG -D SWIFT_MODULE_RESOURCE_BUNDLE_UNAVAILABLE -D Xcode -serialize-debugging-options -enable-experimental-feature DebugDescriptionMacro -empty-abi-descriptor -plugin-path /Applications/Xcode-27.0.0-Release.Candidate.app/Contents/Developer/Toolchains/XcodeDefault.xctoolchain/usr/lib/swift/host/plugins/testing -validate-clang-modules-once -clang-build-session-file /Users/admin/builder/spi-builder-workspace/.derivedData/ModuleCache.noindex/Session.modulevalidation -Xcc -working-directory -Xcc /Users/admin/builder/spi-builder-workspace/.swiftpm/xcode -enable-anonymous-context-mangled-names -file-compilation-dir /Users/admin/builder/spi-builder-workspace/.swiftpm/xcode -Xcc -D_LIBCPP_HARDENING_MODE\=_LIBCPP_HARDENING_MODE_DEBUG -Xcc -ivfsstatcache -Xcc /Users/admin/builder/spi-builder-workspace/.derivedData/SDKStatCaches.noindex/xros27.0-24M361-e829b21a6f8c9b70876ba0858053c044735bd543db762f57723cac368afd1ce4.sdkstatcache -Xcc -fmodules-prune-interval\=86400 -Xcc -fmodules-prune-after\=345600 -Xcc -I/Users/admin/builder/spi-builder-workspace/.derivedData/Build/Products/Debug-xros/include -Xcc -I/Users/admin/builder/spi-builder-workspace/.derivedData/Build/Intermediates.noindex/Stella.build/Debug-xros/Stella-t.build/DerivedSources-normal/arm64 -Xcc -I/Users/admin/builder/spi-builder-workspace/.derivedData/Build/Intermediates.noindex/Stella.build/Debug-xros/Stella-t.build/DerivedSources/arm64 -Xcc -I/Users/admin/builder/spi-builder-workspace/.derivedData/Build/Intermediates.noindex/Stella.build/Debug-xros/Stella-t.build/DerivedSources -Xcc -DSWIFT_PACKAGE -Xcc -DDEBUG\=1 -no-auto-bridging-header-chaining -module-name Stella -const-gather-protocols-file /Users/admin/builder/spi-builder-workspace/.derivedData/Build/Intermediates.noindex/Stella.build/Debug-xros/Stella-t.build/Objects-normal/arm64/Stella_const_extract_protocols.json -disable-clang-spi -target-sdk-version 27.0 -target-sdk-name xros27.0 -external-plugin-path /Applications/Xcode-27.0.0-Release.Candidate.app/Contents/Developer/Platforms/XROS.platform/Developer/usr/lib/swift/host/plugins\#/Applications/Xcode-27.0.0-Release.Candidate.app/Contents/Developer/Platforms/XROS.platform/Developer/usr/bin/swift-plugin-server -external-plugin-path /Applications/Xcode-27.0.0-Release.Candidate.app/Contents/Developer/Platforms/XROS.platform/Developer/usr/local/lib/swift/host/plugins\#/Applications/Xcode-27.0.0-Release.Candidate.app/Contents/Developer/Platforms/XROS.platform/Developer/usr/bin/swift-plugin-server -in-process-plugin-server-path /Applications/Xcode-27.0.0-Release.Candidate.app/Contents/Developer/Toolchains/XcodeDefault.xctoolchain/usr/lib/swift/host/libSwiftInProcPluginServer.dylib -plugin-path /Applications/Xcode-27.0.0-Release.Candidate.app/Contents/Developer/Toolchains/XcodeDefault.xctoolchain/usr/lib/swift/host/plugins -plugin-path /Applications/Xcode-27.0.0-Release.Candidate.app/Contents/Developer/Toolchains/XcodeDefault.xctoolchain/usr/local/lib/swift/host/plugins -parse-as-library -o /Users/admin/builder/spi-builder-workspace/.derivedData/Build/Intermediates.noindex/Stella.build/Debug-xros/Stella-t.build/Objects-normal/arm64/Keychain.o -o /Users/admin/builder/spi-builder-workspace/.derivedData/Build/Intermediates.noindex/Stella.build/Debug-xros/Stella-t.build/Objects-normal/arm64/Localization.o -index-unit-output-path /Stella.build/Debug-xros/Stella-t.build/Objects-normal/arm64/Keychain.o -index-unit-output-path /Stella.build/Debug-xros/Stella-t.build/Objects-normal/arm64/Localization.o -index-store-path /Users/admin/builder/spi-builder-workspace/.derivedData/Index.noindex/DataStore -index-system-modules
SwiftCompile normal arm64 /Users/admin/builder/spi-builder-workspace/Sources/Keychain/Keychain.swift (in target 'Stella' from project 'Stella')
    cd /Users/admin/builder/spi-builder-workspace/.swiftpm/xcode
    builtin-SwiftPerFileCompile Keychain.swift
SwiftCompile normal arm64 /Users/admin/builder/spi-builder-workspace/Sources/Localization/Localization.swift (in target 'Stella' from project 'Stella')
    cd /Users/admin/builder/spi-builder-workspace/.swiftpm/xcode
    builtin-SwiftPerFileCompile Localization.swift
SwiftDriverJobDiscovery normal arm64 Compiling Array+Safe.swift, Array+Truncate.swift, Array+Unique.swift (in target 'Stella' from project 'Stella')
SwiftDriverJobDiscovery normal arm64 Emitting module for Stella (in target 'Stella' from project 'Stella')
SwiftDriver\ Compilation\ Requirements Stella normal arm64 com.apple.xcode.tools.swift.compiler (in target 'Stella' from project 'Stella')
    cd /Users/admin/builder/spi-builder-workspace/.swiftpm/xcode
    builtin-Swift-Compilation-Requirements -- /Applications/Xcode-27.0.0-Release.Candidate.app/Contents/Developer/Toolchains/XcodeDefault.xctoolchain/usr/bin/swiftc -parse-as-library -module-name Stella -Onone @/Users/admin/builder/spi-builder-workspace/.derivedData/Build/Intermediates.noindex/Stella.build/Debug-xros/Stella-t.build/Objects-normal/arm64/Stella.SwiftFileList -DSWIFT_PACKAGE -DDEBUG -DSWIFT_MODULE_RESOURCE_BUNDLE_UNAVAILABLE -DXcode -plugin-path /Applications/Xcode-27.0.0-Release.Candidate.app/Contents/Developer/Toolchains/XcodeDefault.xctoolchain/usr/lib/swift/host/plugins/testing -enable-experimental-feature DebugDescriptionMacro -sdk /Applications/Xcode-27.0.0-Release.Candidate.app/Contents/Developer/Platforms/XROS.platform/Developer/SDKs/XROS27.0.sdk -target arm64-apple-xros1.0 -g -module-cache-path /Users/admin/builder/spi-builder-workspace/.derivedData/ModuleCache.noindex -Xfrontend -serialize-debugging-options -enable-testing -index-store-path /Users/admin/builder/spi-builder-workspace/.derivedData/Index.noindex/DataStore -Xcc -D_LIBCPP_HARDENING_MODE\=_LIBCPP_HARDENING_MODE_DEBUG -swift-version 4.2 -I /Users/admin/builder/spi-builder-workspace/.derivedData/Build/Products/Debug-xros -Isystem /Applications/Xcode-27.0.0-Release.Candidate.app/Contents/Developer/Platforms/XROS.platform/Developer/usr/lib -F /Users/admin/builder/spi-builder-workspace/.derivedData/Build/Products/Debug-xros -F /Applications/Xcode-27.0.0-Release.Candidate.app/Contents/Developer/Platforms/XROS.platform/Developer/Library/Frameworks -F /Applications/Xcode-27.0.0-Release.Candidate.app/Contents/Developer/Platforms/XROS.platform/Developer/SDKs/XROS27.0.sdk/Developer/Library/Frameworks -c -j10 -enable-batch-mode -incremental -Xcc -ivfsstatcache -Xcc /Users/admin/builder/spi-builder-workspace/.derivedData/SDKStatCaches.noindex/xros27.0-24M361-e829b21a6f8c9b70876ba0858053c044735bd543db762f57723cac368afd1ce4.sdkstatcache -output-file-map /Users/admin/builder/spi-builder-workspace/.derivedData/Build/Intermediates.noindex/Stella.build/Debug-xros/Stella-t.build/Objects-normal/arm64/Stella-OutputFileMap.json -save-temps -no-color-diagnostics -emit-dependencies -emit-module -emit-module-path /Users/admin/builder/spi-builder-workspace/.derivedData/Build/Intermediates.noindex/Stella.build/Debug-xros/Stella-t.build/Objects-normal/arm64/Stella.swiftmodule -serialize-diagnostics -validate-clang-modules-once -clang-build-session-file /Users/admin/builder/spi-builder-workspace/.derivedData/ModuleCache.noindex/Session.modulevalidation -Xcc -fmodules-prune-interval\=86400 -Xcc -fmodules-prune-after\=345600 -emit-const-values -const-gather-protocols-list /Users/admin/builder/spi-builder-workspace/.derivedData/Build/Intermediates.noindex/Stella.build/Debug-xros/Stella-t.build/Objects-normal/arm64/Stella_const_extract_protocols.json -Xcc -I/Users/admin/builder/spi-builder-workspace/.derivedData/Build/Products/Debug-xros/include -Xcc -I/Users/admin/builder/spi-builder-workspace/.derivedData/Build/Intermediates.noindex/Stella.build/Debug-xros/Stella-t.build/DerivedSources-normal/arm64 -Xcc -I/Users/admin/builder/spi-builder-workspace/.derivedData/Build/Intermediates.noindex/Stella.build/Debug-xros/Stella-t.build/DerivedSources/arm64 -Xcc -I/Users/admin/builder/spi-builder-workspace/.derivedData/Build/Intermediates.noindex/Stella.build/Debug-xros/Stella-t.build/DerivedSources -Xcc -DSWIFT_PACKAGE -Xcc -DDEBUG\=1 -emit-objc-header -emit-objc-header-path /Users/admin/builder/spi-builder-workspace/.derivedData/Build/Intermediates.noindex/Stella.build/Debug-xros/Stella-t.build/Objects-normal/arm64/Stella-Swift.h -working-directory /Users/admin/builder/spi-builder-workspace/.swiftpm/xcode -experimental-emit-module-separately -disable-cmo
SwiftMergeGeneratedHeaders /Users/admin/builder/spi-builder-workspace/.derivedData/Build/Intermediates.noindex/GeneratedModuleMaps-xros/Stella-Swift.h /Users/admin/builder/spi-builder-workspace/.derivedData/Build/Intermediates.noindex/Stella.build/Debug-xros/Stella-t.build/Objects-normal/arm64/Stella-Swift.h (in target 'Stella' from project 'Stella')
    cd /Users/admin/builder/spi-builder-workspace
    builtin-swiftHeaderTool -arch arm64 /Users/admin/builder/spi-builder-workspace/.derivedData/Build/Intermediates.noindex/Stella.build/Debug-xros/Stella-t.build/Objects-normal/arm64/Stella-Swift.h -o /Users/admin/builder/spi-builder-workspace/.derivedData/Build/Intermediates.noindex/GeneratedModuleMaps-xros/Stella-Swift.h
Copy /Users/admin/builder/spi-builder-workspace/.derivedData/Build/Products/Debug-xros/Stella.swiftmodule/arm64-apple-xros.swiftmodule /Users/admin/builder/spi-builder-workspace/.derivedData/Build/Intermediates.noindex/Stella.build/Debug-xros/Stella-t.build/Objects-normal/arm64/Stella.swiftmodule (in target 'Stella' from project 'Stella')
    cd /Users/admin/builder/spi-builder-workspace
    builtin-copy -exclude .DS_Store -exclude CVS -exclude .svn -exclude .git -exclude .hg -resolve-src-symlinks -rename /Users/admin/builder/spi-builder-workspace/.derivedData/Build/Intermediates.noindex/Stella.build/Debug-xros/Stella-t.build/Objects-normal/arm64/Stella.swiftmodule /Users/admin/builder/spi-builder-workspace/.derivedData/Build/Products/Debug-xros/Stella.swiftmodule/arm64-apple-xros.swiftmodule
Copy /Users/admin/builder/spi-builder-workspace/.derivedData/Build/Products/Debug-xros/Stella.swiftmodule/arm64-apple-xros.swiftdoc /Users/admin/builder/spi-builder-workspace/.derivedData/Build/Intermediates.noindex/Stella.build/Debug-xros/Stella-t.build/Objects-normal/arm64/Stella.swiftdoc (in target 'Stella' from project 'Stella')
    cd /Users/admin/builder/spi-builder-workspace
    builtin-copy -exclude .DS_Store -exclude CVS -exclude .svn -exclude .git -exclude .hg -resolve-src-symlinks -rename /Users/admin/builder/spi-builder-workspace/.derivedData/Build/Intermediates.noindex/Stella.build/Debug-xros/Stella-t.build/Objects-normal/arm64/Stella.swiftdoc /Users/admin/builder/spi-builder-workspace/.derivedData/Build/Products/Debug-xros/Stella.swiftmodule/arm64-apple-xros.swiftdoc
Copy /Users/admin/builder/spi-builder-workspace/.derivedData/Build/Products/Debug-xros/Stella.swiftmodule/arm64-apple-xros.abi.json /Users/admin/builder/spi-builder-workspace/.derivedData/Build/Intermediates.noindex/Stella.build/Debug-xros/Stella-t.build/Objects-normal/arm64/Stella.abi.json (in target 'Stella' from project 'Stella')
    cd /Users/admin/builder/spi-builder-workspace
    builtin-copy -exclude .DS_Store -exclude CVS -exclude .svn -exclude .git -exclude .hg -resolve-src-symlinks -rename /Users/admin/builder/spi-builder-workspace/.derivedData/Build/Intermediates.noindex/Stella.build/Debug-xros/Stella-t.build/Objects-normal/arm64/Stella.abi.json /Users/admin/builder/spi-builder-workspace/.derivedData/Build/Products/Debug-xros/Stella.swiftmodule/arm64-apple-xros.abi.json
Copy /Users/admin/builder/spi-builder-workspace/.derivedData/Build/Products/Debug-xros/Stella.swiftmodule/Project/arm64-apple-xros.swiftsourceinfo /Users/admin/builder/spi-builder-workspace/.derivedData/Build/Intermediates.noindex/Stella.build/Debug-xros/Stella-t.build/Objects-normal/arm64/Stella.swiftsourceinfo (in target 'Stella' from project 'Stella')
    cd /Users/admin/builder/spi-builder-workspace
    builtin-copy -exclude .DS_Store -exclude CVS -exclude .svn -exclude .git -exclude .hg -resolve-src-symlinks -rename /Users/admin/builder/spi-builder-workspace/.derivedData/Build/Intermediates.noindex/Stella.build/Debug-xros/Stella-t.build/Objects-normal/arm64/Stella.swiftsourceinfo /Users/admin/builder/spi-builder-workspace/.derivedData/Build/Products/Debug-xros/Stella.swiftmodule/Project/arm64-apple-xros.swiftsourceinfo
SwiftDriverJobDiscovery normal arm64 Compiling Defaults.swift, Array+Contains.swift, Array+Remove.swift (in target 'Stella' from project 'Stella')
PruneExplicitPrecompiledModules /Users/admin/builder/spi-builder-workspace/.derivedData/Build/Intermediates.noindex/SwiftExplicitPrecompiledModules
PruneExplicitPrecompiledModules /Users/admin/builder/spi-builder-workspace/.derivedData/SDKExplicitPrecompiledModules
PruneExplicitPrecompiledModules /Users/admin/builder/spi-builder-workspace/.derivedData/Build/Intermediates.noindex/ExplicitPrecompiledModules
2026-09-16 07:10:40.146 xcodebuild[725:4779] [MT] IDERunDestination: Supported platforms for the buildables in the current scheme is empty.
** BUILD FAILED **
The following build commands failed:
	SwiftCompile normal arm64 Compiling\ Keychain.swift,\ Localization.swift /Users/admin/builder/spi-builder-workspace/Sources/Keychain/Keychain.swift /Users/admin/builder/spi-builder-workspace/Sources/Localization/Localization.swift (in target 'Stella' from project 'Stella')
	SwiftCompile normal arm64 /Users/admin/builder/spi-builder-workspace/Sources/Keychain/Keychain.swift (in target 'Stella' from project 'Stella')
	Building workspace Stella with scheme Stella
(3 failures)
BUILD FAILURE 6.4 visionOS