Build Information
Failed to build AS_AsyncHelpers, reference main (741271), with Swift 6.2 for watchOS using Xcode 26.3 on 10 Oct 2026 17:40:28 UTC.
Build Command
No build command. This typically means the build failed at an early stage where we determine the build command.Build Log
========================================
RunAll
========================================
Builder version: 5.1.1
Interrupt handler set up.
========================================
Checkout
========================================
Clone URL: https://github.com/AustinSoftCom/AS_AsyncHelpers.git
Reference: main
Initialized empty Git repository in /Users/admin/builder/spi-builder-workspace/.git/
From https://github.com/AustinSoftCom/AS_AsyncHelpers
* branch main -> FETCH_HEAD
* [new branch] main -> origin/main
HEAD is now at 741271e Add Swift 6.4 to Linux CI matrix
Cloned https://github.com/AustinSoftCom/AS_AsyncHelpers.git
Revision (git rev-parse @):
741271e5d60a3b58c1eb68a557e9b9cbf50bd542
SUCCESS checkout https://github.com/AustinSoftCom/AS_AsyncHelpers.git at main
========================================
Build
========================================
Selected platform: watchOS
Swift version: 6.2
Building package at path: $PWD
https://github.com/AustinSoftCom/AS_AsyncHelpers.git
Command line invocation:
/Applications/Xcode-26.3.0.app/Contents/Developer/usr/bin/xcodebuild -IDEClonedSourcePackagesDirPathOverride=/Users/admin/builder/spi-builder-workspace/.dependencies -resolvePackageDependencies
Resolve Package Graph
package 'spi-builder-workspace' is using Swift tools version 6.3.0 but the installed version is 6.2.4
Resolved source packages:
spi-builder-workspace: (null)
2026-10-10 13:40:27.637 xcodebuild[532:3067] Writing error result bundle to /var/folders/xq/y_g06wb113726d38xsyx71_h0000gn/T/ResultBundle_2026-10-10_13-40-0027.xcresult
xcodebuild: error: Could not resolve package dependencies:
package 'spi-builder-workspace' is using Swift tools version 6.3.0 but the installed version is 6.2.4
Command line invocation:
/Applications/Xcode-26.3.0.app/Contents/Developer/usr/bin/xcodebuild -IDEClonedSourcePackagesDirPathOverride=/Users/admin/builder/spi-builder-workspace/.dependencies -resolvePackageDependencies
Resolve Package Graph
package 'spi-builder-workspace' is using Swift tools version 6.3.0 but the installed version is 6.2.4
Resolved source packages:
spi-builder-workspace: (null)
2026-10-10 13:40:28.533 xcodebuild[596:3605] Writing error result bundle to /var/folders/xq/y_g06wb113726d38xsyx71_h0000gn/T/ResultBundle_2026-10-10_13-40-0028.xcresult
xcodebuild: error: Could not resolve package dependencies:
package 'spi-builder-workspace' is using Swift tools version 6.3.0 but the installed version is 6.2.4
BUILD FAILURE 6.2 watchOS