The Swift Package Index logo.Swift Package Index

Build Information

Failed to build mvt-postgis, reference v2.0.9 (97222e), with Swift 6.1 for watchOS using Xcode 16.3 on 9 Sep 2026 13:27:08 UTC.

Build Command

No build command. This typically means the build failed at an early stage where we determine the build command.

Build Log

========================================
RunAll
========================================
Builder version: 5.0.2
Interrupt handler set up.
========================================
Checkout
========================================
Clone URL: https://github.com/Outdooractive/mvt-postgis.git
Reference: v2.0.9
Initialized empty Git repository in /Users/admin/builder/spi-builder-workspace/.git/
From https://github.com/Outdooractive/mvt-postgis
 * tag               v2.0.9     -> FETCH_HEAD
HEAD is now at 97222ee Fixing the Codable implementation for MVTPostgis
Cloned https://github.com/Outdooractive/mvt-postgis.git
Revision (git rev-parse @):
97222ee95afe9ed837b5636a9b4a72eae5626842
SPI manifest file found: $PWD/.spi.yml
SUCCESS checkout https://github.com/Outdooractive/mvt-postgis.git at v2.0.9
========================================
Build
========================================
Selected platform:         watchOS
Swift version:             6.1
Building package at path:  $PWD
https://github.com/Outdooractive/mvt-postgis.git
https://github.com/Outdooractive/mvt-postgis.git
error: 'spi-builder-workspace': package 'spi-builder-workspace' is using Swift tools version 6.3.0 but the installed version is 6.1.0
error: fatalError
Command line invocation:
    /Applications/Xcode-16.3.0.app/Contents/Developer/usr/bin/xcodebuild -IDEClonedSourcePackagesDirPathOverride=/Users/admin/builder/spi-builder-workspace/.dependencies -resolvePackageDependencies
Resolve Package Graph
package 'spi-builder-workspace' is using Swift tools version 6.3.0 but the installed version is 6.1.0
Resolved source packages:
  spi-builder-workspace: (null)
2026-09-09 06:27:07.844 xcodebuild[504:2880] Writing error result bundle to /var/folders/5k/5yc19ymj0jqd5v0zvgfqz0xw0000gn/T/ResultBundle_2026-09-09_06-27-0007.xcresult
xcodebuild: error: Could not resolve package dependencies:
  package 'spi-builder-workspace' is using Swift tools version 6.3.0 but the installed version is 6.1.0
Command line invocation:
    /Applications/Xcode-16.3.0.app/Contents/Developer/usr/bin/xcodebuild -IDEClonedSourcePackagesDirPathOverride=/Users/admin/builder/spi-builder-workspace/.dependencies -resolvePackageDependencies
Resolve Package Graph
package 'spi-builder-workspace' is using Swift tools version 6.3.0 but the installed version is 6.1.0
Resolved source packages:
  spi-builder-workspace: (null)
2026-09-09 06:27:08.510 xcodebuild[513:2968] Writing error result bundle to /var/folders/5k/5yc19ymj0jqd5v0zvgfqz0xw0000gn/T/ResultBundle_2026-09-09_06-27-0008.xcresult
xcodebuild: error: Could not resolve package dependencies:
  package 'spi-builder-workspace' is using Swift tools version 6.3.0 but the installed version is 6.1.0
BUILD FAILURE 6.1 watchOS