Build Information
Failed to build FlowStack, reference main (bec30e), with Swift 6.2 for Linux on 14 Oct 2026 22:07:23 UTC.
Build Command
bash -c docker run --pull=always --rm -v "checkouts-54344847-0":/host -w "$PWD" -e JAVA_HOME="/root/.sdkman/candidates/java/current" -e SPI_BUILD="1" -e SPI_PROCESSING="1" registry.gitlab.com/saguaro1/spi-images:linux-6.2-latest swift build --triple x86_64-unknown-linux-gnu 2>&1Build Log
========================================
RunAll
========================================
Builder version: 5.1.3
Interrupt handler set up.
========================================
Checkout
========================================
Clone URL: https://github.com/tu-konnichiwa/FlowStack.git
Reference: main
Initialized empty Git repository in /host/spi-builder-workspace/.git/
hint: Using 'master' as the name for the initial branch. This default branch name
hint: is subject to change. To configure the initial branch name to use in all
hint: of your new repositories, which will suppress this warning, call:
hint:
hint: git config --global init.defaultBranch <name>
hint:
hint: Names commonly chosen instead of 'master' are 'main', 'trunk' and
hint: 'development'. The just-created branch can be renamed via this command:
hint:
hint: git branch -m <name>
From https://github.com/tu-konnichiwa/FlowStack
* branch main -> FETCH_HEAD
* [new branch] main -> origin/main
HEAD is now at bec30ea refine default navigation style
Cloned https://github.com/tu-konnichiwa/FlowStack.git
Revision (git rev-parse @):
bec30ea0d8c1a28be2c17ad6dbde9ba34856db6e
SUCCESS checkout https://github.com/tu-konnichiwa/FlowStack.git at main
========================================
Build
========================================
Selected platform: linux
Swift version: 6.2
Building package at path: $PWD
https://github.com/tu-konnichiwa/FlowStack.git
Running build ...
bash -c docker run --pull=always --rm -v "checkouts-54344847-0":/host -w "$PWD" -e JAVA_HOME="/root/.sdkman/candidates/java/current" -e SPI_BUILD="1" -e SPI_PROCESSING="1" registry.gitlab.com/saguaro1/spi-images:linux-6.2-latest swift build --triple x86_64-unknown-linux-gnu 2>&1
linux-6.2-latest: Pulling from saguaro1/spi-images
Digest: sha256:af72ee10f3ab8145e300c2afec9616a3ae441bd9d7c561ce3ed6cd39331f6017
Status: Image is up to date for registry.gitlab.com/saguaro1/spi-images:linux-6.2-latest
Building for debugging...
[0/2] Write sources
[1/2] Write swift-version-24593BA9C3E375BF.txt
error: emit-module command failed with exit code 1 (use -v to see invocation)
[3/18] Emitting module FlowStack
/host/spi-builder-workspace/Sources/FlowStack/FlowDialogBindings.swift:1:8: error: no such module 'SwiftUI'
1 | import SwiftUI
| `- error: no such module 'SwiftUI'
2 |
3 | public extension Binding {
[4/20] Compiling FlowStack FlowTransitionQueue.swift
/host/spi-builder-workspace/Sources/FlowStack/FlowDialogBindings.swift:1:8: error: no such module 'SwiftUI'
1 | import SwiftUI
| `- error: no such module 'SwiftUI'
2 |
3 | public extension Binding {
[5/20] Compiling FlowStack RouteHashable.swift
/host/spi-builder-workspace/Sources/FlowStack/FlowDialogBindings.swift:1:8: error: no such module 'SwiftUI'
1 | import SwiftUI
| `- error: no such module 'SwiftUI'
2 |
3 | public extension Binding {
[6/20] Compiling FlowStack FlowOperation.swift
/host/spi-builder-workspace/Sources/FlowStack/FlowDialogBindings.swift:1:8: error: no such module 'SwiftUI'
1 | import SwiftUI
| `- error: no such module 'SwiftUI'
2 |
3 | public extension Binding {
[7/20] Compiling FlowStack FlowRouter.swift
/host/spi-builder-workspace/Sources/FlowStack/FlowDialogBindings.swift:1:8: error: no such module 'SwiftUI'
1 | import SwiftUI
| `- error: no such module 'SwiftUI'
2 |
3 | public extension Binding {
[8/20] Compiling FlowStack FlowRouterInternals.swift
/host/spi-builder-workspace/Sources/FlowStack/FlowDialogBindings.swift:1:8: error: no such module 'SwiftUI'
1 | import SwiftUI
| `- error: no such module 'SwiftUI'
2 |
3 | public extension Binding {
[9/20] Compiling FlowStack FlowStackView.swift
/host/spi-builder-workspace/Sources/FlowStack/FlowDialogBindings.swift:1:8: error: no such module 'SwiftUI'
1 | import SwiftUI
| `- error: no such module 'SwiftUI'
2 |
3 | public extension Binding {
[10/20] Compiling FlowStack FlowRouterActions.swift
/host/spi-builder-workspace/Sources/FlowStack/FlowDialogBindings.swift:1:8: error: no such module 'SwiftUI'
1 | import SwiftUI
| `- error: no such module 'SwiftUI'
2 |
3 | public extension Binding {
[11/20] Compiling FlowStack FlowRouterAsync.swift
/host/spi-builder-workspace/Sources/FlowStack/FlowDialogBindings.swift:1:8: error: no such module 'SwiftUI'
1 | import SwiftUI
| `- error: no such module 'SwiftUI'
2 |
3 | public extension Binding {
[12/20] Compiling FlowStack FlowRouterBindings.swift
/host/spi-builder-workspace/Sources/FlowStack/FlowDialogBindings.swift:1:8: error: no such module 'SwiftUI'
1 | import SwiftUI
| `- error: no such module 'SwiftUI'
2 |
3 | public extension Binding {
[13/20] Compiling FlowStack FlowRouterDialogs.swift
/host/spi-builder-workspace/Sources/FlowStack/FlowDialogBindings.swift:1:8: error: no such module 'SwiftUI'
1 | import SwiftUI
| `- error: no such module 'SwiftUI'
2 |
3 | public extension Binding {
[14/20] Compiling FlowStack FlowTabRouter.swift
/host/spi-builder-workspace/Sources/FlowStack/FlowDialogBindings.swift:1:8: error: no such module 'SwiftUI'
1 | import SwiftUI
| `- error: no such module 'SwiftUI'
2 |
3 | public extension Binding {
[15/20] Compiling FlowStack FlowTabStackView.swift
/host/spi-builder-workspace/Sources/FlowStack/FlowDialogBindings.swift:1:8: error: no such module 'SwiftUI'
1 | import SwiftUI
| `- error: no such module 'SwiftUI'
2 |
3 | public extension Binding {
[16/20] Compiling FlowStack FlowCoreTypes.swift
/host/spi-builder-workspace/Sources/FlowStack/FlowDialogBindings.swift:1:8: error: no such module 'SwiftUI'
1 | import SwiftUI
| `- error: no such module 'SwiftUI'
2 |
3 | public extension Binding {
[17/20] Compiling FlowStack FlowDialogBindings.swift
/host/spi-builder-workspace/Sources/FlowStack/FlowDialogBindings.swift:1:8: error: no such module 'SwiftUI'
1 | import SwiftUI
| `- error: no such module 'SwiftUI'
2 |
3 | public extension Binding {
[18/20] Compiling FlowStack FlowDialogState.swift
/host/spi-builder-workspace/Sources/FlowStack/FlowDialogBindings.swift:1:8: error: no such module 'SwiftUI'
1 | import SwiftUI
| `- error: no such module 'SwiftUI'
2 |
3 | public extension Binding {
[19/20] Compiling FlowStack FlowNavigationReducer.swift
/host/spi-builder-workspace/Sources/FlowStack/FlowDialogBindings.swift:1:8: error: no such module 'SwiftUI'
1 | import SwiftUI
| `- error: no such module 'SwiftUI'
2 |
3 | public extension Binding {
[20/20] Compiling FlowStack FlowNavigationStyle.swift
/host/spi-builder-workspace/Sources/FlowStack/FlowDialogBindings.swift:1:8: error: no such module 'SwiftUI'
1 | import SwiftUI
| `- error: no such module 'SwiftUI'
2 |
3 | public extension Binding {
BUILD FAILURE 6.2 linux