Build Information
Failed to build KDCircularProgress, reference 1.5.4 (a0f30e), with Swift 6.4 for macOS (Xcode) using Xcode 27.0 on 16 Sep 2026 01:23:45 UTC.
Build Command
env DEVELOPER_DIR=/Applications/Xcode-27.0.0-Release.Candidate.app xcrun xcodebuild -IDEClonedSourcePackagesDirPathOverride=$PWD/.dependencies -skipMacroValidation -skipPackagePluginValidation -derivedDataPath $PWD/.derivedData build -scheme KDCircularProgress iOS -destination platform=macOS,arch=arm64Build Log
========================================
RunAll
========================================
Builder version: 5.1.0
Interrupt handler set up.
========================================
Checkout
========================================
Clone URL: https://github.com/kaandedeoglu/KDCircularProgress.git
Reference: 1.5.4
Initialized empty Git repository in /Users/admin/builder/spi-builder-workspace/.git/
From https://github.com/kaandedeoglu/KDCircularProgress
* tag 1.5.4 -> FETCH_HEAD
HEAD is now at a0f30e0 Mark KDCircularProgress with @objcMembers so all public fields are visible from Objective-C
Cloned https://github.com/kaandedeoglu/KDCircularProgress.git
Revision (git rev-parse @):
a0f30e0605b7ac91ac1b243efd9914b3fd592ad3
SUCCESS checkout https://github.com/kaandedeoglu/KDCircularProgress.git at 1.5.4
========================================
Build
========================================
Selected platform: macosXcodebuild
Swift version: 6.4
Building package at path: $PWD
https://github.com/kaandedeoglu/KDCircularProgress.git
Command line invocation:
/Applications/Xcode-27.0.0-Release.Candidate.app/Contents/Developer/usr/bin/xcodebuild -IDEClonedSourcePackagesDirPathOverride=/Users/admin/builder/spi-builder-workspace/.dependencies -resolvePackageDependencies
resolved source packages:
{
"dependencies" : [
],
"manifest_display_name" : "KDCircularProgress",
"name" : "KDCircularProgress",
"path" : "/Users/admin/builder/spi-builder-workspace",
"platforms" : [
],
"products" : [
{
"name" : "KDCircularProgress",
"targets" : [
"KDCircularProgress"
],
"type" : {
"library" : [
"automatic"
]
}
}
],
"targets" : [
{
"c99name" : "KDCircularProgress",
"module_type" : "SwiftTarget",
"name" : "KDCircularProgress",
"path" : "KDCircularProgress",
"product_memberships" : [
"KDCircularProgress"
],
"sources" : [
"KDCircularProgress.swift"
],
"type" : "library"
}
],
"tools_version" : "4.2"
}
{
"project" : {
"configurations" : [
"Debug",
"Release"
],
"name" : "KDCircularProgress",
"schemes" : [
"KDCircularProgress iOS"
],
"targets" : [
"KDCircularProgress iOS"
]
}
}
Running build ...
env DEVELOPER_DIR=/Applications/Xcode-27.0.0-Release.Candidate.app xcrun xcodebuild -IDEClonedSourcePackagesDirPathOverride=$PWD/.dependencies -skipMacroValidation -skipPackagePluginValidation -derivedDataPath $PWD/.derivedData build -scheme KDCircularProgress iOS -destination platform=macOS,arch=arm64
Command line invocation:
/Applications/Xcode-27.0.0-Release.Candidate.app/Contents/Developer/usr/bin/xcodebuild -IDEClonedSourcePackagesDirPathOverride=/Users/admin/builder/spi-builder-workspace/.dependencies -skipMacroValidation -skipPackagePluginValidation -derivedDataPath /Users/admin/builder/spi-builder-workspace/.derivedData build -scheme "KDCircularProgress iOS" -destination platform=macOS,arch=arm64
ComputePackagePrebuildTargetDependencyGraph
Prepare packages
CreateBuildRequest
SendProjectDescription
CreateBuildOperation
ComputeTargetDependencyGraph
note: Building targets in dependency order
note: Target dependency graph (1 target)
Target 'KDCircularProgress iOS' in project 'KDCircularProgress' (no dependencies)
GatherProvisioningInputs
CreateBuildDescription
ExecuteExternalTool /Applications/Xcode-27.0.0-Release.Candidate.app/Contents/Developer/Toolchains/XcodeDefault.xctoolchain/usr/bin/clang -v -E -dM -isysroot /Applications/Xcode-27.0.0-Release.Candidate.app/Contents/Developer/Platforms/MacOSX.platform/Developer/SDKs/MacOSX27.0.sdk -x c -c /dev/null
ExecuteExternalTool /Applications/Xcode-27.0.0-Release.Candidate.app/Contents/Developer/Toolchains/XcodeDefault.xctoolchain/usr/bin/clang -v -E -dM -arch arm64 -isysroot /Applications/Xcode-27.0.0-Release.Candidate.app/Contents/Developer/Platforms/MacOSX.platform/Developer/SDKs/MacOSX27.0.sdk -x c -c /dev/null
ExecuteExternalTool /Applications/Xcode-27.0.0-Release.Candidate.app/Contents/Developer/Toolchains/XcodeDefault.xctoolchain/usr/bin/swiftc --version
ExecuteExternalTool /Applications/Xcode-27.0.0-Release.Candidate.app/Contents/Developer/Toolchains/XcodeDefault.xctoolchain/usr/bin/ld -version_details
Build description signature: 6c05102c4a3ad59da1d94006e634b805
Build description path: /Users/admin/builder/spi-builder-workspace/.derivedData/Build/Intermediates.noindex/XCBuildData/6c05102c4a3ad59da1d94006e634b805.xcbuilddata
/Users/admin/builder/spi-builder-workspace/KDCircularProgress.xcodeproj: error: The macOS deployment target 'MACOSX_DEPLOYMENT_TARGET' is set to 10.15, but the range of supported deployment target versions is 12.0 to 27.0.x. (in target 'KDCircularProgress iOS' from project 'KDCircularProgress')
--- xcodebuild: WARNING: Using the first of multiple matching destinations:
{ platform:macOS, arch:arm64, variant:Mac Catalyst, id:cc0081cfb07f97a4464bb8015e72ef051c19d1d7, name:My Mac }
{ platform:macOS, arch:arm64, variant:Designed for [iPad,iPhone], id:cc0081cfb07f97a4464bb8015e72ef051c19d1d7, name:My Mac }
** BUILD FAILED **
The following build commands failed:
Building project KDCircularProgress with scheme KDCircularProgress iOS
(1 failure)
Command line invocation:
/Applications/Xcode-27.0.0-Release.Candidate.app/Contents/Developer/usr/bin/xcodebuild -IDEClonedSourcePackagesDirPathOverride=/Users/admin/builder/spi-builder-workspace/.dependencies -resolvePackageDependencies
resolved source packages:
{
"dependencies" : [
],
"manifest_display_name" : "KDCircularProgress",
"name" : "KDCircularProgress",
"path" : "/Users/admin/builder/spi-builder-workspace",
"platforms" : [
],
"products" : [
{
"name" : "KDCircularProgress",
"targets" : [
"KDCircularProgress"
],
"type" : {
"library" : [
"automatic"
]
}
}
],
"targets" : [
{
"c99name" : "KDCircularProgress",
"module_type" : "SwiftTarget",
"name" : "KDCircularProgress",
"path" : "KDCircularProgress",
"product_memberships" : [
"KDCircularProgress"
],
"sources" : [
"KDCircularProgress.swift"
],
"type" : "library"
}
],
"tools_version" : "4.2"
}
{
"project" : {
"configurations" : [
"Debug",
"Release"
],
"name" : "KDCircularProgress",
"schemes" : [
"KDCircularProgress iOS"
],
"targets" : [
"KDCircularProgress iOS"
]
}
}
Running build ...
env DEVELOPER_DIR=/Applications/Xcode-27.0.0-Release.Candidate.app xcrun xcodebuild -IDEClonedSourcePackagesDirPathOverride=$PWD/.dependencies -skipMacroValidation -skipPackagePluginValidation -derivedDataPath $PWD/.derivedData build -scheme KDCircularProgress iOS -destination platform=macOS,arch=arm64
Command line invocation:
/Applications/Xcode-27.0.0-Release.Candidate.app/Contents/Developer/usr/bin/xcodebuild -IDEClonedSourcePackagesDirPathOverride=/Users/admin/builder/spi-builder-workspace/.dependencies -skipMacroValidation -skipPackagePluginValidation -derivedDataPath /Users/admin/builder/spi-builder-workspace/.derivedData build -scheme "KDCircularProgress iOS" -destination platform=macOS,arch=arm64
ComputePackagePrebuildTargetDependencyGraph
Prepare packages
CreateBuildRequest
SendProjectDescription
CreateBuildOperation
ComputeTargetDependencyGraph
note: Building targets in dependency order
note: Target dependency graph (1 target)
Target 'KDCircularProgress iOS' in project 'KDCircularProgress' (no dependencies)
GatherProvisioningInputs
CreateBuildDescription
/Users/admin/builder/spi-builder-workspace/KDCircularProgress.xcodeproj: error: The macOS deployment target 'MACOSX_DEPLOYMENT_TARGET' is set to 10.15, but the range of supported deployment target versions is 12.0 to 27.0.x. (in target 'KDCircularProgress iOS' from project 'KDCircularProgress')
--- xcodebuild: WARNING: Using the first of multiple matching destinations:
{ platform:macOS, arch:arm64, variant:Mac Catalyst, id:cc0081cfb07f97a4464bb8015e72ef051c19d1d7, name:My Mac }
{ platform:macOS, arch:arm64, variant:Designed for [iPad,iPhone], id:cc0081cfb07f97a4464bb8015e72ef051c19d1d7, name:My Mac }
** BUILD FAILED **
The following build commands failed:
Building project KDCircularProgress with scheme KDCircularProgress iOS
(1 failure)
BUILD FAILURE 6.4 macosXcodebuild