The Swift Package Index logo.Swift Package Index

Build Information

Failed to build VaporExt, reference 0.3.4 (8e3ddf), with Swift 6.4 for tvOS using Xcode 27.0 on 16 Sep 2026 17:48:37 UTC.

Build Command

No build command. This typically means the build failed at an early stage where we determine the build command.

Build Log

========================================
RunAll
========================================
Builder version: 5.1.0
Interrupt handler set up.
========================================
Checkout
========================================
Clone URL: https://github.com/vapor-community/vapor-ext.git
Reference: 0.3.4
Initialized empty Git repository in /Users/admin/builder/spi-builder-workspace/.git/
From https://github.com/vapor-community/vapor-ext
 * tag               0.3.4      -> FETCH_HEAD
HEAD is now at 8e3ddf8 Remove warnings from Swift 5 (#20)
Cloned https://github.com/vapor-community/vapor-ext.git
Revision (git rev-parse @):
8e3ddf8b78c8436038d14712ac44f10aca78fe87
SUCCESS checkout https://github.com/vapor-community/vapor-ext.git at 0.3.4
========================================
Build
========================================
Selected platform:         tvOS
Swift version:             6.4
Building package at path:  $PWD
https://github.com/vapor-community/vapor-ext.git
Command line invocation:
    /Applications/Xcode-27.0.0-Release.Candidate.app/Contents/Developer/usr/bin/xcodebuild -IDEClonedSourcePackagesDirPathOverride=/Users/admin/builder/spi-builder-workspace/.dependencies -resolvePackageDependencies
Resolve Package Graph
Fetching from https://github.com/vapor/service.git
Fetching from https://github.com/vapor/fluent.git
Fetching from https://github.com/vapor/core.git
Fetching from https://github.com/gperdomor/vapor.git
skipping cache due to an error: Failed to clone repository https://github.com/gperdomor/vapor.git:
    Cloning into bare repository '/Users/admin/Library/Caches/org.swift.swiftpm/repositories/vapor-24b4a165'...
    fatal: could not read Username for 'https://github.com': terminal prompts disabled
Fetching from https://github.com/gperdomor/vapor.git
skipping cache due to an error: Failed to clone repository https://github.com/gperdomor/vapor.git:
    Cloning into bare repository '/Users/admin/Library/Caches/org.swift.swiftpm/repositories/vapor-24b4a165'...
    fatal: could not read Username for 'https://github.com': terminal prompts disabled
Resolve Package Graph
Fetching from https://github.com/gperdomor/vapor.git
skipping cache due to an error: Failed to clone repository https://github.com/gperdomor/vapor.git:
    Cloning into bare repository '/Users/admin/Library/Caches/org.swift.swiftpm/repositories/vapor-24b4a165'...
    fatal: could not read Username for 'https://github.com': terminal prompts disabled
Updating from https://github.com/vapor/service.git
Updating from https://github.com/vapor/fluent.git
Updating from https://github.com/vapor/core.git
Fetching from https://github.com/gperdomor/vapor.git
skipping cache due to an error: Failed to clone repository https://github.com/gperdomor/vapor.git:
    Cloning into bare repository '/Users/admin/Library/Caches/org.swift.swiftpm/repositories/vapor-24b4a165'...
    fatal: could not read Username for 'https://github.com': terminal prompts disabled
Resolve Package Graph
Updating from https://github.com/vapor/core.git
Fetching from https://github.com/gperdomor/vapor.git
skipping cache due to an error: Failed to clone repository https://github.com/gperdomor/vapor.git:
    Cloning into bare repository '/Users/admin/Library/Caches/org.swift.swiftpm/repositories/vapor-24b4a165'...
    fatal: could not read Username for 'https://github.com': terminal prompts disabled
Updating from https://github.com/vapor/service.git
Updating from https://github.com/vapor/fluent.git
Fetching from https://github.com/gperdomor/vapor.git
skipping cache due to an error: Failed to clone repository https://github.com/gperdomor/vapor.git:
    Cloning into bare repository '/Users/admin/Library/Caches/org.swift.swiftpm/repositories/vapor-24b4a165'...
    fatal: could not read Username for 'https://github.com': terminal prompts disabled
Resolve Package Graph
Fetching from https://github.com/gperdomor/vapor.git
skipping cache due to an error: Failed to clone repository https://github.com/gperdomor/vapor.git:
    Cloning into bare repository '/Users/admin/Library/Caches/org.swift.swiftpm/repositories/vapor-24b4a165'...
    fatal: could not read Username for 'https://github.com': terminal prompts disabled
Updating from https://github.com/vapor/service.git
Updating from https://github.com/vapor/core.git
Updating from https://github.com/vapor/fluent.git
Fetching from https://github.com/gperdomor/vapor.git
skipping cache due to an error: Failed to clone repository https://github.com/gperdomor/vapor.git:
    Cloning into bare repository '/Users/admin/Library/Caches/org.swift.swiftpm/repositories/vapor-24b4a165'...
    fatal: could not read Username for 'https://github.com': terminal prompts disabled
Resolve Package Graph
Fetching from https://github.com/gperdomor/vapor.git
skipping cache due to an error: Failed to clone repository https://github.com/gperdomor/vapor.git:
    Cloning into bare repository '/Users/admin/Library/Caches/org.swift.swiftpm/repositories/vapor-24b4a165'...
    fatal: could not read Username for 'https://github.com': terminal prompts disabled
Updating from https://github.com/vapor/fluent.git
Updating from https://github.com/vapor/core.git
Updating from https://github.com/vapor/service.git
Fetching from https://github.com/gperdomor/vapor.git
skipping cache due to an error: Failed to clone repository https://github.com/gperdomor/vapor.git:
    Cloning into bare repository '/Users/admin/Library/Caches/org.swift.swiftpm/repositories/vapor-24b4a165'...
    fatal: could not read Username for 'https://github.com': terminal prompts disabled
Resolve Package Graph
Fetching from https://github.com/gperdomor/vapor.git
skipping cache due to an error: Failed to clone repository https://github.com/gperdomor/vapor.git:
    Cloning into bare repository '/Users/admin/Library/Caches/org.swift.swiftpm/repositories/vapor-24b4a165'...
    fatal: could not read Username for 'https://github.com': terminal prompts disabled
Updating from https://github.com/vapor/fluent.git
Updating from https://github.com/vapor/core.git
Updating from https://github.com/vapor/service.git
Fetching from https://github.com/gperdomor/vapor.git
skipping cache due to an error: Failed to clone repository https://github.com/gperdomor/vapor.git:
    Cloning into bare repository '/Users/admin/Library/Caches/org.swift.swiftpm/repositories/vapor-24b4a165'...
    fatal: could not read Username for 'https://github.com': terminal prompts disabled
Resolve Package Graph
Updating from https://github.com/vapor/fluent.git
Fetching from https://github.com/gperdomor/vapor.git
skipping cache due to an error: Failed to clone repository https://github.com/gperdomor/vapor.git:
    Cloning into bare repository '/Users/admin/Library/Caches/org.swift.swiftpm/repositories/vapor-24b4a165'...
    fatal: could not read Username for 'https://github.com': terminal prompts disabled
Updating from https://github.com/vapor/core.git
Updating from https://github.com/vapor/service.git
Fetching from https://github.com/gperdomor/vapor.git
skipping cache due to an error: Failed to clone repository https://github.com/gperdomor/vapor.git:
    Cloning into bare repository '/Users/admin/Library/Caches/org.swift.swiftpm/repositories/vapor-24b4a165'...
    fatal: could not read Username for 'https://github.com': terminal prompts disabled
Resolved source packages:
  spi-builder-workspace: (null)
2026-09-16 13:48:34.498 xcodebuild[529:3032] Writing error result bundle to /var/folders/xq/y_g06wb113726d38xsyx71_h0000gn/T/ResultBundle_2026-16-09_13-48-0034.xcresult
xcodebuild: error: Could not resolve package dependencies:
  Failed to clone repository https://github.com/gperdomor/vapor.git:
    Cloning into bare repository '/Users/admin/builder/spi-builder-workspace/.dependencies/repositories/vapor-24b4a165'...
    fatal: could not read Username for 'https://github.com': terminal prompts disabled
Command line invocation:
    /Applications/Xcode-27.0.0-Release.Candidate.app/Contents/Developer/usr/bin/xcodebuild -IDEClonedSourcePackagesDirPathOverride=/Users/admin/builder/spi-builder-workspace/.dependencies -resolvePackageDependencies
Resolve Package Graph
Fetching from https://github.com/gperdomor/vapor.git
skipping cache due to an error: Failed to clone repository https://github.com/gperdomor/vapor.git:
    Cloning into bare repository '/Users/admin/Library/Caches/org.swift.swiftpm/repositories/vapor-24b4a165'...
    fatal: could not read Username for 'https://github.com': terminal prompts disabled
Updating from https://github.com/vapor/fluent.git
Updating from https://github.com/vapor/core.git
Updating from https://github.com/vapor/service.git
Fetching from https://github.com/gperdomor/vapor.git
skipping cache due to an error: Failed to clone repository https://github.com/gperdomor/vapor.git:
    Cloning into bare repository '/Users/admin/Library/Caches/org.swift.swiftpm/repositories/vapor-24b4a165'...
    fatal: could not read Username for 'https://github.com': terminal prompts disabled
Resolved source packages:
  spi-builder-workspace: (null)
2026-09-16 13:48:37.470 xcodebuild[995:4917] Writing error result bundle to /var/folders/xq/y_g06wb113726d38xsyx71_h0000gn/T/ResultBundle_2026-16-09_13-48-0037.xcresult
xcodebuild: error: Could not resolve package dependencies:
  Failed to clone repository https://github.com/gperdomor/vapor.git:
    Cloning into bare repository '/Users/admin/builder/spi-builder-workspace/.dependencies/repositories/vapor-24b4a165'...
    fatal: could not read Username for 'https://github.com': terminal prompts disabled
BUILD FAILURE 6.4 tvOS