Build Information
Failed to build AssertSwiftCLI, reference 0.0.1 (0fa5f6), with Swift 6.4 for tvOS using Xcode 27.0 on 18 Sep 2026 05:34:41 UTC.
Build Command
env DEVELOPER_DIR=/Applications/Xcode-27.0.0-Release.Candidate.app xcrun xcodebuild -IDEClonedSourcePackagesDirPathOverride=$PWD/.dependencies -skipMacroValidation -skipPackagePluginValidation -derivedDataPath $PWD/.derivedData build -scheme AssertSwiftCLI -destination generic/platform=tvOSBuild Log
Ld /Users/admin/builder/spi-builder-workspace/.derivedData/Build/Products/Debug-appletvos/ArgumentParserToolInfo.o normal (in target 'ArgumentParserToolInfo' from project 'swift-argument-parser')
cd /Users/admin/builder/spi-builder-workspace/.dependencies/checkouts/swift-argument-parser
/Applications/Xcode-27.0.0-Release.Candidate.app/Contents/Developer/Toolchains/XcodeDefault.xctoolchain/usr/bin/clang -Xlinker -reproducible -target arm64-apple-tvos15.0 -r -isysroot /Applications/Xcode-27.0.0-Release.Candidate.app/Contents/Developer/Platforms/AppleTVOS.platform/Developer/SDKs/AppleTVOS27.0.sdk -O0 -w -Xlinker -no_warn_duplicate_libraries -F/Users/admin/builder/spi-builder-workspace/.derivedData/Build/Intermediates.noindex/EagerLinkingTBDs/Debug-appletvos -F/Users/admin/builder/spi-builder-workspace/.derivedData/Build/Products/Debug-appletvos -iframework /Applications/Xcode-27.0.0-Release.Candidate.app/Contents/Developer/Platforms/AppleTVOS.platform/Developer/Library/Frameworks -iframework /Applications/Xcode-27.0.0-Release.Candidate.app/Contents/Developer/Platforms/AppleTVOS.platform/Developer/SDKs/AppleTVOS27.0.sdk/Developer/Library/Frameworks -filelist /Users/admin/builder/spi-builder-workspace/.derivedData/Build/Intermediates.noindex/swift-argument-parser.build/Debug-appletvos/ArgumentParserToolInfo-t.build/Objects-normal/arm64/ArgumentParserToolInfo.LinkFileList -nostdlib -Xlinker -object_path_lto -Xlinker /Users/admin/builder/spi-builder-workspace/.derivedData/Build/Intermediates.noindex/swift-argument-parser.build/Debug-appletvos/ArgumentParserToolInfo-t.build/Objects-normal/arm64/ArgumentParserToolInfo_lto.o -Xlinker -no_deduplicate -Xlinker -debug_variant -Xlinker -dependency_info -Xlinker /Users/admin/builder/spi-builder-workspace/.derivedData/Build/Intermediates.noindex/swift-argument-parser.build/Debug-appletvos/ArgumentParserToolInfo-t.build/Objects-normal/arm64/ArgumentParserToolInfo_dependency_info.dat -fobjc-link-runtime -L/Applications/Xcode-27.0.0-Release.Candidate.app/Contents/Developer/Toolchains/XcodeDefault.xctoolchain/usr/lib/swift/appletvos -L/usr/lib/swift -Xlinker -add_ast_path -Xlinker /Users/admin/builder/spi-builder-workspace/.derivedData/Build/Intermediates.noindex/swift-argument-parser.build/Debug-appletvos/ArgumentParserToolInfo-t.build/Objects-normal/arm64/ArgumentParserToolInfo.swiftmodule -o /Users/admin/builder/spi-builder-workspace/.derivedData/Build/Products/Debug-appletvos/ArgumentParserToolInfo.o
ExtractAppIntentsMetadata (in target 'ArgumentParserToolInfo' from project 'swift-argument-parser')
cd /Users/admin/builder/spi-builder-workspace/.dependencies/checkouts/swift-argument-parser
/Applications/Xcode-27.0.0-Release.Candidate.app/Contents/Developer/Toolchains/XcodeDefault.xctoolchain/usr/bin/appintentsmetadataprocessor --toolchain-dir /var/run/com.apple.security.cryptexd/mnt/com.apple.MobileAsset.MetalToolchain-v27.1.266.1.3uuWOs/Metal.xctoolchain --module-name ArgumentParserToolInfo --sdk-root /Applications/Xcode-27.0.0-Release.Candidate.app/Contents/Developer/Platforms/AppleTVOS.platform/Developer/SDKs/AppleTVOS27.0.sdk --xcode-version 27A266a --platform-family tvOS --deployment-target 15.0 --bundle-identifier swift-argument-parser.ArgumentParserToolInfo --output /Users/admin/builder/spi-builder-workspace/.derivedData/Build/Products/Debug-appletvos/ArgumentParserToolInfo.appintents --target-triple arm64-apple-tvos15.0 --binary-file /Users/admin/builder/spi-builder-workspace/.derivedData/Build/Products/Debug-appletvos/ArgumentParserToolInfo.o --dependency-file /Users/admin/builder/spi-builder-workspace/.derivedData/Build/Intermediates.noindex/swift-argument-parser.build/Debug-appletvos/ArgumentParserToolInfo-t.build/Objects-normal/arm64/ArgumentParserToolInfo_dependency_info.dat --stringsdata-file /Users/admin/builder/spi-builder-workspace/.derivedData/Build/Intermediates.noindex/swift-argument-parser.build/Debug-appletvos/ArgumentParserToolInfo-t.build/Objects-normal/arm64/ExtractedAppShortcutsMetadata.stringsdata --source-file-list /Users/admin/builder/spi-builder-workspace/.derivedData/Build/Intermediates.noindex/swift-argument-parser.build/Debug-appletvos/ArgumentParserToolInfo-t.build/Objects-normal/arm64/ArgumentParserToolInfo.SwiftFileList --metadata-file-list /Users/admin/builder/spi-builder-workspace/.derivedData/Build/Intermediates.noindex/swift-argument-parser.build/Debug-appletvos/ArgumentParserToolInfo-t.build/ArgumentParserToolInfo.DependencyMetadataFileList --static-metadata-file-list /Users/admin/builder/spi-builder-workspace/.derivedData/Build/Intermediates.noindex/swift-argument-parser.build/Debug-appletvos/ArgumentParserToolInfo-t.build/ArgumentParserToolInfo.DependencyStaticMetadataFileList --swift-const-vals-list /Users/admin/builder/spi-builder-workspace/.derivedData/Build/Intermediates.noindex/swift-argument-parser.build/Debug-appletvos/ArgumentParserToolInfo-t.build/Objects-normal/arm64/ArgumentParserToolInfo.SwiftConstValuesFileList --force --compile-time-extraction --deployment-aware-processing --no-app-shortcuts-localization
2026-09-18 01:34:28.886 appintentsmetadataprocessor[876:5398] Starting appintentsmetadataprocessor export
2026-09-18 01:34:28.985 appintentsmetadataprocessor[876:5398] Extracted no relevant App Intents symbols, skipping writing output
SwiftExplicitDependencyGeneratePcm arm64 /Users/admin/builder/spi-builder-workspace/.derivedData/SDKExplicitPrecompiledModules/_Builtin_inttypes-6X1IQ3QK9KEVKXOK9Y79EW7J3.pcm
SwiftExplicitDependencyGeneratePcm arm64 /Users/admin/builder/spi-builder-workspace/.derivedData/SDKExplicitPrecompiledModules/_Builtin_inttypes-80RS02PM2X81SP8N0Q7X05540.pcm
SwiftExplicitDependencyGeneratePcm arm64 /Users/admin/builder/spi-builder-workspace/.derivedData/SDKExplicitPrecompiledModules/Darwin-DBSQAVBBPC3D2OMU5ZI2RXMST.pcm
SwiftExplicitDependencyGeneratePcm arm64 /Users/admin/builder/spi-builder-workspace/.derivedData/SDKExplicitPrecompiledModules/Darwin-1VTILT8KA42CNDAUB0H1FM7MC.pcm
SwiftExplicitDependencyGeneratePcm arm64 /Users/admin/builder/spi-builder-workspace/.derivedData/SDKExplicitPrecompiledModules/ObjectiveC-5250FDCE56N8508OR6XUYDKZM.pcm
SwiftExplicitDependencyGeneratePcm arm64 /Users/admin/builder/spi-builder-workspace/.derivedData/SDKExplicitPrecompiledModules/MachO-EH3F5PJCIZG05NO51CEFSZYPW.pcm
SwiftExplicitDependencyGeneratePcm arm64 /Users/admin/builder/spi-builder-workspace/.derivedData/SDKExplicitPrecompiledModules/ObjectiveC-CC0BYHG21IQMMT48PGDNSK7G6.pcm
SwiftExplicitDependencyGeneratePcm arm64 /Users/admin/builder/spi-builder-workspace/.derivedData/SDKExplicitPrecompiledModules/MachO-A5KLTMTLJD1DPHEYPZHUSRJ4O.pcm
SwiftExplicitDependencyGeneratePcm arm64 /Users/admin/builder/spi-builder-workspace/.derivedData/SDKExplicitPrecompiledModules/os_object-E2DGZ0SX0TULQHULZRPO6OKNW.pcm
SwiftExplicitDependencyGeneratePcm arm64 /Users/admin/builder/spi-builder-workspace/.derivedData/SDKExplicitPrecompiledModules/os_object-1TJLDNS7X3UT7Y5TM4QQ2RN6G.pcm
SwiftExplicitDependencyGeneratePcm arm64 /Users/admin/builder/spi-builder-workspace/.derivedData/SDKExplicitPrecompiledModules/os_workgroup-DBUFF7811DKMX7VPBOJPGGF1U.pcm
SwiftExplicitDependencyGeneratePcm arm64 /Users/admin/builder/spi-builder-workspace/.derivedData/SDKExplicitPrecompiledModules/os_workgroup-E61GF9E8FAHZGKXVOV9QHUD27.pcm
SwiftExplicitDependencyGeneratePcm arm64 /Users/admin/builder/spi-builder-workspace/.derivedData/SDKExplicitPrecompiledModules/Dispatch-1QL58A0V50C39KVAIC6C38SHL.pcm
SwiftExplicitDependencyGeneratePcm arm64 /Users/admin/builder/spi-builder-workspace/.derivedData/SDKExplicitPrecompiledModules/Dispatch-F564M6B2H1RRD83XZ8EBWFSHE.pcm
SwiftExplicitDependencyGeneratePcm arm64 /Users/admin/builder/spi-builder-workspace/.derivedData/SDKExplicitPrecompiledModules/CoreFoundation-7TPJ7ENDC4L1A1ESHYI9TXS0D.pcm
SwiftExplicitDependencyGeneratePcm arm64 /Users/admin/builder/spi-builder-workspace/.derivedData/SDKExplicitPrecompiledModules/XPC-6O2DJFT3QUJ7QKTD3SNUB6PCR.pcm
SwiftExplicitDependencyGeneratePcm arm64 /Users/admin/builder/spi-builder-workspace/.derivedData/SDKExplicitPrecompiledModules/XPC-2WVXL0UION0MYZOZAJZC6DUXD.pcm
SwiftExplicitDependencyGeneratePcm arm64 /Users/admin/builder/spi-builder-workspace/.derivedData/SDKExplicitPrecompiledModules/CoreFoundation-A4LOYEEJIFQKOPZRDOG9M3N2K.pcm
SwiftExplicitDependencyGeneratePcm arm64 /Users/admin/builder/spi-builder-workspace/.derivedData/SDKExplicitPrecompiledModules/os-3GJI8H0BNAEZPQPQ1V0VVY3FY.pcm
SwiftExplicitDependencyGeneratePcm arm64 /Users/admin/builder/spi-builder-workspace/.derivedData/SDKExplicitPrecompiledModules/Security-8VMXEKVDA3MHUH9AOTP905DID.pcm
SwiftExplicitDependencyGeneratePcm arm64 /Users/admin/builder/spi-builder-workspace/.derivedData/SDKExplicitPrecompiledModules/CFNetwork-2CUR2VK9S3S3WPFXPNXNUWYGN.pcm
SwiftExplicitDependencyGeneratePcm arm64 /Users/admin/builder/spi-builder-workspace/.derivedData/SDKExplicitPrecompiledModules/os-4NLIUP5HHN7FW5ML70YLEU8QE.pcm
SwiftExplicitDependencyGeneratePcm arm64 /Users/admin/builder/spi-builder-workspace/.derivedData/SDKExplicitPrecompiledModules/Security-6KU6X9W8QDIJW83JUF0DRES83.pcm
SwiftExplicitDependencyGeneratePcm arm64 /Users/admin/builder/spi-builder-workspace/.derivedData/SDKExplicitPrecompiledModules/CFNetwork-8S7XZ5SI3TWM2JOZPDZPRY8W9.pcm
SwiftExplicitDependencyGeneratePcm arm64 /Users/admin/builder/spi-builder-workspace/.derivedData/SDKExplicitPrecompiledModules/Foundation-BSSIP64DIGUKMAYJOG1WPQ78X.pcm
SwiftExplicitDependencyGeneratePcm arm64 /Users/admin/builder/spi-builder-workspace/.derivedData/SDKExplicitPrecompiledModules/Foundation-1AS5K10MY6XENLLR2NDUCKYTM.pcm
SwiftEmitModule normal arm64 Emitting\ module\ for\ XCTestDynamicOverlay (in target 'XCTestDynamicOverlay' from project 'xctest-dynamic-overlay')
SwiftCompile normal arm64 (in target 'XCTestDynamicOverlay' from project 'xctest-dynamic-overlay')
cd /Users/admin/builder/spi-builder-workspace/.swiftpm/xcode
SwiftCompile normal arm64 Compiling\ XCTIsTesting.swift /Users/admin/builder/spi-builder-workspace/.dependencies/checkouts/xctest-dynamic-overlay/Sources/XCTestDynamicOverlay/XCTIsTesting.swift (in target 'XCTestDynamicOverlay' from project 'xctest-dynamic-overlay')
SwiftCompile normal arm64 /Users/admin/builder/spi-builder-workspace/.dependencies/checkouts/xctest-dynamic-overlay/Sources/XCTestDynamicOverlay/XCTIsTesting.swift (in target 'XCTestDynamicOverlay' from project 'xctest-dynamic-overlay')
cd /Users/admin/builder/spi-builder-workspace/.swiftpm/xcode
builtin-SwiftPerFileCompile XCTIsTesting.swift
SwiftCompile normal arm64 Compiling\ XCTFail.swift /Users/admin/builder/spi-builder-workspace/.dependencies/checkouts/xctest-dynamic-overlay/Sources/XCTestDynamicOverlay/XCTFail.swift (in target 'XCTestDynamicOverlay' from project 'xctest-dynamic-overlay')
SwiftCompile normal arm64 /Users/admin/builder/spi-builder-workspace/.dependencies/checkouts/xctest-dynamic-overlay/Sources/XCTestDynamicOverlay/XCTFail.swift (in target 'XCTestDynamicOverlay' from project 'xctest-dynamic-overlay')
cd /Users/admin/builder/spi-builder-workspace/.swiftpm/xcode
builtin-SwiftPerFileCompile XCTFail.swift
SwiftCompile normal arm64 Compiling\ XCTCurrentTestCase.swift /Users/admin/builder/spi-builder-workspace/.dependencies/checkouts/xctest-dynamic-overlay/Sources/XCTestDynamicOverlay/Internal/XCTCurrentTestCase.swift (in target 'XCTestDynamicOverlay' from project 'xctest-dynamic-overlay')
SwiftCompile normal arm64 /Users/admin/builder/spi-builder-workspace/.dependencies/checkouts/xctest-dynamic-overlay/Sources/XCTestDynamicOverlay/Internal/XCTCurrentTestCase.swift (in target 'XCTestDynamicOverlay' from project 'xctest-dynamic-overlay')
cd /Users/admin/builder/spi-builder-workspace/.swiftpm/xcode
builtin-SwiftPerFileCompile XCTCurrentTestCase.swift
SwiftCompile normal arm64 Compiling\ Unimplemented.swift /Users/admin/builder/spi-builder-workspace/.dependencies/checkouts/xctest-dynamic-overlay/Sources/XCTestDynamicOverlay/Unimplemented.swift (in target 'XCTestDynamicOverlay' from project 'xctest-dynamic-overlay')
SwiftCompile normal arm64 /Users/admin/builder/spi-builder-workspace/.dependencies/checkouts/xctest-dynamic-overlay/Sources/XCTestDynamicOverlay/Unimplemented.swift (in target 'XCTestDynamicOverlay' from project 'xctest-dynamic-overlay')
cd /Users/admin/builder/spi-builder-workspace/.swiftpm/xcode
builtin-SwiftPerFileCompile Unimplemented.swift
SwiftCompile normal arm64 Compiling\ Deprecations.swift /Users/admin/builder/spi-builder-workspace/.dependencies/checkouts/xctest-dynamic-overlay/Sources/XCTestDynamicOverlay/Internal/Deprecations.swift (in target 'XCTestDynamicOverlay' from project 'xctest-dynamic-overlay')
SwiftCompile normal arm64 /Users/admin/builder/spi-builder-workspace/.dependencies/checkouts/xctest-dynamic-overlay/Sources/XCTestDynamicOverlay/Internal/Deprecations.swift (in target 'XCTestDynamicOverlay' from project 'xctest-dynamic-overlay')
cd /Users/admin/builder/spi-builder-workspace/.swiftpm/xcode
builtin-SwiftPerFileCompile Deprecations.swift
SwiftCompile normal arm64 Compiling\ DefaultInitializable.swift /Users/admin/builder/spi-builder-workspace/.dependencies/checkouts/xctest-dynamic-overlay/Sources/XCTestDynamicOverlay/Internal/DefaultInitializable.swift (in target 'XCTestDynamicOverlay' from project 'xctest-dynamic-overlay')
SwiftCompile normal arm64 /Users/admin/builder/spi-builder-workspace/.dependencies/checkouts/xctest-dynamic-overlay/Sources/XCTestDynamicOverlay/Internal/DefaultInitializable.swift (in target 'XCTestDynamicOverlay' from project 'xctest-dynamic-overlay')
cd /Users/admin/builder/spi-builder-workspace/.swiftpm/xcode
builtin-SwiftPerFileCompile DefaultInitializable.swift
SwiftCompile normal arm64 Compiling\ GeneratePlaceholder.swift /Users/admin/builder/spi-builder-workspace/.dependencies/checkouts/xctest-dynamic-overlay/Sources/XCTestDynamicOverlay/Internal/GeneratePlaceholder.swift (in target 'XCTestDynamicOverlay' from project 'xctest-dynamic-overlay')
SwiftCompile normal arm64 /Users/admin/builder/spi-builder-workspace/.dependencies/checkouts/xctest-dynamic-overlay/Sources/XCTestDynamicOverlay/Internal/GeneratePlaceholder.swift (in target 'XCTestDynamicOverlay' from project 'xctest-dynamic-overlay')
cd /Users/admin/builder/spi-builder-workspace/.swiftpm/xcode
builtin-SwiftPerFileCompile GeneratePlaceholder.swift
SwiftCompile normal arm64 Compiling\ RuntimeWarnings.swift /Users/admin/builder/spi-builder-workspace/.dependencies/checkouts/xctest-dynamic-overlay/Sources/XCTestDynamicOverlay/Internal/RuntimeWarnings.swift (in target 'XCTestDynamicOverlay' from project 'xctest-dynamic-overlay')
SwiftCompile normal arm64 /Users/admin/builder/spi-builder-workspace/.dependencies/checkouts/xctest-dynamic-overlay/Sources/XCTestDynamicOverlay/Internal/RuntimeWarnings.swift (in target 'XCTestDynamicOverlay' from project 'xctest-dynamic-overlay')
cd /Users/admin/builder/spi-builder-workspace/.swiftpm/xcode
builtin-SwiftPerFileCompile RuntimeWarnings.swift
SwiftEmitModule normal arm64 Emitting\ module\ for\ ArgumentParser (in target 'ArgumentParser' from project 'swift-argument-parser')
SwiftCompile normal arm64 (in target 'ArgumentParser' from project 'swift-argument-parser')
cd /Users/admin/builder/spi-builder-workspace/.swiftpm/xcode
SwiftCompile normal arm64 Compiling\ InputOrigin.swift,\ Name.swift,\ Parsed.swift,\ ParsedValues.swift,\ ParserError.swift /Users/admin/builder/spi-builder-workspace/.dependencies/checkouts/swift-argument-parser/Sources/ArgumentParser/Parsing/InputOrigin.swift /Users/admin/builder/spi-builder-workspace/.dependencies/checkouts/swift-argument-parser/Sources/ArgumentParser/Parsing/Name.swift /Users/admin/builder/spi-builder-workspace/.dependencies/checkouts/swift-argument-parser/Sources/ArgumentParser/Parsing/Parsed.swift /Users/admin/builder/spi-builder-workspace/.dependencies/checkouts/swift-argument-parser/Sources/ArgumentParser/Parsing/ParsedValues.swift /Users/admin/builder/spi-builder-workspace/.dependencies/checkouts/swift-argument-parser/Sources/ArgumentParser/Parsing/ParserError.swift (in target 'ArgumentParser' from project 'swift-argument-parser')
SwiftCompile normal arm64 /Users/admin/builder/spi-builder-workspace/.dependencies/checkouts/swift-argument-parser/Sources/ArgumentParser/Parsing/InputOrigin.swift (in target 'ArgumentParser' from project 'swift-argument-parser')
cd /Users/admin/builder/spi-builder-workspace/.swiftpm/xcode
builtin-SwiftPerFileCompile InputOrigin.swift
SwiftCompile normal arm64 /Users/admin/builder/spi-builder-workspace/.dependencies/checkouts/swift-argument-parser/Sources/ArgumentParser/Parsing/Name.swift (in target 'ArgumentParser' from project 'swift-argument-parser')
cd /Users/admin/builder/spi-builder-workspace/.swiftpm/xcode
builtin-SwiftPerFileCompile Name.swift
SwiftCompile normal arm64 /Users/admin/builder/spi-builder-workspace/.dependencies/checkouts/swift-argument-parser/Sources/ArgumentParser/Parsing/Parsed.swift (in target 'ArgumentParser' from project 'swift-argument-parser')
cd /Users/admin/builder/spi-builder-workspace/.swiftpm/xcode
builtin-SwiftPerFileCompile Parsed.swift
SwiftCompile normal arm64 /Users/admin/builder/spi-builder-workspace/.dependencies/checkouts/swift-argument-parser/Sources/ArgumentParser/Parsing/ParsedValues.swift (in target 'ArgumentParser' from project 'swift-argument-parser')
cd /Users/admin/builder/spi-builder-workspace/.swiftpm/xcode
builtin-SwiftPerFileCompile ParsedValues.swift
SwiftCompile normal arm64 /Users/admin/builder/spi-builder-workspace/.dependencies/checkouts/swift-argument-parser/Sources/ArgumentParser/Parsing/ParserError.swift (in target 'ArgumentParser' from project 'swift-argument-parser')
cd /Users/admin/builder/spi-builder-workspace/.swiftpm/xcode
builtin-SwiftPerFileCompile ParserError.swift
SwiftDriverJobDiscovery normal arm64 Compiling GeneratePlaceholder.swift (in target 'XCTestDynamicOverlay' from project 'xctest-dynamic-overlay')
SwiftCompile normal arm64 Compiling\ SequenceExtensions.swift,\ StringExtensions.swift,\ SwiftExtensions.swift,\ Tree.swift,\ AsyncCompletionsValidator.swift /Users/admin/builder/spi-builder-workspace/.dependencies/checkouts/swift-argument-parser/Sources/ArgumentParser/Utilities/SequenceExtensions.swift /Users/admin/builder/spi-builder-workspace/.dependencies/checkouts/swift-argument-parser/Sources/ArgumentParser/Utilities/StringExtensions.swift /Users/admin/builder/spi-builder-workspace/.dependencies/checkouts/swift-argument-parser/Sources/ArgumentParser/Utilities/SwiftExtensions.swift /Users/admin/builder/spi-builder-workspace/.dependencies/checkouts/swift-argument-parser/Sources/ArgumentParser/Utilities/Tree.swift /Users/admin/builder/spi-builder-workspace/.dependencies/checkouts/swift-argument-parser/Sources/ArgumentParser/Validators/AsyncCompletionsValidator.swift (in target 'ArgumentParser' from project 'swift-argument-parser')
SwiftCompile normal arm64 /Users/admin/builder/spi-builder-workspace/.dependencies/checkouts/swift-argument-parser/Sources/ArgumentParser/Utilities/SequenceExtensions.swift (in target 'ArgumentParser' from project 'swift-argument-parser')
cd /Users/admin/builder/spi-builder-workspace/.swiftpm/xcode
builtin-SwiftPerFileCompile SequenceExtensions.swift
SwiftCompile normal arm64 /Users/admin/builder/spi-builder-workspace/.dependencies/checkouts/swift-argument-parser/Sources/ArgumentParser/Utilities/StringExtensions.swift (in target 'ArgumentParser' from project 'swift-argument-parser')
cd /Users/admin/builder/spi-builder-workspace/.swiftpm/xcode
builtin-SwiftPerFileCompile StringExtensions.swift
SwiftCompile normal arm64 /Users/admin/builder/spi-builder-workspace/.dependencies/checkouts/swift-argument-parser/Sources/ArgumentParser/Utilities/SwiftExtensions.swift (in target 'ArgumentParser' from project 'swift-argument-parser')
cd /Users/admin/builder/spi-builder-workspace/.swiftpm/xcode
builtin-SwiftPerFileCompile SwiftExtensions.swift
SwiftCompile normal arm64 /Users/admin/builder/spi-builder-workspace/.dependencies/checkouts/swift-argument-parser/Sources/ArgumentParser/Utilities/Tree.swift (in target 'ArgumentParser' from project 'swift-argument-parser')
cd /Users/admin/builder/spi-builder-workspace/.swiftpm/xcode
builtin-SwiftPerFileCompile Tree.swift
SwiftCompile normal arm64 /Users/admin/builder/spi-builder-workspace/.dependencies/checkouts/swift-argument-parser/Sources/ArgumentParser/Validators/AsyncCompletionsValidator.swift (in target 'ArgumentParser' from project 'swift-argument-parser')
cd /Users/admin/builder/spi-builder-workspace/.swiftpm/xcode
builtin-SwiftPerFileCompile AsyncCompletionsValidator.swift
SwiftDriverJobDiscovery normal arm64 Compiling Deprecations.swift (in target 'XCTestDynamicOverlay' from project 'xctest-dynamic-overlay')
SwiftCompile normal arm64 Compiling\ BashCompletionsGenerator.swift,\ CompletionsGenerator.swift,\ FishCompletionsGenerator.swift,\ ZshCompletionsGenerator.swift,\ Argument.swift,\ ArgumentDiscussion.swift /Users/admin/builder/spi-builder-workspace/.dependencies/checkouts/swift-argument-parser/Sources/ArgumentParser/Completions/BashCompletionsGenerator.swift /Users/admin/builder/spi-builder-workspace/.dependencies/checkouts/swift-argument-parser/Sources/ArgumentParser/Completions/CompletionsGenerator.swift /Users/admin/builder/spi-builder-workspace/.dependencies/checkouts/swift-argument-parser/Sources/ArgumentParser/Completions/FishCompletionsGenerator.swift /Users/admin/builder/spi-builder-workspace/.dependencies/checkouts/swift-argument-parser/Sources/ArgumentParser/Completions/ZshCompletionsGenerator.swift /Users/admin/builder/spi-builder-workspace/.dependencies/checkouts/swift-argument-parser/Sources/ArgumentParser/Parsable\ Properties/Argument.swift /Users/admin/builder/spi-builder-workspace/.dependencies/checkouts/swift-argument-parser/Sources/ArgumentParser/Parsable\ Properties/ArgumentDiscussion.swift (in target 'ArgumentParser' from project 'swift-argument-parser')
SwiftCompile normal arm64 /Users/admin/builder/spi-builder-workspace/.dependencies/checkouts/swift-argument-parser/Sources/ArgumentParser/Completions/BashCompletionsGenerator.swift (in target 'ArgumentParser' from project 'swift-argument-parser')
cd /Users/admin/builder/spi-builder-workspace/.swiftpm/xcode
builtin-SwiftPerFileCompile BashCompletionsGenerator.swift
SwiftCompile normal arm64 /Users/admin/builder/spi-builder-workspace/.dependencies/checkouts/swift-argument-parser/Sources/ArgumentParser/Completions/CompletionsGenerator.swift (in target 'ArgumentParser' from project 'swift-argument-parser')
cd /Users/admin/builder/spi-builder-workspace/.swiftpm/xcode
builtin-SwiftPerFileCompile CompletionsGenerator.swift
SwiftCompile normal arm64 /Users/admin/builder/spi-builder-workspace/.dependencies/checkouts/swift-argument-parser/Sources/ArgumentParser/Completions/FishCompletionsGenerator.swift (in target 'ArgumentParser' from project 'swift-argument-parser')
cd /Users/admin/builder/spi-builder-workspace/.swiftpm/xcode
builtin-SwiftPerFileCompile FishCompletionsGenerator.swift
SwiftCompile normal arm64 /Users/admin/builder/spi-builder-workspace/.dependencies/checkouts/swift-argument-parser/Sources/ArgumentParser/Completions/ZshCompletionsGenerator.swift (in target 'ArgumentParser' from project 'swift-argument-parser')
cd /Users/admin/builder/spi-builder-workspace/.swiftpm/xcode
builtin-SwiftPerFileCompile ZshCompletionsGenerator.swift
SwiftCompile normal arm64 /Users/admin/builder/spi-builder-workspace/.dependencies/checkouts/swift-argument-parser/Sources/ArgumentParser/Parsable\ Properties/Argument.swift (in target 'ArgumentParser' from project 'swift-argument-parser')
cd /Users/admin/builder/spi-builder-workspace/.swiftpm/xcode
builtin-SwiftPerFileCompile Argument.swift
SwiftCompile normal arm64 /Users/admin/builder/spi-builder-workspace/.dependencies/checkouts/swift-argument-parser/Sources/ArgumentParser/Parsable\ Properties/ArgumentDiscussion.swift (in target 'ArgumentParser' from project 'swift-argument-parser')
cd /Users/admin/builder/spi-builder-workspace/.swiftpm/xcode
builtin-SwiftPerFileCompile ArgumentDiscussion.swift
SwiftDriverJobDiscovery normal arm64 Emitting module for XCTestDynamicOverlay (in target 'XCTestDynamicOverlay' from project 'xctest-dynamic-overlay')
SwiftDriver\ Compilation\ Requirements XCTestDynamicOverlay normal arm64 com.apple.xcode.tools.swift.compiler (in target 'XCTestDynamicOverlay' from project 'xctest-dynamic-overlay')
cd /Users/admin/builder/spi-builder-workspace/.swiftpm/xcode
builtin-Swift-Compilation-Requirements -- /Applications/Xcode-27.0.0-Release.Candidate.app/Contents/Developer/Toolchains/XcodeDefault.xctoolchain/usr/bin/swiftc -parse-as-library -module-name XCTestDynamicOverlay -Onone @/Users/admin/builder/spi-builder-workspace/.derivedData/Build/Intermediates.noindex/xctest-dynamic-overlay.build/Debug-appletvos/XCTestDynamicOverlay-t.build/Objects-normal/arm64/XCTestDynamicOverlay.SwiftFileList -DSWIFT_PACKAGE -DDEBUG -DSWIFT_MODULE_RESOURCE_BUNDLE_UNAVAILABLE -DXcode -plugin-path /Applications/Xcode-27.0.0-Release.Candidate.app/Contents/Developer/Toolchains/XcodeDefault.xctoolchain/usr/lib/swift/host/plugins/testing -enable-experimental-feature DebugDescriptionMacro -sdk /Applications/Xcode-27.0.0-Release.Candidate.app/Contents/Developer/Platforms/AppleTVOS.platform/Developer/SDKs/AppleTVOS27.0.sdk -target arm64-apple-tvos15.0 -g -module-cache-path /Users/admin/builder/spi-builder-workspace/.derivedData/ModuleCache.noindex -Xfrontend -serialize-debugging-options -profile-coverage-mapping -profile-generate -enable-testing -suppress-warnings -index-store-path /Users/admin/builder/spi-builder-workspace/.derivedData/Index.noindex/DataStore -Xcc -D_LIBCPP_HARDENING_MODE\=_LIBCPP_HARDENING_MODE_DEBUG -swift-version 5 -I /Users/admin/builder/spi-builder-workspace/.derivedData/Build/Products/Debug-appletvos -Isystem /Applications/Xcode-27.0.0-Release.Candidate.app/Contents/Developer/Platforms/AppleTVOS.platform/Developer/usr/lib -F /Users/admin/builder/spi-builder-workspace/.derivedData/Build/Products/Debug-appletvos -F /Applications/Xcode-27.0.0-Release.Candidate.app/Contents/Developer/Platforms/AppleTVOS.platform/Developer/Library/Frameworks -F /Applications/Xcode-27.0.0-Release.Candidate.app/Contents/Developer/Platforms/AppleTVOS.platform/Developer/SDKs/AppleTVOS27.0.sdk/Developer/Library/Frameworks -c -j10 -enable-batch-mode -incremental -Xcc -ivfsstatcache -Xcc /Users/admin/builder/spi-builder-workspace/.derivedData/SDKStatCaches.noindex/appletvos27.0-24J360-e829b21a6f8c9b70876ba0858053c044b32bfd8d43560033f8d89884cdb90028.sdkstatcache -output-file-map /Users/admin/builder/spi-builder-workspace/.derivedData/Build/Intermediates.noindex/xctest-dynamic-overlay.build/Debug-appletvos/XCTestDynamicOverlay-t.build/Objects-normal/arm64/XCTestDynamicOverlay-OutputFileMap.json -save-temps -no-color-diagnostics -explicit-module-build -module-cache-path /Users/admin/builder/spi-builder-workspace/.derivedData/Build/Intermediates.noindex/SwiftExplicitPrecompiledModules -clang-scanner-module-cache-path /Users/admin/builder/spi-builder-workspace/.derivedData/ModuleCache.noindex -sdk-module-cache-path /Users/admin/builder/spi-builder-workspace/.derivedData/SDKExplicitPrecompiledModules -emit-dependencies -emit-module -emit-module-path /Users/admin/builder/spi-builder-workspace/.derivedData/Build/Intermediates.noindex/xctest-dynamic-overlay.build/Debug-appletvos/XCTestDynamicOverlay-t.build/Objects-normal/arm64/XCTestDynamicOverlay.swiftmodule -serialize-diagnostics -dependency-scan-serialize-diagnostics-path /Users/admin/builder/spi-builder-workspace/.derivedData/Build/Intermediates.noindex/xctest-dynamic-overlay.build/Debug-appletvos/XCTestDynamicOverlay-t.build/Objects-normal/arm64/XCTestDynamicOverlay-dependency-scan.dia -validate-clang-modules-once -clang-build-session-file /Users/admin/builder/spi-builder-workspace/.derivedData/ModuleCache.noindex/Session.modulevalidation -Xcc -fmodules-prune-interval\=86400 -Xcc -fmodules-prune-after\=345600 -emit-const-values -const-gather-protocols-list /Users/admin/builder/spi-builder-workspace/.derivedData/Build/Intermediates.noindex/xctest-dynamic-overlay.build/Debug-appletvos/XCTestDynamicOverlay-t.build/Objects-normal/arm64/XCTestDynamicOverlay_const_extract_protocols.json -Xcc -I/Users/admin/builder/spi-builder-workspace/.derivedData/Build/Products/Debug-appletvos/include -Xcc -I/Users/admin/builder/spi-builder-workspace/.derivedData/Build/Intermediates.noindex/xctest-dynamic-overlay.build/Debug-appletvos/XCTestDynamicOverlay-t.build/DerivedSources-normal/arm64 -Xcc -I/Users/admin/builder/spi-builder-workspace/.derivedData/Build/Intermediates.noindex/xctest-dynamic-overlay.build/Debug-appletvos/XCTestDynamicOverlay-t.build/DerivedSources/arm64 -Xcc -I/Users/admin/builder/spi-builder-workspace/.derivedData/Build/Intermediates.noindex/xctest-dynamic-overlay.build/Debug-appletvos/XCTestDynamicOverlay-t.build/DerivedSources -Xcc -DSWIFT_PACKAGE -Xcc -DDEBUG\=1 -emit-objc-header -emit-objc-header-path /Users/admin/builder/spi-builder-workspace/.derivedData/Build/Intermediates.noindex/xctest-dynamic-overlay.build/Debug-appletvos/XCTestDynamicOverlay-t.build/Objects-normal/arm64/XCTestDynamicOverlay-Swift.h -working-directory /Users/admin/builder/spi-builder-workspace/.swiftpm/xcode -experimental-emit-module-separately -disable-cmo
SwiftDriverJobDiscovery normal arm64 Compiling Unimplemented.swift (in target 'XCTestDynamicOverlay' from project 'xctest-dynamic-overlay')
SwiftCompile normal arm64 Compiling\ ArgumentHelp.swift,\ ArgumentVisibility.swift,\ CompletionKind.swift,\ Errors.swift,\ Flag.swift,\ NameSpecification.swift /Users/admin/builder/spi-builder-workspace/.dependencies/checkouts/swift-argument-parser/Sources/ArgumentParser/Parsable\ Properties/ArgumentHelp.swift /Users/admin/builder/spi-builder-workspace/.dependencies/checkouts/swift-argument-parser/Sources/ArgumentParser/Parsable\ Properties/ArgumentVisibility.swift /Users/admin/builder/spi-builder-workspace/.dependencies/checkouts/swift-argument-parser/Sources/ArgumentParser/Parsable\ Properties/CompletionKind.swift /Users/admin/builder/spi-builder-workspace/.dependencies/checkouts/swift-argument-parser/Sources/ArgumentParser/Parsable\ Properties/Errors.swift /Users/admin/builder/spi-builder-workspace/.dependencies/checkouts/swift-argument-parser/Sources/ArgumentParser/Parsable\ Properties/Flag.swift /Users/admin/builder/spi-builder-workspace/.dependencies/checkouts/swift-argument-parser/Sources/ArgumentParser/Parsable\ Properties/NameSpecification.swift (in target 'ArgumentParser' from project 'swift-argument-parser')
SwiftCompile normal arm64 /Users/admin/builder/spi-builder-workspace/.dependencies/checkouts/swift-argument-parser/Sources/ArgumentParser/Parsable\ Properties/ArgumentHelp.swift (in target 'ArgumentParser' from project 'swift-argument-parser')
cd /Users/admin/builder/spi-builder-workspace/.swiftpm/xcode
builtin-SwiftPerFileCompile ArgumentHelp.swift
SwiftCompile normal arm64 /Users/admin/builder/spi-builder-workspace/.dependencies/checkouts/swift-argument-parser/Sources/ArgumentParser/Parsable\ Properties/ArgumentVisibility.swift (in target 'ArgumentParser' from project 'swift-argument-parser')
cd /Users/admin/builder/spi-builder-workspace/.swiftpm/xcode
builtin-SwiftPerFileCompile ArgumentVisibility.swift
SwiftCompile normal arm64 /Users/admin/builder/spi-builder-workspace/.dependencies/checkouts/swift-argument-parser/Sources/ArgumentParser/Parsable\ Properties/CompletionKind.swift (in target 'ArgumentParser' from project 'swift-argument-parser')
cd /Users/admin/builder/spi-builder-workspace/.swiftpm/xcode
builtin-SwiftPerFileCompile CompletionKind.swift
SwiftCompile normal arm64 /Users/admin/builder/spi-builder-workspace/.dependencies/checkouts/swift-argument-parser/Sources/ArgumentParser/Parsable\ Properties/Errors.swift (in target 'ArgumentParser' from project 'swift-argument-parser')
cd /Users/admin/builder/spi-builder-workspace/.swiftpm/xcode
builtin-SwiftPerFileCompile Errors.swift
SwiftCompile normal arm64 /Users/admin/builder/spi-builder-workspace/.dependencies/checkouts/swift-argument-parser/Sources/ArgumentParser/Parsable\ Properties/Flag.swift (in target 'ArgumentParser' from project 'swift-argument-parser')
cd /Users/admin/builder/spi-builder-workspace/.swiftpm/xcode
builtin-SwiftPerFileCompile Flag.swift
SwiftCompile normal arm64 /Users/admin/builder/spi-builder-workspace/.dependencies/checkouts/swift-argument-parser/Sources/ArgumentParser/Parsable\ Properties/NameSpecification.swift (in target 'ArgumentParser' from project 'swift-argument-parser')
cd /Users/admin/builder/spi-builder-workspace/.swiftpm/xcode
builtin-SwiftPerFileCompile NameSpecification.swift
SwiftMergeGeneratedHeaders /Users/admin/builder/spi-builder-workspace/.derivedData/Build/Intermediates.noindex/GeneratedModuleMaps-appletvos/XCTestDynamicOverlay-Swift.h /Users/admin/builder/spi-builder-workspace/.derivedData/Build/Intermediates.noindex/xctest-dynamic-overlay.build/Debug-appletvos/XCTestDynamicOverlay-t.build/Objects-normal/arm64/XCTestDynamicOverlay-Swift.h (in target 'XCTestDynamicOverlay' from project 'xctest-dynamic-overlay')
cd /Users/admin/builder/spi-builder-workspace/.dependencies/checkouts/xctest-dynamic-overlay
builtin-swiftHeaderTool -arch arm64 /Users/admin/builder/spi-builder-workspace/.derivedData/Build/Intermediates.noindex/xctest-dynamic-overlay.build/Debug-appletvos/XCTestDynamicOverlay-t.build/Objects-normal/arm64/XCTestDynamicOverlay-Swift.h -o /Users/admin/builder/spi-builder-workspace/.derivedData/Build/Intermediates.noindex/GeneratedModuleMaps-appletvos/XCTestDynamicOverlay-Swift.h
SwiftDriverJobDiscovery normal arm64 Emitting module for ArgumentParser (in target 'ArgumentParser' from project 'swift-argument-parser')
Copy /Users/admin/builder/spi-builder-workspace/.derivedData/Build/Products/Debug-appletvos/XCTestDynamicOverlay.swiftmodule/arm64-apple-tvos.swiftmodule /Users/admin/builder/spi-builder-workspace/.derivedData/Build/Intermediates.noindex/xctest-dynamic-overlay.build/Debug-appletvos/XCTestDynamicOverlay-t.build/Objects-normal/arm64/XCTestDynamicOverlay.swiftmodule (in target 'XCTestDynamicOverlay' from project 'xctest-dynamic-overlay')
cd /Users/admin/builder/spi-builder-workspace/.dependencies/checkouts/xctest-dynamic-overlay
builtin-copy -exclude .DS_Store -exclude CVS -exclude .svn -exclude .git -exclude .hg -resolve-src-symlinks -rename /Users/admin/builder/spi-builder-workspace/.derivedData/Build/Intermediates.noindex/xctest-dynamic-overlay.build/Debug-appletvos/XCTestDynamicOverlay-t.build/Objects-normal/arm64/XCTestDynamicOverlay.swiftmodule /Users/admin/builder/spi-builder-workspace/.derivedData/Build/Products/Debug-appletvos/XCTestDynamicOverlay.swiftmodule/arm64-apple-tvos.swiftmodule
Copy /Users/admin/builder/spi-builder-workspace/.derivedData/Build/Products/Debug-appletvos/XCTestDynamicOverlay.swiftmodule/arm64-apple-tvos.swiftdoc /Users/admin/builder/spi-builder-workspace/.derivedData/Build/Intermediates.noindex/xctest-dynamic-overlay.build/Debug-appletvos/XCTestDynamicOverlay-t.build/Objects-normal/arm64/XCTestDynamicOverlay.swiftdoc (in target 'XCTestDynamicOverlay' from project 'xctest-dynamic-overlay')
cd /Users/admin/builder/spi-builder-workspace/.dependencies/checkouts/xctest-dynamic-overlay
builtin-copy -exclude .DS_Store -exclude CVS -exclude .svn -exclude .git -exclude .hg -resolve-src-symlinks -rename /Users/admin/builder/spi-builder-workspace/.derivedData/Build/Intermediates.noindex/xctest-dynamic-overlay.build/Debug-appletvos/XCTestDynamicOverlay-t.build/Objects-normal/arm64/XCTestDynamicOverlay.swiftdoc /Users/admin/builder/spi-builder-workspace/.derivedData/Build/Products/Debug-appletvos/XCTestDynamicOverlay.swiftmodule/arm64-apple-tvos.swiftdoc
SwiftDriverJobDiscovery normal arm64 Compiling InputOrigin.swift, Name.swift, Parsed.swift, ParsedValues.swift, ParserError.swift (in target 'ArgumentParser' from project 'swift-argument-parser')
Copy /Users/admin/builder/spi-builder-workspace/.derivedData/Build/Products/Debug-appletvos/XCTestDynamicOverlay.swiftmodule/arm64-apple-tvos.abi.json /Users/admin/builder/spi-builder-workspace/.derivedData/Build/Intermediates.noindex/xctest-dynamic-overlay.build/Debug-appletvos/XCTestDynamicOverlay-t.build/Objects-normal/arm64/XCTestDynamicOverlay.abi.json (in target 'XCTestDynamicOverlay' from project 'xctest-dynamic-overlay')
cd /Users/admin/builder/spi-builder-workspace/.dependencies/checkouts/xctest-dynamic-overlay
builtin-copy -exclude .DS_Store -exclude CVS -exclude .svn -exclude .git -exclude .hg -resolve-src-symlinks -rename /Users/admin/builder/spi-builder-workspace/.derivedData/Build/Intermediates.noindex/xctest-dynamic-overlay.build/Debug-appletvos/XCTestDynamicOverlay-t.build/Objects-normal/arm64/XCTestDynamicOverlay.abi.json /Users/admin/builder/spi-builder-workspace/.derivedData/Build/Products/Debug-appletvos/XCTestDynamicOverlay.swiftmodule/arm64-apple-tvos.abi.json
Copy /Users/admin/builder/spi-builder-workspace/.derivedData/Build/Products/Debug-appletvos/XCTestDynamicOverlay.swiftmodule/Project/arm64-apple-tvos.swiftsourceinfo /Users/admin/builder/spi-builder-workspace/.derivedData/Build/Intermediates.noindex/xctest-dynamic-overlay.build/Debug-appletvos/XCTestDynamicOverlay-t.build/Objects-normal/arm64/XCTestDynamicOverlay.swiftsourceinfo (in target 'XCTestDynamicOverlay' from project 'xctest-dynamic-overlay')
cd /Users/admin/builder/spi-builder-workspace/.dependencies/checkouts/xctest-dynamic-overlay
builtin-copy -exclude .DS_Store -exclude CVS -exclude .svn -exclude .git -exclude .hg -resolve-src-symlinks -rename /Users/admin/builder/spi-builder-workspace/.derivedData/Build/Intermediates.noindex/xctest-dynamic-overlay.build/Debug-appletvos/XCTestDynamicOverlay-t.build/Objects-normal/arm64/XCTestDynamicOverlay.swiftsourceinfo /Users/admin/builder/spi-builder-workspace/.derivedData/Build/Products/Debug-appletvos/XCTestDynamicOverlay.swiftmodule/Project/arm64-apple-tvos.swiftsourceinfo
SwiftDriver\ Compilation\ Requirements ArgumentParser normal arm64 com.apple.xcode.tools.swift.compiler (in target 'ArgumentParser' from project 'swift-argument-parser')
cd /Users/admin/builder/spi-builder-workspace/.swiftpm/xcode
builtin-Swift-Compilation-Requirements -- /Applications/Xcode-27.0.0-Release.Candidate.app/Contents/Developer/Toolchains/XcodeDefault.xctoolchain/usr/bin/swiftc -parse-as-library -module-name ArgumentParser -Onone @/Users/admin/builder/spi-builder-workspace/.derivedData/Build/Intermediates.noindex/swift-argument-parser.build/Debug-appletvos/ArgumentParser-t.build/Objects-normal/arm64/ArgumentParser.SwiftFileList -DSWIFT_PACKAGE -DDEBUG -DSWIFT_MODULE_RESOURCE_BUNDLE_UNAVAILABLE -DXcode -plugin-path /Applications/Xcode-27.0.0-Release.Candidate.app/Contents/Developer/Toolchains/XcodeDefault.xctoolchain/usr/lib/swift/host/plugins/testing -enable-experimental-feature DebugDescriptionMacro -sdk /Applications/Xcode-27.0.0-Release.Candidate.app/Contents/Developer/Platforms/AppleTVOS.platform/Developer/SDKs/AppleTVOS27.0.sdk -target arm64-apple-tvos15.0 -g -module-cache-path /Users/admin/builder/spi-builder-workspace/.derivedData/ModuleCache.noindex -Xfrontend -serialize-debugging-options -profile-coverage-mapping -profile-generate -enable-testing -suppress-warnings -index-store-path /Users/admin/builder/spi-builder-workspace/.derivedData/Index.noindex/DataStore -Xcc -D_LIBCPP_HARDENING_MODE\=_LIBCPP_HARDENING_MODE_DEBUG -swift-version 6 -I /Users/admin/builder/spi-builder-workspace/.derivedData/Build/Products/Debug-appletvos -Isystem /Applications/Xcode-27.0.0-Release.Candidate.app/Contents/Developer/Platforms/AppleTVOS.platform/Developer/usr/lib -F /Users/admin/builder/spi-builder-workspace/.derivedData/Build/Products/Debug-appletvos/PackageFrameworks -F /Users/admin/builder/spi-builder-workspace/.derivedData/Build/Products/Debug-appletvos -F /Applications/Xcode-27.0.0-Release.Candidate.app/Contents/Developer/Platforms/AppleTVOS.platform/Developer/Library/Frameworks -F /Applications/Xcode-27.0.0-Release.Candidate.app/Contents/Developer/Platforms/AppleTVOS.platform/Developer/SDKs/AppleTVOS27.0.sdk/Developer/Library/Frameworks -c -j10 -enable-batch-mode -incremental -Xcc -ivfsstatcache -Xcc /Users/admin/builder/spi-builder-workspace/.derivedData/SDKStatCaches.noindex/appletvos27.0-24J360-e829b21a6f8c9b70876ba0858053c044b32bfd8d43560033f8d89884cdb90028.sdkstatcache -output-file-map /Users/admin/builder/spi-builder-workspace/.derivedData/Build/Intermediates.noindex/swift-argument-parser.build/Debug-appletvos/ArgumentParser-t.build/Objects-normal/arm64/ArgumentParser-OutputFileMap.json -save-temps -no-color-diagnostics -explicit-module-build -module-cache-path /Users/admin/builder/spi-builder-workspace/.derivedData/Build/Intermediates.noindex/SwiftExplicitPrecompiledModules -clang-scanner-module-cache-path /Users/admin/builder/spi-builder-workspace/.derivedData/ModuleCache.noindex -sdk-module-cache-path /Users/admin/builder/spi-builder-workspace/.derivedData/SDKExplicitPrecompiledModules -emit-dependencies -emit-module -emit-module-path /Users/admin/builder/spi-builder-workspace/.derivedData/Build/Intermediates.noindex/swift-argument-parser.build/Debug-appletvos/ArgumentParser-t.build/Objects-normal/arm64/ArgumentParser.swiftmodule -serialize-diagnostics -dependency-scan-serialize-diagnostics-path /Users/admin/builder/spi-builder-workspace/.derivedData/Build/Intermediates.noindex/swift-argument-parser.build/Debug-appletvos/ArgumentParser-t.build/Objects-normal/arm64/ArgumentParser-dependency-scan.dia -user-module-version 1.8.2 -validate-clang-modules-once -clang-build-session-file /Users/admin/builder/spi-builder-workspace/.derivedData/ModuleCache.noindex/Session.modulevalidation -Xcc -fmodules-prune-interval\=86400 -Xcc -fmodules-prune-after\=345600 -package-name swift_argument_parser -emit-const-values -const-gather-protocols-list /Users/admin/builder/spi-builder-workspace/.derivedData/Build/Intermediates.noindex/swift-argument-parser.build/Debug-appletvos/ArgumentParser-t.build/Objects-normal/arm64/ArgumentParser_const_extract_protocols.json -Xcc -I/Users/admin/builder/spi-builder-workspace/.derivedData/Build/Products/Debug-appletvos/include -Xcc -I/Users/admin/builder/spi-builder-workspace/.derivedData/Build/Intermediates.noindex/swift-argument-parser.build/Debug-appletvos/ArgumentParser-t.build/DerivedSources-normal/arm64 -Xcc -I/Users/admin/builder/spi-builder-workspace/.derivedData/Build/Intermediates.noindex/swift-argument-parser.build/Debug-appletvos/ArgumentParser-t.build/DerivedSources/arm64 -Xcc -I/Users/admin/builder/spi-builder-workspace/.derivedData/Build/Intermediates.noindex/swift-argument-parser.build/Debug-appletvos/ArgumentParser-t.build/DerivedSources -Xcc -DSWIFT_PACKAGE -Xcc -DDEBUG\=1 -emit-objc-header -emit-objc-header-path /Users/admin/builder/spi-builder-workspace/.derivedData/Build/Intermediates.noindex/swift-argument-parser.build/Debug-appletvos/ArgumentParser-t.build/Objects-normal/arm64/ArgumentParser-Swift.h -working-directory /Users/admin/builder/spi-builder-workspace/.swiftpm/xcode -experimental-emit-module-separately -disable-cmo
SwiftCompile normal arm64 Compiling\ UsageGenerator.swift,\ CollectionExtensions.swift,\ Foundation.swift,\ Mutex.swift,\ Platform.swift /Users/admin/builder/spi-builder-workspace/.dependencies/checkouts/swift-argument-parser/Sources/ArgumentParser/Usage/UsageGenerator.swift /Users/admin/builder/spi-builder-workspace/.dependencies/checkouts/swift-argument-parser/Sources/ArgumentParser/Utilities/CollectionExtensions.swift /Users/admin/builder/spi-builder-workspace/.dependencies/checkouts/swift-argument-parser/Sources/ArgumentParser/Utilities/Foundation.swift /Users/admin/builder/spi-builder-workspace/.dependencies/checkouts/swift-argument-parser/Sources/ArgumentParser/Utilities/Mutex.swift /Users/admin/builder/spi-builder-workspace/.dependencies/checkouts/swift-argument-parser/Sources/ArgumentParser/Utilities/Platform.swift (in target 'ArgumentParser' from project 'swift-argument-parser')
SwiftCompile normal arm64 /Users/admin/builder/spi-builder-workspace/.dependencies/checkouts/swift-argument-parser/Sources/ArgumentParser/Usage/UsageGenerator.swift (in target 'ArgumentParser' from project 'swift-argument-parser')
cd /Users/admin/builder/spi-builder-workspace/.swiftpm/xcode
builtin-SwiftPerFileCompile UsageGenerator.swift
SwiftCompile normal arm64 /Users/admin/builder/spi-builder-workspace/.dependencies/checkouts/swift-argument-parser/Sources/ArgumentParser/Utilities/CollectionExtensions.swift (in target 'ArgumentParser' from project 'swift-argument-parser')
cd /Users/admin/builder/spi-builder-workspace/.swiftpm/xcode
builtin-SwiftPerFileCompile CollectionExtensions.swift
SwiftCompile normal arm64 /Users/admin/builder/spi-builder-workspace/.dependencies/checkouts/swift-argument-parser/Sources/ArgumentParser/Utilities/Foundation.swift (in target 'ArgumentParser' from project 'swift-argument-parser')
cd /Users/admin/builder/spi-builder-workspace/.swiftpm/xcode
builtin-SwiftPerFileCompile Foundation.swift
SwiftCompile normal arm64 /Users/admin/builder/spi-builder-workspace/.dependencies/checkouts/swift-argument-parser/Sources/ArgumentParser/Utilities/Mutex.swift (in target 'ArgumentParser' from project 'swift-argument-parser')
cd /Users/admin/builder/spi-builder-workspace/.swiftpm/xcode
builtin-SwiftPerFileCompile Mutex.swift
SwiftCompile normal arm64 /Users/admin/builder/spi-builder-workspace/.dependencies/checkouts/swift-argument-parser/Sources/ArgumentParser/Utilities/Platform.swift (in target 'ArgumentParser' from project 'swift-argument-parser')
cd /Users/admin/builder/spi-builder-workspace/.swiftpm/xcode
builtin-SwiftPerFileCompile Platform.swift
SwiftMergeGeneratedHeaders /Users/admin/builder/spi-builder-workspace/.derivedData/Build/Intermediates.noindex/GeneratedModuleMaps-appletvos/ArgumentParser-Swift.h /Users/admin/builder/spi-builder-workspace/.derivedData/Build/Intermediates.noindex/swift-argument-parser.build/Debug-appletvos/ArgumentParser-t.build/Objects-normal/arm64/ArgumentParser-Swift.h (in target 'ArgumentParser' from project 'swift-argument-parser')
cd /Users/admin/builder/spi-builder-workspace/.dependencies/checkouts/swift-argument-parser
builtin-swiftHeaderTool -arch arm64 /Users/admin/builder/spi-builder-workspace/.derivedData/Build/Intermediates.noindex/swift-argument-parser.build/Debug-appletvos/ArgumentParser-t.build/Objects-normal/arm64/ArgumentParser-Swift.h -o /Users/admin/builder/spi-builder-workspace/.derivedData/Build/Intermediates.noindex/GeneratedModuleMaps-appletvos/ArgumentParser-Swift.h
Copy /Users/admin/builder/spi-builder-workspace/.derivedData/Build/Products/Debug-appletvos/ArgumentParser.swiftmodule/arm64-apple-tvos.swiftmodule /Users/admin/builder/spi-builder-workspace/.derivedData/Build/Intermediates.noindex/swift-argument-parser.build/Debug-appletvos/ArgumentParser-t.build/Objects-normal/arm64/ArgumentParser.swiftmodule (in target 'ArgumentParser' from project 'swift-argument-parser')
cd /Users/admin/builder/spi-builder-workspace/.dependencies/checkouts/swift-argument-parser
builtin-copy -exclude .DS_Store -exclude CVS -exclude .svn -exclude .git -exclude .hg -resolve-src-symlinks -rename /Users/admin/builder/spi-builder-workspace/.derivedData/Build/Intermediates.noindex/swift-argument-parser.build/Debug-appletvos/ArgumentParser-t.build/Objects-normal/arm64/ArgumentParser.swiftmodule /Users/admin/builder/spi-builder-workspace/.derivedData/Build/Products/Debug-appletvos/ArgumentParser.swiftmodule/arm64-apple-tvos.swiftmodule
Copy /Users/admin/builder/spi-builder-workspace/.derivedData/Build/Products/Debug-appletvos/ArgumentParser.swiftmodule/arm64-apple-tvos.swiftdoc /Users/admin/builder/spi-builder-workspace/.derivedData/Build/Intermediates.noindex/swift-argument-parser.build/Debug-appletvos/ArgumentParser-t.build/Objects-normal/arm64/ArgumentParser.swiftdoc (in target 'ArgumentParser' from project 'swift-argument-parser')
cd /Users/admin/builder/spi-builder-workspace/.dependencies/checkouts/swift-argument-parser
builtin-copy -exclude .DS_Store -exclude CVS -exclude .svn -exclude .git -exclude .hg -resolve-src-symlinks -rename /Users/admin/builder/spi-builder-workspace/.derivedData/Build/Intermediates.noindex/swift-argument-parser.build/Debug-appletvos/ArgumentParser-t.build/Objects-normal/arm64/ArgumentParser.swiftdoc /Users/admin/builder/spi-builder-workspace/.derivedData/Build/Products/Debug-appletvos/ArgumentParser.swiftmodule/arm64-apple-tvos.swiftdoc
Copy /Users/admin/builder/spi-builder-workspace/.derivedData/Build/Products/Debug-appletvos/ArgumentParser.swiftmodule/arm64-apple-tvos.abi.json /Users/admin/builder/spi-builder-workspace/.derivedData/Build/Intermediates.noindex/swift-argument-parser.build/Debug-appletvos/ArgumentParser-t.build/Objects-normal/arm64/ArgumentParser.abi.json (in target 'ArgumentParser' from project 'swift-argument-parser')
cd /Users/admin/builder/spi-builder-workspace/.dependencies/checkouts/swift-argument-parser
builtin-copy -exclude .DS_Store -exclude CVS -exclude .svn -exclude .git -exclude .hg -resolve-src-symlinks -rename /Users/admin/builder/spi-builder-workspace/.derivedData/Build/Intermediates.noindex/swift-argument-parser.build/Debug-appletvos/ArgumentParser-t.build/Objects-normal/arm64/ArgumentParser.abi.json /Users/admin/builder/spi-builder-workspace/.derivedData/Build/Products/Debug-appletvos/ArgumentParser.swiftmodule/arm64-apple-tvos.abi.json
Copy /Users/admin/builder/spi-builder-workspace/.derivedData/Build/Products/Debug-appletvos/ArgumentParser.swiftmodule/Project/arm64-apple-tvos.swiftsourceinfo /Users/admin/builder/spi-builder-workspace/.derivedData/Build/Intermediates.noindex/swift-argument-parser.build/Debug-appletvos/ArgumentParser-t.build/Objects-normal/arm64/ArgumentParser.swiftsourceinfo (in target 'ArgumentParser' from project 'swift-argument-parser')
cd /Users/admin/builder/spi-builder-workspace/.dependencies/checkouts/swift-argument-parser
builtin-copy -exclude .DS_Store -exclude CVS -exclude .svn -exclude .git -exclude .hg -resolve-src-symlinks -rename /Users/admin/builder/spi-builder-workspace/.derivedData/Build/Intermediates.noindex/swift-argument-parser.build/Debug-appletvos/ArgumentParser-t.build/Objects-normal/arm64/ArgumentParser.swiftsourceinfo /Users/admin/builder/spi-builder-workspace/.derivedData/Build/Products/Debug-appletvos/ArgumentParser.swiftmodule/Project/arm64-apple-tvos.swiftsourceinfo
SwiftCompile normal arm64 Compiling\ CodingKeyValidator.swift,\ NonsenseFlagsValidator.swift,\ ParsableArgumentsValidation.swift,\ PositionalArgumentsValidator.swift,\ UniqueNamesValidator.swift /Users/admin/builder/spi-builder-workspace/.dependencies/checkouts/swift-argument-parser/Sources/ArgumentParser/Validators/CodingKeyValidator.swift /Users/admin/builder/spi-builder-workspace/.dependencies/checkouts/swift-argument-parser/Sources/ArgumentParser/Validators/NonsenseFlagsValidator.swift /Users/admin/builder/spi-builder-workspace/.dependencies/checkouts/swift-argument-parser/Sources/ArgumentParser/Validators/ParsableArgumentsValidation.swift /Users/admin/builder/spi-builder-workspace/.dependencies/checkouts/swift-argument-parser/Sources/ArgumentParser/Validators/PositionalArgumentsValidator.swift /Users/admin/builder/spi-builder-workspace/.dependencies/checkouts/swift-argument-parser/Sources/ArgumentParser/Validators/UniqueNamesValidator.swift (in target 'ArgumentParser' from project 'swift-argument-parser')
SwiftCompile normal arm64 /Users/admin/builder/spi-builder-workspace/.dependencies/checkouts/swift-argument-parser/Sources/ArgumentParser/Validators/CodingKeyValidator.swift (in target 'ArgumentParser' from project 'swift-argument-parser')
cd /Users/admin/builder/spi-builder-workspace/.swiftpm/xcode
builtin-SwiftPerFileCompile CodingKeyValidator.swift
SwiftCompile normal arm64 /Users/admin/builder/spi-builder-workspace/.dependencies/checkouts/swift-argument-parser/Sources/ArgumentParser/Validators/NonsenseFlagsValidator.swift (in target 'ArgumentParser' from project 'swift-argument-parser')
cd /Users/admin/builder/spi-builder-workspace/.swiftpm/xcode
builtin-SwiftPerFileCompile NonsenseFlagsValidator.swift
SwiftCompile normal arm64 /Users/admin/builder/spi-builder-workspace/.dependencies/checkouts/swift-argument-parser/Sources/ArgumentParser/Validators/ParsableArgumentsValidation.swift (in target 'ArgumentParser' from project 'swift-argument-parser')
cd /Users/admin/builder/spi-builder-workspace/.swiftpm/xcode
builtin-SwiftPerFileCompile ParsableArgumentsValidation.swift
SwiftCompile normal arm64 /Users/admin/builder/spi-builder-workspace/.dependencies/checkouts/swift-argument-parser/Sources/ArgumentParser/Validators/PositionalArgumentsValidator.swift (in target 'ArgumentParser' from project 'swift-argument-parser')
cd /Users/admin/builder/spi-builder-workspace/.swiftpm/xcode
builtin-SwiftPerFileCompile PositionalArgumentsValidator.swift
SwiftCompile normal arm64 /Users/admin/builder/spi-builder-workspace/.dependencies/checkouts/swift-argument-parser/Sources/ArgumentParser/Validators/UniqueNamesValidator.swift (in target 'ArgumentParser' from project 'swift-argument-parser')
cd /Users/admin/builder/spi-builder-workspace/.swiftpm/xcode
builtin-SwiftPerFileCompile UniqueNamesValidator.swift
SwiftCompile normal arm64 Compiling\ Option.swift,\ OptionGroup.swift,\ ParentCommand.swift,\ AsyncParsableCommand.swift,\ CommandConfiguration.swift /Users/admin/builder/spi-builder-workspace/.dependencies/checkouts/swift-argument-parser/Sources/ArgumentParser/Parsable\ Properties/Option.swift /Users/admin/builder/spi-builder-workspace/.dependencies/checkouts/swift-argument-parser/Sources/ArgumentParser/Parsable\ Properties/OptionGroup.swift /Users/admin/builder/spi-builder-workspace/.dependencies/checkouts/swift-argument-parser/Sources/ArgumentParser/Parsable\ Properties/ParentCommand.swift /Users/admin/builder/spi-builder-workspace/.dependencies/checkouts/swift-argument-parser/Sources/ArgumentParser/Parsable\ Types/AsyncParsableCommand.swift /Users/admin/builder/spi-builder-workspace/.dependencies/checkouts/swift-argument-parser/Sources/ArgumentParser/Parsable\ Types/CommandConfiguration.swift (in target 'ArgumentParser' from project 'swift-argument-parser')
SwiftCompile normal arm64 /Users/admin/builder/spi-builder-workspace/.dependencies/checkouts/swift-argument-parser/Sources/ArgumentParser/Parsable\ Properties/Option.swift (in target 'ArgumentParser' from project 'swift-argument-parser')
cd /Users/admin/builder/spi-builder-workspace/.swiftpm/xcode
builtin-SwiftPerFileCompile Option.swift
SwiftCompile normal arm64 /Users/admin/builder/spi-builder-workspace/.dependencies/checkouts/swift-argument-parser/Sources/ArgumentParser/Parsable\ Properties/OptionGroup.swift (in target 'ArgumentParser' from project 'swift-argument-parser')
cd /Users/admin/builder/spi-builder-workspace/.swiftpm/xcode
builtin-SwiftPerFileCompile OptionGroup.swift
SwiftCompile normal arm64 /Users/admin/builder/spi-builder-workspace/.dependencies/checkouts/swift-argument-parser/Sources/ArgumentParser/Parsable\ Properties/ParentCommand.swift (in target 'ArgumentParser' from project 'swift-argument-parser')
cd /Users/admin/builder/spi-builder-workspace/.swiftpm/xcode
builtin-SwiftPerFileCompile ParentCommand.swift
SwiftCompile normal arm64 /Users/admin/builder/spi-builder-workspace/.dependencies/checkouts/swift-argument-parser/Sources/ArgumentParser/Parsable\ Types/AsyncParsableCommand.swift (in target 'ArgumentParser' from project 'swift-argument-parser')
cd /Users/admin/builder/spi-builder-workspace/.swiftpm/xcode
builtin-SwiftPerFileCompile AsyncParsableCommand.swift
SwiftCompile normal arm64 /Users/admin/builder/spi-builder-workspace/.dependencies/checkouts/swift-argument-parser/Sources/ArgumentParser/Parsable\ Types/CommandConfiguration.swift (in target 'ArgumentParser' from project 'swift-argument-parser')
cd /Users/admin/builder/spi-builder-workspace/.swiftpm/xcode
builtin-SwiftPerFileCompile CommandConfiguration.swift
SwiftDriverJobDiscovery normal arm64 Compiling SequenceExtensions.swift, StringExtensions.swift, SwiftExtensions.swift, Tree.swift, AsyncCompletionsValidator.swift (in target 'ArgumentParser' from project 'swift-argument-parser')
SwiftCompile normal arm64 Compiling\ CommandGroup.swift,\ EnumerableFlag.swift,\ ExpressibleByArgument.swift,\ ParsableArguments.swift,\ ParsableCommand.swift /Users/admin/builder/spi-builder-workspace/.dependencies/checkouts/swift-argument-parser/Sources/ArgumentParser/Parsable\ Types/CommandGroup.swift /Users/admin/builder/spi-builder-workspace/.dependencies/checkouts/swift-argument-parser/Sources/ArgumentParser/Parsable\ Types/EnumerableFlag.swift /Users/admin/builder/spi-builder-workspace/.dependencies/checkouts/swift-argument-parser/Sources/ArgumentParser/Parsable\ Types/ExpressibleByArgument.swift /Users/admin/builder/spi-builder-workspace/.dependencies/checkouts/swift-argument-parser/Sources/ArgumentParser/Parsable\ Types/ParsableArguments.swift /Users/admin/builder/spi-builder-workspace/.dependencies/checkouts/swift-argument-parser/Sources/ArgumentParser/Parsable\ Types/ParsableCommand.swift (in target 'ArgumentParser' from project 'swift-argument-parser')
SwiftCompile normal arm64 /Users/admin/builder/spi-builder-workspace/.dependencies/checkouts/swift-argument-parser/Sources/ArgumentParser/Parsable\ Types/CommandGroup.swift (in target 'ArgumentParser' from project 'swift-argument-parser')
cd /Users/admin/builder/spi-builder-workspace/.swiftpm/xcode
builtin-SwiftPerFileCompile CommandGroup.swift
SwiftCompile normal arm64 /Users/admin/builder/spi-builder-workspace/.dependencies/checkouts/swift-argument-parser/Sources/ArgumentParser/Parsable\ Types/EnumerableFlag.swift (in target 'ArgumentParser' from project 'swift-argument-parser')
cd /Users/admin/builder/spi-builder-workspace/.swiftpm/xcode
builtin-SwiftPerFileCompile EnumerableFlag.swift
SwiftCompile normal arm64 /Users/admin/builder/spi-builder-workspace/.dependencies/checkouts/swift-argument-parser/Sources/ArgumentParser/Parsable\ Types/ExpressibleByArgument.swift (in target 'ArgumentParser' from project 'swift-argument-parser')
cd /Users/admin/builder/spi-builder-workspace/.swiftpm/xcode
builtin-SwiftPerFileCompile ExpressibleByArgument.swift
SwiftCompile normal arm64 /Users/admin/builder/spi-builder-workspace/.dependencies/checkouts/swift-argument-parser/Sources/ArgumentParser/Parsable\ Types/ParsableArguments.swift (in target 'ArgumentParser' from project 'swift-argument-parser')
cd /Users/admin/builder/spi-builder-workspace/.swiftpm/xcode
builtin-SwiftPerFileCompile ParsableArguments.swift
SwiftCompile normal arm64 /Users/admin/builder/spi-builder-workspace/.dependencies/checkouts/swift-argument-parser/Sources/ArgumentParser/Parsable\ Types/ParsableCommand.swift (in target 'ArgumentParser' from project 'swift-argument-parser')
cd /Users/admin/builder/spi-builder-workspace/.swiftpm/xcode
builtin-SwiftPerFileCompile ParsableCommand.swift
SwiftDriverJobDiscovery normal arm64 Compiling ArgumentHelp.swift, ArgumentVisibility.swift, CompletionKind.swift, Errors.swift, Flag.swift, NameSpecification.swift (in target 'ArgumentParser' from project 'swift-argument-parser')
SwiftCompile normal arm64 Compiling\ SplitArguments.swift,\ DumpHelpGenerator.swift,\ HelpCommand.swift,\ HelpGenerator.swift,\ MessageInfo.swift /Users/admin/builder/spi-builder-workspace/.dependencies/checkouts/swift-argument-parser/Sources/ArgumentParser/Parsing/SplitArguments.swift /Users/admin/builder/spi-builder-workspace/.dependencies/checkouts/swift-argument-parser/Sources/ArgumentParser/Usage/DumpHelpGenerator.swift /Users/admin/builder/spi-builder-workspace/.dependencies/checkouts/swift-argument-parser/Sources/ArgumentParser/Usage/HelpCommand.swift /Users/admin/builder/spi-builder-workspace/.dependencies/checkouts/swift-argument-parser/Sources/ArgumentParser/Usage/HelpGenerator.swift /Users/admin/builder/spi-builder-workspace/.dependencies/checkouts/swift-argument-parser/Sources/ArgumentParser/Usage/MessageInfo.swift (in target 'ArgumentParser' from project 'swift-argument-parser')
SwiftCompile normal arm64 /Users/admin/builder/spi-builder-workspace/.dependencies/checkouts/swift-argument-parser/Sources/ArgumentParser/Parsing/SplitArguments.swift (in target 'ArgumentParser' from project 'swift-argument-parser')
cd /Users/admin/builder/spi-builder-workspace/.swiftpm/xcode
builtin-SwiftPerFileCompile SplitArguments.swift
SwiftCompile normal arm64 /Users/admin/builder/spi-builder-workspace/.dependencies/checkouts/swift-argument-parser/Sources/ArgumentParser/Usage/DumpHelpGenerator.swift (in target 'ArgumentParser' from project 'swift-argument-parser')
cd /Users/admin/builder/spi-builder-workspace/.swiftpm/xcode
builtin-SwiftPerFileCompile DumpHelpGenerator.swift
SwiftCompile normal arm64 /Users/admin/builder/spi-builder-workspace/.dependencies/checkouts/swift-argument-parser/Sources/ArgumentParser/Usage/HelpCommand.swift (in target 'ArgumentParser' from project 'swift-argument-parser')
cd /Users/admin/builder/spi-builder-workspace/.swiftpm/xcode
builtin-SwiftPerFileCompile HelpCommand.swift
SwiftCompile normal arm64 /Users/admin/builder/spi-builder-workspace/.dependencies/checkouts/swift-argument-parser/Sources/ArgumentParser/Usage/HelpGenerator.swift (in target 'ArgumentParser' from project 'swift-argument-parser')
cd /Users/admin/builder/spi-builder-workspace/.swiftpm/xcode
builtin-SwiftPerFileCompile HelpGenerator.swift
SwiftCompile normal arm64 /Users/admin/builder/spi-builder-workspace/.dependencies/checkouts/swift-argument-parser/Sources/ArgumentParser/Usage/MessageInfo.swift (in target 'ArgumentParser' from project 'swift-argument-parser')
cd /Users/admin/builder/spi-builder-workspace/.swiftpm/xcode
builtin-SwiftPerFileCompile MessageInfo.swift
SwiftDriverJobDiscovery normal arm64 Compiling CodingKeyValidator.swift, NonsenseFlagsValidator.swift, ParsableArgumentsValidation.swift, PositionalArgumentsValidator.swift, UniqueNamesValidator.swift (in target 'ArgumentParser' from project 'swift-argument-parser')
SwiftCompile normal arm64 Compiling\ ArgumentDecoder.swift,\ ArgumentDefinition.swift,\ ArgumentSet.swift,\ CommandParser.swift,\ InputKey.swift /Users/admin/builder/spi-builder-workspace/.dependencies/checkouts/swift-argument-parser/Sources/ArgumentParser/Parsing/ArgumentDecoder.swift /Users/admin/builder/spi-builder-workspace/.dependencies/checkouts/swift-argument-parser/Sources/ArgumentParser/Parsing/ArgumentDefinition.swift /Users/admin/builder/spi-builder-workspace/.dependencies/checkouts/swift-argument-parser/Sources/ArgumentParser/Parsing/ArgumentSet.swift /Users/admin/builder/spi-builder-workspace/.dependencies/checkouts/swift-argument-parser/Sources/ArgumentParser/Parsing/CommandParser.swift /Users/admin/builder/spi-builder-workspace/.dependencies/checkouts/swift-argument-parser/Sources/ArgumentParser/Parsing/InputKey.swift (in target 'ArgumentParser' from project 'swift-argument-parser')
SwiftCompile normal arm64 /Users/admin/builder/spi-builder-workspace/.dependencies/checkouts/swift-argument-parser/Sources/ArgumentParser/Parsing/ArgumentDecoder.swift (in target 'ArgumentParser' from project 'swift-argument-parser')
cd /Users/admin/builder/spi-builder-workspace/.swiftpm/xcode
builtin-SwiftPerFileCompile ArgumentDecoder.swift
SwiftCompile normal arm64 /Users/admin/builder/spi-builder-workspace/.dependencies/checkouts/swift-argument-parser/Sources/ArgumentParser/Parsing/ArgumentDefinition.swift (in target 'ArgumentParser' from project 'swift-argument-parser')
cd /Users/admin/builder/spi-builder-workspace/.swiftpm/xcode
builtin-SwiftPerFileCompile ArgumentDefinition.swift
SwiftCompile normal arm64 /Users/admin/builder/spi-builder-workspace/.dependencies/checkouts/swift-argument-parser/Sources/ArgumentParser/Parsing/ArgumentSet.swift (in target 'ArgumentParser' from project 'swift-argument-parser')
cd /Users/admin/builder/spi-builder-workspace/.swiftpm/xcode
builtin-SwiftPerFileCompile ArgumentSet.swift
SwiftCompile normal arm64 /Users/admin/builder/spi-builder-workspace/.dependencies/checkouts/swift-argument-parser/Sources/ArgumentParser/Parsing/CommandParser.swift (in target 'ArgumentParser' from project 'swift-argument-parser')
cd /Users/admin/builder/spi-builder-workspace/.swiftpm/xcode
builtin-SwiftPerFileCompile CommandParser.swift
SwiftCompile normal arm64 /Users/admin/builder/spi-builder-workspace/.dependencies/checkouts/swift-argument-parser/Sources/ArgumentParser/Parsing/InputKey.swift (in target 'ArgumentParser' from project 'swift-argument-parser')
cd /Users/admin/builder/spi-builder-workspace/.swiftpm/xcode
builtin-SwiftPerFileCompile InputKey.swift
SwiftDriverJobDiscovery normal arm64 Compiling BashCompletionsGenerator.swift, CompletionsGenerator.swift, FishCompletionsGenerator.swift, ZshCompletionsGenerator.swift, Argument.swift, ArgumentDiscussion.swift (in target 'ArgumentParser' from project 'swift-argument-parser')
SwiftDriverJobDiscovery normal arm64 Compiling XCTCurrentTestCase.swift (in target 'XCTestDynamicOverlay' from project 'xctest-dynamic-overlay')
SwiftDriverJobDiscovery normal arm64 Compiling XCTIsTesting.swift (in target 'XCTestDynamicOverlay' from project 'xctest-dynamic-overlay')
SwiftDriver CustomDump normal arm64 com.apple.xcode.tools.swift.compiler (in target 'CustomDump' from project 'swift-custom-dump')
cd /Users/admin/builder/spi-builder-workspace/.swiftpm/xcode
builtin-SwiftDriver -- /Applications/Xcode-27.0.0-Release.Candidate.app/Contents/Developer/Toolchains/XcodeDefault.xctoolchain/usr/bin/swiftc -parse-as-library -module-name CustomDump -Onone @/Users/admin/builder/spi-builder-workspace/.derivedData/Build/Intermediates.noindex/swift-custom-dump.build/Debug-appletvos/CustomDump-t.build/Objects-normal/arm64/CustomDump.SwiftFileList -DSWIFT_PACKAGE -DDEBUG -DSWIFT_MODULE_RESOURCE_BUNDLE_UNAVAILABLE -DXcode -plugin-path /Applications/Xcode-27.0.0-Release.Candidate.app/Contents/Developer/Toolchains/XcodeDefault.xctoolchain/usr/lib/swift/host/plugins/testing -enable-experimental-feature DebugDescriptionMacro -sdk /Applications/Xcode-27.0.0-Release.Candidate.app/Contents/Developer/Platforms/AppleTVOS.platform/Developer/SDKs/AppleTVOS27.0.sdk -target arm64-apple-tvos15.0 -g -module-cache-path /Users/admin/builder/spi-builder-workspace/.derivedData/ModuleCache.noindex -Xfrontend -serialize-debugging-options -profile-coverage-mapping -profile-generate -enable-testing -suppress-warnings -index-store-path /Users/admin/builder/spi-builder-workspace/.derivedData/Index.noindex/DataStore -Xcc -D_LIBCPP_HARDENING_MODE\=_LIBCPP_HARDENING_MODE_DEBUG -swift-version 5 -I /Users/admin/builder/spi-builder-workspace/.derivedData/Build/Products/Debug-appletvos -Isystem /Applications/Xcode-27.0.0-Release.Candidate.app/Contents/Developer/Platforms/AppleTVOS.platform/Developer/usr/lib -F /Users/admin/builder/spi-builder-workspace/.derivedData/Build/Products/Debug-appletvos/PackageFrameworks -F /Users/admin/builder/spi-builder-workspace/.derivedData/Build/Products/Debug-appletvos -F /Applications/Xcode-27.0.0-Release.Candidate.app/Contents/Developer/Platforms/AppleTVOS.platform/Developer/Library/Frameworks -F /Applications/Xcode-27.0.0-Release.Candidate.app/Contents/Developer/Platforms/AppleTVOS.platform/Developer/SDKs/AppleTVOS27.0.sdk/Developer/Library/Frameworks -c -j10 -enable-batch-mode -incremental -Xcc -ivfsstatcache -Xcc /Users/admin/builder/spi-builder-workspace/.derivedData/SDKStatCaches.noindex/appletvos27.0-24J360-e829b21a6f8c9b70876ba0858053c044b32bfd8d43560033f8d89884cdb90028.sdkstatcache -output-file-map /Users/admin/builder/spi-builder-workspace/.derivedData/Build/Intermediates.noindex/swift-custom-dump.build/Debug-appletvos/CustomDump-t.build/Objects-normal/arm64/CustomDump-OutputFileMap.json -save-temps -no-color-diagnostics -explicit-module-build -module-cache-path /Users/admin/builder/spi-builder-workspace/.derivedData/Build/Intermediates.noindex/SwiftExplicitPrecompiledModules -clang-scanner-module-cache-path /Users/admin/builder/spi-builder-workspace/.derivedData/ModuleCache.noindex -sdk-module-cache-path /Users/admin/builder/spi-builder-workspace/.derivedData/SDKExplicitPrecompiledModules -emit-dependencies -emit-module -emit-module-path /Users/admin/builder/spi-builder-workspace/.derivedData/Build/Intermediates.noindex/swift-custom-dump.build/Debug-appletvos/CustomDump-t.build/Objects-normal/arm64/CustomDump.swiftmodule -serialize-diagnostics -dependency-scan-serialize-diagnostics-path /Users/admin/builder/spi-builder-workspace/.derivedData/Build/Intermediates.noindex/swift-custom-dump.build/Debug-appletvos/CustomDump-t.build/Objects-normal/arm64/CustomDump-dependency-scan.dia -validate-clang-modules-once -clang-build-session-file /Users/admin/builder/spi-builder-workspace/.derivedData/ModuleCache.noindex/Session.modulevalidation -Xcc -fmodules-prune-interval\=86400 -Xcc -fmodules-prune-after\=345600 -emit-const-values -const-gather-protocols-list /Users/admin/builder/spi-builder-workspace/.derivedData/Build/Intermediates.noindex/swift-custom-dump.build/Debug-appletvos/CustomDump-t.build/Objects-normal/arm64/CustomDump_const_extract_protocols.json -Xcc -I/Users/admin/builder/spi-builder-workspace/.derivedData/Build/Products/Debug-appletvos/include -Xcc -I/Users/admin/builder/spi-builder-workspace/.derivedData/Build/Intermediates.noindex/swift-custom-dump.build/Debug-appletvos/CustomDump-t.build/DerivedSources-normal/arm64 -Xcc -I/Users/admin/builder/spi-builder-workspace/.derivedData/Build/Intermediates.noindex/swift-custom-dump.build/Debug-appletvos/CustomDump-t.build/DerivedSources/arm64 -Xcc -I/Users/admin/builder/spi-builder-workspace/.derivedData/Build/Intermediates.noindex/swift-custom-dump.build/Debug-appletvos/CustomDump-t.build/DerivedSources -Xcc -DSWIFT_PACKAGE -Xcc -DDEBUG\=1 -emit-objc-header -emit-objc-header-path /Users/admin/builder/spi-builder-workspace/.derivedData/Build/Intermediates.noindex/swift-custom-dump.build/Debug-appletvos/CustomDump-t.build/Objects-normal/arm64/CustomDump-Swift.h -working-directory /Users/admin/builder/spi-builder-workspace/.swiftpm/xcode -experimental-emit-module-separately -disable-cmo
SwiftDriver ArgumentParserTestHelpers normal arm64 com.apple.xcode.tools.swift.compiler (in target 'ArgumentParserTestHelpers' from project 'AssertSwiftCLI')
cd /Users/admin/builder/spi-builder-workspace/.swiftpm/xcode
builtin-SwiftDriver -- /Applications/Xcode-27.0.0-Release.Candidate.app/Contents/Developer/Toolchains/XcodeDefault.xctoolchain/usr/bin/swiftc -parse-as-library -module-name ArgumentParserTestHelpers -Onone @/Users/admin/builder/spi-builder-workspace/.derivedData/Build/Intermediates.noindex/AssertSwiftCLI.build/Debug-appletvos/ArgumentParserTestHelpers-t.build/Objects-normal/arm64/ArgumentParserTestHelpers.SwiftFileList -DSWIFT_PACKAGE -DDEBUG -DSWIFT_MODULE_RESOURCE_BUNDLE_UNAVAILABLE -DXcode -plugin-path /Applications/Xcode-27.0.0-Release.Candidate.app/Contents/Developer/Toolchains/XcodeDefault.xctoolchain/usr/lib/swift/host/plugins/testing -enable-experimental-feature DebugDescriptionMacro -sdk /Applications/Xcode-27.0.0-Release.Candidate.app/Contents/Developer/Platforms/AppleTVOS.platform/Developer/SDKs/AppleTVOS27.0.sdk -target arm64-apple-tvos15.0 -g -module-cache-path /Users/admin/builder/spi-builder-workspace/.derivedData/ModuleCache.noindex -Xfrontend -serialize-debugging-options -profile-coverage-mapping -profile-generate -enable-testing -index-store-path /Users/admin/builder/spi-builder-workspace/.derivedData/Index.noindex/DataStore -Xcc -D_LIBCPP_HARDENING_MODE\=_LIBCPP_HARDENING_MODE_DEBUG -swift-version 5 -I /Users/admin/builder/spi-builder-workspace/.derivedData/Build/Products/Debug-appletvos -Isystem /Applications/Xcode-27.0.0-Release.Candidate.app/Contents/Developer/Platforms/AppleTVOS.platform/Developer/usr/lib -F /Users/admin/builder/spi-builder-workspace/.derivedData/Build/Products/Debug-appletvos/PackageFrameworks -F /Users/admin/builder/spi-builder-workspace/.derivedData/Build/Products/Debug-appletvos -F /Applications/Xcode-27.0.0-Release.Candidate.app/Contents/Developer/Platforms/AppleTVOS.platform/Developer/Library/Frameworks -F /Applications/Xcode-27.0.0-Release.Candidate.app/Contents/Developer/Platforms/AppleTVOS.platform/Developer/SDKs/AppleTVOS27.0.sdk/Developer/Library/Frameworks -c -j10 -enable-batch-mode -incremental -Xcc -ivfsstatcache -Xcc /Users/admin/builder/spi-builder-workspace/.derivedData/SDKStatCaches.noindex/appletvos27.0-24J360-e829b21a6f8c9b70876ba0858053c044b32bfd8d43560033f8d89884cdb90028.sdkstatcache -output-file-map /Users/admin/builder/spi-builder-workspace/.derivedData/Build/Intermediates.noindex/AssertSwiftCLI.build/Debug-appletvos/ArgumentParserTestHelpers-t.build/Objects-normal/arm64/ArgumentParserTestHelpers-OutputFileMap.json -save-temps -no-color-diagnostics -explicit-module-build -module-cache-path /Users/admin/builder/spi-builder-workspace/.derivedData/Build/Intermediates.noindex/SwiftExplicitPrecompiledModules -clang-scanner-module-cache-path /Users/admin/builder/spi-builder-workspace/.derivedData/ModuleCache.noindex -sdk-module-cache-path /Users/admin/builder/spi-builder-workspace/.derivedData/SDKExplicitPrecompiledModules -emit-dependencies -emit-module -emit-module-path /Users/admin/builder/spi-builder-workspace/.derivedData/Build/Intermediates.noindex/AssertSwiftCLI.build/Debug-appletvos/ArgumentParserTestHelpers-t.build/Objects-normal/arm64/ArgumentParserTestHelpers.swiftmodule -serialize-diagnostics -dependency-scan-serialize-diagnostics-path /Users/admin/builder/spi-builder-workspace/.derivedData/Build/Intermediates.noindex/AssertSwiftCLI.build/Debug-appletvos/ArgumentParserTestHelpers-t.build/Objects-normal/arm64/ArgumentParserTestHelpers-dependency-scan.dia -validate-clang-modules-once -clang-build-session-file /Users/admin/builder/spi-builder-workspace/.derivedData/ModuleCache.noindex/Session.modulevalidation -Xcc -fmodules-prune-interval\=86400 -Xcc -fmodules-prune-after\=345600 -emit-const-values -const-gather-protocols-list /Users/admin/builder/spi-builder-workspace/.derivedData/Build/Intermediates.noindex/AssertSwiftCLI.build/Debug-appletvos/ArgumentParserTestHelpers-t.build/Objects-normal/arm64/ArgumentParserTestHelpers_const_extract_protocols.json -Xcc -I/Users/admin/builder/spi-builder-workspace/.derivedData/Build/Products/Debug-appletvos/include -Xcc -I/Users/admin/builder/spi-builder-workspace/.derivedData/Build/Intermediates.noindex/AssertSwiftCLI.build/Debug-appletvos/ArgumentParserTestHelpers-t.build/DerivedSources-normal/arm64 -Xcc -I/Users/admin/builder/spi-builder-workspace/.derivedData/Build/Intermediates.noindex/AssertSwiftCLI.build/Debug-appletvos/ArgumentParserTestHelpers-t.build/DerivedSources/arm64 -Xcc -I/Users/admin/builder/spi-builder-workspace/.derivedData/Build/Intermediates.noindex/AssertSwiftCLI.build/Debug-appletvos/ArgumentParserTestHelpers-t.build/DerivedSources -Xcc -DSWIFT_PACKAGE -Xcc -DDEBUG\=1 -emit-objc-header -emit-objc-header-path /Users/admin/builder/spi-builder-workspace/.derivedData/Build/Intermediates.noindex/AssertSwiftCLI.build/Debug-appletvos/ArgumentParserTestHelpers-t.build/Objects-normal/arm64/ArgumentParserTestHelpers-Swift.h -working-directory /Users/admin/builder/spi-builder-workspace/.swiftpm/xcode -experimental-emit-module-separately -disable-cmo
SwiftDriverJobDiscovery normal arm64 Compiling Option.swift, OptionGroup.swift, ParentCommand.swift, AsyncParsableCommand.swift, CommandConfiguration.swift (in target 'ArgumentParser' from project 'swift-argument-parser')
SwiftDriverJobDiscovery normal arm64 Compiling DefaultInitializable.swift (in target 'XCTestDynamicOverlay' from project 'xctest-dynamic-overlay')
SwiftDriverJobDiscovery normal arm64 Compiling XCTFail.swift (in target 'XCTestDynamicOverlay' from project 'xctest-dynamic-overlay')
SwiftDriverJobDiscovery normal arm64 Compiling RuntimeWarnings.swift (in target 'XCTestDynamicOverlay' from project 'xctest-dynamic-overlay')
SwiftDriver\ Compilation XCTestDynamicOverlay normal arm64 com.apple.xcode.tools.swift.compiler (in target 'XCTestDynamicOverlay' from project 'xctest-dynamic-overlay')
cd /Users/admin/builder/spi-builder-workspace/.swiftpm/xcode
builtin-Swift-Compilation -- /Applications/Xcode-27.0.0-Release.Candidate.app/Contents/Developer/Toolchains/XcodeDefault.xctoolchain/usr/bin/swiftc -parse-as-library -module-name XCTestDynamicOverlay -Onone @/Users/admin/builder/spi-builder-workspace/.derivedData/Build/Intermediates.noindex/xctest-dynamic-overlay.build/Debug-appletvos/XCTestDynamicOverlay-t.build/Objects-normal/arm64/XCTestDynamicOverlay.SwiftFileList -DSWIFT_PACKAGE -DDEBUG -DSWIFT_MODULE_RESOURCE_BUNDLE_UNAVAILABLE -DXcode -plugin-path /Applications/Xcode-27.0.0-Release.Candidate.app/Contents/Developer/Toolchains/XcodeDefault.xctoolchain/usr/lib/swift/host/plugins/testing -enable-experimental-feature DebugDescriptionMacro -sdk /Applications/Xcode-27.0.0-Release.Candidate.app/Contents/Developer/Platforms/AppleTVOS.platform/Developer/SDKs/AppleTVOS27.0.sdk -target arm64-apple-tvos15.0 -g -module-cache-path /Users/admin/builder/spi-builder-workspace/.derivedData/ModuleCache.noindex -Xfrontend -serialize-debugging-options -profile-coverage-mapping -profile-generate -enable-testing -suppress-warnings -index-store-path /Users/admin/builder/spi-builder-workspace/.derivedData/Index.noindex/DataStore -Xcc -D_LIBCPP_HARDENING_MODE\=_LIBCPP_HARDENING_MODE_DEBUG -swift-version 5 -I /Users/admin/builder/spi-builder-workspace/.derivedData/Build/Products/Debug-appletvos -Isystem /Applications/Xcode-27.0.0-Release.Candidate.app/Contents/Developer/Platforms/AppleTVOS.platform/Developer/usr/lib -F /Users/admin/builder/spi-builder-workspace/.derivedData/Build/Products/Debug-appletvos -F /Applications/Xcode-27.0.0-Release.Candidate.app/Contents/Developer/Platforms/AppleTVOS.platform/Developer/Library/Frameworks -F /Applications/Xcode-27.0.0-Release.Candidate.app/Contents/Developer/Platforms/AppleTVOS.platform/Developer/SDKs/AppleTVOS27.0.sdk/Developer/Library/Frameworks -c -j10 -enable-batch-mode -incremental -Xcc -ivfsstatcache -Xcc /Users/admin/builder/spi-builder-workspace/.derivedData/SDKStatCaches.noindex/appletvos27.0-24J360-e829b21a6f8c9b70876ba0858053c044b32bfd8d43560033f8d89884cdb90028.sdkstatcache -output-file-map /Users/admin/builder/spi-builder-workspace/.derivedData/Build/Intermediates.noindex/xctest-dynamic-overlay.build/Debug-appletvos/XCTestDynamicOverlay-t.build/Objects-normal/arm64/XCTestDynamicOverlay-OutputFileMap.json -save-temps -no-color-diagnostics -explicit-module-build -module-cache-path /Users/admin/builder/spi-builder-workspace/.derivedData/Build/Intermediates.noindex/SwiftExplicitPrecompiledModules -clang-scanner-module-cache-path /Users/admin/builder/spi-builder-workspace/.derivedData/ModuleCache.noindex -sdk-module-cache-path /Users/admin/builder/spi-builder-workspace/.derivedData/SDKExplicitPrecompiledModules -emit-dependencies -emit-module -emit-module-path /Users/admin/builder/spi-builder-workspace/.derivedData/Build/Intermediates.noindex/xctest-dynamic-overlay.build/Debug-appletvos/XCTestDynamicOverlay-t.build/Objects-normal/arm64/XCTestDynamicOverlay.swiftmodule -serialize-diagnostics -dependency-scan-serialize-diagnostics-path /Users/admin/builder/spi-builder-workspace/.derivedData/Build/Intermediates.noindex/xctest-dynamic-overlay.build/Debug-appletvos/XCTestDynamicOverlay-t.build/Objects-normal/arm64/XCTestDynamicOverlay-dependency-scan.dia -validate-clang-modules-once -clang-build-session-file /Users/admin/builder/spi-builder-workspace/.derivedData/ModuleCache.noindex/Session.modulevalidation -Xcc -fmodules-prune-interval\=86400 -Xcc -fmodules-prune-after\=345600 -emit-const-values -const-gather-protocols-list /Users/admin/builder/spi-builder-workspace/.derivedData/Build/Intermediates.noindex/xctest-dynamic-overlay.build/Debug-appletvos/XCTestDynamicOverlay-t.build/Objects-normal/arm64/XCTestDynamicOverlay_const_extract_protocols.json -Xcc -I/Users/admin/builder/spi-builder-workspace/.derivedData/Build/Products/Debug-appletvos/include -Xcc -I/Users/admin/builder/spi-builder-workspace/.derivedData/Build/Intermediates.noindex/xctest-dynamic-overlay.build/Debug-appletvos/XCTestDynamicOverlay-t.build/DerivedSources-normal/arm64 -Xcc -I/Users/admin/builder/spi-builder-workspace/.derivedData/Build/Intermediates.noindex/xctest-dynamic-overlay.build/Debug-appletvos/XCTestDynamicOverlay-t.build/DerivedSources/arm64 -Xcc -I/Users/admin/builder/spi-builder-workspace/.derivedData/Build/Intermediates.noindex/xctest-dynamic-overlay.build/Debug-appletvos/XCTestDynamicOverlay-t.build/DerivedSources -Xcc -DSWIFT_PACKAGE -Xcc -DDEBUG\=1 -emit-objc-header -emit-objc-header-path /Users/admin/builder/spi-builder-workspace/.derivedData/Build/Intermediates.noindex/xctest-dynamic-overlay.build/Debug-appletvos/XCTestDynamicOverlay-t.build/Objects-normal/arm64/XCTestDynamicOverlay-Swift.h -working-directory /Users/admin/builder/spi-builder-workspace/.swiftpm/xcode -experimental-emit-module-separately -disable-cmo
Ld /Users/admin/builder/spi-builder-workspace/.derivedData/Build/Products/Debug-appletvos/XCTestDynamicOverlay.o normal (in target 'XCTestDynamicOverlay' from project 'xctest-dynamic-overlay')
cd /Users/admin/builder/spi-builder-workspace/.dependencies/checkouts/xctest-dynamic-overlay
/Applications/Xcode-27.0.0-Release.Candidate.app/Contents/Developer/Toolchains/XcodeDefault.xctoolchain/usr/bin/clang -Xlinker -reproducible -target arm64-apple-tvos15.0 -r -isysroot /Applications/Xcode-27.0.0-Release.Candidate.app/Contents/Developer/Platforms/AppleTVOS.platform/Developer/SDKs/AppleTVOS27.0.sdk -O0 -w -Xlinker -no_warn_duplicate_libraries -F/Users/admin/builder/spi-builder-workspace/.derivedData/Build/Intermediates.noindex/EagerLinkingTBDs/Debug-appletvos -F/Users/admin/builder/spi-builder-workspace/.derivedData/Build/Products/Debug-appletvos -iframework /Applications/Xcode-27.0.0-Release.Candidate.app/Contents/Developer/Platforms/AppleTVOS.platform/Developer/Library/Frameworks -iframework /Applications/Xcode-27.0.0-Release.Candidate.app/Contents/Developer/Platforms/AppleTVOS.platform/Developer/SDKs/AppleTVOS27.0.sdk/Developer/Library/Frameworks -filelist /Users/admin/builder/spi-builder-workspace/.derivedData/Build/Intermediates.noindex/xctest-dynamic-overlay.build/Debug-appletvos/XCTestDynamicOverlay-t.build/Objects-normal/arm64/XCTestDynamicOverlay.LinkFileList -nostdlib -Xlinker -object_path_lto -Xlinker /Users/admin/builder/spi-builder-workspace/.derivedData/Build/Intermediates.noindex/xctest-dynamic-overlay.build/Debug-appletvos/XCTestDynamicOverlay-t.build/Objects-normal/arm64/XCTestDynamicOverlay_lto.o -Xlinker -no_deduplicate -Xlinker -debug_variant -Xlinker -dependency_info -Xlinker /Users/admin/builder/spi-builder-workspace/.derivedData/Build/Intermediates.noindex/xctest-dynamic-overlay.build/Debug-appletvos/XCTestDynamicOverlay-t.build/Objects-normal/arm64/XCTestDynamicOverlay_dependency_info.dat -fobjc-link-runtime -L/Applications/Xcode-27.0.0-Release.Candidate.app/Contents/Developer/Toolchains/XcodeDefault.xctoolchain/usr/lib/swift/appletvos -L/usr/lib/swift -Xlinker -add_ast_path -Xlinker /Users/admin/builder/spi-builder-workspace/.derivedData/Build/Intermediates.noindex/xctest-dynamic-overlay.build/Debug-appletvos/XCTestDynamicOverlay-t.build/Objects-normal/arm64/XCTestDynamicOverlay.swiftmodule -o /Users/admin/builder/spi-builder-workspace/.derivedData/Build/Products/Debug-appletvos/XCTestDynamicOverlay.o
ExtractAppIntentsMetadata (in target 'XCTestDynamicOverlay' from project 'xctest-dynamic-overlay')
cd /Users/admin/builder/spi-builder-workspace/.dependencies/checkouts/xctest-dynamic-overlay
/Applications/Xcode-27.0.0-Release.Candidate.app/Contents/Developer/Toolchains/XcodeDefault.xctoolchain/usr/bin/appintentsmetadataprocessor --toolchain-dir /var/run/com.apple.security.cryptexd/mnt/com.apple.MobileAsset.MetalToolchain-v27.1.266.1.3uuWOs/Metal.xctoolchain --module-name XCTestDynamicOverlay --sdk-root /Applications/Xcode-27.0.0-Release.Candidate.app/Contents/Developer/Platforms/AppleTVOS.platform/Developer/SDKs/AppleTVOS27.0.sdk --xcode-version 27A266a --platform-family tvOS --deployment-target 15.0 --bundle-identifier xctest-dynamic-overlay.XCTestDynamicOverlay --output /Users/admin/builder/spi-builder-workspace/.derivedData/Build/Products/Debug-appletvos/XCTestDynamicOverlay.appintents --target-triple arm64-apple-tvos15.0 --binary-file /Users/admin/builder/spi-builder-workspace/.derivedData/Build/Products/Debug-appletvos/XCTestDynamicOverlay.o --dependency-file /Users/admin/builder/spi-builder-workspace/.derivedData/Build/Intermediates.noindex/xctest-dynamic-overlay.build/Debug-appletvos/XCTestDynamicOverlay-t.build/Objects-normal/arm64/XCTestDynamicOverlay_dependency_info.dat --stringsdata-file /Users/admin/builder/spi-builder-workspace/.derivedData/Build/Intermediates.noindex/xctest-dynamic-overlay.build/Debug-appletvos/XCTestDynamicOverlay-t.build/Objects-normal/arm64/ExtractedAppShortcutsMetadata.stringsdata --source-file-list /Users/admin/builder/spi-builder-workspace/.derivedData/Build/Intermediates.noindex/xctest-dynamic-overlay.build/Debug-appletvos/XCTestDynamicOverlay-t.build/Objects-normal/arm64/XCTestDynamicOverlay.SwiftFileList --metadata-file-list /Users/admin/builder/spi-builder-workspace/.derivedData/Build/Intermediates.noindex/xctest-dynamic-overlay.build/Debug-appletvos/XCTestDynamicOverlay-t.build/XCTestDynamicOverlay.DependencyMetadataFileList --static-metadata-file-list /Users/admin/builder/spi-builder-workspace/.derivedData/Build/Intermediates.noindex/xctest-dynamic-overlay.build/Debug-appletvos/XCTestDynamicOverlay-t.build/XCTestDynamicOverlay.DependencyStaticMetadataFileList --swift-const-vals-list /Users/admin/builder/spi-builder-workspace/.derivedData/Build/Intermediates.noindex/xctest-dynamic-overlay.build/Debug-appletvos/XCTestDynamicOverlay-t.build/Objects-normal/arm64/XCTestDynamicOverlay.SwiftConstValuesFileList --force --compile-time-extraction --deployment-aware-processing --no-app-shortcuts-localization
2026-09-18 01:34:31.398 appintentsmetadataprocessor[927:5581] Starting appintentsmetadataprocessor export
2026-09-18 01:34:31.473 appintentsmetadataprocessor[927:5581] Extracted no relevant App Intents symbols, skipping writing output
SwiftDriverJobDiscovery normal arm64 Compiling CommandGroup.swift, EnumerableFlag.swift, ExpressibleByArgument.swift, ParsableArguments.swift, ParsableCommand.swift (in target 'ArgumentParser' from project 'swift-argument-parser')
SwiftDriverJobDiscovery normal arm64 Compiling UsageGenerator.swift, CollectionExtensions.swift, Foundation.swift, Mutex.swift, Platform.swift (in target 'ArgumentParser' from project 'swift-argument-parser')
SwiftDriverJobDiscovery normal arm64 Compiling SplitArguments.swift, DumpHelpGenerator.swift, HelpCommand.swift, HelpGenerator.swift, MessageInfo.swift (in target 'ArgumentParser' from project 'swift-argument-parser')
SwiftExplicitDependencyGeneratePcm arm64 /Users/admin/builder/spi-builder-workspace/.derivedData/SDKExplicitPrecompiledModules/UIUtilities-6ZFJ1AK4H8IBGEBMYQBWGBYLK.pcm
SwiftExplicitDependencyGeneratePcm arm64 /Users/admin/builder/spi-builder-workspace/.derivedData/SDKExplicitPrecompiledModules/Symbols-B5AU9VM9Y7NU79RLMH13Z4IFM.pcm
SwiftExplicitDependencyGeneratePcm arm64 /Users/admin/builder/spi-builder-workspace/.derivedData/SDKExplicitPrecompiledModules/IOSurface-38FJ1CKX9FV2RD97O64Z7QB17.pcm
SwiftExplicitDependencyGeneratePcm arm64 /Users/admin/builder/spi-builder-workspace/.derivedData/SDKExplicitPrecompiledModules/CoreTransferable-7V4O8DATEQ9F7SDNTCW8YWLG3.pcm
SwiftExplicitDependencyGeneratePcm arm64 /Users/admin/builder/spi-builder-workspace/.derivedData/SDKExplicitPrecompiledModules/_LocationEssentials-ETSJ65FELPWR8WH8G49R1DF2E.pcm
SwiftExplicitDependencyGeneratePcm arm64 /Users/admin/builder/spi-builder-workspace/.derivedData/SDKExplicitPrecompiledModules/CoreGraphics-CWSP3J98S2658BYCVL6RP99T3.pcm
SwiftExplicitDependencyGeneratePcm arm64 /Users/admin/builder/spi-builder-workspace/.derivedData/SDKExplicitPrecompiledModules/_Builtin_tgmath-7ULT1EUHDHW4OZPSTT33H6QGE.pcm
SwiftExplicitDependencyGeneratePcm arm64 /Users/admin/builder/spi-builder-workspace/.derivedData/SDKExplicitPrecompiledModules/OSLog-7OT6HHTMY0ZFEQJ095LJZ6NLC.pcm
SwiftExplicitDependencyGeneratePcm arm64 /Users/admin/builder/spi-builder-workspace/.derivedData/SDKExplicitPrecompiledModules/_Builtin_intrinsics-437O2R2NID4WAQVENR63GR82C.pcm
SwiftExplicitDependencyGeneratePcm arm64 /Users/admin/builder/spi-builder-workspace/.derivedData/SDKExplicitPrecompiledModules/BackgroundAssets-18FN7BXGZ9CRBUQ1WYD6E98JA.pcm
SwiftExplicitDependencyGeneratePcm arm64 /Users/admin/builder/spi-builder-workspace/.derivedData/SDKExplicitPrecompiledModules/UniformTypeIdentifiers-95CC8U42ZA9STP5K6GP9ZVJS5.pcm
SwiftExplicitDependencyGeneratePcm arm64 /Users/admin/builder/spi-builder-workspace/.derivedData/SDKExplicitPrecompiledModules/DataDetection-37JIYZ2GWDA1L166PP1D9JKAF.pcm
SwiftExplicitDependencyGeneratePcm arm64 /Users/admin/builder/spi-builder-workspace/.derivedData/SDKExplicitPrecompiledModules/ExtensionFoundation-6QFD7DEZ8B0V1CPXCTN45UZ81.pcm
SwiftExplicitDependencyGeneratePcm arm64 /Users/admin/builder/spi-builder-workspace/.derivedData/SDKExplicitPrecompiledModules/CoreLocation-YVXXAOMVX0JH2KO1XTTKTY51.pcm
SwiftExplicitDependencyGeneratePcm arm64 /Users/admin/builder/spi-builder-workspace/.derivedData/SDKExplicitPrecompiledModules/CoreAudioTypes-E7EH96HAL3G83QSWLT7VWYIP4.pcm
SwiftExplicitDependencyGeneratePcm arm64 /Users/admin/builder/spi-builder-workspace/.derivedData/SDKExplicitPrecompiledModules/dnssd-EP05MCI8X9XCB9GCC2I2LPUJV.pcm
SwiftExplicitDependencyGeneratePcm arm64 /Users/admin/builder/spi-builder-workspace/.derivedData/SDKExplicitPrecompiledModules/Metal-2KYBS7IML1SD788M91YV7Q0CC.pcm
SwiftExplicitDependencyGeneratePcm arm64 /Users/admin/builder/spi-builder-workspace/.derivedData/SDKExplicitPrecompiledModules/CoreText-59NY7PABM0I4V978161FOC04A.pcm
SwiftExplicitDependencyGeneratePcm arm64 /Users/admin/builder/spi-builder-workspace/.derivedData/SDKExplicitPrecompiledModules/ImageIO-88D4CLEBD4CLWQKT78PZ6H1O8.pcm
SwiftExplicitDependencyGeneratePcm arm64 /Users/admin/builder/spi-builder-workspace/.derivedData/SDKExplicitPrecompiledModules/Accessibility-B6BODGZ4MQQTY0PBC4SHRP009.pcm
SwiftExplicitDependencyGeneratePcm arm64 /Users/admin/builder/spi-builder-workspace/.derivedData/SDKExplicitPrecompiledModules/OpenGLES-4NY99CNDU9WUNUYEIXSS1QFGE.pcm
SwiftExplicitDependencyGeneratePcm arm64 /Users/admin/builder/spi-builder-workspace/.derivedData/SDKExplicitPrecompiledModules/UserNotifications-E9ZW5TH066WIJWH9080RC5NG4.pcm
SwiftExplicitDependencyGeneratePcm arm64 /Users/admin/builder/spi-builder-workspace/.derivedData/SDKExplicitPrecompiledModules/Network-4N07O3JN82GNOWXYH2TBMWON5.pcm
SwiftExplicitDependencyGeneratePcm arm64 /Users/admin/builder/spi-builder-workspace/.derivedData/SDKExplicitPrecompiledModules/CoreAudio-6IR1XRM0Q9YQZMFW89F3H4V3X.pcm
SwiftExplicitDependencyGeneratePcm arm64 /Users/admin/builder/spi-builder-workspace/.derivedData/SDKExplicitPrecompiledModules/CloudKit-87XEUK0KFMLVKAO7BT1XG0RKM.pcm
SwiftExplicitDependencyGeneratePcm arm64 /Users/admin/builder/spi-builder-workspace/.derivedData/SDKExplicitPrecompiledModules/DeveloperToolsSupport-B1X8RI63V48AJRTH2RK6JAARV.pcm
SwiftExplicitDependencyGeneratePcm arm64 /Users/admin/builder/spi-builder-workspace/.derivedData/SDKExplicitPrecompiledModules/CoreMIDI-23HL6T8YUJM8DF3NKDJAU0CM7.pcm
SwiftExplicitDependencyGeneratePcm arm64 /Users/admin/builder/spi-builder-workspace/.derivedData/SDKExplicitPrecompiledModules/simd-117QUXEUT3Z7UQCUYWV2UA228.pcm
SwiftExplicitDependencyGeneratePcm arm64 /Users/admin/builder/spi-builder-workspace/.derivedData/SDKExplicitPrecompiledModules/CoreData-DYMPHH3PH8AX9I1FHA4VFJ675.pcm
SwiftExplicitDependencyGeneratePcm arm64 /Users/admin/builder/spi-builder-workspace/.derivedData/SDKExplicitPrecompiledModules/AVRouting-53KTSRU06N7KHZMUFWVUAHAVC.pcm
SwiftDriverJobDiscovery normal arm64 Compiling ArgumentDecoder.swift, ArgumentDefinition.swift, ArgumentSet.swift, CommandParser.swift, InputKey.swift (in target 'ArgumentParser' from project 'swift-argument-parser')
SwiftDriver\ Compilation ArgumentParser normal arm64 com.apple.xcode.tools.swift.compiler (in target 'ArgumentParser' from project 'swift-argument-parser')
cd /Users/admin/builder/spi-builder-workspace/.swiftpm/xcode
builtin-Swift-Compilation -- /Applications/Xcode-27.0.0-Release.Candidate.app/Contents/Developer/Toolchains/XcodeDefault.xctoolchain/usr/bin/swiftc -parse-as-library -module-name ArgumentParser -Onone @/Users/admin/builder/spi-builder-workspace/.derivedData/Build/Intermediates.noindex/swift-argument-parser.build/Debug-appletvos/ArgumentParser-t.build/Objects-normal/arm64/ArgumentParser.SwiftFileList -DSWIFT_PACKAGE -DDEBUG -DSWIFT_MODULE_RESOURCE_BUNDLE_UNAVAILABLE -DXcode -plugin-path /Applications/Xcode-27.0.0-Release.Candidate.app/Contents/Developer/Toolchains/XcodeDefault.xctoolchain/usr/lib/swift/host/plugins/testing -enable-experimental-feature DebugDescriptionMacro -sdk /Applications/Xcode-27.0.0-Release.Candidate.app/Contents/Developer/Platforms/AppleTVOS.platform/Developer/SDKs/AppleTVOS27.0.sdk -target arm64-apple-tvos15.0 -g -module-cache-path /Users/admin/builder/spi-builder-workspace/.derivedData/ModuleCache.noindex -Xfrontend -serialize-debugging-options -profile-coverage-mapping -profile-generate -enable-testing -suppress-warnings -index-store-path /Users/admin/builder/spi-builder-workspace/.derivedData/Index.noindex/DataStore -Xcc -D_LIBCPP_HARDENING_MODE\=_LIBCPP_HARDENING_MODE_DEBUG -swift-version 6 -I /Users/admin/builder/spi-builder-workspace/.derivedData/Build/Products/Debug-appletvos -Isystem /Applications/Xcode-27.0.0-Release.Candidate.app/Contents/Developer/Platforms/AppleTVOS.platform/Developer/usr/lib -F /Users/admin/builder/spi-builder-workspace/.derivedData/Build/Products/Debug-appletvos/PackageFrameworks -F /Users/admin/builder/spi-builder-workspace/.derivedData/Build/Products/Debug-appletvos -F /Applications/Xcode-27.0.0-Release.Candidate.app/Contents/Developer/Platforms/AppleTVOS.platform/Developer/Library/Frameworks -F /Applications/Xcode-27.0.0-Release.Candidate.app/Contents/Developer/Platforms/AppleTVOS.platform/Developer/SDKs/AppleTVOS27.0.sdk/Developer/Library/Frameworks -c -j10 -enable-batch-mode -incremental -Xcc -ivfsstatcache -Xcc /Users/admin/builder/spi-builder-workspace/.derivedData/SDKStatCaches.noindex/appletvos27.0-24J360-e829b21a6f8c9b70876ba0858053c044b32bfd8d43560033f8d89884cdb90028.sdkstatcache -output-file-map /Users/admin/builder/spi-builder-workspace/.derivedData/Build/Intermediates.noindex/swift-argument-parser.build/Debug-appletvos/ArgumentParser-t.build/Objects-normal/arm64/ArgumentParser-OutputFileMap.json -save-temps -no-color-diagnostics -explicit-module-build -module-cache-path /Users/admin/builder/spi-builder-workspace/.derivedData/Build/Intermediates.noindex/SwiftExplicitPrecompiledModules -clang-scanner-module-cache-path /Users/admin/builder/spi-builder-workspace/.derivedData/ModuleCache.noindex -sdk-module-cache-path /Users/admin/builder/spi-builder-workspace/.derivedData/SDKExplicitPrecompiledModules -emit-dependencies -emit-module -emit-module-path /Users/admin/builder/spi-builder-workspace/.derivedData/Build/Intermediates.noindex/swift-argument-parser.build/Debug-appletvos/ArgumentParser-t.build/Objects-normal/arm64/ArgumentParser.swiftmodule -serialize-diagnostics -dependency-scan-serialize-diagnostics-path /Users/admin/builder/spi-builder-workspace/.derivedData/Build/Intermediates.noindex/swift-argument-parser.build/Debug-appletvos/ArgumentParser-t.build/Objects-normal/arm64/ArgumentParser-dependency-scan.dia -user-module-version 1.8.2 -validate-clang-modules-once -clang-build-session-file /Users/admin/builder/spi-builder-workspace/.derivedData/ModuleCache.noindex/Session.modulevalidation -Xcc -fmodules-prune-interval\=86400 -Xcc -fmodules-prune-after\=345600 -package-name swift_argument_parser -emit-const-values -const-gather-protocols-list /Users/admin/builder/spi-builder-workspace/.derivedData/Build/Intermediates.noindex/swift-argument-parser.build/Debug-appletvos/ArgumentParser-t.build/Objects-normal/arm64/ArgumentParser_const_extract_protocols.json -Xcc -I/Users/admin/builder/spi-builder-workspace/.derivedData/Build/Products/Debug-appletvos/include -Xcc -I/Users/admin/builder/spi-builder-workspace/.derivedData/Build/Intermediates.noindex/swift-argument-parser.build/Debug-appletvos/ArgumentParser-t.build/DerivedSources-normal/arm64 -Xcc -I/Users/admin/builder/spi-builder-workspace/.derivedData/Build/Intermediates.noindex/swift-argument-parser.build/Debug-appletvos/ArgumentParser-t.build/DerivedSources/arm64 -Xcc -I/Users/admin/builder/spi-builder-workspace/.derivedData/Build/Intermediates.noindex/swift-argument-parser.build/Debug-appletvos/ArgumentParser-t.build/DerivedSources -Xcc -DSWIFT_PACKAGE -Xcc -DDEBUG\=1 -emit-objc-header -emit-objc-header-path /Users/admin/builder/spi-builder-workspace/.derivedData/Build/Intermediates.noindex/swift-argument-parser.build/Debug-appletvos/ArgumentParser-t.build/Objects-normal/arm64/ArgumentParser-Swift.h -working-directory /Users/admin/builder/spi-builder-workspace/.swiftpm/xcode -experimental-emit-module-separately -disable-cmo
Ld /Users/admin/builder/spi-builder-workspace/.derivedData/Build/Products/Debug-appletvos/ArgumentParser.o normal (in target 'ArgumentParser' from project 'swift-argument-parser')
cd /Users/admin/builder/spi-builder-workspace/.dependencies/checkouts/swift-argument-parser
/Applications/Xcode-27.0.0-Release.Candidate.app/Contents/Developer/Toolchains/XcodeDefault.xctoolchain/usr/bin/clang -Xlinker -reproducible -target arm64-apple-tvos15.0 -r -isysroot /Applications/Xcode-27.0.0-Release.Candidate.app/Contents/Developer/Platforms/AppleTVOS.platform/Developer/SDKs/AppleTVOS27.0.sdk -O0 -w -Xlinker -no_warn_duplicate_libraries -F/Users/admin/builder/spi-builder-workspace/.derivedData/Build/Intermediates.noindex/EagerLinkingTBDs/Debug-appletvos -F/Users/admin/builder/spi-builder-workspace/.derivedData/Build/Products/Debug-appletvos/PackageFrameworks -F/Users/admin/builder/spi-builder-workspace/.derivedData/Build/Products/Debug-appletvos -iframework /Applications/Xcode-27.0.0-Release.Candidate.app/Contents/Developer/Platforms/AppleTVOS.platform/Developer/Library/Frameworks -iframework /Applications/Xcode-27.0.0-Release.Candidate.app/Contents/Developer/Platforms/AppleTVOS.platform/Developer/SDKs/AppleTVOS27.0.sdk/Developer/Library/Frameworks -filelist /Users/admin/builder/spi-builder-workspace/.derivedData/Build/Intermediates.noindex/swift-argument-parser.build/Debug-appletvos/ArgumentParser-t.build/Objects-normal/arm64/ArgumentParser.LinkFileList -nostdlib -Xlinker -object_path_lto -Xlinker /Users/admin/builder/spi-builder-workspace/.derivedData/Build/Intermediates.noindex/swift-argument-parser.build/Debug-appletvos/ArgumentParser-t.build/Objects-normal/arm64/ArgumentParser_lto.o -Xlinker -no_deduplicate -Xlinker -debug_variant -Xlinker -dependency_info -Xlinker /Users/admin/builder/spi-builder-workspace/.derivedData/Build/Intermediates.noindex/swift-argument-parser.build/Debug-appletvos/ArgumentParser-t.build/Objects-normal/arm64/ArgumentParser_dependency_info.dat -fobjc-link-runtime -L/Applications/Xcode-27.0.0-Release.Candidate.app/Contents/Developer/Toolchains/XcodeDefault.xctoolchain/usr/lib/swift/appletvos -L/usr/lib/swift -Xlinker -add_ast_path -Xlinker /Users/admin/builder/spi-builder-workspace/.derivedData/Build/Intermediates.noindex/swift-argument-parser.build/Debug-appletvos/ArgumentParser-t.build/Objects-normal/arm64/ArgumentParser.swiftmodule -o /Users/admin/builder/spi-builder-workspace/.derivedData/Build/Products/Debug-appletvos/ArgumentParser.o
ExtractAppIntentsMetadata (in target 'ArgumentParser' from project 'swift-argument-parser')
cd /Users/admin/builder/spi-builder-workspace/.dependencies/checkouts/swift-argument-parser
/Applications/Xcode-27.0.0-Release.Candidate.app/Contents/Developer/Toolchains/XcodeDefault.xctoolchain/usr/bin/appintentsmetadataprocessor --toolchain-dir /var/run/com.apple.security.cryptexd/mnt/com.apple.MobileAsset.MetalToolchain-v27.1.266.1.3uuWOs/Metal.xctoolchain --module-name ArgumentParser --sdk-root /Applications/Xcode-27.0.0-Release.Candidate.app/Contents/Developer/Platforms/AppleTVOS.platform/Developer/SDKs/AppleTVOS27.0.sdk --xcode-version 27A266a --platform-family tvOS --deployment-target 15.0 --bundle-identifier swift-argument-parser.ArgumentParser --output /Users/admin/builder/spi-builder-workspace/.derivedData/Build/Products/Debug-appletvos/ArgumentParser.appintents --target-triple arm64-apple-tvos15.0 --binary-file /Users/admin/builder/spi-builder-workspace/.derivedData/Build/Products/Debug-appletvos/ArgumentParser.o --dependency-file /Users/admin/builder/spi-builder-workspace/.derivedData/Build/Intermediates.noindex/swift-argument-parser.build/Debug-appletvos/ArgumentParser-t.build/Objects-normal/arm64/ArgumentParser_dependency_info.dat --stringsdata-file /Users/admin/builder/spi-builder-workspace/.derivedData/Build/Intermediates.noindex/swift-argument-parser.build/Debug-appletvos/ArgumentParser-t.build/Objects-normal/arm64/ExtractedAppShortcutsMetadata.stringsdata --source-file-list /Users/admin/builder/spi-builder-workspace/.derivedData/Build/Intermediates.noindex/swift-argument-parser.build/Debug-appletvos/ArgumentParser-t.build/Objects-normal/arm64/ArgumentParser.SwiftFileList --metadata-file-list /Users/admin/builder/spi-builder-workspace/.derivedData/Build/Intermediates.noindex/swift-argument-parser.build/Debug-appletvos/ArgumentParser-t.build/ArgumentParser.DependencyMetadataFileList --static-metadata-file-list /Users/admin/builder/spi-builder-workspace/.derivedData/Build/Intermediates.noindex/swift-argument-parser.build/Debug-appletvos/ArgumentParser-t.build/ArgumentParser.DependencyStaticMetadataFileList --swift-const-vals-list /Users/admin/builder/spi-builder-workspace/.derivedData/Build/Intermediates.noindex/swift-argument-parser.build/Debug-appletvos/ArgumentParser-t.build/Objects-normal/arm64/ArgumentParser.SwiftConstValuesFileList --force --compile-time-extraction --deployment-aware-processing --no-app-shortcuts-localization
2026-09-18 01:34:32.429 appintentsmetadataprocessor[960:5801] Starting appintentsmetadataprocessor export
2026-09-18 01:34:32.497 appintentsmetadataprocessor[960:5801] Extracted no relevant App Intents symbols, skipping writing output
SwiftExplicitDependencyGeneratePcm arm64 /Users/admin/builder/spi-builder-workspace/.derivedData/SDKExplicitPrecompiledModules/AudioToolbox-BFZSY3NS10U8E5FG2JHTQ7SO8.pcm
SwiftExplicitDependencyGeneratePcm arm64 /Users/admin/builder/spi-builder-workspace/.derivedData/SDKExplicitPrecompiledModules/CoreVideo-DPU0PB5X0XLSVA2ETRGI6FJBM.pcm
SwiftExplicitDependencyGeneratePcm arm64 /Users/admin/builder/spi-builder-workspace/.derivedData/SDKExplicitPrecompiledModules/CoreImage-7S2AFJ8EIY3DUFYLEAX1JR1QV.pcm
SwiftExplicitDependencyGeneratePcm arm64 /Users/admin/builder/spi-builder-workspace/.derivedData/SDKExplicitPrecompiledModules/QuartzCore-DJSYAWKXFGVSAK5CQMOB3JSR.pcm
SwiftExplicitDependencyGeneratePcm arm64 /Users/admin/builder/spi-builder-workspace/.derivedData/SDKExplicitPrecompiledModules/CoreMedia-4OUKVT03LV547KZJDPPJRJ4F8.pcm
SwiftExplicitDependencyGeneratePcm arm64 /Users/admin/builder/spi-builder-workspace/.derivedData/SDKExplicitPrecompiledModules/SwiftUICore-543QU5V2NHKUFCYFJDKUJ7NYG.pcm
SwiftExplicitDependencyGeneratePcm arm64 /Users/admin/builder/spi-builder-workspace/.derivedData/SDKExplicitPrecompiledModules/AVFAudio-I2OUXVW3JAJP9H9YYQSK67OC.pcm
SwiftExplicitDependencyGeneratePcm arm64 /Users/admin/builder/spi-builder-workspace/.derivedData/SDKExplicitPrecompiledModules/MediaToolbox-4OQJAKJ1UOGLVUHH8TJFAFUX8.pcm
SwiftExplicitDependencyGeneratePcm arm64 /Users/admin/builder/spi-builder-workspace/.derivedData/SDKExplicitPrecompiledModules/VideoToolbox-9D68N9ZVOUSE0ZFYNU39RYT33.pcm
SwiftExplicitDependencyGeneratePcm arm64 /Users/admin/builder/spi-builder-workspace/.derivedData/SDKExplicitPrecompiledModules/UIKit-1TKWN7VC2X6N3ITMRVA2G0EB2.pcm
SwiftExplicitDependencyGeneratePcm arm64 /Users/admin/builder/spi-builder-workspace/.derivedData/SDKExplicitPrecompiledModules/Spatial-7U8NLEFXSB8BR7PJQGVMF5A4Q.pcm
SwiftExplicitDependencyGeneratePcm arm64 /Users/admin/builder/spi-builder-workspace/.derivedData/SDKExplicitPrecompiledModules/AVFoundation-4DKPNMYIKC5WBJ7VZILY1MMIU.pcm
SwiftExplicitDependencyGeneratePcm arm64 /Users/admin/builder/spi-builder-workspace/.derivedData/SDKExplicitPrecompiledModules/Speech-6N8SORQ20OTBYZGUNX0RSJ3JM.pcm
SwiftExplicitDependencyGeneratePcm arm64 /Users/admin/builder/spi-builder-workspace/.derivedData/SDKExplicitPrecompiledModules/Photos-7MEE6JGC4O3TFWLBV7USC0WXU.pcm
SwiftExplicitDependencyGeneratePcm arm64 /Users/admin/builder/spi-builder-workspace/.derivedData/SDKExplicitPrecompiledModules/UserNotificationsUI-BUXFVBPDSVVK5CPEONBK55499.pcm
SwiftExplicitDependencyGeneratePcm arm64 /Users/admin/builder/spi-builder-workspace/.derivedData/SDKExplicitPrecompiledModules/StoreKit-1PUEN6AUFJR9GNMGSPNHM3Z5C.pcm
SwiftExplicitDependencyGeneratePcm arm64 /Users/admin/builder/spi-builder-workspace/.derivedData/Build/Intermediates.noindex/SwiftExplicitPrecompiledModules/XCUIAutomation-FJBJYHY5O0CJFAW58X6D04WA.pcm
SwiftExplicitDependencyGeneratePcm arm64 /Users/admin/builder/spi-builder-workspace/.derivedData/SDKExplicitPrecompiledModules/SwiftUI-7BV1YDT6IZWW6B8OC6ENV0Y0F.pcm
SwiftExplicitDependencyCompileModuleFromInterface arm64 /Users/admin/builder/spi-builder-workspace/.derivedData/Build/Intermediates.noindex/SwiftExplicitPrecompiledModules/XCUIAutomation-210SQ6RQ6TUMZ.swiftmodule
SwiftExplicitDependencyGeneratePcm arm64 /Users/admin/builder/spi-builder-workspace/.derivedData/Build/Intermediates.noindex/SwiftExplicitPrecompiledModules/XCTest-7MV3G0KAJR9WCI4ZIQ137RH2R.pcm
SwiftEmitModule normal arm64 Emitting\ module\ for\ CustomDump (in target 'CustomDump' from project 'swift-custom-dump')
/Users/admin/builder/spi-builder-workspace/.dependencies/checkouts/swift-custom-dump/Sources/CustomDump/Conformances/Speech.swift:5:13: error: 'SFSpeechRecognizerAuthorizationStatus' is unavailable in tvOS
3 |
4 | @available(iOS 10, macOS 10.15, *)
5 | extension SFSpeechRecognizerAuthorizationStatus: CustomDumpStringConvertible {
| `- error: 'SFSpeechRecognizerAuthorizationStatus' is unavailable in tvOS
6 | public var customDumpDescription: String {
7 | switch self {
/Applications/Xcode-27.0.0-Release.Candidate.app/Contents/Developer/Platforms/AppleTVOS.platform/Developer/SDKs/AppleTVOS27.0.sdk/System/Library/Frameworks/Speech.framework/Headers/SFSpeechRecognizer.h:25:28: note: 'SFSpeechRecognizerAuthorizationStatus' has been explicitly marked unavailable here
23 | The app's authorization to perform speech recognition.
24 | */
25 | typedef NS_ENUM(NSInteger, SFSpeechRecognizerAuthorizationStatus) {
| `- note: 'SFSpeechRecognizerAuthorizationStatus' has been explicitly marked unavailable here
26 | /// The app's authorization status has not yet been determined.
27 | ///
/Users/admin/builder/spi-builder-workspace/.dependencies/checkouts/swift-custom-dump/Sources/CustomDump/Conformances/Speech.swift:24:13: error: 'SFSpeechRecognitionTaskHint' is unavailable in tvOS
22 |
23 | @available(iOS 10, macOS 10.15, *)
24 | extension SFSpeechRecognitionTaskHint: CustomDumpStringConvertible {
| `- error: 'SFSpeechRecognitionTaskHint' is unavailable in tvOS
25 | public var customDumpDescription: String {
26 | switch self {
/Applications/Xcode-27.0.0-Release.Candidate.app/Contents/Developer/Platforms/AppleTVOS.platform/Developer/SDKs/AppleTVOS27.0.sdk/System/Library/Frameworks/Speech.framework/Headers/SFSpeechRecognitionTaskHint.h:10:28: note: 'SFSpeechRecognitionTaskHint' has been explicitly marked unavailable here
8 | The type of task for which you are using speech recognition.
9 | */
10 | typedef NS_ENUM(NSInteger, SFSpeechRecognitionTaskHint) {
| `- note: 'SFSpeechRecognitionTaskHint' has been explicitly marked unavailable here
11 | /// An unspecified type of task.
12 | ///
/Users/admin/builder/spi-builder-workspace/.dependencies/checkouts/swift-custom-dump/Sources/CustomDump/Conformances/Speech.swift:42:13: error: 'SFSpeechRecognitionTaskState' is unavailable in tvOS
40 |
41 | @available(iOS 10, macOS 10.15, *)
42 | extension SFSpeechRecognitionTaskState: CustomDumpStringConvertible {
| `- error: 'SFSpeechRecognitionTaskState' is unavailable in tvOS
43 | public var customDumpDescription: String {
44 | switch self {
/Applications/Xcode-27.0.0-Release.Candidate.app/Contents/Developer/Platforms/AppleTVOS.platform/Developer/SDKs/AppleTVOS27.0.sdk/System/Library/Frameworks/Speech.framework/Headers/SFSpeechRecognitionTask.h:18:28: note: 'SFSpeechRecognitionTaskState' has been explicitly marked unavailable here
16 | The state of the task associated with the recognition request.
17 | */
18 | typedef NS_ENUM(NSInteger, SFSpeechRecognitionTaskState) {
| `- note: 'SFSpeechRecognitionTaskState' has been explicitly marked unavailable here
19 | /// Speech recognition (potentially including audio recording) has not yet started.
20 | SFSpeechRecognitionTaskStateStarting = 0,
Failed frontend command:
SwiftCompile normal arm64 (in target 'CustomDump' from project 'swift-custom-dump')
cd /Users/admin/builder/spi-builder-workspace/.swiftpm/xcode
/Applications/Xcode-27.0.0-Release.Candidate.app/Contents/Developer/Toolchains/XcodeDefault.xctoolchain/usr/bin/swift-frontend -frontend -emit-module -experimental-skip-non-inlinable-function-bodies-without-types /Users/admin/builder/spi-builder-workspace/.dependencies/checkouts/swift-custom-dump/Sources/CustomDump/Conformances/CoreImage.swift /Users/admin/builder/spi-builder-workspace/.dependencies/checkouts/swift-custom-dump/Sources/CustomDump/Conformances/CoreLocation.swift /Users/admin/builder/spi-builder-workspace/.dependencies/checkouts/swift-custom-dump/Sources/CustomDump/Conformances/CoreMotion.swift /Users/admin/builder/spi-builder-workspace/.dependencies/checkouts/swift-custom-dump/Sources/CustomDump/Conformances/Foundation.swift /Users/admin/builder/spi-builder-workspace/.dependencies/checkouts/swift-custom-dump/Sources/CustomDump/Conformances/GameKit.swift /Users/admin/builder/spi-builder-workspace/.dependencies/checkouts/swift-custom-dump/Sources/CustomDump/Conformances/KeyPath.swift /Users/admin/builder/spi-builder-workspace/.dependencies/checkouts/swift-custom-dump/Sources/CustomDump/Conformances/Photos.swift /Users/admin/builder/spi-builder-workspace/.dependencies/checkouts/swift-custom-dump/Sources/CustomDump/Conformances/Speech.swift /Users/admin/builder/spi-builder-workspace/.dependencies/checkouts/swift-custom-dump/Sources/CustomDump/Conformances/StoreKit.swift /Users/admin/builder/spi-builder-workspace/.dependencies/checkouts/swift-custom-dump/Sources/CustomDump/Conformances/Swift.swift /Users/admin/builder/spi-builder-workspace/.dependencies/checkouts/swift-custom-dump/Sources/CustomDump/Conformances/SwiftUI.swift /Users/admin/builder/spi-builder-workspace/.dependencies/checkouts/swift-custom-dump/Sources/CustomDump/Conformances/UIKit.swift /Users/admin/builder/spi-builder-workspace/.dependencies/checkouts/swift-custom-dump/Sources/CustomDump/Conformances/UserNotifications.swift /Users/admin/builder/spi-builder-workspace/.dependencies/checkouts/swift-custom-dump/Sources/CustomDump/Conformances/UserNotificationsUI.swift /Users/admin/builder/spi-builder-workspace/.dependencies/checkouts/swift-custom-dump/Sources/CustomDump/CustomDumpReflectable.swift /Users/admin/builder/spi-builder-workspace/.dependencies/checkouts/swift-custom-dump/Sources/CustomDump/CustomDumpRepresentable.swift /Users/admin/builder/spi-builder-workspace/.dependencies/checkouts/swift-custom-dump/Sources/CustomDump/CustomDumpStringConvertible.swift /Users/admin/builder/spi-builder-workspace/.dependencies/checkouts/swift-custom-dump/Sources/CustomDump/Diff.swift /Users/admin/builder/spi-builder-workspace/.dependencies/checkouts/swift-custom-dump/Sources/CustomDump/Dump.swift /Users/admin/builder/spi-builder-workspace/.dependencies/checkouts/swift-custom-dump/Sources/CustomDump/Internal/AnyType.swift /Users/admin/builder/spi-builder-workspace/.dependencies/checkouts/swift-custom-dump/Sources/CustomDump/Internal/Box.swift /Users/admin/builder/spi-builder-workspace/.dependencies/checkouts/swift-custom-dump/Sources/CustomDump/Internal/CollectionDifference.swift /Users/admin/builder/spi-builder-workspace/.dependencies/checkouts/swift-custom-dump/Sources/CustomDump/Internal/Mirror.swift /Users/admin/builder/spi-builder-workspace/.dependencies/checkouts/swift-custom-dump/Sources/CustomDump/Internal/String.swift /Users/admin/builder/spi-builder-workspace/.dependencies/checkouts/swift-custom-dump/Sources/CustomDump/Internal/Unordered.swift /Users/admin/builder/spi-builder-workspace/.dependencies/checkouts/swift-custom-dump/Sources/CustomDump/XCTAssertNoDifference.swift -target arm64-apple-tvos15.0 -module-can-import-version CoreImage 3 7.0.0 -module-can-import-version CoreLocation 57 3185.0.6 -module-can-import-version GameKit 821.0.25 821.0.25 -module-can-import-version Photos 913.0.103 913.0.103 -module-can-import-version Speech 3600.81.1 1.0.0 -module-can-import-version StoreKit 816.0.47.3 1.0.0 -module-can-import-version SwiftUI 8.0.84 8.0.84 -module-can-import-version UIKit 9127.0.84.1 9127.0.84 -module-can-import-version UserNotifications 1.0.0 1.0.0 -module-can-import-version UserNotificationsUI 1.0.0 1.0.0 -disable-cross-import-overlay-search -swift-module-cross-import Photos /Applications/Xcode-27.0.0-Release.Candidate.app/Contents/Developer/Platforms/AppleTVOS.platform/Developer/SDKs/AppleTVOS.sdk/System/Library/Frameworks/Photos.framework/Modules/Photos.swiftcrossimport/AppIntents.swiftoverlay -swift-module-cross-import Photos /Applications/Xcode-27.0.0-Release.Candidate.app/Contents/Developer/Platforms/AppleTVOS.platform/Developer/SDKs/AppleTVOS27.0.sdk/System/Library/Frameworks/Photos.framework/Modules/Photos.swiftcrossimport/AppIntents.swiftoverlay -swift-module-cross-import StoreKit /Applications/Xcode-27.0.0-Release.Candidate.app/Contents/Developer/Platforms/AppleTVOS.platform/Developer/SDKs/AppleTVOS.sdk/System/Library/Frameworks/StoreKit.framework/Modules/StoreKit.swiftcrossimport/SwiftUI.swiftoverlay -swift-module-cross-import StoreKit /Applications/Xcode-27.0.0-Release.Candidate.app/Contents/Developer/Platforms/AppleTVOS.platform/Developer/SDKs/AppleTVOS27.0.sdk/System/Library/Frameworks/StoreKit.framework/Modules/StoreKit.swiftcrossimport/SwiftUI.swiftoverlay -swift-module-cross-import UserNotifications /Applications/Xcode-27.0.0-Release.Candidate.app/Contents/Developer/Platforms/AppleTVOS.platform/Developer/SDKs/AppleTVOS.sdk/System/Library/Frameworks/UserNotifications.framework/Modules/UserNotifications.swiftcrossimport/AppIntents.swiftoverlay -load-resolved-plugin /Applications/Xcode-27.0.0-Release.Candidate.app/Contents/Developer/Platforms/AppleTVOS.platform/Developer/usr/lib/swift/host/plugins/libFoundationMacros.dylib\#/Applications/Xcode-27.0.0-Release.Candidate.app/Contents/Developer/Platforms/AppleTVOS.platform/Developer/usr/bin/swift-plugin-server\#FoundationMacros -load-resolved-plugin /Applications/Xcode-27.0.0-Release.Candidate.app/Contents/Developer/Platforms/AppleTVOS.platform/Developer/usr/lib/swift/host/plugins/libObservationMacros.dylib\#/Applications/Xcode-27.0.0-Release.Candidate.app/Contents/Developer/Platforms/AppleTVOS.platform/Developer/usr/bin/swift-plugin-server\#ObservationMacros -load-resolved-plugin /Applications/Xcode-27.0.0-Release.Candidate.app/Contents/Developer/Platforms/AppleTVOS.platform/Developer/usr/lib/swift/host/plugins/libPreviewsMacros.dylib\#/Applications/Xcode-27.0.0-Release.Candidate.app/Contents/Developer/Platforms/AppleTVOS.platform/Developer/usr/bin/swift-plugin-server\#PreviewsMacros -load-resolved-plugin /Applications/Xcode-27.0.0-Release.Candidate.app/Contents/Developer/Platforms/AppleTVOS.platform/Developer/usr/lib/swift/host/plugins/libSwiftMacros.dylib\#/Applications/Xcode-27.0.0-Release.Candidate.app/Contents/Developer/Platforms/AppleTVOS.platform/Developer/usr/bin/swift-plugin-server\#SwiftMacros -load-resolved-plugin /Applications/Xcode-27.0.0-Release.Candidate.app/Contents/Developer/Platforms/AppleTVOS.platform/Developer/usr/lib/swift/host/plugins/libSwiftUIMacros.dylib\#/Applications/Xcode-27.0.0-Release.Candidate.app/Contents/Developer/Platforms/AppleTVOS.platform/Developer/usr/bin/swift-plugin-server\#SwiftUIMacros -disable-implicit-swift-modules -Xcc -fno-implicit-modules -Xcc -fno-implicit-module-maps -explicit-swift-module-map-file /Users/admin/builder/spi-builder-workspace/.derivedData/Build/Intermediates.noindex/swift-custom-dump.build/Debug-appletvos/CustomDump-t.build/Objects-normal/arm64/CustomDump-dependencies-1.json -Xllvm -aarch64-use-tbi -enable-objc-interop -stack-check -sdk /Applications/Xcode-27.0.0-Release.Candidate.app/Contents/Developer/Platforms/AppleTVOS.platform/Developer/SDKs/AppleTVOS27.0.sdk -I /Users/admin/builder/spi-builder-workspace/.derivedData/Build/Products/Debug-appletvos -Isystem /Applications/Xcode-27.0.0-Release.Candidate.app/Contents/Developer/Platforms/AppleTVOS.platform/Developer/usr/lib -F /Users/admin/builder/spi-builder-workspace/.derivedData/Build/Products/Debug-appletvos/PackageFrameworks -F /Users/admin/builder/spi-builder-workspace/.derivedData/Build/Products/Debug-appletvos -F /Applications/Xcode-27.0.0-Release.Candidate.app/Contents/Developer/Platforms/AppleTVOS.platform/Developer/Library/Frameworks -F /Applications/Xcode-27.0.0-Release.Candidate.app/Contents/Developer/Platforms/AppleTVOS.platform/Developer/SDKs/AppleTVOS27.0.sdk/Developer/Library/Frameworks -module-cache-path /Users/admin/builder/spi-builder-workspace/.derivedData/Build/Intermediates.noindex/SwiftExplicitPrecompiledModules -no-color-diagnostics -Xcc -fno-color-diagnostics -enable-testing -g -debug-info-format\=dwarf -dwarf-version\=4 -suppress-warnings -profile-generate -profile-coverage-mapping -swift-version 5 -Onone -D SWIFT_PACKAGE -D DEBUG -D SWIFT_MODULE_RESOURCE_BUNDLE_UNAVAILABLE -D Xcode -serialize-debugging-options -enable-experimental-feature DebugDescriptionMacro -empty-abi-descriptor -validate-clang-modules-once -clang-build-session-file /Users/admin/builder/spi-builder-workspace/.derivedData/ModuleCache.noindex/Session.modulevalidation -Xcc -working-directory -Xcc /Users/admin/builder/spi-builder-workspace/.swiftpm/xcode -enable-anonymous-context-mangled-names -file-compilation-dir /Users/admin/builder/spi-builder-workspace/.swiftpm/xcode -Xcc -D_LIBCPP_HARDENING_MODE\=_LIBCPP_HARDENING_MODE_DEBUG -Xcc -ivfsstatcache -Xcc /Users/admin/builder/spi-builder-workspace/.derivedData/SDKStatCaches.noindex/appletvos27.0-24J360-e829b21a6f8c9b70876ba0858053c044b32bfd8d43560033f8d89884cdb90028.sdkstatcache -Xcc -fmodules-prune-interval\=86400 -Xcc -fmodules-prune-after\=345600 -Xcc -I/Users/admin/builder/spi-builder-workspace/.derivedData/Build/Products/Debug-appletvos/include -Xcc -I/Users/admin/builder/spi-builder-workspace/.derivedData/Build/Intermediates.noindex/swift-custom-dump.build/Debug-appletvos/CustomDump-t.build/DerivedSources-normal/arm64 -Xcc -I/Users/admin/builder/spi-builder-workspace/.derivedData/Build/Intermediates.noindex/swift-custom-dump.build/Debug-appletvos/CustomDump-t.build/DerivedSources/arm64 -Xcc -I/Users/admin/builder/spi-builder-workspace/.derivedData/Build/Intermediates.noindex/swift-custom-dump.build/Debug-appletvos/CustomDump-t.build/DerivedSources -Xcc -DSWIFT_PACKAGE -Xcc -DDEBUG\=1 -no-auto-bridging-header-chaining -module-name CustomDump -const-gather-protocols-file /Users/admin/builder/spi-builder-workspace/.derivedData/Build/Intermediates.noindex/swift-custom-dump.build/Debug-appletvos/CustomDump-t.build/Objects-normal/arm64/CustomDump_const_extract_protocols.json -disable-clang-spi -clang-target arm64-apple-tvos27.0 -target-sdk-version 27.0 -target-sdk-name appletvos27.0 -in-process-plugin-server-path /Applications/Xcode-27.0.0-Release.Candidate.app/Contents/Developer/Toolchains/XcodeDefault.xctoolchain/usr/lib/swift/host/libSwiftInProcPluginServer.dylib -emit-module-doc-path /Users/admin/builder/spi-builder-workspace/.derivedData/Build/Intermediates.noindex/swift-custom-dump.build/Debug-appletvos/CustomDump-t.build/Objects-normal/arm64/CustomDump.swiftdoc -emit-module-source-info-path /Users/admin/builder/spi-builder-workspace/.derivedData/Build/Intermediates.noindex/swift-custom-dump.build/Debug-appletvos/CustomDump-t.build/Objects-normal/arm64/CustomDump.swiftsourceinfo -emit-objc-header-path /Users/admin/builder/spi-builder-workspace/.derivedData/Build/Intermediates.noindex/swift-custom-dump.build/Debug-appletvos/CustomDump-t.build/Objects-normal/arm64/CustomDump-Swift.h -serialize-diagnostics-path /Users/admin/builder/spi-builder-workspace/.derivedData/Build/Intermediates.noindex/swift-custom-dump.build/Debug-appletvos/CustomDump-t.build/Objects-normal/arm64/CustomDump-primary-emit-module.dia -emit-dependencies-path /Users/admin/builder/spi-builder-workspace/.derivedData/Build/Intermediates.noindex/swift-custom-dump.build/Debug-appletvos/CustomDump-t.build/Objects-normal/arm64/CustomDump-primary-emit-module.d -parse-as-library -o /Users/admin/builder/spi-builder-workspace/.derivedData/Build/Intermediates.noindex/swift-custom-dump.build/Debug-appletvos/CustomDump-t.build/Objects-normal/arm64/CustomDump.swiftmodule -emit-abi-descriptor-path /Users/admin/builder/spi-builder-workspace/.derivedData/Build/Intermediates.noindex/swift-custom-dump.build/Debug-appletvos/CustomDump-t.build/Objects-normal/arm64/CustomDump.abi.json
SwiftCompile normal arm64 Compiling\ Unordered.swift,\ XCTAssertNoDifference.swift /Users/admin/builder/spi-builder-workspace/.dependencies/checkouts/swift-custom-dump/Sources/CustomDump/Internal/Unordered.swift /Users/admin/builder/spi-builder-workspace/.dependencies/checkouts/swift-custom-dump/Sources/CustomDump/XCTAssertNoDifference.swift (in target 'CustomDump' from project 'swift-custom-dump')
SwiftCompile normal arm64 /Users/admin/builder/spi-builder-workspace/.dependencies/checkouts/swift-custom-dump/Sources/CustomDump/Internal/Unordered.swift (in target 'CustomDump' from project 'swift-custom-dump')
cd /Users/admin/builder/spi-builder-workspace/.swiftpm/xcode
builtin-SwiftPerFileCompile Unordered.swift
SwiftCompile normal arm64 /Users/admin/builder/spi-builder-workspace/.dependencies/checkouts/swift-custom-dump/Sources/CustomDump/XCTAssertNoDifference.swift (in target 'CustomDump' from project 'swift-custom-dump')
cd /Users/admin/builder/spi-builder-workspace/.swiftpm/xcode
builtin-SwiftPerFileCompile XCTAssertNoDifference.swift
SwiftCompile normal arm64 Compiling\ Box.swift,\ CollectionDifference.swift /Users/admin/builder/spi-builder-workspace/.dependencies/checkouts/swift-custom-dump/Sources/CustomDump/Internal/Box.swift /Users/admin/builder/spi-builder-workspace/.dependencies/checkouts/swift-custom-dump/Sources/CustomDump/Internal/CollectionDifference.swift (in target 'CustomDump' from project 'swift-custom-dump')
SwiftCompile normal arm64 /Users/admin/builder/spi-builder-workspace/.dependencies/checkouts/swift-custom-dump/Sources/CustomDump/Internal/Box.swift (in target 'CustomDump' from project 'swift-custom-dump')
cd /Users/admin/builder/spi-builder-workspace/.swiftpm/xcode
builtin-SwiftPerFileCompile Box.swift
SwiftCompile normal arm64 /Users/admin/builder/spi-builder-workspace/.dependencies/checkouts/swift-custom-dump/Sources/CustomDump/Internal/CollectionDifference.swift (in target 'CustomDump' from project 'swift-custom-dump')
cd /Users/admin/builder/spi-builder-workspace/.swiftpm/xcode
builtin-SwiftPerFileCompile CollectionDifference.swift
SwiftCompile normal arm64 Compiling\ Dump.swift,\ AnyType.swift /Users/admin/builder/spi-builder-workspace/.dependencies/checkouts/swift-custom-dump/Sources/CustomDump/Dump.swift /Users/admin/builder/spi-builder-workspace/.dependencies/checkouts/swift-custom-dump/Sources/CustomDump/Internal/AnyType.swift (in target 'CustomDump' from project 'swift-custom-dump')
SwiftCompile normal arm64 /Users/admin/builder/spi-builder-workspace/.dependencies/checkouts/swift-custom-dump/Sources/CustomDump/Dump.swift (in target 'CustomDump' from project 'swift-custom-dump')
cd /Users/admin/builder/spi-builder-workspace/.swiftpm/xcode
builtin-SwiftPerFileCompile Dump.swift
SwiftCompile normal arm64 /Users/admin/builder/spi-builder-workspace/.dependencies/checkouts/swift-custom-dump/Sources/CustomDump/Internal/AnyType.swift (in target 'CustomDump' from project 'swift-custom-dump')
cd /Users/admin/builder/spi-builder-workspace/.swiftpm/xcode
builtin-SwiftPerFileCompile AnyType.swift
SwiftCompile normal arm64 Compiling\ CustomDumpRepresentable.swift,\ CustomDumpStringConvertible.swift,\ Diff.swift /Users/admin/builder/spi-builder-workspace/.dependencies/checkouts/swift-custom-dump/Sources/CustomDump/CustomDumpRepresentable.swift /Users/admin/builder/spi-builder-workspace/.dependencies/checkouts/swift-custom-dump/Sources/CustomDump/CustomDumpStringConvertible.swift /Users/admin/builder/spi-builder-workspace/.dependencies/checkouts/swift-custom-dump/Sources/CustomDump/Diff.swift (in target 'CustomDump' from project 'swift-custom-dump')
SwiftCompile normal arm64 /Users/admin/builder/spi-builder-workspace/.dependencies/checkouts/swift-custom-dump/Sources/CustomDump/CustomDumpRepresentable.swift (in target 'CustomDump' from project 'swift-custom-dump')
cd /Users/admin/builder/spi-builder-workspace/.swiftpm/xcode
builtin-SwiftPerFileCompile CustomDumpRepresentable.swift
SwiftCompile normal arm64 /Users/admin/builder/spi-builder-workspace/.dependencies/checkouts/swift-custom-dump/Sources/CustomDump/CustomDumpStringConvertible.swift (in target 'CustomDump' from project 'swift-custom-dump')
cd /Users/admin/builder/spi-builder-workspace/.swiftpm/xcode
builtin-SwiftPerFileCompile CustomDumpStringConvertible.swift
SwiftCompile normal arm64 /Users/admin/builder/spi-builder-workspace/.dependencies/checkouts/swift-custom-dump/Sources/CustomDump/Diff.swift (in target 'CustomDump' from project 'swift-custom-dump')
cd /Users/admin/builder/spi-builder-workspace/.swiftpm/xcode
builtin-SwiftPerFileCompile Diff.swift
SwiftCompile normal arm64 Compiling\ Swift.swift,\ SwiftUI.swift,\ UIKit.swift /Users/admin/builder/spi-builder-workspace/.dependencies/checkouts/swift-custom-dump/Sources/CustomDump/Conformances/Swift.swift /Users/admin/builder/spi-builder-workspace/.dependencies/checkouts/swift-custom-dump/Sources/CustomDump/Conformances/SwiftUI.swift /Users/admin/builder/spi-builder-workspace/.dependencies/checkouts/swift-custom-dump/Sources/CustomDump/Conformances/UIKit.swift (in target 'CustomDump' from project 'swift-custom-dump')
SwiftCompile normal arm64 /Users/admin/builder/spi-builder-workspace/.dependencies/checkouts/swift-custom-dump/Sources/CustomDump/Conformances/Swift.swift (in target 'CustomDump' from project 'swift-custom-dump')
cd /Users/admin/builder/spi-builder-workspace/.swiftpm/xcode
builtin-SwiftPerFileCompile Swift.swift
SwiftCompile normal arm64 /Users/admin/builder/spi-builder-workspace/.dependencies/checkouts/swift-custom-dump/Sources/CustomDump/Conformances/SwiftUI.swift (in target 'CustomDump' from project 'swift-custom-dump')
cd /Users/admin/builder/spi-builder-workspace/.swiftpm/xcode
builtin-SwiftPerFileCompile SwiftUI.swift
SwiftCompile normal arm64 /Users/admin/builder/spi-builder-workspace/.dependencies/checkouts/swift-custom-dump/Sources/CustomDump/Conformances/UIKit.swift (in target 'CustomDump' from project 'swift-custom-dump')
cd /Users/admin/builder/spi-builder-workspace/.swiftpm/xcode
builtin-SwiftPerFileCompile UIKit.swift
SwiftCompile normal arm64 Compiling\ UserNotifications.swift,\ UserNotificationsUI.swift,\ CustomDumpReflectable.swift /Users/admin/builder/spi-builder-workspace/.dependencies/checkouts/swift-custom-dump/Sources/CustomDump/Conformances/UserNotifications.swift /Users/admin/builder/spi-builder-workspace/.dependencies/checkouts/swift-custom-dump/Sources/CustomDump/Conformances/UserNotificationsUI.swift /Users/admin/builder/spi-builder-workspace/.dependencies/checkouts/swift-custom-dump/Sources/CustomDump/CustomDumpReflectable.swift (in target 'CustomDump' from project 'swift-custom-dump')
SwiftCompile normal arm64 /Users/admin/builder/spi-builder-workspace/.dependencies/checkouts/swift-custom-dump/Sources/CustomDump/Conformances/UserNotifications.swift (in target 'CustomDump' from project 'swift-custom-dump')
cd /Users/admin/builder/spi-builder-workspace/.swiftpm/xcode
builtin-SwiftPerFileCompile UserNotifications.swift
SwiftCompile normal arm64 /Users/admin/builder/spi-builder-workspace/.dependencies/checkouts/swift-custom-dump/Sources/CustomDump/Conformances/UserNotificationsUI.swift (in target 'CustomDump' from project 'swift-custom-dump')
cd /Users/admin/builder/spi-builder-workspace/.swiftpm/xcode
builtin-SwiftPerFileCompile UserNotificationsUI.swift
SwiftCompile normal arm64 /Users/admin/builder/spi-builder-workspace/.dependencies/checkouts/swift-custom-dump/Sources/CustomDump/CustomDumpReflectable.swift (in target 'CustomDump' from project 'swift-custom-dump')
cd /Users/admin/builder/spi-builder-workspace/.swiftpm/xcode
builtin-SwiftPerFileCompile CustomDumpReflectable.swift
SwiftCompile normal arm64 Compiling\ CoreImage.swift,\ CoreLocation.swift,\ CoreMotion.swift /Users/admin/builder/spi-builder-workspace/.dependencies/checkouts/swift-custom-dump/Sources/CustomDump/Conformances/CoreImage.swift /Users/admin/builder/spi-builder-workspace/.dependencies/checkouts/swift-custom-dump/Sources/CustomDump/Conformances/CoreLocation.swift /Users/admin/builder/spi-builder-workspace/.dependencies/checkouts/swift-custom-dump/Sources/CustomDump/Conformances/CoreMotion.swift (in target 'CustomDump' from project 'swift-custom-dump')
SwiftCompile normal arm64 /Users/admin/builder/spi-builder-workspace/.dependencies/checkouts/swift-custom-dump/Sources/CustomDump/Conformances/CoreImage.swift (in target 'CustomDump' from project 'swift-custom-dump')
cd /Users/admin/builder/spi-builder-workspace/.swiftpm/xcode
builtin-SwiftPerFileCompile CoreImage.swift
SwiftCompile normal arm64 /Users/admin/builder/spi-builder-workspace/.dependencies/checkouts/swift-custom-dump/Sources/CustomDump/Conformances/CoreLocation.swift (in target 'CustomDump' from project 'swift-custom-dump')
cd /Users/admin/builder/spi-builder-workspace/.swiftpm/xcode
builtin-SwiftPerFileCompile CoreLocation.swift
SwiftCompile normal arm64 /Users/admin/builder/spi-builder-workspace/.dependencies/checkouts/swift-custom-dump/Sources/CustomDump/Conformances/CoreMotion.swift (in target 'CustomDump' from project 'swift-custom-dump')
cd /Users/admin/builder/spi-builder-workspace/.swiftpm/xcode
builtin-SwiftPerFileCompile CoreMotion.swift
SwiftCompile normal arm64 Compiling\ Photos.swift,\ Speech.swift,\ StoreKit.swift /Users/admin/builder/spi-builder-workspace/.dependencies/checkouts/swift-custom-dump/Sources/CustomDump/Conformances/Photos.swift /Users/admin/builder/spi-builder-workspace/.dependencies/checkouts/swift-custom-dump/Sources/CustomDump/Conformances/Speech.swift /Users/admin/builder/spi-builder-workspace/.dependencies/checkouts/swift-custom-dump/Sources/CustomDump/Conformances/StoreKit.swift (in target 'CustomDump' from project 'swift-custom-dump')
/Users/admin/builder/spi-builder-workspace/.dependencies/checkouts/swift-custom-dump/Sources/CustomDump/Conformances/Speech.swift:5:13: error: 'SFSpeechRecognizerAuthorizationStatus' is unavailable in tvOS
3 |
4 | @available(iOS 10, macOS 10.15, *)
5 | extension SFSpeechRecognizerAuthorizationStatus: CustomDumpStringConvertible {
| `- error: 'SFSpeechRecognizerAuthorizationStatus' is unavailable in tvOS
6 | public var customDumpDescription: String {
7 | switch self {
/Applications/Xcode-27.0.0-Release.Candidate.app/Contents/Developer/Platforms/AppleTVOS.platform/Developer/SDKs/AppleTVOS27.0.sdk/System/Library/Frameworks/Speech.framework/Headers/SFSpeechRecognizer.h:25:28: note: 'SFSpeechRecognizerAuthorizationStatus' has been explicitly marked unavailable here
23 | The app's authorization to perform speech recognition.
24 | */
25 | typedef NS_ENUM(NSInteger, SFSpeechRecognizerAuthorizationStatus) {
| `- note: 'SFSpeechRecognizerAuthorizationStatus' has been explicitly marked unavailable here
26 | /// The app's authorization status has not yet been determined.
27 | ///
/Users/admin/builder/spi-builder-workspace/.dependencies/checkouts/swift-custom-dump/Sources/CustomDump/Conformances/Speech.swift:24:13: error: 'SFSpeechRecognitionTaskHint' is unavailable in tvOS
22 |
23 | @available(iOS 10, macOS 10.15, *)
24 | extension SFSpeechRecognitionTaskHint: CustomDumpStringConvertible {
| `- error: 'SFSpeechRecognitionTaskHint' is unavailable in tvOS
25 | public var customDumpDescription: String {
26 | switch self {
/Applications/Xcode-27.0.0-Release.Candidate.app/Contents/Developer/Platforms/AppleTVOS.platform/Developer/SDKs/AppleTVOS27.0.sdk/System/Library/Frameworks/Speech.framework/Headers/SFSpeechRecognitionTaskHint.h:10:28: note: 'SFSpeechRecognitionTaskHint' has been explicitly marked unavailable here
8 | The type of task for which you are using speech recognition.
9 | */
10 | typedef NS_ENUM(NSInteger, SFSpeechRecognitionTaskHint) {
| `- note: 'SFSpeechRecognitionTaskHint' has been explicitly marked unavailable here
11 | /// An unspecified type of task.
12 | ///
SwiftCompile normal arm64 /Users/admin/builder/spi-builder-workspace/.dependencies/checkouts/swift-custom-dump/Sources/CustomDump/Conformances/Photos.swift (in target 'CustomDump' from project 'swift-custom-dump')
cd /Users/admin/builder/spi-builder-workspace/.swiftpm/xcode
builtin-SwiftPerFileCompile Photos.swift
SwiftCompile normal arm64 /Users/admin/builder/spi-builder-workspace/.dependencies/checkouts/swift-custom-dump/Sources/CustomDump/Conformances/Speech.swift (in target 'CustomDump' from project 'swift-custom-dump')
cd /Users/admin/builder/spi-builder-workspace/.swiftpm/xcode
builtin-SwiftPerFileCompile Speech.swift
SwiftCompile normal arm64 /Users/admin/builder/spi-builder-workspace/.dependencies/checkouts/swift-custom-dump/Sources/CustomDump/Conformances/StoreKit.swift (in target 'CustomDump' from project 'swift-custom-dump')
cd /Users/admin/builder/spi-builder-workspace/.swiftpm/xcode
builtin-SwiftPerFileCompile StoreKit.swift
SwiftCompile normal arm64 Compiling\ Mirror.swift,\ String.swift /Users/admin/builder/spi-builder-workspace/.dependencies/checkouts/swift-custom-dump/Sources/CustomDump/Internal/Mirror.swift /Users/admin/builder/spi-builder-workspace/.dependencies/checkouts/swift-custom-dump/Sources/CustomDump/Internal/String.swift (in target 'CustomDump' from project 'swift-custom-dump')
SwiftCompile normal arm64 /Users/admin/builder/spi-builder-workspace/.dependencies/checkouts/swift-custom-dump/Sources/CustomDump/Internal/Mirror.swift (in target 'CustomDump' from project 'swift-custom-dump')
cd /Users/admin/builder/spi-builder-workspace/.swiftpm/xcode
builtin-SwiftPerFileCompile Mirror.swift
SwiftCompile normal arm64 /Users/admin/builder/spi-builder-workspace/.dependencies/checkouts/swift-custom-dump/Sources/CustomDump/Internal/String.swift (in target 'CustomDump' from project 'swift-custom-dump')
cd /Users/admin/builder/spi-builder-workspace/.swiftpm/xcode
builtin-SwiftPerFileCompile String.swift
SwiftExplicitDependencyCompileModuleFromInterface arm64 /Users/admin/builder/spi-builder-workspace/.derivedData/Build/Intermediates.noindex/SwiftExplicitPrecompiledModules/XCTest-303JGZX9ARS8K.swiftmodule
SwiftDriverJobDiscovery normal arm64 Compiling Unordered.swift, XCTAssertNoDifference.swift (in target 'CustomDump' from project 'swift-custom-dump')
SwiftCompile normal arm64 Compiling\ Foundation.swift,\ GameKit.swift,\ KeyPath.swift /Users/admin/builder/spi-builder-workspace/.dependencies/checkouts/swift-custom-dump/Sources/CustomDump/Conformances/Foundation.swift /Users/admin/builder/spi-builder-workspace/.dependencies/checkouts/swift-custom-dump/Sources/CustomDump/Conformances/GameKit.swift /Users/admin/builder/spi-builder-workspace/.dependencies/checkouts/swift-custom-dump/Sources/CustomDump/Conformances/KeyPath.swift (in target 'CustomDump' from project 'swift-custom-dump')
SwiftCompile normal arm64 /Users/admin/builder/spi-builder-workspace/.dependencies/checkouts/swift-custom-dump/Sources/CustomDump/Conformances/Foundation.swift (in target 'CustomDump' from project 'swift-custom-dump')
cd /Users/admin/builder/spi-builder-workspace/.swiftpm/xcode
builtin-SwiftPerFileCompile Foundation.swift
SwiftCompile normal arm64 /Users/admin/builder/spi-builder-workspace/.dependencies/checkouts/swift-custom-dump/Sources/CustomDump/Conformances/GameKit.swift (in target 'CustomDump' from project 'swift-custom-dump')
cd /Users/admin/builder/spi-builder-workspace/.swiftpm/xcode
builtin-SwiftPerFileCompile GameKit.swift
SwiftCompile normal arm64 /Users/admin/builder/spi-builder-workspace/.dependencies/checkouts/swift-custom-dump/Sources/CustomDump/Conformances/KeyPath.swift (in target 'CustomDump' from project 'swift-custom-dump')
cd /Users/admin/builder/spi-builder-workspace/.swiftpm/xcode
builtin-SwiftPerFileCompile KeyPath.swift
SwiftDriverJobDiscovery normal arm64 Compiling Box.swift, CollectionDifference.swift (in target 'CustomDump' from project 'swift-custom-dump')
PruneExplicitPrecompiledModules /Users/admin/builder/spi-builder-workspace/.derivedData/Build/Intermediates.noindex/SwiftExplicitPrecompiledModules
PruneExplicitPrecompiledModules /Users/admin/builder/spi-builder-workspace/.derivedData/SDKExplicitPrecompiledModules
PruneExplicitPrecompiledModules /Users/admin/builder/spi-builder-workspace/.derivedData/Build/Intermediates.noindex/ExplicitPrecompiledModules
2026-09-18 01:34:25.212 xcodebuild[783:4886] [MT] IDERunDestination: Supported platforms for the buildables in the current scheme is empty.
** BUILD FAILED **
The following build commands failed:
SwiftCompile normal arm64 (in target 'CustomDump' from project 'swift-custom-dump')
SwiftEmitModule normal arm64 Emitting\ module\ for\ CustomDump (in target 'CustomDump' from project 'swift-custom-dump')
Building workspace AssertSwiftCLI with scheme AssertSwiftCLI
(3 failures)
Command line invocation:
/Applications/Xcode-27.0.0-Release.Candidate.app/Contents/Developer/usr/bin/xcodebuild -IDEClonedSourcePackagesDirPathOverride=/Users/admin/builder/spi-builder-workspace/.dependencies -resolvePackageDependencies
Resolve Package Graph
Resolved source packages:
xctest-dynamic-overlay: https://github.com/pointfreeco/xctest-dynamic-overlay @ 0.9.0
swift-argument-parser: https://github.com/apple/swift-argument-parser @ 1.8.2
AssertSwiftCLI: /Users/admin/builder/spi-builder-workspace
swift-custom-dump: https://github.com/pointfreeco/swift-custom-dump @ 0.11.2
resolved source packages: xctest-dynamic-overlay, swift-argument-parser, AssertSwiftCLI, swift-custom-dump
2026-09-18 01:34:35.936 xcodebuild[993:5918] [MT] IDERunDestination: Supported platforms for the buildables in the current scheme is empty.
{
"dependencies" : [
{
"identity" : "swift-custom-dump",
"requirement" : {
"range" : [
{
"lower_bound" : "0.2.0",
"upper_bound" : "1.0.0"
}
]
},
"type" : "sourceControl",
"url" : "https://github.com/pointfreeco/swift-custom-dump"
},
{
"identity" : "swift-argument-parser",
"requirement" : {
"range" : [
{
"lower_bound" : "1.0.0",
"upper_bound" : "2.0.0"
}
]
},
"type" : "sourceControl",
"url" : "https://github.com/apple/swift-argument-parser"
}
],
"manifest_display_name" : "AssertSwiftCLI",
"name" : "AssertSwiftCLI",
"path" : "/Users/admin/builder/spi-builder-workspace",
"platforms" : [
{
"name" : "macos",
"version" : "10.15"
}
],
"products" : [
{
"name" : "AssertSwiftCLI",
"targets" : [
"AssertSwiftCLI"
],
"type" : {
"library" : [
"automatic"
]
}
}
],
"targets" : [
{
"c99name" : "AssertSwiftCLITests",
"module_type" : "SwiftTarget",
"name" : "AssertSwiftCLITests",
"path" : "Tests/AssertSwiftCLITests",
"sources" : [
"AssertSwiftCLITests.swift"
],
"target_dependencies" : [
"AssertSwiftCLI"
],
"type" : "test"
},
{
"c99name" : "AssertSwiftCLI",
"module_type" : "SwiftTarget",
"name" : "AssertSwiftCLI",
"path" : "Sources/AssertSwiftCLI",
"product_dependencies" : [
"CustomDump"
],
"product_memberships" : [
"AssertSwiftCLI"
],
"sources" : [
"AssertSwiftCLI.swift"
],
"target_dependencies" : [
"ArgumentParserTestHelpers"
],
"type" : "library"
},
{
"c99name" : "ArgumentParserTestHelpers",
"module_type" : "SwiftTarget",
"name" : "ArgumentParserTestHelpers",
"path" : "Sources/ArgumentParserTestHelpers",
"product_dependencies" : [
"ArgumentParser"
],
"product_memberships" : [
"AssertSwiftCLI"
],
"sources" : [
"StringHelpers.swift",
"TestHelpers.swift"
],
"type" : "library"
}
],
"tools_version" : "5.5"
}
{
"workspace" : {
"name" : "AssertSwiftCLI",
"schemes" : [
"AssertSwiftCLI"
]
}
}
2026-09-18 01:34:38.181 xcodebuild[1009:6040] [MT] IDERunDestination: Supported platforms for the buildables in the current scheme is empty.
Running build ...
env DEVELOPER_DIR=/Applications/Xcode-27.0.0-Release.Candidate.app xcrun xcodebuild -IDEClonedSourcePackagesDirPathOverride=$PWD/.dependencies -skipMacroValidation -skipPackagePluginValidation -derivedDataPath $PWD/.derivedData build -scheme AssertSwiftCLI -destination generic/platform=tvOS
Command line invocation:
/Applications/Xcode-27.0.0-Release.Candidate.app/Contents/Developer/usr/bin/xcodebuild -IDEClonedSourcePackagesDirPathOverride=/Users/admin/builder/spi-builder-workspace/.dependencies -skipMacroValidation -skipPackagePluginValidation -derivedDataPath /Users/admin/builder/spi-builder-workspace/.derivedData build -scheme AssertSwiftCLI -destination generic/platform=tvOS
Resolve Package Graph
Resolved source packages:
AssertSwiftCLI: /Users/admin/builder/spi-builder-workspace
swift-argument-parser: https://github.com/apple/swift-argument-parser @ 1.8.2
swift-custom-dump: https://github.com/pointfreeco/swift-custom-dump @ 0.11.2
xctest-dynamic-overlay: https://github.com/pointfreeco/xctest-dynamic-overlay @ 0.9.0
ComputePackagePrebuildTargetDependencyGraph
Prepare packages
CreateBuildRequest
SendProjectDescription
CreateBuildOperation
ComputeTargetDependencyGraph
note: Building targets in dependency order
note: Target dependency graph (10 targets)
Target 'AssertSwiftCLI-product' in project 'AssertSwiftCLI'
➜ Explicit dependency on target 'AssertSwiftCLI' in project 'AssertSwiftCLI'
➜ Explicit dependency on target 'ArgumentParserTestHelpers' in project 'AssertSwiftCLI'
➜ Explicit dependency on target 'ArgumentParser-product' in project 'swift-argument-parser'
➜ Explicit dependency on target 'CustomDump-product' in project 'swift-custom-dump'
Target 'AssertSwiftCLI' in project 'AssertSwiftCLI'
➜ Explicit dependency on target 'ArgumentParserTestHelpers' in project 'AssertSwiftCLI'
➜ Explicit dependency on target 'ArgumentParser-product' in project 'swift-argument-parser'
➜ Explicit dependency on target 'CustomDump-product' in project 'swift-custom-dump'
Target 'CustomDump-product' in project 'swift-custom-dump'
➜ Explicit dependency on target 'CustomDump' in project 'swift-custom-dump'
➜ Explicit dependency on target 'XCTestDynamicOverlay-product' in project 'xctest-dynamic-overlay'
Target 'CustomDump' in project 'swift-custom-dump'
➜ Explicit dependency on target 'XCTestDynamicOverlay-product' in project 'xctest-dynamic-overlay'
Target 'XCTestDynamicOverlay-product' in project 'xctest-dynamic-overlay'
➜ Explicit dependency on target 'XCTestDynamicOverlay' in project 'xctest-dynamic-overlay'
Target 'XCTestDynamicOverlay' in project 'xctest-dynamic-overlay' (no dependencies)
Target 'ArgumentParserTestHelpers' in project 'AssertSwiftCLI'
➜ Explicit dependency on target 'ArgumentParser-product' in project 'swift-argument-parser'
Target 'ArgumentParser-product' in project 'swift-argument-parser'
➜ Explicit dependency on target 'ArgumentParser' in project 'swift-argument-parser'
➜ Explicit dependency on target 'ArgumentParserToolInfo' in project 'swift-argument-parser'
Target 'ArgumentParser' in project 'swift-argument-parser'
➜ Explicit dependency on target 'ArgumentParserToolInfo' in project 'swift-argument-parser'
Target 'ArgumentParserToolInfo' in project 'swift-argument-parser' (no dependencies)
GatherProvisioningInputs
CreateBuildDescription
ClangStatCache /Applications/Xcode-27.0.0-Release.Candidate.app/Contents/Developer/Toolchains/XcodeDefault.xctoolchain/usr/bin/clang-stat-cache /Applications/Xcode-27.0.0-Release.Candidate.app/Contents/Developer/Platforms/AppleTVOS.platform/Developer/SDKs/AppleTVOS27.0.sdk /Users/admin/builder/spi-builder-workspace/.derivedData/SDKStatCaches.noindex/appletvos27.0-24J360-e829b21a6f8c9b70876ba0858053c044b32bfd8d43560033f8d89884cdb90028.sdkstatcache
cd /Users/admin/builder/spi-builder-workspace/.swiftpm/xcode
/Applications/Xcode-27.0.0-Release.Candidate.app/Contents/Developer/Toolchains/XcodeDefault.xctoolchain/usr/bin/clang-stat-cache /Applications/Xcode-27.0.0-Release.Candidate.app/Contents/Developer/Platforms/AppleTVOS.platform/Developer/SDKs/AppleTVOS27.0.sdk -o /Users/admin/builder/spi-builder-workspace/.derivedData/SDKStatCaches.noindex/appletvos27.0-24J360-e829b21a6f8c9b70876ba0858053c044b32bfd8d43560033f8d89884cdb90028.sdkstatcache
SwiftDriver CustomDump normal arm64 com.apple.xcode.tools.swift.compiler (in target 'CustomDump' from project 'swift-custom-dump')
cd /Users/admin/builder/spi-builder-workspace/.swiftpm/xcode
builtin-SwiftDriver -- /Applications/Xcode-27.0.0-Release.Candidate.app/Contents/Developer/Toolchains/XcodeDefault.xctoolchain/usr/bin/swiftc -parse-as-library -module-name CustomDump -Onone @/Users/admin/builder/spi-builder-workspace/.derivedData/Build/Intermediates.noindex/swift-custom-dump.build/Debug-appletvos/CustomDump-t.build/Objects-normal/arm64/CustomDump.SwiftFileList -DSWIFT_PACKAGE -DDEBUG -DSWIFT_MODULE_RESOURCE_BUNDLE_UNAVAILABLE -DXcode -plugin-path /Applications/Xcode-27.0.0-Release.Candidate.app/Contents/Developer/Toolchains/XcodeDefault.xctoolchain/usr/lib/swift/host/plugins/testing -enable-experimental-feature DebugDescriptionMacro -sdk /Applications/Xcode-27.0.0-Release.Candidate.app/Contents/Developer/Platforms/AppleTVOS.platform/Developer/SDKs/AppleTVOS27.0.sdk -target arm64-apple-tvos15.0 -g -module-cache-path /Users/admin/builder/spi-builder-workspace/.derivedData/ModuleCache.noindex -Xfrontend -serialize-debugging-options -profile-coverage-mapping -profile-generate -enable-testing -suppress-warnings -index-store-path /Users/admin/builder/spi-builder-workspace/.derivedData/Index.noindex/DataStore -Xcc -D_LIBCPP_HARDENING_MODE\=_LIBCPP_HARDENING_MODE_DEBUG -swift-version 5 -I /Users/admin/builder/spi-builder-workspace/.derivedData/Build/Products/Debug-appletvos -Isystem /Applications/Xcode-27.0.0-Release.Candidate.app/Contents/Developer/Platforms/AppleTVOS.platform/Developer/usr/lib -F /Users/admin/builder/spi-builder-workspace/.derivedData/Build/Products/Debug-appletvos/PackageFrameworks -F /Users/admin/builder/spi-builder-workspace/.derivedData/Build/Products/Debug-appletvos -F /Applications/Xcode-27.0.0-Release.Candidate.app/Contents/Developer/Platforms/AppleTVOS.platform/Developer/Library/Frameworks -F /Applications/Xcode-27.0.0-Release.Candidate.app/Contents/Developer/Platforms/AppleTVOS.platform/Developer/SDKs/AppleTVOS27.0.sdk/Developer/Library/Frameworks -c -j10 -enable-batch-mode -incremental -Xcc -ivfsstatcache -Xcc /Users/admin/builder/spi-builder-workspace/.derivedData/SDKStatCaches.noindex/appletvos27.0-24J360-e829b21a6f8c9b70876ba0858053c044b32bfd8d43560033f8d89884cdb90028.sdkstatcache -output-file-map /Users/admin/builder/spi-builder-workspace/.derivedData/Build/Intermediates.noindex/swift-custom-dump.build/Debug-appletvos/CustomDump-t.build/Objects-normal/arm64/CustomDump-OutputFileMap.json -save-temps -no-color-diagnostics -explicit-module-build -module-cache-path /Users/admin/builder/spi-builder-workspace/.derivedData/Build/Intermediates.noindex/SwiftExplicitPrecompiledModules -clang-scanner-module-cache-path /Users/admin/builder/spi-builder-workspace/.derivedData/ModuleCache.noindex -sdk-module-cache-path /Users/admin/builder/spi-builder-workspace/.derivedData/SDKExplicitPrecompiledModules -emit-dependencies -emit-module -emit-module-path /Users/admin/builder/spi-builder-workspace/.derivedData/Build/Intermediates.noindex/swift-custom-dump.build/Debug-appletvos/CustomDump-t.build/Objects-normal/arm64/CustomDump.swiftmodule -serialize-diagnostics -dependency-scan-serialize-diagnostics-path /Users/admin/builder/spi-builder-workspace/.derivedData/Build/Intermediates.noindex/swift-custom-dump.build/Debug-appletvos/CustomDump-t.build/Objects-normal/arm64/CustomDump-dependency-scan.dia -validate-clang-modules-once -clang-build-session-file /Users/admin/builder/spi-builder-workspace/.derivedData/ModuleCache.noindex/Session.modulevalidation -Xcc -fmodules-prune-interval\=86400 -Xcc -fmodules-prune-after\=345600 -emit-const-values -const-gather-protocols-list /Users/admin/builder/spi-builder-workspace/.derivedData/Build/Intermediates.noindex/swift-custom-dump.build/Debug-appletvos/CustomDump-t.build/Objects-normal/arm64/CustomDump_const_extract_protocols.json -Xcc -I/Users/admin/builder/spi-builder-workspace/.derivedData/Build/Products/Debug-appletvos/include -Xcc -I/Users/admin/builder/spi-builder-workspace/.derivedData/Build/Intermediates.noindex/swift-custom-dump.build/Debug-appletvos/CustomDump-t.build/DerivedSources-normal/arm64 -Xcc -I/Users/admin/builder/spi-builder-workspace/.derivedData/Build/Intermediates.noindex/swift-custom-dump.build/Debug-appletvos/CustomDump-t.build/DerivedSources/arm64 -Xcc -I/Users/admin/builder/spi-builder-workspace/.derivedData/Build/Intermediates.noindex/swift-custom-dump.build/Debug-appletvos/CustomDump-t.build/DerivedSources -Xcc -DSWIFT_PACKAGE -Xcc -DDEBUG\=1 -emit-objc-header -emit-objc-header-path /Users/admin/builder/spi-builder-workspace/.derivedData/Build/Intermediates.noindex/swift-custom-dump.build/Debug-appletvos/CustomDump-t.build/Objects-normal/arm64/CustomDump-Swift.h -working-directory /Users/admin/builder/spi-builder-workspace/.swiftpm/xcode -experimental-emit-module-separately -disable-cmo
SwiftDriver ArgumentParserTestHelpers normal arm64 com.apple.xcode.tools.swift.compiler (in target 'ArgumentParserTestHelpers' from project 'AssertSwiftCLI')
cd /Users/admin/builder/spi-builder-workspace/.swiftpm/xcode
builtin-SwiftDriver -- /Applications/Xcode-27.0.0-Release.Candidate.app/Contents/Developer/Toolchains/XcodeDefault.xctoolchain/usr/bin/swiftc -parse-as-library -module-name ArgumentParserTestHelpers -Onone @/Users/admin/builder/spi-builder-workspace/.derivedData/Build/Intermediates.noindex/AssertSwiftCLI.build/Debug-appletvos/ArgumentParserTestHelpers-t.build/Objects-normal/arm64/ArgumentParserTestHelpers.SwiftFileList -DSWIFT_PACKAGE -DDEBUG -DSWIFT_MODULE_RESOURCE_BUNDLE_UNAVAILABLE -DXcode -plugin-path /Applications/Xcode-27.0.0-Release.Candidate.app/Contents/Developer/Toolchains/XcodeDefault.xctoolchain/usr/lib/swift/host/plugins/testing -enable-experimental-feature DebugDescriptionMacro -sdk /Applications/Xcode-27.0.0-Release.Candidate.app/Contents/Developer/Platforms/AppleTVOS.platform/Developer/SDKs/AppleTVOS27.0.sdk -target arm64-apple-tvos15.0 -g -module-cache-path /Users/admin/builder/spi-builder-workspace/.derivedData/ModuleCache.noindex -Xfrontend -serialize-debugging-options -profile-coverage-mapping -profile-generate -enable-testing -index-store-path /Users/admin/builder/spi-builder-workspace/.derivedData/Index.noindex/DataStore -Xcc -D_LIBCPP_HARDENING_MODE\=_LIBCPP_HARDENING_MODE_DEBUG -swift-version 5 -I /Users/admin/builder/spi-builder-workspace/.derivedData/Build/Products/Debug-appletvos -Isystem /Applications/Xcode-27.0.0-Release.Candidate.app/Contents/Developer/Platforms/AppleTVOS.platform/Developer/usr/lib -F /Users/admin/builder/spi-builder-workspace/.derivedData/Build/Products/Debug-appletvos/PackageFrameworks -F /Users/admin/builder/spi-builder-workspace/.derivedData/Build/Products/Debug-appletvos -F /Applications/Xcode-27.0.0-Release.Candidate.app/Contents/Developer/Platforms/AppleTVOS.platform/Developer/Library/Frameworks -F /Applications/Xcode-27.0.0-Release.Candidate.app/Contents/Developer/Platforms/AppleTVOS.platform/Developer/SDKs/AppleTVOS27.0.sdk/Developer/Library/Frameworks -c -j10 -enable-batch-mode -incremental -Xcc -ivfsstatcache -Xcc /Users/admin/builder/spi-builder-workspace/.derivedData/SDKStatCaches.noindex/appletvos27.0-24J360-e829b21a6f8c9b70876ba0858053c044b32bfd8d43560033f8d89884cdb90028.sdkstatcache -output-file-map /Users/admin/builder/spi-builder-workspace/.derivedData/Build/Intermediates.noindex/AssertSwiftCLI.build/Debug-appletvos/ArgumentParserTestHelpers-t.build/Objects-normal/arm64/ArgumentParserTestHelpers-OutputFileMap.json -save-temps -no-color-diagnostics -explicit-module-build -module-cache-path /Users/admin/builder/spi-builder-workspace/.derivedData/Build/Intermediates.noindex/SwiftExplicitPrecompiledModules -clang-scanner-module-cache-path /Users/admin/builder/spi-builder-workspace/.derivedData/ModuleCache.noindex -sdk-module-cache-path /Users/admin/builder/spi-builder-workspace/.derivedData/SDKExplicitPrecompiledModules -emit-dependencies -emit-module -emit-module-path /Users/admin/builder/spi-builder-workspace/.derivedData/Build/Intermediates.noindex/AssertSwiftCLI.build/Debug-appletvos/ArgumentParserTestHelpers-t.build/Objects-normal/arm64/ArgumentParserTestHelpers.swiftmodule -serialize-diagnostics -dependency-scan-serialize-diagnostics-path /Users/admin/builder/spi-builder-workspace/.derivedData/Build/Intermediates.noindex/AssertSwiftCLI.build/Debug-appletvos/ArgumentParserTestHelpers-t.build/Objects-normal/arm64/ArgumentParserTestHelpers-dependency-scan.dia -validate-clang-modules-once -clang-build-session-file /Users/admin/builder/spi-builder-workspace/.derivedData/ModuleCache.noindex/Session.modulevalidation -Xcc -fmodules-prune-interval\=86400 -Xcc -fmodules-prune-after\=345600 -emit-const-values -const-gather-protocols-list /Users/admin/builder/spi-builder-workspace/.derivedData/Build/Intermediates.noindex/AssertSwiftCLI.build/Debug-appletvos/ArgumentParserTestHelpers-t.build/Objects-normal/arm64/ArgumentParserTestHelpers_const_extract_protocols.json -Xcc -I/Users/admin/builder/spi-builder-workspace/.derivedData/Build/Products/Debug-appletvos/include -Xcc -I/Users/admin/builder/spi-builder-workspace/.derivedData/Build/Intermediates.noindex/AssertSwiftCLI.build/Debug-appletvos/ArgumentParserTestHelpers-t.build/DerivedSources-normal/arm64 -Xcc -I/Users/admin/builder/spi-builder-workspace/.derivedData/Build/Intermediates.noindex/AssertSwiftCLI.build/Debug-appletvos/ArgumentParserTestHelpers-t.build/DerivedSources/arm64 -Xcc -I/Users/admin/builder/spi-builder-workspace/.derivedData/Build/Intermediates.noindex/AssertSwiftCLI.build/Debug-appletvos/ArgumentParserTestHelpers-t.build/DerivedSources -Xcc -DSWIFT_PACKAGE -Xcc -DDEBUG\=1 -emit-objc-header -emit-objc-header-path /Users/admin/builder/spi-builder-workspace/.derivedData/Build/Intermediates.noindex/AssertSwiftCLI.build/Debug-appletvos/ArgumentParserTestHelpers-t.build/Objects-normal/arm64/ArgumentParserTestHelpers-Swift.h -working-directory /Users/admin/builder/spi-builder-workspace/.swiftpm/xcode -experimental-emit-module-separately -disable-cmo
SwiftExplicitDependencyCompileModuleFromInterface arm64 /Users/admin/builder/spi-builder-workspace/.derivedData/Build/Intermediates.noindex/SwiftExplicitPrecompiledModules/XCTest-303JGZX9ARS8K.swiftmodule
SwiftCompile normal arm64 Compiling\ Photos.swift,\ Speech.swift /Users/admin/builder/spi-builder-workspace/.dependencies/checkouts/swift-custom-dump/Sources/CustomDump/Conformances/Photos.swift /Users/admin/builder/spi-builder-workspace/.dependencies/checkouts/swift-custom-dump/Sources/CustomDump/Conformances/Speech.swift (in target 'CustomDump' from project 'swift-custom-dump')
SwiftCompile normal arm64 /Users/admin/builder/spi-builder-workspace/.dependencies/checkouts/swift-custom-dump/Sources/CustomDump/Conformances/Photos.swift (in target 'CustomDump' from project 'swift-custom-dump')
cd /Users/admin/builder/spi-builder-workspace/.swiftpm/xcode
builtin-SwiftPerFileCompile Photos.swift
SwiftCompile normal arm64 /Users/admin/builder/spi-builder-workspace/.dependencies/checkouts/swift-custom-dump/Sources/CustomDump/Conformances/Speech.swift (in target 'CustomDump' from project 'swift-custom-dump')
cd /Users/admin/builder/spi-builder-workspace/.swiftpm/xcode
builtin-SwiftPerFileCompile Speech.swift
/Users/admin/builder/spi-builder-workspace/.dependencies/checkouts/swift-custom-dump/Sources/CustomDump/Conformances/Speech.swift:5:13: error: 'SFSpeechRecognizerAuthorizationStatus' is unavailable in tvOS
3 |
4 | @available(iOS 10, macOS 10.15, *)
5 | extension SFSpeechRecognizerAuthorizationStatus: CustomDumpStringConvertible {
| `- error: 'SFSpeechRecognizerAuthorizationStatus' is unavailable in tvOS
6 | public var customDumpDescription: String {
7 | switch self {
/Applications/Xcode-27.0.0-Release.Candidate.app/Contents/Developer/Platforms/AppleTVOS.platform/Developer/SDKs/AppleTVOS27.0.sdk/System/Library/Frameworks/Speech.framework/Headers/SFSpeechRecognizer.h:25:28: note: 'SFSpeechRecognizerAuthorizationStatus' has been explicitly marked unavailable here
23 | The app's authorization to perform speech recognition.
24 | */
25 | typedef NS_ENUM(NSInteger, SFSpeechRecognizerAuthorizationStatus) {
| `- note: 'SFSpeechRecognizerAuthorizationStatus' has been explicitly marked unavailable here
26 | /// The app's authorization status has not yet been determined.
27 | ///
/Users/admin/builder/spi-builder-workspace/.dependencies/checkouts/swift-custom-dump/Sources/CustomDump/Conformances/Speech.swift:24:13: error: 'SFSpeechRecognitionTaskHint' is unavailable in tvOS
22 |
23 | @available(iOS 10, macOS 10.15, *)
24 | extension SFSpeechRecognitionTaskHint: CustomDumpStringConvertible {
| `- error: 'SFSpeechRecognitionTaskHint' is unavailable in tvOS
25 | public var customDumpDescription: String {
26 | switch self {
/Applications/Xcode-27.0.0-Release.Candidate.app/Contents/Developer/Platforms/AppleTVOS.platform/Developer/SDKs/AppleTVOS27.0.sdk/System/Library/Frameworks/Speech.framework/Headers/SFSpeechRecognitionTaskHint.h:10:28: note: 'SFSpeechRecognitionTaskHint' has been explicitly marked unavailable here
8 | The type of task for which you are using speech recognition.
9 | */
10 | typedef NS_ENUM(NSInteger, SFSpeechRecognitionTaskHint) {
| `- note: 'SFSpeechRecognitionTaskHint' has been explicitly marked unavailable here
11 | /// An unspecified type of task.
12 | ///
SwiftCompile normal arm64 Compiling\ StoreKit.swift,\ Swift.swift /Users/admin/builder/spi-builder-workspace/.dependencies/checkouts/swift-custom-dump/Sources/CustomDump/Conformances/StoreKit.swift /Users/admin/builder/spi-builder-workspace/.dependencies/checkouts/swift-custom-dump/Sources/CustomDump/Conformances/Swift.swift (in target 'CustomDump' from project 'swift-custom-dump')
SwiftCompile normal arm64 /Users/admin/builder/spi-builder-workspace/.dependencies/checkouts/swift-custom-dump/Sources/CustomDump/Conformances/StoreKit.swift (in target 'CustomDump' from project 'swift-custom-dump')
cd /Users/admin/builder/spi-builder-workspace/.swiftpm/xcode
builtin-SwiftPerFileCompile StoreKit.swift
SwiftCompile normal arm64 /Users/admin/builder/spi-builder-workspace/.dependencies/checkouts/swift-custom-dump/Sources/CustomDump/Conformances/Swift.swift (in target 'CustomDump' from project 'swift-custom-dump')
cd /Users/admin/builder/spi-builder-workspace/.swiftpm/xcode
builtin-SwiftPerFileCompile Swift.swift
SwiftEmitModule normal arm64 Emitting\ module\ for\ CustomDump (in target 'CustomDump' from project 'swift-custom-dump')
/Users/admin/builder/spi-builder-workspace/.dependencies/checkouts/swift-custom-dump/Sources/CustomDump/Conformances/Speech.swift:5:13: error: 'SFSpeechRecognizerAuthorizationStatus' is unavailable in tvOS
3 |
4 | @available(iOS 10, macOS 10.15, *)
5 | extension SFSpeechRecognizerAuthorizationStatus: CustomDumpStringConvertible {
| `- error: 'SFSpeechRecognizerAuthorizationStatus' is unavailable in tvOS
6 | public var customDumpDescription: String {
7 | switch self {
/Applications/Xcode-27.0.0-Release.Candidate.app/Contents/Developer/Platforms/AppleTVOS.platform/Developer/SDKs/AppleTVOS27.0.sdk/System/Library/Frameworks/Speech.framework/Headers/SFSpeechRecognizer.h:25:28: note: 'SFSpeechRecognizerAuthorizationStatus' has been explicitly marked unavailable here
23 | The app's authorization to perform speech recognition.
24 | */
25 | typedef NS_ENUM(NSInteger, SFSpeechRecognizerAuthorizationStatus) {
| `- note: 'SFSpeechRecognizerAuthorizationStatus' has been explicitly marked unavailable here
26 | /// The app's authorization status has not yet been determined.
27 | ///
/Users/admin/builder/spi-builder-workspace/.dependencies/checkouts/swift-custom-dump/Sources/CustomDump/Conformances/Speech.swift:24:13: error: 'SFSpeechRecognitionTaskHint' is unavailable in tvOS
22 |
23 | @available(iOS 10, macOS 10.15, *)
24 | extension SFSpeechRecognitionTaskHint: CustomDumpStringConvertible {
| `- error: 'SFSpeechRecognitionTaskHint' is unavailable in tvOS
25 | public var customDumpDescription: String {
26 | switch self {
/Applications/Xcode-27.0.0-Release.Candidate.app/Contents/Developer/Platforms/AppleTVOS.platform/Developer/SDKs/AppleTVOS27.0.sdk/System/Library/Frameworks/Speech.framework/Headers/SFSpeechRecognitionTaskHint.h:10:28: note: 'SFSpeechRecognitionTaskHint' has been explicitly marked unavailable here
8 | The type of task for which you are using speech recognition.
9 | */
10 | typedef NS_ENUM(NSInteger, SFSpeechRecognitionTaskHint) {
| `- note: 'SFSpeechRecognitionTaskHint' has been explicitly marked unavailable here
11 | /// An unspecified type of task.
12 | ///
/Users/admin/builder/spi-builder-workspace/.dependencies/checkouts/swift-custom-dump/Sources/CustomDump/Conformances/Speech.swift:42:13: error: 'SFSpeechRecognitionTaskState' is unavailable in tvOS
40 |
41 | @available(iOS 10, macOS 10.15, *)
42 | extension SFSpeechRecognitionTaskState: CustomDumpStringConvertible {
| `- error: 'SFSpeechRecognitionTaskState' is unavailable in tvOS
43 | public var customDumpDescription: String {
44 | switch self {
/Applications/Xcode-27.0.0-Release.Candidate.app/Contents/Developer/Platforms/AppleTVOS.platform/Developer/SDKs/AppleTVOS27.0.sdk/System/Library/Frameworks/Speech.framework/Headers/SFSpeechRecognitionTask.h:18:28: note: 'SFSpeechRecognitionTaskState' has been explicitly marked unavailable here
16 | The state of the task associated with the recognition request.
17 | */
18 | typedef NS_ENUM(NSInteger, SFSpeechRecognitionTaskState) {
| `- note: 'SFSpeechRecognitionTaskState' has been explicitly marked unavailable here
19 | /// Speech recognition (potentially including audio recording) has not yet started.
20 | SFSpeechRecognitionTaskStateStarting = 0,
Failed frontend command:
/Applications/Xcode-27.0.0-Release.Candidate.app/Contents/Developer/Toolchains/XcodeDefault.xctoolchain/usr/bin/swift-frontend -frontend -emit-module -experimental-skip-non-inlinable-function-bodies-without-types /Users/admin/builder/spi-builder-workspace/.dependencies/checkouts/swift-custom-dump/Sources/CustomDump/Conformances/CoreImage.swift /Users/admin/builder/spi-builder-workspace/.dependencies/checkouts/swift-custom-dump/Sources/CustomDump/Conformances/CoreLocation.swift /Users/admin/builder/spi-builder-workspace/.dependencies/checkouts/swift-custom-dump/Sources/CustomDump/Conformances/CoreMotion.swift /Users/admin/builder/spi-builder-workspace/.dependencies/checkouts/swift-custom-dump/Sources/CustomDump/Conformances/Foundation.swift /Users/admin/builder/spi-builder-workspace/.dependencies/checkouts/swift-custom-dump/Sources/CustomDump/Conformances/GameKit.swift /Users/admin/builder/spi-builder-workspace/.dependencies/checkouts/swift-custom-dump/Sources/CustomDump/Conformances/KeyPath.swift /Users/admin/builder/spi-builder-workspace/.dependencies/checkouts/swift-custom-dump/Sources/CustomDump/Conformances/Photos.swift /Users/admin/builder/spi-builder-workspace/.dependencies/checkouts/swift-custom-dump/Sources/CustomDump/Conformances/Speech.swift /Users/admin/builder/spi-builder-workspace/.dependencies/checkouts/swift-custom-dump/Sources/CustomDump/Conformances/StoreKit.swift /Users/admin/builder/spi-builder-workspace/.dependencies/checkouts/swift-custom-dump/Sources/CustomDump/Conformances/Swift.swift /Users/admin/builder/spi-builder-workspace/.dependencies/checkouts/swift-custom-dump/Sources/CustomDump/Conformances/SwiftUI.swift /Users/admin/builder/spi-builder-workspace/.dependencies/checkouts/swift-custom-dump/Sources/CustomDump/Conformances/UIKit.swift /Users/admin/builder/spi-builder-workspace/.dependencies/checkouts/swift-custom-dump/Sources/CustomDump/Conformances/UserNotifications.swift /Users/admin/builder/spi-builder-workspace/.dependencies/checkouts/swift-custom-dump/Sources/CustomDump/Conformances/UserNotificationsUI.swift /Users/admin/builder/spi-builder-workspace/.dependencies/checkouts/swift-custom-dump/Sources/CustomDump/CustomDumpReflectable.swift /Users/admin/builder/spi-builder-workspace/.dependencies/checkouts/swift-custom-dump/Sources/CustomDump/CustomDumpRepresentable.swift /Users/admin/builder/spi-builder-workspace/.dependencies/checkouts/swift-custom-dump/Sources/CustomDump/CustomDumpStringConvertible.swift /Users/admin/builder/spi-builder-workspace/.dependencies/checkouts/swift-custom-dump/Sources/CustomDump/Diff.swift /Users/admin/builder/spi-builder-workspace/.dependencies/checkouts/swift-custom-dump/Sources/CustomDump/Dump.swift /Users/admin/builder/spi-builder-workspace/.dependencies/checkouts/swift-custom-dump/Sources/CustomDump/Internal/AnyType.swift /Users/admin/builder/spi-builder-workspace/.dependencies/checkouts/swift-custom-dump/Sources/CustomDump/Internal/Box.swift /Users/admin/builder/spi-builder-workspace/.dependencies/checkouts/swift-custom-dump/Sources/CustomDump/Internal/CollectionDifference.swift /Users/admin/builder/spi-builder-workspace/.dependencies/checkouts/swift-custom-dump/Sources/CustomDump/Internal/Mirror.swift /Users/admin/builder/spi-builder-workspace/.dependencies/checkouts/swift-custom-dump/Sources/CustomDump/Internal/String.swift /Users/admin/builder/spi-builder-workspace/.dependencies/checkouts/swift-custom-dump/Sources/CustomDump/Internal/Unordered.swift /Users/admin/builder/spi-builder-workspace/.dependencies/checkouts/swift-custom-dump/Sources/CustomDump/XCTAssertNoDifference.swift -target arm64-apple-tvos15.0 -module-can-import-version CoreImage 3 7.0.0 -module-can-import-version CoreLocation 57 3185.0.6 -module-can-import-version GameKit 821.0.25 821.0.25 -module-can-import-version Photos 913.0.103 913.0.103 -module-can-import-version Speech 3600.81.1 1.0.0 -module-can-import-version StoreKit 816.0.47.3 1.0.0 -module-can-import-version SwiftUI 8.0.84 8.0.84 -module-can-import-version UIKit 9127.0.84.1 9127.0.84 -module-can-import-version UserNotifications 1.0.0 1.0.0 -module-can-import-version UserNotificationsUI 1.0.0 1.0.0 -disable-cross-import-overlay-search -swift-module-cross-import Photos /Applications/Xcode-27.0.0-Release.Candidate.app/Contents/Developer/Platforms/AppleTVOS.platform/Developer/SDKs/AppleTVOS.sdk/System/Library/Frameworks/Photos.framework/Modules/Photos.swiftcrossimport/AppIntents.swiftoverlay -swift-module-cross-import Photos /Applications/Xcode-27.0.0-Release.Candidate.app/Contents/Developer/Platforms/AppleTVOS.platform/Developer/SDKs/AppleTVOS27.0.sdk/System/Library/Frameworks/Photos.framework/Modules/Photos.swiftcrossimport/AppIntents.swiftoverlay -swift-module-cross-import StoreKit /Applications/Xcode-27.0.0-Release.Candidate.app/Contents/Developer/Platforms/AppleTVOS.platform/Developer/SDKs/AppleTVOS.sdk/System/Library/Frameworks/StoreKit.framework/Modules/StoreKit.swiftcrossimport/SwiftUI.swiftoverlay -swift-module-cross-import StoreKit /Applications/Xcode-27.0.0-Release.Candidate.app/Contents/Developer/Platforms/AppleTVOS.platform/Developer/SDKs/AppleTVOS27.0.sdk/System/Library/Frameworks/StoreKit.framework/Modules/StoreKit.swiftcrossimport/SwiftUI.swiftoverlay -swift-module-cross-import UserNotifications /Applications/Xcode-27.0.0-Release.Candidate.app/Contents/Developer/Platforms/AppleTVOS.platform/Developer/SDKs/AppleTVOS.sdk/System/Library/Frameworks/UserNotifications.framework/Modules/UserNotifications.swiftcrossimport/AppIntents.swiftoverlay -load-resolved-plugin /Applications/Xcode-27.0.0-Release.Candidate.app/Contents/Developer/Platforms/AppleTVOS.platform/Developer/usr/lib/swift/host/plugins/libFoundationMacros.dylib\#/Applications/Xcode-27.0.0-Release.Candidate.app/Contents/Developer/Platforms/AppleTVOS.platform/Developer/usr/bin/swift-plugin-server\#FoundationMacros -load-resolved-plugin /Applications/Xcode-27.0.0-Release.Candidate.app/Contents/Developer/Platforms/AppleTVOS.platform/Developer/usr/lib/swift/host/plugins/libObservationMacros.dylib\#/Applications/Xcode-27.0.0-Release.Candidate.app/Contents/Developer/Platforms/AppleTVOS.platform/Developer/usr/bin/swift-plugin-server\#ObservationMacros -load-resolved-plugin /Applications/Xcode-27.0.0-Release.Candidate.app/Contents/Developer/Platforms/AppleTVOS.platform/Developer/usr/lib/swift/host/plugins/libPreviewsMacros.dylib\#/Applications/Xcode-27.0.0-Release.Candidate.app/Contents/Developer/Platforms/AppleTVOS.platform/Developer/usr/bin/swift-plugin-server\#PreviewsMacros -load-resolved-plugin /Applications/Xcode-27.0.0-Release.Candidate.app/Contents/Developer/Platforms/AppleTVOS.platform/Developer/usr/lib/swift/host/plugins/libSwiftMacros.dylib\#/Applications/Xcode-27.0.0-Release.Candidate.app/Contents/Developer/Platforms/AppleTVOS.platform/Developer/usr/bin/swift-plugin-server\#SwiftMacros -load-resolved-plugin /Applications/Xcode-27.0.0-Release.Candidate.app/Contents/Developer/Platforms/AppleTVOS.platform/Developer/usr/lib/swift/host/plugins/libSwiftUIMacros.dylib\#/Applications/Xcode-27.0.0-Release.Candidate.app/Contents/Developer/Platforms/AppleTVOS.platform/Developer/usr/bin/swift-plugin-server\#SwiftUIMacros -disable-implicit-swift-modules -Xcc -fno-implicit-modules -Xcc -fno-implicit-module-maps -explicit-swift-module-map-file /Users/admin/builder/spi-builder-workspace/.derivedData/Build/Intermediates.noindex/swift-custom-dump.build/Debug-appletvos/CustomDump-t.build/Objects-normal/arm64/CustomDump-dependencies-1.json -Xllvm -aarch64-use-tbi -enable-objc-interop -stack-check -sdk /Applications/Xcode-27.0.0-Release.Candidate.app/Contents/Developer/Platforms/AppleTVOS.platform/Developer/SDKs/AppleTVOS27.0.sdk -I /Users/admin/builder/spi-builder-workspace/.derivedData/Build/Products/Debug-appletvos -Isystem /Applications/Xcode-27.0.0-Release.Candidate.app/Contents/Developer/Platforms/AppleTVOS.platform/Developer/usr/lib -F /Users/admin/builder/spi-builder-workspace/.derivedData/Build/Products/Debug-appletvos/PackageFrameworks -F /Users/admin/builder/spi-builder-workspace/.derivedData/Build/Products/Debug-appletvos -F /Applications/Xcode-27.0.0-Release.Candidate.app/Contents/Developer/Platforms/AppleTVOS.platform/Developer/Library/Frameworks -F /Applications/Xcode-27.0.0-Release.Candidate.app/Contents/Developer/Platforms/AppleTVOS.platform/Developer/SDKs/AppleTVOS27.0.sdk/Developer/Library/Frameworks -module-cache-path /Users/admin/builder/spi-builder-workspace/.derivedData/Build/Intermediates.noindex/SwiftExplicitPrecompiledModules -no-color-diagnostics -Xcc -fno-color-diagnostics -enable-testing -g -debug-info-format\=dwarf -dwarf-version\=4 -suppress-warnings -profile-generate -profile-coverage-mapping -swift-version 5 -Onone -D SWIFT_PACKAGE -D DEBUG -D SWIFT_MODULE_RESOURCE_BUNDLE_UNAVAILABLE -D Xcode -serialize-debugging-options -enable-experimental-feature DebugDescriptionMacro -empty-abi-descriptor -validate-clang-modules-once -clang-build-session-file /Users/admin/builder/spi-builder-workspace/.derivedData/ModuleCache.noindex/Session.modulevalidation -Xcc -working-directory -Xcc /Users/admin/builder/spi-builder-workspace/.swiftpm/xcode -enable-anonymous-context-mangled-names -file-compilation-dir /Users/admin/builder/spi-builder-workspace/.swiftpm/xcode -Xcc -D_LIBCPP_HARDENING_MODE\=_LIBCPP_HARDENING_MODE_DEBUG -Xcc -ivfsstatcache -Xcc /Users/admin/builder/spi-builder-workspace/.derivedData/SDKStatCaches.noindex/appletvos27.0-24J360-e829b21a6f8c9b70876ba0858053c044b32bfd8d43560033f8d89884cdb90028.sdkstatcache -Xcc -fmodules-prune-interval\=86400 -Xcc -fmodules-prune-after\=345600 -Xcc -I/Users/admin/builder/spi-builder-workspace/.derivedData/Build/Products/Debug-appletvos/include -Xcc -I/Users/admin/builder/spi-builder-workspace/.derivedData/Build/Intermediates.noindex/swift-custom-dump.build/Debug-appletvos/CustomDump-t.build/DerivedSources-normal/arm64 -Xcc -I/Users/admin/builder/spi-builder-workspace/.derivedData/Build/Intermediates.noindex/swift-custom-dump.build/Debug-appletvos/CustomDump-t.build/DerivedSources/arm64 -Xcc -I/Users/admin/builder/spi-builder-workspace/.derivedData/Build/Intermediates.noindex/swift-custom-dump.build/Debug-appletvos/CustomDump-t.build/DerivedSources -Xcc -DSWIFT_PACKAGE -Xcc -DDEBUG\=1 -no-auto-bridging-header-chaining -module-name CustomDump -const-gather-protocols-file /Users/admin/builder/spi-builder-workspace/.derivedData/Build/Intermediates.noindex/swift-custom-dump.build/Debug-appletvos/CustomDump-t.build/Objects-normal/arm64/CustomDump_const_extract_protocols.json -disable-clang-spi -clang-target arm64-apple-tvos27.0 -target-sdk-version 27.0 -target-sdk-name appletvos27.0 -in-process-plugin-server-path /Applications/Xcode-27.0.0-Release.Candidate.app/Contents/Developer/Toolchains/XcodeDefault.xctoolchain/usr/lib/swift/host/libSwiftInProcPluginServer.dylib -emit-module-doc-path /Users/admin/builder/spi-builder-workspace/.derivedData/Build/Intermediates.noindex/swift-custom-dump.build/Debug-appletvos/CustomDump-t.build/Objects-normal/arm64/CustomDump.swiftdoc -emit-module-source-info-path /Users/admin/builder/spi-builder-workspace/.derivedData/Build/Intermediates.noindex/swift-custom-dump.build/Debug-appletvos/CustomDump-t.build/Objects-normal/arm64/CustomDump.swiftsourceinfo -emit-objc-header-path /Users/admin/builder/spi-builder-workspace/.derivedData/Build/Intermediates.noindex/swift-custom-dump.build/Debug-appletvos/CustomDump-t.build/Objects-normal/arm64/CustomDump-Swift.h -serialize-diagnostics-path /Users/admin/builder/spi-builder-workspace/.derivedData/Build/Intermediates.noindex/swift-custom-dump.build/Debug-appletvos/CustomDump-t.build/Objects-normal/arm64/CustomDump-primary-emit-module.dia -emit-dependencies-path /Users/admin/builder/spi-builder-workspace/.derivedData/Build/Intermediates.noindex/swift-custom-dump.build/Debug-appletvos/CustomDump-t.build/Objects-normal/arm64/CustomDump-primary-emit-module.d -parse-as-library -o /Users/admin/builder/spi-builder-workspace/.derivedData/Build/Intermediates.noindex/swift-custom-dump.build/Debug-appletvos/CustomDump-t.build/Objects-normal/arm64/CustomDump.swiftmodule -emit-abi-descriptor-path /Users/admin/builder/spi-builder-workspace/.derivedData/Build/Intermediates.noindex/swift-custom-dump.build/Debug-appletvos/CustomDump-t.build/Objects-normal/arm64/CustomDump.abi.json
SwiftCompile normal arm64 (in target 'CustomDump' from project 'swift-custom-dump')
cd /Users/admin/builder/spi-builder-workspace/.swiftpm/xcode
SwiftCompile normal arm64 Compiling\ UserNotifications.swift,\ UserNotificationsUI.swift /Users/admin/builder/spi-builder-workspace/.dependencies/checkouts/swift-custom-dump/Sources/CustomDump/Conformances/UserNotifications.swift /Users/admin/builder/spi-builder-workspace/.dependencies/checkouts/swift-custom-dump/Sources/CustomDump/Conformances/UserNotificationsUI.swift (in target 'CustomDump' from project 'swift-custom-dump')
SwiftCompile normal arm64 /Users/admin/builder/spi-builder-workspace/.dependencies/checkouts/swift-custom-dump/Sources/CustomDump/Conformances/UserNotifications.swift (in target 'CustomDump' from project 'swift-custom-dump')
cd /Users/admin/builder/spi-builder-workspace/.swiftpm/xcode
builtin-SwiftPerFileCompile UserNotifications.swift
SwiftCompile normal arm64 /Users/admin/builder/spi-builder-workspace/.dependencies/checkouts/swift-custom-dump/Sources/CustomDump/Conformances/UserNotificationsUI.swift (in target 'CustomDump' from project 'swift-custom-dump')
cd /Users/admin/builder/spi-builder-workspace/.swiftpm/xcode
builtin-SwiftPerFileCompile UserNotificationsUI.swift
SwiftCompile normal arm64 Compiling\ Foundation.swift,\ GameKit.swift,\ KeyPath.swift /Users/admin/builder/spi-builder-workspace/.dependencies/checkouts/swift-custom-dump/Sources/CustomDump/Conformances/Foundation.swift /Users/admin/builder/spi-builder-workspace/.dependencies/checkouts/swift-custom-dump/Sources/CustomDump/Conformances/GameKit.swift /Users/admin/builder/spi-builder-workspace/.dependencies/checkouts/swift-custom-dump/Sources/CustomDump/Conformances/KeyPath.swift (in target 'CustomDump' from project 'swift-custom-dump')
SwiftCompile normal arm64 /Users/admin/builder/spi-builder-workspace/.dependencies/checkouts/swift-custom-dump/Sources/CustomDump/Conformances/Foundation.swift (in target 'CustomDump' from project 'swift-custom-dump')
cd /Users/admin/builder/spi-builder-workspace/.swiftpm/xcode
builtin-SwiftPerFileCompile Foundation.swift
SwiftCompile normal arm64 /Users/admin/builder/spi-builder-workspace/.dependencies/checkouts/swift-custom-dump/Sources/CustomDump/Conformances/GameKit.swift (in target 'CustomDump' from project 'swift-custom-dump')
cd /Users/admin/builder/spi-builder-workspace/.swiftpm/xcode
builtin-SwiftPerFileCompile GameKit.swift
SwiftCompile normal arm64 /Users/admin/builder/spi-builder-workspace/.dependencies/checkouts/swift-custom-dump/Sources/CustomDump/Conformances/KeyPath.swift (in target 'CustomDump' from project 'swift-custom-dump')
cd /Users/admin/builder/spi-builder-workspace/.swiftpm/xcode
builtin-SwiftPerFileCompile KeyPath.swift
SwiftCompile normal arm64 Compiling\ CustomDumpReflectable.swift,\ CustomDumpRepresentable.swift /Users/admin/builder/spi-builder-workspace/.dependencies/checkouts/swift-custom-dump/Sources/CustomDump/CustomDumpReflectable.swift /Users/admin/builder/spi-builder-workspace/.dependencies/checkouts/swift-custom-dump/Sources/CustomDump/CustomDumpRepresentable.swift (in target 'CustomDump' from project 'swift-custom-dump')
SwiftCompile normal arm64 /Users/admin/builder/spi-builder-workspace/.dependencies/checkouts/swift-custom-dump/Sources/CustomDump/CustomDumpReflectable.swift (in target 'CustomDump' from project 'swift-custom-dump')
cd /Users/admin/builder/spi-builder-workspace/.swiftpm/xcode
builtin-SwiftPerFileCompile CustomDumpReflectable.swift
SwiftCompile normal arm64 /Users/admin/builder/spi-builder-workspace/.dependencies/checkouts/swift-custom-dump/Sources/CustomDump/CustomDumpRepresentable.swift (in target 'CustomDump' from project 'swift-custom-dump')
cd /Users/admin/builder/spi-builder-workspace/.swiftpm/xcode
builtin-SwiftPerFileCompile CustomDumpRepresentable.swift
SwiftCompile normal arm64 Compiling\ CoreImage.swift,\ CoreLocation.swift,\ CoreMotion.swift /Users/admin/builder/spi-builder-workspace/.dependencies/checkouts/swift-custom-dump/Sources/CustomDump/Conformances/CoreImage.swift /Users/admin/builder/spi-builder-workspace/.dependencies/checkouts/swift-custom-dump/Sources/CustomDump/Conformances/CoreLocation.swift /Users/admin/builder/spi-builder-workspace/.dependencies/checkouts/swift-custom-dump/Sources/CustomDump/Conformances/CoreMotion.swift (in target 'CustomDump' from project 'swift-custom-dump')
SwiftCompile normal arm64 /Users/admin/builder/spi-builder-workspace/.dependencies/checkouts/swift-custom-dump/Sources/CustomDump/Conformances/CoreImage.swift (in target 'CustomDump' from project 'swift-custom-dump')
cd /Users/admin/builder/spi-builder-workspace/.swiftpm/xcode
builtin-SwiftPerFileCompile CoreImage.swift
SwiftCompile normal arm64 /Users/admin/builder/spi-builder-workspace/.dependencies/checkouts/swift-custom-dump/Sources/CustomDump/Conformances/CoreLocation.swift (in target 'CustomDump' from project 'swift-custom-dump')
cd /Users/admin/builder/spi-builder-workspace/.swiftpm/xcode
builtin-SwiftPerFileCompile CoreLocation.swift
SwiftCompile normal arm64 /Users/admin/builder/spi-builder-workspace/.dependencies/checkouts/swift-custom-dump/Sources/CustomDump/Conformances/CoreMotion.swift (in target 'CustomDump' from project 'swift-custom-dump')
cd /Users/admin/builder/spi-builder-workspace/.swiftpm/xcode
builtin-SwiftPerFileCompile CoreMotion.swift
SwiftCompile normal arm64 Compiling\ Dump.swift,\ AnyType.swift /Users/admin/builder/spi-builder-workspace/.dependencies/checkouts/swift-custom-dump/Sources/CustomDump/Dump.swift /Users/admin/builder/spi-builder-workspace/.dependencies/checkouts/swift-custom-dump/Sources/CustomDump/Internal/AnyType.swift (in target 'CustomDump' from project 'swift-custom-dump')
SwiftCompile normal arm64 /Users/admin/builder/spi-builder-workspace/.dependencies/checkouts/swift-custom-dump/Sources/CustomDump/Dump.swift (in target 'CustomDump' from project 'swift-custom-dump')
cd /Users/admin/builder/spi-builder-workspace/.swiftpm/xcode
builtin-SwiftPerFileCompile Dump.swift
SwiftCompile normal arm64 /Users/admin/builder/spi-builder-workspace/.dependencies/checkouts/swift-custom-dump/Sources/CustomDump/Internal/AnyType.swift (in target 'CustomDump' from project 'swift-custom-dump')
cd /Users/admin/builder/spi-builder-workspace/.swiftpm/xcode
builtin-SwiftPerFileCompile AnyType.swift
SwiftCompile normal arm64 Compiling\ Mirror.swift,\ String.swift /Users/admin/builder/spi-builder-workspace/.dependencies/checkouts/swift-custom-dump/Sources/CustomDump/Internal/Mirror.swift /Users/admin/builder/spi-builder-workspace/.dependencies/checkouts/swift-custom-dump/Sources/CustomDump/Internal/String.swift (in target 'CustomDump' from project 'swift-custom-dump')
SwiftCompile normal arm64 /Users/admin/builder/spi-builder-workspace/.dependencies/checkouts/swift-custom-dump/Sources/CustomDump/Internal/Mirror.swift (in target 'CustomDump' from project 'swift-custom-dump')
cd /Users/admin/builder/spi-builder-workspace/.swiftpm/xcode
builtin-SwiftPerFileCompile Mirror.swift
SwiftCompile normal arm64 /Users/admin/builder/spi-builder-workspace/.dependencies/checkouts/swift-custom-dump/Sources/CustomDump/Internal/String.swift (in target 'CustomDump' from project 'swift-custom-dump')
cd /Users/admin/builder/spi-builder-workspace/.swiftpm/xcode
builtin-SwiftPerFileCompile String.swift
SwiftCompile normal arm64 Compiling\ SwiftUI.swift,\ UIKit.swift /Users/admin/builder/spi-builder-workspace/.dependencies/checkouts/swift-custom-dump/Sources/CustomDump/Conformances/SwiftUI.swift /Users/admin/builder/spi-builder-workspace/.dependencies/checkouts/swift-custom-dump/Sources/CustomDump/Conformances/UIKit.swift (in target 'CustomDump' from project 'swift-custom-dump')
SwiftCompile normal arm64 /Users/admin/builder/spi-builder-workspace/.dependencies/checkouts/swift-custom-dump/Sources/CustomDump/Conformances/SwiftUI.swift (in target 'CustomDump' from project 'swift-custom-dump')
cd /Users/admin/builder/spi-builder-workspace/.swiftpm/xcode
builtin-SwiftPerFileCompile SwiftUI.swift
SwiftCompile normal arm64 /Users/admin/builder/spi-builder-workspace/.dependencies/checkouts/swift-custom-dump/Sources/CustomDump/Conformances/UIKit.swift (in target 'CustomDump' from project 'swift-custom-dump')
cd /Users/admin/builder/spi-builder-workspace/.swiftpm/xcode
builtin-SwiftPerFileCompile UIKit.swift
SwiftEmitModule normal arm64 Emitting\ module\ for\ ArgumentParserTestHelpers (in target 'ArgumentParserTestHelpers' from project 'AssertSwiftCLI')
SwiftCompile normal arm64 (in target 'ArgumentParserTestHelpers' from project 'AssertSwiftCLI')
cd /Users/admin/builder/spi-builder-workspace/.swiftpm/xcode
SwiftDriverJobDiscovery normal arm64 Compiling CustomDumpReflectable.swift, CustomDumpRepresentable.swift (in target 'CustomDump' from project 'swift-custom-dump')
SwiftCompile normal arm64 Compiling\ XCTAssertNoDifference.swift /Users/admin/builder/spi-builder-workspace/.dependencies/checkouts/swift-custom-dump/Sources/CustomDump/XCTAssertNoDifference.swift (in target 'CustomDump' from project 'swift-custom-dump')
SwiftCompile normal arm64 /Users/admin/builder/spi-builder-workspace/.dependencies/checkouts/swift-custom-dump/Sources/CustomDump/XCTAssertNoDifference.swift (in target 'CustomDump' from project 'swift-custom-dump')
cd /Users/admin/builder/spi-builder-workspace/.swiftpm/xcode
builtin-SwiftPerFileCompile XCTAssertNoDifference.swift
SwiftDriverJobDiscovery normal arm64 Compiling Mirror.swift, String.swift (in target 'CustomDump' from project 'swift-custom-dump')
SwiftCompile normal arm64 Compiling\ Box.swift /Users/admin/builder/spi-builder-workspace/.dependencies/checkouts/swift-custom-dump/Sources/CustomDump/Internal/Box.swift (in target 'CustomDump' from project 'swift-custom-dump')
SwiftCompile normal arm64 /Users/admin/builder/spi-builder-workspace/.dependencies/checkouts/swift-custom-dump/Sources/CustomDump/Internal/Box.swift (in target 'CustomDump' from project 'swift-custom-dump')
cd /Users/admin/builder/spi-builder-workspace/.swiftpm/xcode
builtin-SwiftPerFileCompile Box.swift
SwiftDriverJobDiscovery normal arm64 Emitting module for ArgumentParserTestHelpers (in target 'ArgumentParserTestHelpers' from project 'AssertSwiftCLI')
SwiftDriver\ Compilation\ Requirements ArgumentParserTestHelpers normal arm64 com.apple.xcode.tools.swift.compiler (in target 'ArgumentParserTestHelpers' from project 'AssertSwiftCLI')
cd /Users/admin/builder/spi-builder-workspace/.swiftpm/xcode
builtin-Swift-Compilation-Requirements -- /Applications/Xcode-27.0.0-Release.Candidate.app/Contents/Developer/Toolchains/XcodeDefault.xctoolchain/usr/bin/swiftc -parse-as-library -module-name ArgumentParserTestHelpers -Onone @/Users/admin/builder/spi-builder-workspace/.derivedData/Build/Intermediates.noindex/AssertSwiftCLI.build/Debug-appletvos/ArgumentParserTestHelpers-t.build/Objects-normal/arm64/ArgumentParserTestHelpers.SwiftFileList -DSWIFT_PACKAGE -DDEBUG -DSWIFT_MODULE_RESOURCE_BUNDLE_UNAVAILABLE -DXcode -plugin-path /Applications/Xcode-27.0.0-Release.Candidate.app/Contents/Developer/Toolchains/XcodeDefault.xctoolchain/usr/lib/swift/host/plugins/testing -enable-experimental-feature DebugDescriptionMacro -sdk /Applications/Xcode-27.0.0-Release.Candidate.app/Contents/Developer/Platforms/AppleTVOS.platform/Developer/SDKs/AppleTVOS27.0.sdk -target arm64-apple-tvos15.0 -g -module-cache-path /Users/admin/builder/spi-builder-workspace/.derivedData/ModuleCache.noindex -Xfrontend -serialize-debugging-options -profile-coverage-mapping -profile-generate -enable-testing -index-store-path /Users/admin/builder/spi-builder-workspace/.derivedData/Index.noindex/DataStore -Xcc -D_LIBCPP_HARDENING_MODE\=_LIBCPP_HARDENING_MODE_DEBUG -swift-version 5 -I /Users/admin/builder/spi-builder-workspace/.derivedData/Build/Products/Debug-appletvos -Isystem /Applications/Xcode-27.0.0-Release.Candidate.app/Contents/Developer/Platforms/AppleTVOS.platform/Developer/usr/lib -F /Users/admin/builder/spi-builder-workspace/.derivedData/Build/Products/Debug-appletvos/PackageFrameworks -F /Users/admin/builder/spi-builder-workspace/.derivedData/Build/Products/Debug-appletvos -F /Applications/Xcode-27.0.0-Release.Candidate.app/Contents/Developer/Platforms/AppleTVOS.platform/Developer/Library/Frameworks -F /Applications/Xcode-27.0.0-Release.Candidate.app/Contents/Developer/Platforms/AppleTVOS.platform/Developer/SDKs/AppleTVOS27.0.sdk/Developer/Library/Frameworks -c -j10 -enable-batch-mode -incremental -Xcc -ivfsstatcache -Xcc /Users/admin/builder/spi-builder-workspace/.derivedData/SDKStatCaches.noindex/appletvos27.0-24J360-e829b21a6f8c9b70876ba0858053c044b32bfd8d43560033f8d89884cdb90028.sdkstatcache -output-file-map /Users/admin/builder/spi-builder-workspace/.derivedData/Build/Intermediates.noindex/AssertSwiftCLI.build/Debug-appletvos/ArgumentParserTestHelpers-t.build/Objects-normal/arm64/ArgumentParserTestHelpers-OutputFileMap.json -save-temps -no-color-diagnostics -explicit-module-build -module-cache-path /Users/admin/builder/spi-builder-workspace/.derivedData/Build/Intermediates.noindex/SwiftExplicitPrecompiledModules -clang-scanner-module-cache-path /Users/admin/builder/spi-builder-workspace/.derivedData/ModuleCache.noindex -sdk-module-cache-path /Users/admin/builder/spi-builder-workspace/.derivedData/SDKExplicitPrecompiledModules -emit-dependencies -emit-module -emit-module-path /Users/admin/builder/spi-builder-workspace/.derivedData/Build/Intermediates.noindex/AssertSwiftCLI.build/Debug-appletvos/ArgumentParserTestHelpers-t.build/Objects-normal/arm64/ArgumentParserTestHelpers.swiftmodule -serialize-diagnostics -dependency-scan-serialize-diagnostics-path /Users/admin/builder/spi-builder-workspace/.derivedData/Build/Intermediates.noindex/AssertSwiftCLI.build/Debug-appletvos/ArgumentParserTestHelpers-t.build/Objects-normal/arm64/ArgumentParserTestHelpers-dependency-scan.dia -validate-clang-modules-once -clang-build-session-file /Users/admin/builder/spi-builder-workspace/.derivedData/ModuleCache.noindex/Session.modulevalidation -Xcc -fmodules-prune-interval\=86400 -Xcc -fmodules-prune-after\=345600 -emit-const-values -const-gather-protocols-list /Users/admin/builder/spi-builder-workspace/.derivedData/Build/Intermediates.noindex/AssertSwiftCLI.build/Debug-appletvos/ArgumentParserTestHelpers-t.build/Objects-normal/arm64/ArgumentParserTestHelpers_const_extract_protocols.json -Xcc -I/Users/admin/builder/spi-builder-workspace/.derivedData/Build/Products/Debug-appletvos/include -Xcc -I/Users/admin/builder/spi-builder-workspace/.derivedData/Build/Intermediates.noindex/AssertSwiftCLI.build/Debug-appletvos/ArgumentParserTestHelpers-t.build/DerivedSources-normal/arm64 -Xcc -I/Users/admin/builder/spi-builder-workspace/.derivedData/Build/Intermediates.noindex/AssertSwiftCLI.build/Debug-appletvos/ArgumentParserTestHelpers-t.build/DerivedSources/arm64 -Xcc -I/Users/admin/builder/spi-builder-workspace/.derivedData/Build/Intermediates.noindex/AssertSwiftCLI.build/Debug-appletvos/ArgumentParserTestHelpers-t.build/DerivedSources -Xcc -DSWIFT_PACKAGE -Xcc -DDEBUG\=1 -emit-objc-header -emit-objc-header-path /Users/admin/builder/spi-builder-workspace/.derivedData/Build/Intermediates.noindex/AssertSwiftCLI.build/Debug-appletvos/ArgumentParserTestHelpers-t.build/Objects-normal/arm64/ArgumentParserTestHelpers-Swift.h -working-directory /Users/admin/builder/spi-builder-workspace/.swiftpm/xcode -experimental-emit-module-separately -disable-cmo
SwiftDriverJobDiscovery normal arm64 Compiling Dump.swift, AnyType.swift (in target 'CustomDump' from project 'swift-custom-dump')
SwiftCompile normal arm64 Compiling\ CustomDumpStringConvertible.swift,\ Diff.swift /Users/admin/builder/spi-builder-workspace/.dependencies/checkouts/swift-custom-dump/Sources/CustomDump/CustomDumpStringConvertible.swift /Users/admin/builder/spi-builder-workspace/.dependencies/checkouts/swift-custom-dump/Sources/CustomDump/Diff.swift (in target 'CustomDump' from project 'swift-custom-dump')
SwiftCompile normal arm64 /Users/admin/builder/spi-builder-workspace/.dependencies/checkouts/swift-custom-dump/Sources/CustomDump/CustomDumpStringConvertible.swift (in target 'CustomDump' from project 'swift-custom-dump')
cd /Users/admin/builder/spi-builder-workspace/.swiftpm/xcode
builtin-SwiftPerFileCompile CustomDumpStringConvertible.swift
SwiftCompile normal arm64 /Users/admin/builder/spi-builder-workspace/.dependencies/checkouts/swift-custom-dump/Sources/CustomDump/Diff.swift (in target 'CustomDump' from project 'swift-custom-dump')
cd /Users/admin/builder/spi-builder-workspace/.swiftpm/xcode
builtin-SwiftPerFileCompile Diff.swift
SwiftMergeGeneratedHeaders /Users/admin/builder/spi-builder-workspace/.derivedData/Build/Intermediates.noindex/GeneratedModuleMaps-appletvos/ArgumentParserTestHelpers-Swift.h /Users/admin/builder/spi-builder-workspace/.derivedData/Build/Intermediates.noindex/AssertSwiftCLI.build/Debug-appletvos/ArgumentParserTestHelpers-t.build/Objects-normal/arm64/ArgumentParserTestHelpers-Swift.h (in target 'ArgumentParserTestHelpers' from project 'AssertSwiftCLI')
cd /Users/admin/builder/spi-builder-workspace
builtin-swiftHeaderTool -arch arm64 /Users/admin/builder/spi-builder-workspace/.derivedData/Build/Intermediates.noindex/AssertSwiftCLI.build/Debug-appletvos/ArgumentParserTestHelpers-t.build/Objects-normal/arm64/ArgumentParserTestHelpers-Swift.h -o /Users/admin/builder/spi-builder-workspace/.derivedData/Build/Intermediates.noindex/GeneratedModuleMaps-appletvos/ArgumentParserTestHelpers-Swift.h
PruneExplicitPrecompiledModules /Users/admin/builder/spi-builder-workspace/.derivedData/Build/Intermediates.noindex/SwiftExplicitPrecompiledModules
PruneExplicitPrecompiledModules /Users/admin/builder/spi-builder-workspace/.derivedData/SDKExplicitPrecompiledModules
PruneExplicitPrecompiledModules /Users/admin/builder/spi-builder-workspace/.derivedData/Build/Intermediates.noindex/ExplicitPrecompiledModules
2026-09-18 01:34:40.166 xcodebuild[1018:6112] [MT] IDERunDestination: Supported platforms for the buildables in the current scheme is empty.
** BUILD FAILED **
The following build commands failed:
SwiftEmitModule normal arm64 Emitting\ module\ for\ CustomDump (in target 'CustomDump' from project 'swift-custom-dump')
SwiftCompile normal arm64 (in target 'CustomDump' from project 'swift-custom-dump')
Building workspace AssertSwiftCLI with scheme AssertSwiftCLI
(3 failures)
BUILD FAILURE 6.4 tvOS