The Swift Package Index logo.Swift Package Index

Build Information

Failed to build HName, reference 0.9.1 (29a875), with Swift 6.4 for Linux on 20 Sep 2026 08:21:31 UTC.

Build Command

bash -c docker run --pull=always --rm -v "checkouts-54344845-0":/host -w "$PWD" -e JAVA_HOME="/root/.sdkman/candidates/java/current" -e SPI_BUILD="1" -e SPI_PROCESSING="1" registry.gitlab.com/saguaro1/spi-images:basic-6.4-latest swift build --triple x86_64-unknown-linux-gnu 2>&1

Build Log

========================================
RunAll
========================================
Builder version: 5.1.0
Interrupt handler set up.
========================================
Checkout
========================================
Clone URL: https://github.com/hadycodes/HName.git
Reference: 0.9.1
Initialized empty Git repository in /host/spi-builder-workspace/.git/
hint: Using 'master' as the name for the initial branch. This default branch name
hint: is subject to change. To configure the initial branch name to use in all
hint: of your new repositories, which will suppress this warning, call:
hint:
hint: 	git config --global init.defaultBranch <name>
hint:
hint: Names commonly chosen instead of 'master' are 'main', 'trunk' and
hint: 'development'. The just-created branch can be renamed via this command:
hint:
hint: 	git branch -m <name>
From https://github.com/hadycodes/HName
 * tag               0.9.1      -> FETCH_HEAD
HEAD is now at 29a8753 Add cocoapod support
Cloned https://github.com/hadycodes/HName.git
Revision (git rev-parse @):
29a87538433abf015d87ae0b3437b6647c83aa57
SUCCESS checkout https://github.com/hadycodes/HName.git at 0.9.1
========================================
Build
========================================
Selected platform:         linux
Swift version:             6.4
Building package at path:  $PWD
https://github.com/hadycodes/HName.git
Running build ...
bash -c docker run --pull=always --rm -v "checkouts-54344845-0":/host -w "$PWD" -e JAVA_HOME="/root/.sdkman/candidates/java/current" -e SPI_BUILD="1" -e SPI_PROCESSING="1" registry.gitlab.com/saguaro1/spi-images:basic-6.4-latest swift build --triple x86_64-unknown-linux-gnu 2>&1
basic-6.4-latest: Pulling from saguaro1/spi-images
Digest: sha256:c77fcce225e223ac0fafed844619173fc6de8d62dd560eeb28db3182af6a282b
Status: Image is up to date for registry.gitlab.com/saguaro1/spi-images:basic-6.4-latest
Building for debugging...
[Planning deferred tasks]
error: SwiftCompile normal x86_64 failed with a nonzero exit code. Command line:     cd /host

/host/spi-builder-workspace/Sources/HName/HName+Formatters.swift:18:6: error: Objective-C interoperability is disabled
16 | }
17 | public extension HName {
18 |     @objc func formatted(_ style: NameStyle = .default) -> String? {
   |      `- error: Objective-C interoperability is disabled
19 |         guard let pc = personComponents else {
20 |             return nil
/host/spi-builder-workspace/Sources/HName/HName+Getters.swift:10:2: error: Objective-C interoperability is disabled
 8 | import Foundation
 9 |
10 | @objc public extension HName {
   |  `- error: Objective-C interoperability is disabled
11 |     @objc var firstName: String? {
12 |         return self.personComponents?.givenName
/host/spi-builder-workspace/Sources/HName/HName+Getters.swift:11:6: error: Objective-C interoperability is disabled
 9 |
10 | @objc public extension HName {
11 |     @objc var firstName: String? {
   |      `- error: Objective-C interoperability is disabled
12 |         return self.personComponents?.givenName
13 |     }
/host/spi-builder-workspace/Sources/HName/HName+Getters.swift:15:6: error: Objective-C interoperability is disabled
13 |     }
14 |
15 |     @objc var lastName: String? {
   |      `- error: Objective-C interoperability is disabled
16 |         return self.personComponents?.familyName
17 |     }
/host/spi-builder-workspace/Sources/HName/HName+Getters.swift:19:6: error: Objective-C interoperability is disabled
17 |     }
18 |
19 |     @objc var namePrefix: String? {
   |      `- error: Objective-C interoperability is disabled
20 |         return self.personComponents?.namePrefix
21 |     }
/host/spi-builder-workspace/Sources/HName/HName+Getters.swift:23:6: error: Objective-C interoperability is disabled
21 |     }
22 |
23 |     @objc var abbrivation: String? {
   |      `- error: Objective-C interoperability is disabled
24 |         return self.formatted(.abbreviated)
25 |     }
/host/spi-builder-workspace/Sources/HName/HName+Getters.swift:27:6: error: Objective-C interoperability is disabled
25 |     }
26 |
27 |     @objc var fullName: String? {
   |      `- error: Objective-C interoperability is disabled
28 |         guard let pc = personComponents else {
29 |             return nil
/host/spi-builder-workspace/Sources/HName/HName.swift:3:2: error: Objective-C interoperability is disabled
 1 | import Foundation
 2 |
 3 | @objc public class HName: NSObject, ExpressibleByStringLiteral, Codable {
   |  `- error: Objective-C interoperability is disabled
 4 |     public let name: String
 5 |     internal let personComponents: PersonNameComponents?
Failed frontend command:
/usr/bin/swift-frontend -frontend -emit-module -experimental-skip-non-inlinable-function-bodies-without-types /host/spi-builder-workspace/Sources/HName/HName+Formatters.swift /host/spi-builder-workspace/Sources/HName/HName+Getters.swift /host/spi-builder-workspace/Sources/HName/HName.swift -target x86_64-unknown-linux-gnu -disable-objc-interop -I /host/spi-builder-workspace/.build/out/Products/Debug-linux-x86_64 -module-cache-path /host/spi-builder-workspace/.build/out/ModuleCache.noindex -color-diagnostics -Xcc -fcolor-diagnostics -enable-testing -g -debug-info-format\=dwarf -dwarf-version\=4 -swift-version 5 -Onone -D SWIFT_PACKAGE -D DEBUG -D SWIFT_MODULE_RESOURCE_BUNDLE_UNAVAILABLE -D Xcode -serialize-debugging-options -enable-experimental-feature DebugDescriptionMacro -empty-abi-descriptor -external-plugin-path /usr/lib/swift/host/plugins/testing\#/usr/bin/swift-plugin-server -validate-clang-modules-once -clang-build-session-file /host/spi-builder-workspace/.build/out/ModuleCache.noindex/Session.modulevalidation -Xcc -working-directory -Xcc /host -enable-anonymous-context-mangled-names -file-compilation-dir /host -Xcc -fno-omit-frame-pointer -Xcc -D_LIBCPP_HARDENING_MODE\=_LIBCPP_HARDENING_MODE_DEBUG -Xcc -fmodules-prune-interval\=86400 -Xcc -fmodules-prune-after\=345600 -Xcc -I/host/spi-builder-workspace/.build/out/Products/Debug-linux-x86_64/include -Xcc -I/host/spi-builder-workspace/.build/out/Intermediates.noindex/HName.build/Debug-linux-x86_64/HName-t.build/DerivedSources-normal/x86_64 -Xcc -I/host/spi-builder-workspace/.build/out/Intermediates.noindex/HName.build/Debug-linux-x86_64/HName-t.build/DerivedSources/x86_64 -Xcc -I/host/spi-builder-workspace/.build/out/Intermediates.noindex/HName.build/Debug-linux-x86_64/HName-t.build/DerivedSources -Xcc -DSWIFT_PACKAGE -Xcc -DDEBUG\=1 -no-auto-bridging-header-chaining -module-name HName -const-gather-protocols-file /host/spi-builder-workspace/.build/out/Intermediates.noindex/HName.build/Debug-linux-x86_64/HName-t.build/Objects-normal/x86_64/HName_const_extract_protocols.json -in-process-plugin-server-path /usr/lib/swift/host/libSwiftInProcPluginServer.so -plugin-path /usr/lib/swift/host/plugins -plugin-path /usr/local/lib/swift/host/plugins -emit-module-doc-path /host/spi-builder-workspace/.build/out/Intermediates.noindex/HName.build/Debug-linux-x86_64/HName-t.build/Objects-normal/x86_64/Modules/HName.swiftdoc -emit-module-source-info-path /host/spi-builder-workspace/.build/out/Intermediates.noindex/HName.build/Debug-linux-x86_64/HName-t.build/Objects-normal/x86_64/Modules/HName.swiftsourceinfo -emit-objc-header-path /host/spi-builder-workspace/.build/out/Intermediates.noindex/HName.build/Debug-linux-x86_64/HName-t.build/Objects-normal/x86_64/HName-Swift.h -serialize-diagnostics-path /host/spi-builder-workspace/.build/out/Intermediates.noindex/HName.build/Debug-linux-x86_64/HName-t.build/Objects-normal/x86_64/HName-primary-emit-module.dia -emit-dependencies-path /host/spi-builder-workspace/.build/out/Intermediates.noindex/HName.build/Debug-linux-x86_64/HName-t.build/Objects-normal/x86_64/HName-primary-emit-module.d -parse-as-library -o /host/spi-builder-workspace/.build/out/Intermediates.noindex/HName.build/Debug-linux-x86_64/HName-t.build/Objects-normal/x86_64/Modules/HName.swiftmodule
error: Build failed
BUILD FAILURE 6.4 linux