The Swift Package Index logo.Swift Package Index

Build Information

Failed to build WandFoundation, reference main (5adc39), with Swift 6.3 for Android on 11 Jul 2026 06:24:38 UTC.

Build Command

bash -c docker run --pull=always --rm -v "checkouts-53886770-0":/host -w "$PWD" -e JAVA_HOME="/root/.sdkman/candidates/java/current" -e SPI_BUILD="1" -e SPI_PROCESSING="1" registry.gitlab.com/saguaro1/spi-images:android-6.3-latest swift build --swift-sdk aarch64-unknown-linux-android28 2>&1

Build Log

========================================
RunAll
========================================
Builder version: 0e64495ecc1688c3b3e031a5ef1348b5c05091ae
Interrupt handler set up.
========================================
Checkout
========================================
Clone URL: https://github.com/The-Wand/Foundation.git
Reference: main
Initialized empty Git repository in /host/spi-builder-workspace/.git/
hint: Using 'master' as the name for the initial branch. This default branch name
hint: is subject to change. To configure the initial branch name to use in all
hint: of your new repositories, which will suppress this warning, call:
hint:
hint: 	git config --global init.defaultBranch <name>
hint:
hint: Names commonly chosen instead of 'master' are 'main', 'trunk' and
hint: 'development'. The just-created branch can be renamed via this command:
hint:
hint: 	git branch -m <name>
From https://github.com/The-Wand/Foundation
 * branch            main       -> FETCH_HEAD
 * [new branch]      main       -> origin/main
HEAD is now at 5adc398 Update Marketing version
Cloned https://github.com/The-Wand/Foundation.git
Revision (git rev-parse @):
5adc398747a3b8f915bf9467fe00eccf335be0d9
SUCCESS checkout https://github.com/The-Wand/Foundation.git at main
========================================
Build
========================================
Selected platform:         android
Swift version:             6.3
Building package at path:  $PWD
https://github.com/The-Wand/Foundation.git
Running build ...
bash -c docker run --pull=always --rm -v "checkouts-53886770-0":/host -w "$PWD" -e JAVA_HOME="/root/.sdkman/candidates/java/current" -e SPI_BUILD="1" -e SPI_PROCESSING="1" registry.gitlab.com/saguaro1/spi-images:android-6.3-latest swift build --swift-sdk aarch64-unknown-linux-android28 2>&1
android-6.3-latest: Pulling from saguaro1/spi-images
Digest: sha256:451958f7df55f9af673f8b0851dc526f2aee3222db374ae53b89fa21ad564bc8
Status: Image is up to date for registry.gitlab.com/saguaro1/spi-images:android-6.3-latest
Fetching https://github.com/the-wand/Wand.git
Fetching https://github.com/the-wand/Any.git
[1/9917] Fetching wand
[1687/10252] Fetching wand, any
Fetched https://github.com/the-wand/Any.git from cache (0.69s)
Fetched https://github.com/the-wand/Wand.git from cache (0.70s)
Computing version for https://github.com/the-wand/Wand.git
Computed https://github.com/the-wand/Wand.git at 3.0.12 (0.87s)
Computing version for https://github.com/the-wand/Any.git
Computed https://github.com/the-wand/Any.git at 1.0.3 (0.17s)
Creating working copy for https://github.com/the-wand/Wand.git
Working copy of https://github.com/the-wand/Wand.git resolved at 3.0.12
Creating working copy for https://github.com/the-wand/Any.git
Working copy of https://github.com/the-wand/Any.git resolved at 1.0.3
warning: 'wand': found 1 file(s) which are unhandled; explicitly declare them as resources or exclude from the target
    /host/spi-builder-workspace/.build/checkouts/Wand/Sources/Wand/Wand.md
Building for debugging...
[0/3] Write sources
[2/3] Write swift-version-272D24FF697CF451.txt
error: emit-module command failed with exit code 1 (use -v to see invocation)
[4/40] Emitting module Wand
/host/spi-builder-workspace/.build/checkouts/Wand/Sources/Wand/Core/Core.swift:133:27: error: cannot find 'USEC_PER_SEC' in scope
131 |
132 |         let time: Int = Date().timeIntervalSince1970|
133 |         let usec = time * USEC_PER_SEC|
    |                           `- error: cannot find 'USEC_PER_SEC' in scope
134 |
135 |         var request = URLRequest(url: URL(string: "https://api.mixpanel.com/import")!)
/host/spi-builder-workspace/.build/checkouts/Wand/Sources/Wand/Core/Core.swift:135:23: error: cannot find 'URLRequest' in scope
133 |         let usec = time * USEC_PER_SEC|
134 |
135 |         var request = URLRequest(url: URL(string: "https://api.mixpanel.com/import")!)
    |                       `- error: cannot find 'URLRequest' in scope
136 |         request.httpMethod = "POST"
137 |         request.addValue("application/json", forHTTPHeaderField: "Content-Type")
/host/spi-builder-workspace/.build/checkouts/Wand/Sources/Wand/Core/Core.swift:151:9: error: 'URLSession' (aka 'AnyObject') cannot be constructed because it has no accessible initializers
149 |         ])
150 |
151 |         URLSession(configuration: .default).dataTask(with: request).resume()
    |         `- error: 'URLSession' (aka 'AnyObject') cannot be constructed because it has no accessible initializers
152 |     }
153 |
/host/spi-builder-workspace/.build/checkouts/Wand/Sources/Wand/Core/Core.swift:151:36: error: cannot infer contextual base in reference to member 'default'
149 |         ])
150 |
151 |         URLSession(configuration: .default).dataTask(with: request).resume()
    |                                    `- error: cannot infer contextual base in reference to member 'default'
152 |     }
153 |
[5/45] Compiling Wand &.swift
[6/45] Compiling Wand AndT.swift
[7/45] Compiling Wand AndU.swift
[8/45] Compiling Wand Operation.swift
[9/45] Compiling Wand +.swift
[10/45] Compiling Wand ?.swift
[11/45] Compiling Wand Expressible.swift
[12/45] Compiling Wand ExpressibleByArray.swift
[13/45] Compiling Wand ExpressibleByDictionary.swift
[14/45] Compiling Wand Key.swift
[15/45] Compiling Wand Weak.swift
[16/45] Compiling Wand All.swift
[17/45] Compiling Wand Any.swift
[18/45] Compiling Wand Counting.swift
[19/45] Compiling Wand Retry.swift
[20/45] Compiling Wand Sequence.swift
[21/45] Compiling Wand Expecting.swift
[22/45] Compiling Wand Core+Wanded.swift
[23/45] Compiling Wand WandFramerProtocol.swift
[24/45] Compiling Wand Wanded.swift
[25/45] Compiling Wand |.swift
[26/45] Compiling Wand Log.swift
[27/45] Compiling Wand Memory.swift
[28/45] Compiling Wand o.swift
[29/45] Compiling Wand u.swift
[30/45] Compiling Wand Addons.swift
[31/45] Compiling Wand Task.swift
/host/spi-builder-workspace/.build/checkouts/Wand/Sources/Wand/|/Addons/Time.swift:29:60: error: cannot find 'NSEC_PER_SEC' in scope
27 | func | (after: Int, execute: @escaping ()->() ) {
28 |     Task {
29 |         try? await Task.sleep(nanoseconds: UInt64(after) * NSEC_PER_SEC)
   |                                                            `- error: cannot find 'NSEC_PER_SEC' in scope
30 |     }
31 | }
[32/45] Compiling Wand Time.swift
/host/spi-builder-workspace/.build/checkouts/Wand/Sources/Wand/|/Addons/Time.swift:29:60: error: cannot find 'NSEC_PER_SEC' in scope
27 | func | (after: Int, execute: @escaping ()->() ) {
28 |     Task {
29 |         try? await Task.sleep(nanoseconds: UInt64(after) * NSEC_PER_SEC)
   |                                                            `- error: cannot find 'NSEC_PER_SEC' in scope
30 |     }
31 | }
[33/45] Compiling Wand Ask.Nil.swift
/host/spi-builder-workspace/.build/checkouts/Wand/Sources/Wand/|/Addons/Time.swift:29:60: error: cannot find 'NSEC_PER_SEC' in scope
27 | func | (after: Int, execute: @escaping ()->() ) {
28 |     Task {
29 |         try? await Task.sleep(nanoseconds: UInt64(after) * NSEC_PER_SEC)
   |                                                            `- error: cannot find 'NSEC_PER_SEC' in scope
30 |     }
31 | }
[34/45] Compiling Wand Ask.T.swift
/host/spi-builder-workspace/.build/checkouts/Wand/Sources/Wand/|/Addons/Time.swift:29:60: error: cannot find 'NSEC_PER_SEC' in scope
27 | func | (after: Int, execute: @escaping ()->() ) {
28 |     Task {
29 |         try? await Task.sleep(nanoseconds: UInt64(after) * NSEC_PER_SEC)
   |                                                            `- error: cannot find 'NSEC_PER_SEC' in scope
30 |     }
31 | }
[35/45] Compiling Wand CoreGraphics_Convertable.swift
/host/spi-builder-workspace/.build/checkouts/Wand/Sources/Wand/|/Addons/Time.swift:29:60: error: cannot find 'NSEC_PER_SEC' in scope
27 | func | (after: Int, execute: @escaping ()->() ) {
28 |     Task {
29 |         try? await Task.sleep(nanoseconds: UInt64(after) * NSEC_PER_SEC)
   |                                                            `- error: cannot find 'NSEC_PER_SEC' in scope
30 |     }
31 | }
[36/45] Compiling Wand Numbers_Convertable.swift
[37/45] Compiling Wand String_Convertable.swift
[38/45] Compiling Wand Describing.swift
[39/45] Compiling Wand Describing_Character.swift
[40/45] Compiling Wand Describing_Data.swift
[41/45] Compiling Wand Error.swift
/host/spi-builder-workspace/.build/checkouts/Wand/Sources/Wand/Core/Core.swift:133:27: error: cannot find 'USEC_PER_SEC' in scope
131 |
132 |         let time: Int = Date().timeIntervalSince1970|
133 |         let usec = time * USEC_PER_SEC|
    |                           `- error: cannot find 'USEC_PER_SEC' in scope
134 |
135 |         var request = URLRequest(url: URL(string: "https://api.mixpanel.com/import")!)
/host/spi-builder-workspace/.build/checkouts/Wand/Sources/Wand/Core/Core.swift:135:23: error: cannot find 'URLRequest' in scope
133 |         let usec = time * USEC_PER_SEC|
134 |
135 |         var request = URLRequest(url: URL(string: "https://api.mixpanel.com/import")!)
    |                       `- error: cannot find 'URLRequest' in scope
136 |         request.httpMethod = "POST"
137 |         request.addValue("application/json", forHTTPHeaderField: "Content-Type")
/host/spi-builder-workspace/.build/checkouts/Wand/Sources/Wand/Core/Core.swift:151:9: error: 'URLSession' (aka 'AnyObject') cannot be constructed because it has no accessible initializers
149 |         ])
150 |
151 |         URLSession(configuration: .default).dataTask(with: request).resume()
    |         `- error: 'URLSession' (aka 'AnyObject') cannot be constructed because it has no accessible initializers
152 |     }
153 |
/host/spi-builder-workspace/.build/checkouts/Wand/Sources/Wand/Core/Core.swift:151:36: error: cannot infer contextual base in reference to member 'default'
149 |         ])
150 |
151 |         URLSession(configuration: .default).dataTask(with: request).resume()
    |                                    `- error: cannot infer contextual base in reference to member 'default'
152 |     }
153 |
[42/45] Compiling Wand Error?.swift
/host/spi-builder-workspace/.build/checkouts/Wand/Sources/Wand/Core/Core.swift:133:27: error: cannot find 'USEC_PER_SEC' in scope
131 |
132 |         let time: Int = Date().timeIntervalSince1970|
133 |         let usec = time * USEC_PER_SEC|
    |                           `- error: cannot find 'USEC_PER_SEC' in scope
134 |
135 |         var request = URLRequest(url: URL(string: "https://api.mixpanel.com/import")!)
/host/spi-builder-workspace/.build/checkouts/Wand/Sources/Wand/Core/Core.swift:135:23: error: cannot find 'URLRequest' in scope
133 |         let usec = time * USEC_PER_SEC|
134 |
135 |         var request = URLRequest(url: URL(string: "https://api.mixpanel.com/import")!)
    |                       `- error: cannot find 'URLRequest' in scope
136 |         request.httpMethod = "POST"
137 |         request.addValue("application/json", forHTTPHeaderField: "Content-Type")
/host/spi-builder-workspace/.build/checkouts/Wand/Sources/Wand/Core/Core.swift:151:9: error: 'URLSession' (aka 'AnyObject') cannot be constructed because it has no accessible initializers
149 |         ])
150 |
151 |         URLSession(configuration: .default).dataTask(with: request).resume()
    |         `- error: 'URLSession' (aka 'AnyObject') cannot be constructed because it has no accessible initializers
152 |     }
153 |
/host/spi-builder-workspace/.build/checkouts/Wand/Sources/Wand/Core/Core.swift:151:36: error: cannot infer contextual base in reference to member 'default'
149 |         ])
150 |
151 |         URLSession(configuration: .default).dataTask(with: request).resume()
    |                                    `- error: cannot infer contextual base in reference to member 'default'
152 |     }
153 |
[43/45] Compiling Wand Option.swift
/host/spi-builder-workspace/.build/checkouts/Wand/Sources/Wand/Core/Core.swift:133:27: error: cannot find 'USEC_PER_SEC' in scope
131 |
132 |         let time: Int = Date().timeIntervalSince1970|
133 |         let usec = time * USEC_PER_SEC|
    |                           `- error: cannot find 'USEC_PER_SEC' in scope
134 |
135 |         var request = URLRequest(url: URL(string: "https://api.mixpanel.com/import")!)
/host/spi-builder-workspace/.build/checkouts/Wand/Sources/Wand/Core/Core.swift:135:23: error: cannot find 'URLRequest' in scope
133 |         let usec = time * USEC_PER_SEC|
134 |
135 |         var request = URLRequest(url: URL(string: "https://api.mixpanel.com/import")!)
    |                       `- error: cannot find 'URLRequest' in scope
136 |         request.httpMethod = "POST"
137 |         request.addValue("application/json", forHTTPHeaderField: "Content-Type")
/host/spi-builder-workspace/.build/checkouts/Wand/Sources/Wand/Core/Core.swift:151:9: error: 'URLSession' (aka 'AnyObject') cannot be constructed because it has no accessible initializers
149 |         ])
150 |
151 |         URLSession(configuration: .default).dataTask(with: request).resume()
    |         `- error: 'URLSession' (aka 'AnyObject') cannot be constructed because it has no accessible initializers
152 |     }
153 |
/host/spi-builder-workspace/.build/checkouts/Wand/Sources/Wand/Core/Core.swift:151:36: error: cannot infer contextual base in reference to member 'default'
149 |         ])
150 |
151 |         URLSession(configuration: .default).dataTask(with: request).resume()
    |                                    `- error: cannot infer contextual base in reference to member 'default'
152 |     }
153 |
[44/45] Compiling Wand Ask.swift
/host/spi-builder-workspace/.build/checkouts/Wand/Sources/Wand/Core/Core.swift:133:27: error: cannot find 'USEC_PER_SEC' in scope
131 |
132 |         let time: Int = Date().timeIntervalSince1970|
133 |         let usec = time * USEC_PER_SEC|
    |                           `- error: cannot find 'USEC_PER_SEC' in scope
134 |
135 |         var request = URLRequest(url: URL(string: "https://api.mixpanel.com/import")!)
/host/spi-builder-workspace/.build/checkouts/Wand/Sources/Wand/Core/Core.swift:135:23: error: cannot find 'URLRequest' in scope
133 |         let usec = time * USEC_PER_SEC|
134 |
135 |         var request = URLRequest(url: URL(string: "https://api.mixpanel.com/import")!)
    |                       `- error: cannot find 'URLRequest' in scope
136 |         request.httpMethod = "POST"
137 |         request.addValue("application/json", forHTTPHeaderField: "Content-Type")
/host/spi-builder-workspace/.build/checkouts/Wand/Sources/Wand/Core/Core.swift:151:9: error: 'URLSession' (aka 'AnyObject') cannot be constructed because it has no accessible initializers
149 |         ])
150 |
151 |         URLSession(configuration: .default).dataTask(with: request).resume()
    |         `- error: 'URLSession' (aka 'AnyObject') cannot be constructed because it has no accessible initializers
152 |     }
153 |
/host/spi-builder-workspace/.build/checkouts/Wand/Sources/Wand/Core/Core.swift:151:36: error: cannot infer contextual base in reference to member 'default'
149 |         ])
150 |
151 |         URLSession(configuration: .default).dataTask(with: request).resume()
    |                                    `- error: cannot infer contextual base in reference to member 'default'
152 |     }
153 |
[45/45] Compiling Wand Core.swift
/host/spi-builder-workspace/.build/checkouts/Wand/Sources/Wand/Core/Core.swift:133:27: error: cannot find 'USEC_PER_SEC' in scope
131 |
132 |         let time: Int = Date().timeIntervalSince1970|
133 |         let usec = time * USEC_PER_SEC|
    |                           `- error: cannot find 'USEC_PER_SEC' in scope
134 |
135 |         var request = URLRequest(url: URL(string: "https://api.mixpanel.com/import")!)
/host/spi-builder-workspace/.build/checkouts/Wand/Sources/Wand/Core/Core.swift:135:23: error: cannot find 'URLRequest' in scope
133 |         let usec = time * USEC_PER_SEC|
134 |
135 |         var request = URLRequest(url: URL(string: "https://api.mixpanel.com/import")!)
    |                       `- error: cannot find 'URLRequest' in scope
136 |         request.httpMethod = "POST"
137 |         request.addValue("application/json", forHTTPHeaderField: "Content-Type")
/host/spi-builder-workspace/.build/checkouts/Wand/Sources/Wand/Core/Core.swift:151:9: error: 'URLSession' (aka 'AnyObject') cannot be constructed because it has no accessible initializers
149 |         ])
150 |
151 |         URLSession(configuration: .default).dataTask(with: request).resume()
    |         `- error: 'URLSession' (aka 'AnyObject') cannot be constructed because it has no accessible initializers
152 |     }
153 |
/host/spi-builder-workspace/.build/checkouts/Wand/Sources/Wand/Core/Core.swift:151:36: error: cannot infer contextual base in reference to member 'default'
149 |         ])
150 |
151 |         URLSession(configuration: .default).dataTask(with: request).resume()
    |                                    `- error: cannot infer contextual base in reference to member 'default'
152 |     }
153 |
BUILD FAILURE 6.3 android