The Swift Package Index logo.Swift Package Index

Build Information

Failed to build UUSwiftNetworking, reference main (4b0c5a), with Swift 6.3 for watchOS using Xcode 26.4 on 23 Oct 2026 11:59:26 UTC.

Build Command

env DEVELOPER_DIR=/Applications/Xcode-26.5.0.app xcrun xcodebuild -IDEClonedSourcePackagesDirPathOverride=$PWD/.dependencies -skipMacroValidation -skipPackagePluginValidation -derivedDataPath $PWD/.derivedData build -scheme UUSwiftNetworking -destination generic/platform=watchOS

Build Log

SwiftCompile normal arm64 /Users/admin/builder/spi-builder-workspace/.dependencies/checkouts/UUSwiftCore/Library/UULocalization.swift (in target 'UUSwiftCore' from project 'UUSwiftCore')
    cd /Users/admin/builder/spi-builder-workspace/.swiftpm/xcode

SwiftCompile normal arm64 /Users/admin/builder/spi-builder-workspace/.dependencies/checkouts/UUSwiftCore/Library/UUNumber.swift (in target 'UUSwiftCore' from project 'UUSwiftCore')
    cd /Users/admin/builder/spi-builder-workspace/.swiftpm/xcode

SwiftCompile normal arm64 /Users/admin/builder/spi-builder-workspace/.dependencies/checkouts/UUSwiftCore/Library/UUObject.swift (in target 'UUSwiftCore' from project 'UUSwiftCore')
    cd /Users/admin/builder/spi-builder-workspace/.swiftpm/xcode

SwiftCompile normal arm64 /Users/admin/builder/spi-builder-workspace/.dependencies/checkouts/UUSwiftCore/Library/UUObjectFactory.swift (in target 'UUSwiftCore' from project 'UUSwiftCore')
    cd /Users/admin/builder/spi-builder-workspace/.swiftpm/xcode

SwiftCompile normal arm64 Compiling\ UUTimeMeasurement.swift,\ UUTimer.swift,\ UUTypeAliases.swift,\ UUURL.swift /Users/admin/builder/spi-builder-workspace/.dependencies/checkouts/UUSwiftCore/Library/UUTimeMeasurement.swift /Users/admin/builder/spi-builder-workspace/.dependencies/checkouts/UUSwiftCore/Library/UUTimer.swift /Users/admin/builder/spi-builder-workspace/.dependencies/checkouts/UUSwiftCore/Library/UUTypeAliases.swift /Users/admin/builder/spi-builder-workspace/.dependencies/checkouts/UUSwiftCore/Library/UUURL.swift (in target 'UUSwiftCore' from project 'UUSwiftCore')
SwiftCompile normal arm64 /Users/admin/builder/spi-builder-workspace/.dependencies/checkouts/UUSwiftCore/Library/UUTimeMeasurement.swift (in target 'UUSwiftCore' from project 'UUSwiftCore')
    cd /Users/admin/builder/spi-builder-workspace/.swiftpm/xcode

SwiftCompile normal arm64 /Users/admin/builder/spi-builder-workspace/.dependencies/checkouts/UUSwiftCore/Library/UUTimer.swift (in target 'UUSwiftCore' from project 'UUSwiftCore')
    cd /Users/admin/builder/spi-builder-workspace/.swiftpm/xcode

SwiftCompile normal arm64 /Users/admin/builder/spi-builder-workspace/.dependencies/checkouts/UUSwiftCore/Library/UUTypeAliases.swift (in target 'UUSwiftCore' from project 'UUSwiftCore')
    cd /Users/admin/builder/spi-builder-workspace/.swiftpm/xcode

SwiftCompile normal arm64 /Users/admin/builder/spi-builder-workspace/.dependencies/checkouts/UUSwiftCore/Library/UUURL.swift (in target 'UUSwiftCore' from project 'UUSwiftCore')
    cd /Users/admin/builder/spi-builder-workspace/.swiftpm/xcode

SwiftCompile normal arm64 Compiling\ UUBase64.swift,\ UUCollection.swift,\ UUColor.swift,\ UUComparable.swift /Users/admin/builder/spi-builder-workspace/.dependencies/checkouts/UUSwiftCore/Library/UUBase64.swift /Users/admin/builder/spi-builder-workspace/.dependencies/checkouts/UUSwiftCore/Library/UUCollection.swift /Users/admin/builder/spi-builder-workspace/.dependencies/checkouts/UUSwiftCore/Library/UUColor.swift /Users/admin/builder/spi-builder-workspace/.dependencies/checkouts/UUSwiftCore/Library/UUComparable.swift (in target 'UUSwiftCore' from project 'UUSwiftCore')
SwiftCompile normal arm64 /Users/admin/builder/spi-builder-workspace/.dependencies/checkouts/UUSwiftCore/Library/UUBase64.swift (in target 'UUSwiftCore' from project 'UUSwiftCore')
    cd /Users/admin/builder/spi-builder-workspace/.swiftpm/xcode

SwiftCompile normal arm64 /Users/admin/builder/spi-builder-workspace/.dependencies/checkouts/UUSwiftCore/Library/UUCollection.swift (in target 'UUSwiftCore' from project 'UUSwiftCore')
    cd /Users/admin/builder/spi-builder-workspace/.swiftpm/xcode

SwiftCompile normal arm64 /Users/admin/builder/spi-builder-workspace/.dependencies/checkouts/UUSwiftCore/Library/UUColor.swift (in target 'UUSwiftCore' from project 'UUSwiftCore')
    cd /Users/admin/builder/spi-builder-workspace/.swiftpm/xcode

SwiftCompile normal arm64 /Users/admin/builder/spi-builder-workspace/.dependencies/checkouts/UUSwiftCore/Library/UUComparable.swift (in target 'UUSwiftCore' from project 'UUSwiftCore')
    cd /Users/admin/builder/spi-builder-workspace/.swiftpm/xcode

SwiftCompile normal arm64 Compiling\ resource_bundle_accessor.swift,\ UUConsoleLogWriter.swift,\ UULog.swift,\ UULogLevel.swift,\ UULogWriter.swift /Users/admin/builder/spi-builder-workspace/.derivedData/Build/Intermediates.noindex/UUSwiftCore.build/Debug-watchos/UUSwiftCore.build/DerivedSources/resource_bundle_accessor.swift /Users/admin/builder/spi-builder-workspace/.dependencies/checkouts/UUSwiftCore/Library/Logging/UUConsoleLogWriter.swift /Users/admin/builder/spi-builder-workspace/.dependencies/checkouts/UUSwiftCore/Library/Logging/UULog.swift /Users/admin/builder/spi-builder-workspace/.dependencies/checkouts/UUSwiftCore/Library/Logging/UULogLevel.swift /Users/admin/builder/spi-builder-workspace/.dependencies/checkouts/UUSwiftCore/Library/Logging/UULogWriter.swift (in target 'UUSwiftCore' from project 'UUSwiftCore')
SwiftCompile normal arm64 /Users/admin/builder/spi-builder-workspace/.derivedData/Build/Intermediates.noindex/UUSwiftCore.build/Debug-watchos/UUSwiftCore.build/DerivedSources/resource_bundle_accessor.swift (in target 'UUSwiftCore' from project 'UUSwiftCore')
    cd /Users/admin/builder/spi-builder-workspace/.swiftpm/xcode

SwiftCompile normal arm64 /Users/admin/builder/spi-builder-workspace/.dependencies/checkouts/UUSwiftCore/Library/Logging/UUConsoleLogWriter.swift (in target 'UUSwiftCore' from project 'UUSwiftCore')
    cd /Users/admin/builder/spi-builder-workspace/.swiftpm/xcode

SwiftCompile normal arm64 /Users/admin/builder/spi-builder-workspace/.dependencies/checkouts/UUSwiftCore/Library/Logging/UULog.swift (in target 'UUSwiftCore' from project 'UUSwiftCore')
    cd /Users/admin/builder/spi-builder-workspace/.swiftpm/xcode

SwiftCompile normal arm64 /Users/admin/builder/spi-builder-workspace/.dependencies/checkouts/UUSwiftCore/Library/Logging/UULogLevel.swift (in target 'UUSwiftCore' from project 'UUSwiftCore')
    cd /Users/admin/builder/spi-builder-workspace/.swiftpm/xcode

SwiftCompile normal arm64 /Users/admin/builder/spi-builder-workspace/.dependencies/checkouts/UUSwiftCore/Library/Logging/UULogWriter.swift (in target 'UUSwiftCore' from project 'UUSwiftCore')
    cd /Users/admin/builder/spi-builder-workspace/.swiftpm/xcode

SwiftCompile normal arm64 Compiling\ UULogger+Ext.swift,\ UULogger.swift,\ UUPrintLogWriter.swift,\ UUCryptoError.swift /Users/admin/builder/spi-builder-workspace/.dependencies/checkouts/UUSwiftCore/Library/Logging/UULogger+Ext.swift /Users/admin/builder/spi-builder-workspace/.dependencies/checkouts/UUSwiftCore/Library/Logging/UULogger.swift /Users/admin/builder/spi-builder-workspace/.dependencies/checkouts/UUSwiftCore/Library/Logging/UUPrintLogWriter.swift /Users/admin/builder/spi-builder-workspace/.dependencies/checkouts/UUSwiftCore/Library/Security/Errors/UUCryptoError.swift (in target 'UUSwiftCore' from project 'UUSwiftCore')
SwiftCompile normal arm64 /Users/admin/builder/spi-builder-workspace/.dependencies/checkouts/UUSwiftCore/Library/Logging/UULogger+Ext.swift (in target 'UUSwiftCore' from project 'UUSwiftCore')
    cd /Users/admin/builder/spi-builder-workspace/.swiftpm/xcode

SwiftCompile normal arm64 /Users/admin/builder/spi-builder-workspace/.dependencies/checkouts/UUSwiftCore/Library/Logging/UULogger.swift (in target 'UUSwiftCore' from project 'UUSwiftCore')
    cd /Users/admin/builder/spi-builder-workspace/.swiftpm/xcode

SwiftCompile normal arm64 /Users/admin/builder/spi-builder-workspace/.dependencies/checkouts/UUSwiftCore/Library/Logging/UUPrintLogWriter.swift (in target 'UUSwiftCore' from project 'UUSwiftCore')
    cd /Users/admin/builder/spi-builder-workspace/.swiftpm/xcode

SwiftCompile normal arm64 /Users/admin/builder/spi-builder-workspace/.dependencies/checkouts/UUSwiftCore/Library/Security/Errors/UUCryptoError.swift (in target 'UUSwiftCore' from project 'UUSwiftCore')
    cd /Users/admin/builder/spi-builder-workspace/.swiftpm/xcode

SwiftCompile normal arm64 Compiling\ UUKeyStoreError.swift,\ UUKeychainError.swift,\ UUCrypto.swift,\ UUEncryptedKeychain.swift /Users/admin/builder/spi-builder-workspace/.dependencies/checkouts/UUSwiftCore/Library/Security/Errors/UUKeyStoreError.swift /Users/admin/builder/spi-builder-workspace/.dependencies/checkouts/UUSwiftCore/Library/Security/Errors/UUKeychainError.swift /Users/admin/builder/spi-builder-workspace/.dependencies/checkouts/UUSwiftCore/Library/Security/UUCrypto.swift /Users/admin/builder/spi-builder-workspace/.dependencies/checkouts/UUSwiftCore/Library/Security/UUEncryptedKeychain.swift (in target 'UUSwiftCore' from project 'UUSwiftCore')
SwiftCompile normal arm64 /Users/admin/builder/spi-builder-workspace/.dependencies/checkouts/UUSwiftCore/Library/Security/Errors/UUKeyStoreError.swift (in target 'UUSwiftCore' from project 'UUSwiftCore')
    cd /Users/admin/builder/spi-builder-workspace/.swiftpm/xcode

SwiftCompile normal arm64 /Users/admin/builder/spi-builder-workspace/.dependencies/checkouts/UUSwiftCore/Library/Security/Errors/UUKeychainError.swift (in target 'UUSwiftCore' from project 'UUSwiftCore')
    cd /Users/admin/builder/spi-builder-workspace/.swiftpm/xcode

SwiftCompile normal arm64 /Users/admin/builder/spi-builder-workspace/.dependencies/checkouts/UUSwiftCore/Library/Security/UUCrypto.swift (in target 'UUSwiftCore' from project 'UUSwiftCore')
    cd /Users/admin/builder/spi-builder-workspace/.swiftpm/xcode

SwiftCompile normal arm64 /Users/admin/builder/spi-builder-workspace/.dependencies/checkouts/UUSwiftCore/Library/Security/UUEncryptedKeychain.swift (in target 'UUSwiftCore' from project 'UUSwiftCore')
    cd /Users/admin/builder/spi-builder-workspace/.swiftpm/xcode

SwiftCompile normal arm64 Compiling\ UURandom.swift,\ UUResult.swift,\ UUString.swift,\ UUSwiftCore.swift /Users/admin/builder/spi-builder-workspace/.dependencies/checkouts/UUSwiftCore/Library/UURandom.swift /Users/admin/builder/spi-builder-workspace/.dependencies/checkouts/UUSwiftCore/Library/UUResult.swift /Users/admin/builder/spi-builder-workspace/.dependencies/checkouts/UUSwiftCore/Library/UUString.swift /Users/admin/builder/spi-builder-workspace/.dependencies/checkouts/UUSwiftCore/Library/UUSwiftCore.swift (in target 'UUSwiftCore' from project 'UUSwiftCore')
SwiftCompile normal arm64 /Users/admin/builder/spi-builder-workspace/.dependencies/checkouts/UUSwiftCore/Library/UURandom.swift (in target 'UUSwiftCore' from project 'UUSwiftCore')
    cd /Users/admin/builder/spi-builder-workspace/.swiftpm/xcode

SwiftCompile normal arm64 /Users/admin/builder/spi-builder-workspace/.dependencies/checkouts/UUSwiftCore/Library/UUResult.swift (in target 'UUSwiftCore' from project 'UUSwiftCore')
    cd /Users/admin/builder/spi-builder-workspace/.swiftpm/xcode

SwiftCompile normal arm64 /Users/admin/builder/spi-builder-workspace/.dependencies/checkouts/UUSwiftCore/Library/UUString.swift (in target 'UUSwiftCore' from project 'UUSwiftCore')
    cd /Users/admin/builder/spi-builder-workspace/.swiftpm/xcode

SwiftCompile normal arm64 /Users/admin/builder/spi-builder-workspace/.dependencies/checkouts/UUSwiftCore/Library/UUSwiftCore.swift (in target 'UUSwiftCore' from project 'UUSwiftCore')
    cd /Users/admin/builder/spi-builder-workspace/.swiftpm/xcode

SwiftEmitModule normal armv7k Emitting\ module\ for\ UUSwiftCore (in target 'UUSwiftCore' from project 'UUSwiftCore')
EmitSwiftModule normal armv7k (in target 'UUSwiftCore' from project 'UUSwiftCore')
    cd /Users/admin/builder/spi-builder-workspace/.swiftpm/xcode

SwiftEmitModule normal arm64_32 Emitting\ module\ for\ UUSwiftCore (in target 'UUSwiftCore' from project 'UUSwiftCore')
EmitSwiftModule normal arm64_32 (in target 'UUSwiftCore' from project 'UUSwiftCore')
    cd /Users/admin/builder/spi-builder-workspace/.swiftpm/xcode

SwiftDriverJobDiscovery normal arm64 Emitting module for UUSwiftCore (in target 'UUSwiftCore' from project 'UUSwiftCore')
SwiftDriver\ Compilation\ Requirements UUSwiftCore normal arm64 com.apple.xcode.tools.swift.compiler (in target 'UUSwiftCore' from project 'UUSwiftCore')
    cd /Users/admin/builder/spi-builder-workspace/.swiftpm/xcode
    builtin-Swift-Compilation-Requirements -- /Applications/Xcode-26.5.0.app/Contents/Developer/Toolchains/XcodeDefault.xctoolchain/usr/bin/swiftc -module-name UUSwiftCore -Onone @/Users/admin/builder/spi-builder-workspace/.derivedData/Build/Intermediates.noindex/UUSwiftCore.build/Debug-watchos/UUSwiftCore.build/Objects-normal/arm64/UUSwiftCore.SwiftFileList -DSWIFT_PACKAGE -DDEBUG -DSWIFT_MODULE_RESOURCE_BUNDLE_AVAILABLE -DXcode -plugin-path /Applications/Xcode-26.5.0.app/Contents/Developer/Toolchains/XcodeDefault.xctoolchain/usr/lib/swift/host/plugins/testing -enable-experimental-feature DebugDescriptionMacro -sdk /Applications/Xcode-26.5.0.app/Contents/Developer/Platforms/WatchOS.platform/Developer/SDKs/WatchOS26.5.sdk -target arm64-apple-watchos8.0 -g -module-cache-path /Users/admin/builder/spi-builder-workspace/.derivedData/ModuleCache.noindex -Xfrontend -serialize-debugging-options -profile-coverage-mapping -profile-generate -enable-testing -suppress-warnings -index-store-path /Users/admin/builder/spi-builder-workspace/.derivedData/Index.noindex/DataStore -Xcc -D_LIBCPP_HARDENING_MODE\=_LIBCPP_HARDENING_MODE_DEBUG -swift-version 6 -I /Users/admin/builder/spi-builder-workspace/.derivedData/Build/Products/Debug-watchos -Isystem /Applications/Xcode-26.5.0.app/Contents/Developer/Platforms/WatchOS.platform/Developer/usr/lib -F /Users/admin/builder/spi-builder-workspace/.derivedData/Build/Products/Debug-watchos -F /Applications/Xcode-26.5.0.app/Contents/Developer/Platforms/WatchOS.platform/Developer/Library/Frameworks -F /Applications/Xcode-26.5.0.app/Contents/Developer/Platforms/WatchOS.platform/Developer/SDKs/WatchOS26.5.sdk/Developer/Library/Frameworks -c -j10 -enable-batch-mode -incremental -Xcc -ivfsstatcache -Xcc /Users/admin/builder/spi-builder-workspace/.derivedData/SDKStatCaches.noindex/watchos26.5-23T570-688ef53f1462e2c8f657fdc38a81448f7931b973dfc65d9472806dbbc3af9379.sdkstatcache -output-file-map /Users/admin/builder/spi-builder-workspace/.derivedData/Build/Intermediates.noindex/UUSwiftCore.build/Debug-watchos/UUSwiftCore.build/Objects-normal/arm64/UUSwiftCore-OutputFileMap.json -use-frontend-parseable-output -save-temps -no-color-diagnostics -explicit-module-build -module-cache-path /Users/admin/builder/spi-builder-workspace/.derivedData/Build/Intermediates.noindex/SwiftExplicitPrecompiledModules -clang-scanner-module-cache-path /Users/admin/builder/spi-builder-workspace/.derivedData/ModuleCache.noindex -sdk-module-cache-path /Users/admin/builder/spi-builder-workspace/.derivedData/ModuleCache.noindex -serialize-diagnostics -emit-dependencies -emit-module -emit-module-path /Users/admin/builder/spi-builder-workspace/.derivedData/Build/Intermediates.noindex/UUSwiftCore.build/Debug-watchos/UUSwiftCore.build/Objects-normal/arm64/UUSwiftCore.swiftmodule -user-module-version 1.7.2 -validate-clang-modules-once -clang-build-session-file /Users/admin/builder/spi-builder-workspace/.derivedData/ModuleCache.noindex/Session.modulevalidation -package-name uuswiftcore -Xcc -I/Users/admin/builder/spi-builder-workspace/.derivedData/Build/Intermediates.noindex/UUSwiftCore.build/Debug-watchos/UUSwiftCore.build/swift-overrides.hmap -emit-const-values -Xfrontend -const-gather-protocols-file -Xfrontend /Users/admin/builder/spi-builder-workspace/.derivedData/Build/Intermediates.noindex/UUSwiftCore.build/Debug-watchos/UUSwiftCore.build/Objects-normal/arm64/UUSwiftCore_const_extract_protocols.json -Xcc -I/Users/admin/builder/spi-builder-workspace/.derivedData/Build/Products/Debug-watchos/include -Xcc -I/Users/admin/builder/spi-builder-workspace/.derivedData/Build/Intermediates.noindex/UUSwiftCore.build/Debug-watchos/UUSwiftCore.build/DerivedSources-normal/arm64 -Xcc -I/Users/admin/builder/spi-builder-workspace/.derivedData/Build/Intermediates.noindex/UUSwiftCore.build/Debug-watchos/UUSwiftCore.build/DerivedSources/arm64 -Xcc -I/Users/admin/builder/spi-builder-workspace/.derivedData/Build/Intermediates.noindex/UUSwiftCore.build/Debug-watchos/UUSwiftCore.build/DerivedSources -Xcc -DSWIFT_PACKAGE -Xcc -DDEBUG\=1 -emit-objc-header -emit-objc-header-path /Users/admin/builder/spi-builder-workspace/.derivedData/Build/Intermediates.noindex/UUSwiftCore.build/Debug-watchos/UUSwiftCore.build/Objects-normal/arm64/UUSwiftCore-Swift.h -working-directory /Users/admin/builder/spi-builder-workspace/.swiftpm/xcode -experimental-emit-module-separately -disable-cmo
SwiftDriverJobDiscovery normal armv7k Emitting module for UUSwiftCore (in target 'UUSwiftCore' from project 'UUSwiftCore')
SwiftDriver\ Compilation\ Requirements UUSwiftCore normal armv7k com.apple.xcode.tools.swift.compiler (in target 'UUSwiftCore' from project 'UUSwiftCore')
    cd /Users/admin/builder/spi-builder-workspace/.swiftpm/xcode
    builtin-Swift-Compilation-Requirements -- /Applications/Xcode-26.5.0.app/Contents/Developer/Toolchains/XcodeDefault.xctoolchain/usr/bin/swiftc -module-name UUSwiftCore -Onone @/Users/admin/builder/spi-builder-workspace/.derivedData/Build/Intermediates.noindex/UUSwiftCore.build/Debug-watchos/UUSwiftCore.build/Objects-normal/armv7k/UUSwiftCore.SwiftFileList -DSWIFT_PACKAGE -DDEBUG -DSWIFT_MODULE_RESOURCE_BUNDLE_AVAILABLE -DXcode -plugin-path /Applications/Xcode-26.5.0.app/Contents/Developer/Toolchains/XcodeDefault.xctoolchain/usr/lib/swift/host/plugins/testing -enable-experimental-feature DebugDescriptionMacro -sdk /Applications/Xcode-26.5.0.app/Contents/Developer/Platforms/WatchOS.platform/Developer/SDKs/WatchOS26.5.sdk -target armv7k-apple-watchos8.0 -g -module-cache-path /Users/admin/builder/spi-builder-workspace/.derivedData/ModuleCache.noindex -Xfrontend -serialize-debugging-options -profile-coverage-mapping -profile-generate -enable-testing -suppress-warnings -index-store-path /Users/admin/builder/spi-builder-workspace/.derivedData/Index.noindex/DataStore -Xcc -D_LIBCPP_HARDENING_MODE\=_LIBCPP_HARDENING_MODE_DEBUG -swift-version 6 -I /Users/admin/builder/spi-builder-workspace/.derivedData/Build/Products/Debug-watchos -Isystem /Applications/Xcode-26.5.0.app/Contents/Developer/Platforms/WatchOS.platform/Developer/usr/lib -F /Users/admin/builder/spi-builder-workspace/.derivedData/Build/Products/Debug-watchos -F /Applications/Xcode-26.5.0.app/Contents/Developer/Platforms/WatchOS.platform/Developer/Library/Frameworks -F /Applications/Xcode-26.5.0.app/Contents/Developer/Platforms/WatchOS.platform/Developer/SDKs/WatchOS26.5.sdk/Developer/Library/Frameworks -c -j10 -enable-batch-mode -incremental -Xcc -ivfsstatcache -Xcc /Users/admin/builder/spi-builder-workspace/.derivedData/SDKStatCaches.noindex/watchos26.5-23T570-688ef53f1462e2c8f657fdc38a81448f7931b973dfc65d9472806dbbc3af9379.sdkstatcache -output-file-map /Users/admin/builder/spi-builder-workspace/.derivedData/Build/Intermediates.noindex/UUSwiftCore.build/Debug-watchos/UUSwiftCore.build/Objects-normal/armv7k/UUSwiftCore-OutputFileMap.json -use-frontend-parseable-output -save-temps -no-color-diagnostics -explicit-module-build -module-cache-path /Users/admin/builder/spi-builder-workspace/.derivedData/Build/Intermediates.noindex/SwiftExplicitPrecompiledModules -clang-scanner-module-cache-path /Users/admin/builder/spi-builder-workspace/.derivedData/ModuleCache.noindex -sdk-module-cache-path /Users/admin/builder/spi-builder-workspace/.derivedData/ModuleCache.noindex -serialize-diagnostics -emit-dependencies -emit-module -emit-module-path /Users/admin/builder/spi-builder-workspace/.derivedData/Build/Intermediates.noindex/UUSwiftCore.build/Debug-watchos/UUSwiftCore.build/Objects-normal/armv7k/UUSwiftCore.swiftmodule -user-module-version 1.7.2 -validate-clang-modules-once -clang-build-session-file /Users/admin/builder/spi-builder-workspace/.derivedData/ModuleCache.noindex/Session.modulevalidation -package-name uuswiftcore -Xcc -I/Users/admin/builder/spi-builder-workspace/.derivedData/Build/Intermediates.noindex/UUSwiftCore.build/Debug-watchos/UUSwiftCore.build/swift-overrides.hmap -emit-const-values -Xfrontend -const-gather-protocols-file -Xfrontend /Users/admin/builder/spi-builder-workspace/.derivedData/Build/Intermediates.noindex/UUSwiftCore.build/Debug-watchos/UUSwiftCore.build/Objects-normal/armv7k/UUSwiftCore_const_extract_protocols.json -Xcc -I/Users/admin/builder/spi-builder-workspace/.derivedData/Build/Products/Debug-watchos/include -Xcc -I/Users/admin/builder/spi-builder-workspace/.derivedData/Build/Intermediates.noindex/UUSwiftCore.build/Debug-watchos/UUSwiftCore.build/DerivedSources-normal/armv7k -Xcc -I/Users/admin/builder/spi-builder-workspace/.derivedData/Build/Intermediates.noindex/UUSwiftCore.build/Debug-watchos/UUSwiftCore.build/DerivedSources/armv7k -Xcc -I/Users/admin/builder/spi-builder-workspace/.derivedData/Build/Intermediates.noindex/UUSwiftCore.build/Debug-watchos/UUSwiftCore.build/DerivedSources -Xcc -DSWIFT_PACKAGE -Xcc -DDEBUG\=1 -emit-objc-header -emit-objc-header-path /Users/admin/builder/spi-builder-workspace/.derivedData/Build/Intermediates.noindex/UUSwiftCore.build/Debug-watchos/UUSwiftCore.build/Objects-normal/armv7k/UUSwiftCore-Swift.h -working-directory /Users/admin/builder/spi-builder-workspace/.swiftpm/xcode -experimental-emit-module-separately -disable-cmo
Copy /Users/admin/builder/spi-builder-workspace/.derivedData/Build/Products/Debug-watchos/UUSwiftCore.swiftmodule/arm64-apple-watchos.swiftmodule /Users/admin/builder/spi-builder-workspace/.derivedData/Build/Intermediates.noindex/UUSwiftCore.build/Debug-watchos/UUSwiftCore.build/Objects-normal/arm64/UUSwiftCore.swiftmodule (in target 'UUSwiftCore' from project 'UUSwiftCore')
    cd /Users/admin/builder/spi-builder-workspace/.dependencies/checkouts/UUSwiftCore
    builtin-copy -exclude .DS_Store -exclude CVS -exclude .svn -exclude .git -exclude .hg -resolve-src-symlinks -rename /Users/admin/builder/spi-builder-workspace/.derivedData/Build/Intermediates.noindex/UUSwiftCore.build/Debug-watchos/UUSwiftCore.build/Objects-normal/arm64/UUSwiftCore.swiftmodule /Users/admin/builder/spi-builder-workspace/.derivedData/Build/Products/Debug-watchos/UUSwiftCore.swiftmodule/arm64-apple-watchos.swiftmodule
Copy /Users/admin/builder/spi-builder-workspace/.derivedData/Build/Products/Debug-watchos/UUSwiftCore.swiftmodule/armv7k-apple-watchos.swiftmodule /Users/admin/builder/spi-builder-workspace/.derivedData/Build/Intermediates.noindex/UUSwiftCore.build/Debug-watchos/UUSwiftCore.build/Objects-normal/armv7k/UUSwiftCore.swiftmodule (in target 'UUSwiftCore' from project 'UUSwiftCore')
    cd /Users/admin/builder/spi-builder-workspace/.dependencies/checkouts/UUSwiftCore
    builtin-copy -exclude .DS_Store -exclude CVS -exclude .svn -exclude .git -exclude .hg -resolve-src-symlinks -rename /Users/admin/builder/spi-builder-workspace/.derivedData/Build/Intermediates.noindex/UUSwiftCore.build/Debug-watchos/UUSwiftCore.build/Objects-normal/armv7k/UUSwiftCore.swiftmodule /Users/admin/builder/spi-builder-workspace/.derivedData/Build/Products/Debug-watchos/UUSwiftCore.swiftmodule/armv7k-apple-watchos.swiftmodule
Copy /Users/admin/builder/spi-builder-workspace/.derivedData/Build/Products/Debug-watchos/UUSwiftCore.swiftmodule/armv7k-apple-watchos.swiftdoc /Users/admin/builder/spi-builder-workspace/.derivedData/Build/Intermediates.noindex/UUSwiftCore.build/Debug-watchos/UUSwiftCore.build/Objects-normal/armv7k/UUSwiftCore.swiftdoc (in target 'UUSwiftCore' from project 'UUSwiftCore')
    cd /Users/admin/builder/spi-builder-workspace/.dependencies/checkouts/UUSwiftCore
    builtin-copy -exclude .DS_Store -exclude CVS -exclude .svn -exclude .git -exclude .hg -resolve-src-symlinks -rename /Users/admin/builder/spi-builder-workspace/.derivedData/Build/Intermediates.noindex/UUSwiftCore.build/Debug-watchos/UUSwiftCore.build/Objects-normal/armv7k/UUSwiftCore.swiftdoc /Users/admin/builder/spi-builder-workspace/.derivedData/Build/Products/Debug-watchos/UUSwiftCore.swiftmodule/armv7k-apple-watchos.swiftdoc
Copy /Users/admin/builder/spi-builder-workspace/.derivedData/Build/Products/Debug-watchos/UUSwiftCore.swiftmodule/armv7k-apple-watchos.abi.json /Users/admin/builder/spi-builder-workspace/.derivedData/Build/Intermediates.noindex/UUSwiftCore.build/Debug-watchos/UUSwiftCore.build/Objects-normal/armv7k/UUSwiftCore.abi.json (in target 'UUSwiftCore' from project 'UUSwiftCore')
    cd /Users/admin/builder/spi-builder-workspace/.dependencies/checkouts/UUSwiftCore
    builtin-copy -exclude .DS_Store -exclude CVS -exclude .svn -exclude .git -exclude .hg -resolve-src-symlinks -rename /Users/admin/builder/spi-builder-workspace/.derivedData/Build/Intermediates.noindex/UUSwiftCore.build/Debug-watchos/UUSwiftCore.build/Objects-normal/armv7k/UUSwiftCore.abi.json /Users/admin/builder/spi-builder-workspace/.derivedData/Build/Products/Debug-watchos/UUSwiftCore.swiftmodule/armv7k-apple-watchos.abi.json
Copy /Users/admin/builder/spi-builder-workspace/.derivedData/Build/Products/Debug-watchos/UUSwiftCore.swiftmodule/arm64-apple-watchos.swiftdoc /Users/admin/builder/spi-builder-workspace/.derivedData/Build/Intermediates.noindex/UUSwiftCore.build/Debug-watchos/UUSwiftCore.build/Objects-normal/arm64/UUSwiftCore.swiftdoc (in target 'UUSwiftCore' from project 'UUSwiftCore')
    cd /Users/admin/builder/spi-builder-workspace/.dependencies/checkouts/UUSwiftCore
    builtin-copy -exclude .DS_Store -exclude CVS -exclude .svn -exclude .git -exclude .hg -resolve-src-symlinks -rename /Users/admin/builder/spi-builder-workspace/.derivedData/Build/Intermediates.noindex/UUSwiftCore.build/Debug-watchos/UUSwiftCore.build/Objects-normal/arm64/UUSwiftCore.swiftdoc /Users/admin/builder/spi-builder-workspace/.derivedData/Build/Products/Debug-watchos/UUSwiftCore.swiftmodule/arm64-apple-watchos.swiftdoc
Copy /Users/admin/builder/spi-builder-workspace/.derivedData/Build/Products/Debug-watchos/UUSwiftCore.swiftmodule/arm64-apple-watchos.abi.json /Users/admin/builder/spi-builder-workspace/.derivedData/Build/Intermediates.noindex/UUSwiftCore.build/Debug-watchos/UUSwiftCore.build/Objects-normal/arm64/UUSwiftCore.abi.json (in target 'UUSwiftCore' from project 'UUSwiftCore')
    cd /Users/admin/builder/spi-builder-workspace/.dependencies/checkouts/UUSwiftCore
    builtin-copy -exclude .DS_Store -exclude CVS -exclude .svn -exclude .git -exclude .hg -resolve-src-symlinks -rename /Users/admin/builder/spi-builder-workspace/.derivedData/Build/Intermediates.noindex/UUSwiftCore.build/Debug-watchos/UUSwiftCore.build/Objects-normal/arm64/UUSwiftCore.abi.json /Users/admin/builder/spi-builder-workspace/.derivedData/Build/Products/Debug-watchos/UUSwiftCore.swiftmodule/arm64-apple-watchos.abi.json
Copy /Users/admin/builder/spi-builder-workspace/.derivedData/Build/Products/Debug-watchos/UUSwiftCore.swiftmodule/Project/armv7k-apple-watchos.swiftsourceinfo /Users/admin/builder/spi-builder-workspace/.derivedData/Build/Intermediates.noindex/UUSwiftCore.build/Debug-watchos/UUSwiftCore.build/Objects-normal/armv7k/UUSwiftCore.swiftsourceinfo (in target 'UUSwiftCore' from project 'UUSwiftCore')
    cd /Users/admin/builder/spi-builder-workspace/.dependencies/checkouts/UUSwiftCore
    builtin-copy -exclude .DS_Store -exclude CVS -exclude .svn -exclude .git -exclude .hg -resolve-src-symlinks -rename /Users/admin/builder/spi-builder-workspace/.derivedData/Build/Intermediates.noindex/UUSwiftCore.build/Debug-watchos/UUSwiftCore.build/Objects-normal/armv7k/UUSwiftCore.swiftsourceinfo /Users/admin/builder/spi-builder-workspace/.derivedData/Build/Products/Debug-watchos/UUSwiftCore.swiftmodule/Project/armv7k-apple-watchos.swiftsourceinfo
Copy /Users/admin/builder/spi-builder-workspace/.derivedData/Build/Products/Debug-watchos/UUSwiftCore.swiftmodule/Project/arm64-apple-watchos.swiftsourceinfo /Users/admin/builder/spi-builder-workspace/.derivedData/Build/Intermediates.noindex/UUSwiftCore.build/Debug-watchos/UUSwiftCore.build/Objects-normal/arm64/UUSwiftCore.swiftsourceinfo (in target 'UUSwiftCore' from project 'UUSwiftCore')
    cd /Users/admin/builder/spi-builder-workspace/.dependencies/checkouts/UUSwiftCore
    builtin-copy -exclude .DS_Store -exclude CVS -exclude .svn -exclude .git -exclude .hg -resolve-src-symlinks -rename /Users/admin/builder/spi-builder-workspace/.derivedData/Build/Intermediates.noindex/UUSwiftCore.build/Debug-watchos/UUSwiftCore.build/Objects-normal/arm64/UUSwiftCore.swiftsourceinfo /Users/admin/builder/spi-builder-workspace/.derivedData/Build/Products/Debug-watchos/UUSwiftCore.swiftmodule/Project/arm64-apple-watchos.swiftsourceinfo
SwiftCompile normal armv7k Compiling\ UUKeyStore.swift,\ UUKeychain.swift,\ UUSecurity.swift,\ UUArray.swift /Users/admin/builder/spi-builder-workspace/.dependencies/checkouts/UUSwiftCore/Library/Security/UUKeyStore.swift /Users/admin/builder/spi-builder-workspace/.dependencies/checkouts/UUSwiftCore/Library/Security/UUKeychain.swift /Users/admin/builder/spi-builder-workspace/.dependencies/checkouts/UUSwiftCore/Library/Security/UUSecurity.swift /Users/admin/builder/spi-builder-workspace/.dependencies/checkouts/UUSwiftCore/Library/UUArray.swift (in target 'UUSwiftCore' from project 'UUSwiftCore')
SwiftCompile normal armv7k /Users/admin/builder/spi-builder-workspace/.dependencies/checkouts/UUSwiftCore/Library/Security/UUKeyStore.swift (in target 'UUSwiftCore' from project 'UUSwiftCore')
    cd /Users/admin/builder/spi-builder-workspace/.swiftpm/xcode

SwiftCompile normal armv7k /Users/admin/builder/spi-builder-workspace/.dependencies/checkouts/UUSwiftCore/Library/Security/UUKeychain.swift (in target 'UUSwiftCore' from project 'UUSwiftCore')
    cd /Users/admin/builder/spi-builder-workspace/.swiftpm/xcode

SwiftCompile normal armv7k /Users/admin/builder/spi-builder-workspace/.dependencies/checkouts/UUSwiftCore/Library/Security/UUSecurity.swift (in target 'UUSwiftCore' from project 'UUSwiftCore')
    cd /Users/admin/builder/spi-builder-workspace/.swiftpm/xcode

SwiftCompile normal armv7k /Users/admin/builder/spi-builder-workspace/.dependencies/checkouts/UUSwiftCore/Library/UUArray.swift (in target 'UUSwiftCore' from project 'UUSwiftCore')
    cd /Users/admin/builder/spi-builder-workspace/.swiftpm/xcode

SwiftCompile normal armv7k Compiling\ UUBase64.swift,\ UUCollection.swift,\ UUColor.swift,\ UUComparable.swift /Users/admin/builder/spi-builder-workspace/.dependencies/checkouts/UUSwiftCore/Library/UUBase64.swift /Users/admin/builder/spi-builder-workspace/.dependencies/checkouts/UUSwiftCore/Library/UUCollection.swift /Users/admin/builder/spi-builder-workspace/.dependencies/checkouts/UUSwiftCore/Library/UUColor.swift /Users/admin/builder/spi-builder-workspace/.dependencies/checkouts/UUSwiftCore/Library/UUComparable.swift (in target 'UUSwiftCore' from project 'UUSwiftCore')
SwiftCompile normal armv7k /Users/admin/builder/spi-builder-workspace/.dependencies/checkouts/UUSwiftCore/Library/UUBase64.swift (in target 'UUSwiftCore' from project 'UUSwiftCore')
    cd /Users/admin/builder/spi-builder-workspace/.swiftpm/xcode

SwiftCompile normal armv7k /Users/admin/builder/spi-builder-workspace/.dependencies/checkouts/UUSwiftCore/Library/UUCollection.swift (in target 'UUSwiftCore' from project 'UUSwiftCore')
    cd /Users/admin/builder/spi-builder-workspace/.swiftpm/xcode

SwiftCompile normal armv7k /Users/admin/builder/spi-builder-workspace/.dependencies/checkouts/UUSwiftCore/Library/UUColor.swift (in target 'UUSwiftCore' from project 'UUSwiftCore')
    cd /Users/admin/builder/spi-builder-workspace/.swiftpm/xcode

SwiftCompile normal armv7k /Users/admin/builder/spi-builder-workspace/.dependencies/checkouts/UUSwiftCore/Library/UUComparable.swift (in target 'UUSwiftCore' from project 'UUSwiftCore')
    cd /Users/admin/builder/spi-builder-workspace/.swiftpm/xcode

SwiftDriverJobDiscovery normal arm64 Compiling UUKeyStoreError.swift, UUKeychainError.swift, UUCrypto.swift, UUEncryptedKeychain.swift (in target 'UUSwiftCore' from project 'UUSwiftCore')
SwiftCompile normal arm64_32 Compiling\ UUTimeMeasurement.swift,\ UUTimer.swift,\ UUTypeAliases.swift,\ UUURL.swift /Users/admin/builder/spi-builder-workspace/.dependencies/checkouts/UUSwiftCore/Library/UUTimeMeasurement.swift /Users/admin/builder/spi-builder-workspace/.dependencies/checkouts/UUSwiftCore/Library/UUTimer.swift /Users/admin/builder/spi-builder-workspace/.dependencies/checkouts/UUSwiftCore/Library/UUTypeAliases.swift /Users/admin/builder/spi-builder-workspace/.dependencies/checkouts/UUSwiftCore/Library/UUURL.swift (in target 'UUSwiftCore' from project 'UUSwiftCore')
SwiftCompile normal arm64_32 /Users/admin/builder/spi-builder-workspace/.dependencies/checkouts/UUSwiftCore/Library/UUTimeMeasurement.swift (in target 'UUSwiftCore' from project 'UUSwiftCore')
    cd /Users/admin/builder/spi-builder-workspace/.swiftpm/xcode

SwiftCompile normal arm64_32 /Users/admin/builder/spi-builder-workspace/.dependencies/checkouts/UUSwiftCore/Library/UUTimer.swift (in target 'UUSwiftCore' from project 'UUSwiftCore')
    cd /Users/admin/builder/spi-builder-workspace/.swiftpm/xcode

SwiftCompile normal arm64_32 /Users/admin/builder/spi-builder-workspace/.dependencies/checkouts/UUSwiftCore/Library/UUTypeAliases.swift (in target 'UUSwiftCore' from project 'UUSwiftCore')
    cd /Users/admin/builder/spi-builder-workspace/.swiftpm/xcode

SwiftCompile normal arm64_32 /Users/admin/builder/spi-builder-workspace/.dependencies/checkouts/UUSwiftCore/Library/UUURL.swift (in target 'UUSwiftCore' from project 'UUSwiftCore')
    cd /Users/admin/builder/spi-builder-workspace/.swiftpm/xcode

SwiftDriverJobDiscovery normal arm64_32 Emitting module for UUSwiftCore (in target 'UUSwiftCore' from project 'UUSwiftCore')
SwiftDriver\ Compilation\ Requirements UUSwiftCore normal arm64_32 com.apple.xcode.tools.swift.compiler (in target 'UUSwiftCore' from project 'UUSwiftCore')
    cd /Users/admin/builder/spi-builder-workspace/.swiftpm/xcode
    builtin-Swift-Compilation-Requirements -- /Applications/Xcode-26.5.0.app/Contents/Developer/Toolchains/XcodeDefault.xctoolchain/usr/bin/swiftc -module-name UUSwiftCore -Onone @/Users/admin/builder/spi-builder-workspace/.derivedData/Build/Intermediates.noindex/UUSwiftCore.build/Debug-watchos/UUSwiftCore.build/Objects-normal/arm64_32/UUSwiftCore.SwiftFileList -DSWIFT_PACKAGE -DDEBUG -DSWIFT_MODULE_RESOURCE_BUNDLE_AVAILABLE -DXcode -plugin-path /Applications/Xcode-26.5.0.app/Contents/Developer/Toolchains/XcodeDefault.xctoolchain/usr/lib/swift/host/plugins/testing -enable-experimental-feature DebugDescriptionMacro -sdk /Applications/Xcode-26.5.0.app/Contents/Developer/Platforms/WatchOS.platform/Developer/SDKs/WatchOS26.5.sdk -target arm64_32-apple-watchos8.0 -g -module-cache-path /Users/admin/builder/spi-builder-workspace/.derivedData/ModuleCache.noindex -Xfrontend -serialize-debugging-options -profile-coverage-mapping -profile-generate -enable-testing -suppress-warnings -index-store-path /Users/admin/builder/spi-builder-workspace/.derivedData/Index.noindex/DataStore -Xcc -D_LIBCPP_HARDENING_MODE\=_LIBCPP_HARDENING_MODE_DEBUG -swift-version 6 -I /Users/admin/builder/spi-builder-workspace/.derivedData/Build/Products/Debug-watchos -Isystem /Applications/Xcode-26.5.0.app/Contents/Developer/Platforms/WatchOS.platform/Developer/usr/lib -F /Users/admin/builder/spi-builder-workspace/.derivedData/Build/Products/Debug-watchos -F /Applications/Xcode-26.5.0.app/Contents/Developer/Platforms/WatchOS.platform/Developer/Library/Frameworks -F /Applications/Xcode-26.5.0.app/Contents/Developer/Platforms/WatchOS.platform/Developer/SDKs/WatchOS26.5.sdk/Developer/Library/Frameworks -c -j10 -enable-batch-mode -incremental -Xcc -ivfsstatcache -Xcc /Users/admin/builder/spi-builder-workspace/.derivedData/SDKStatCaches.noindex/watchos26.5-23T570-688ef53f1462e2c8f657fdc38a81448f7931b973dfc65d9472806dbbc3af9379.sdkstatcache -output-file-map /Users/admin/builder/spi-builder-workspace/.derivedData/Build/Intermediates.noindex/UUSwiftCore.build/Debug-watchos/UUSwiftCore.build/Objects-normal/arm64_32/UUSwiftCore-OutputFileMap.json -use-frontend-parseable-output -save-temps -no-color-diagnostics -explicit-module-build -module-cache-path /Users/admin/builder/spi-builder-workspace/.derivedData/Build/Intermediates.noindex/SwiftExplicitPrecompiledModules -clang-scanner-module-cache-path /Users/admin/builder/spi-builder-workspace/.derivedData/ModuleCache.noindex -sdk-module-cache-path /Users/admin/builder/spi-builder-workspace/.derivedData/ModuleCache.noindex -serialize-diagnostics -emit-dependencies -emit-module -emit-module-path /Users/admin/builder/spi-builder-workspace/.derivedData/Build/Intermediates.noindex/UUSwiftCore.build/Debug-watchos/UUSwiftCore.build/Objects-normal/arm64_32/UUSwiftCore.swiftmodule -user-module-version 1.7.2 -validate-clang-modules-once -clang-build-session-file /Users/admin/builder/spi-builder-workspace/.derivedData/ModuleCache.noindex/Session.modulevalidation -package-name uuswiftcore -Xcc -I/Users/admin/builder/spi-builder-workspace/.derivedData/Build/Intermediates.noindex/UUSwiftCore.build/Debug-watchos/UUSwiftCore.build/swift-overrides.hmap -emit-const-values -Xfrontend -const-gather-protocols-file -Xfrontend /Users/admin/builder/spi-builder-workspace/.derivedData/Build/Intermediates.noindex/UUSwiftCore.build/Debug-watchos/UUSwiftCore.build/Objects-normal/arm64_32/UUSwiftCore_const_extract_protocols.json -Xcc -I/Users/admin/builder/spi-builder-workspace/.derivedData/Build/Products/Debug-watchos/include -Xcc -I/Users/admin/builder/spi-builder-workspace/.derivedData/Build/Intermediates.noindex/UUSwiftCore.build/Debug-watchos/UUSwiftCore.build/DerivedSources-normal/arm64_32 -Xcc -I/Users/admin/builder/spi-builder-workspace/.derivedData/Build/Intermediates.noindex/UUSwiftCore.build/Debug-watchos/UUSwiftCore.build/DerivedSources/arm64_32 -Xcc -I/Users/admin/builder/spi-builder-workspace/.derivedData/Build/Intermediates.noindex/UUSwiftCore.build/Debug-watchos/UUSwiftCore.build/DerivedSources -Xcc -DSWIFT_PACKAGE -Xcc -DDEBUG\=1 -emit-objc-header -emit-objc-header-path /Users/admin/builder/spi-builder-workspace/.derivedData/Build/Intermediates.noindex/UUSwiftCore.build/Debug-watchos/UUSwiftCore.build/Objects-normal/arm64_32/UUSwiftCore-Swift.h -working-directory /Users/admin/builder/spi-builder-workspace/.swiftpm/xcode -experimental-emit-module-separately -disable-cmo
SwiftDriverJobDiscovery normal arm64 Compiling UULocalization.swift, UUNumber.swift, UUObject.swift, UUObjectFactory.swift (in target 'UUSwiftCore' from project 'UUSwiftCore')
SwiftCompile normal armv7k Compiling\ UUDate.swift,\ UUDictionary.swift,\ UUJson.swift,\ UUJsonWebToken.swift /Users/admin/builder/spi-builder-workspace/.dependencies/checkouts/UUSwiftCore/Library/UUDate.swift /Users/admin/builder/spi-builder-workspace/.dependencies/checkouts/UUSwiftCore/Library/UUDictionary.swift /Users/admin/builder/spi-builder-workspace/.dependencies/checkouts/UUSwiftCore/Library/UUJson.swift /Users/admin/builder/spi-builder-workspace/.dependencies/checkouts/UUSwiftCore/Library/UUJsonWebToken.swift (in target 'UUSwiftCore' from project 'UUSwiftCore')
SwiftCompile normal armv7k /Users/admin/builder/spi-builder-workspace/.dependencies/checkouts/UUSwiftCore/Library/UUDate.swift (in target 'UUSwiftCore' from project 'UUSwiftCore')
    cd /Users/admin/builder/spi-builder-workspace/.swiftpm/xcode

SwiftCompile normal armv7k /Users/admin/builder/spi-builder-workspace/.dependencies/checkouts/UUSwiftCore/Library/UUDictionary.swift (in target 'UUSwiftCore' from project 'UUSwiftCore')
    cd /Users/admin/builder/spi-builder-workspace/.swiftpm/xcode

SwiftCompile normal armv7k /Users/admin/builder/spi-builder-workspace/.dependencies/checkouts/UUSwiftCore/Library/UUJson.swift (in target 'UUSwiftCore' from project 'UUSwiftCore')
    cd /Users/admin/builder/spi-builder-workspace/.swiftpm/xcode

SwiftCompile normal armv7k /Users/admin/builder/spi-builder-workspace/.dependencies/checkouts/UUSwiftCore/Library/UUJsonWebToken.swift (in target 'UUSwiftCore' from project 'UUSwiftCore')
    cd /Users/admin/builder/spi-builder-workspace/.swiftpm/xcode

SwiftMergeGeneratedHeaders /Users/admin/builder/spi-builder-workspace/.derivedData/Build/Intermediates.noindex/GeneratedModuleMaps-watchos/UUSwiftCore-Swift.h /Users/admin/builder/spi-builder-workspace/.derivedData/Build/Intermediates.noindex/UUSwiftCore.build/Debug-watchos/UUSwiftCore.build/Objects-normal/arm64/UUSwiftCore-Swift.h /Users/admin/builder/spi-builder-workspace/.derivedData/Build/Intermediates.noindex/UUSwiftCore.build/Debug-watchos/UUSwiftCore.build/Objects-normal/arm64_32/UUSwiftCore-Swift.h /Users/admin/builder/spi-builder-workspace/.derivedData/Build/Intermediates.noindex/UUSwiftCore.build/Debug-watchos/UUSwiftCore.build/Objects-normal/armv7k/UUSwiftCore-Swift.h (in target 'UUSwiftCore' from project 'UUSwiftCore')
    cd /Users/admin/builder/spi-builder-workspace/.dependencies/checkouts/UUSwiftCore
    builtin-swiftHeaderTool -arch arm64 /Users/admin/builder/spi-builder-workspace/.derivedData/Build/Intermediates.noindex/UUSwiftCore.build/Debug-watchos/UUSwiftCore.build/Objects-normal/arm64/UUSwiftCore-Swift.h -arch arm64_32 /Users/admin/builder/spi-builder-workspace/.derivedData/Build/Intermediates.noindex/UUSwiftCore.build/Debug-watchos/UUSwiftCore.build/Objects-normal/arm64_32/UUSwiftCore-Swift.h -arch armv7k /Users/admin/builder/spi-builder-workspace/.derivedData/Build/Intermediates.noindex/UUSwiftCore.build/Debug-watchos/UUSwiftCore.build/Objects-normal/armv7k/UUSwiftCore-Swift.h -o /Users/admin/builder/spi-builder-workspace/.derivedData/Build/Intermediates.noindex/GeneratedModuleMaps-watchos/UUSwiftCore-Swift.h
SwiftDriverJobDiscovery normal arm64 Compiling UULogger+Ext.swift, UULogger.swift, UUPrintLogWriter.swift, UUCryptoError.swift (in target 'UUSwiftCore' from project 'UUSwiftCore')
Copy /Users/admin/builder/spi-builder-workspace/.derivedData/Build/Products/Debug-watchos/UUSwiftCore.swiftmodule/arm64_32-apple-watchos.swiftmodule /Users/admin/builder/spi-builder-workspace/.derivedData/Build/Intermediates.noindex/UUSwiftCore.build/Debug-watchos/UUSwiftCore.build/Objects-normal/arm64_32/UUSwiftCore.swiftmodule (in target 'UUSwiftCore' from project 'UUSwiftCore')
    cd /Users/admin/builder/spi-builder-workspace/.dependencies/checkouts/UUSwiftCore
    builtin-copy -exclude .DS_Store -exclude CVS -exclude .svn -exclude .git -exclude .hg -resolve-src-symlinks -rename /Users/admin/builder/spi-builder-workspace/.derivedData/Build/Intermediates.noindex/UUSwiftCore.build/Debug-watchos/UUSwiftCore.build/Objects-normal/arm64_32/UUSwiftCore.swiftmodule /Users/admin/builder/spi-builder-workspace/.derivedData/Build/Products/Debug-watchos/UUSwiftCore.swiftmodule/arm64_32-apple-watchos.swiftmodule
Copy /Users/admin/builder/spi-builder-workspace/.derivedData/Build/Products/Debug-watchos/UUSwiftCore.swiftmodule/arm64_32-apple-watchos.swiftdoc /Users/admin/builder/spi-builder-workspace/.derivedData/Build/Intermediates.noindex/UUSwiftCore.build/Debug-watchos/UUSwiftCore.build/Objects-normal/arm64_32/UUSwiftCore.swiftdoc (in target 'UUSwiftCore' from project 'UUSwiftCore')
    cd /Users/admin/builder/spi-builder-workspace/.dependencies/checkouts/UUSwiftCore
    builtin-copy -exclude .DS_Store -exclude CVS -exclude .svn -exclude .git -exclude .hg -resolve-src-symlinks -rename /Users/admin/builder/spi-builder-workspace/.derivedData/Build/Intermediates.noindex/UUSwiftCore.build/Debug-watchos/UUSwiftCore.build/Objects-normal/arm64_32/UUSwiftCore.swiftdoc /Users/admin/builder/spi-builder-workspace/.derivedData/Build/Products/Debug-watchos/UUSwiftCore.swiftmodule/arm64_32-apple-watchos.swiftdoc
SwiftDriverJobDiscovery normal arm64 Compiling UUTimeMeasurement.swift, UUTimer.swift, UUTypeAliases.swift, UUURL.swift (in target 'UUSwiftCore' from project 'UUSwiftCore')
Copy /Users/admin/builder/spi-builder-workspace/.derivedData/Build/Products/Debug-watchos/UUSwiftCore.swiftmodule/arm64_32-apple-watchos.abi.json /Users/admin/builder/spi-builder-workspace/.derivedData/Build/Intermediates.noindex/UUSwiftCore.build/Debug-watchos/UUSwiftCore.build/Objects-normal/arm64_32/UUSwiftCore.abi.json (in target 'UUSwiftCore' from project 'UUSwiftCore')
    cd /Users/admin/builder/spi-builder-workspace/.dependencies/checkouts/UUSwiftCore
    builtin-copy -exclude .DS_Store -exclude CVS -exclude .svn -exclude .git -exclude .hg -resolve-src-symlinks -rename /Users/admin/builder/spi-builder-workspace/.derivedData/Build/Intermediates.noindex/UUSwiftCore.build/Debug-watchos/UUSwiftCore.build/Objects-normal/arm64_32/UUSwiftCore.abi.json /Users/admin/builder/spi-builder-workspace/.derivedData/Build/Products/Debug-watchos/UUSwiftCore.swiftmodule/arm64_32-apple-watchos.abi.json
Copy /Users/admin/builder/spi-builder-workspace/.derivedData/Build/Products/Debug-watchos/UUSwiftCore.swiftmodule/Project/arm64_32-apple-watchos.swiftsourceinfo /Users/admin/builder/spi-builder-workspace/.derivedData/Build/Intermediates.noindex/UUSwiftCore.build/Debug-watchos/UUSwiftCore.build/Objects-normal/arm64_32/UUSwiftCore.swiftsourceinfo (in target 'UUSwiftCore' from project 'UUSwiftCore')
    cd /Users/admin/builder/spi-builder-workspace/.dependencies/checkouts/UUSwiftCore
    builtin-copy -exclude .DS_Store -exclude CVS -exclude .svn -exclude .git -exclude .hg -resolve-src-symlinks -rename /Users/admin/builder/spi-builder-workspace/.derivedData/Build/Intermediates.noindex/UUSwiftCore.build/Debug-watchos/UUSwiftCore.build/Objects-normal/arm64_32/UUSwiftCore.swiftsourceinfo /Users/admin/builder/spi-builder-workspace/.derivedData/Build/Products/Debug-watchos/UUSwiftCore.swiftmodule/Project/arm64_32-apple-watchos.swiftsourceinfo
SwiftCompile normal armv7k Compiling\ UULogger+Ext.swift,\ UULogger.swift,\ UUPrintLogWriter.swift,\ UUCryptoError.swift /Users/admin/builder/spi-builder-workspace/.dependencies/checkouts/UUSwiftCore/Library/Logging/UULogger+Ext.swift /Users/admin/builder/spi-builder-workspace/.dependencies/checkouts/UUSwiftCore/Library/Logging/UULogger.swift /Users/admin/builder/spi-builder-workspace/.dependencies/checkouts/UUSwiftCore/Library/Logging/UUPrintLogWriter.swift /Users/admin/builder/spi-builder-workspace/.dependencies/checkouts/UUSwiftCore/Library/Security/Errors/UUCryptoError.swift (in target 'UUSwiftCore' from project 'UUSwiftCore')
SwiftCompile normal armv7k /Users/admin/builder/spi-builder-workspace/.dependencies/checkouts/UUSwiftCore/Library/Logging/UULogger+Ext.swift (in target 'UUSwiftCore' from project 'UUSwiftCore')
    cd /Users/admin/builder/spi-builder-workspace/.swiftpm/xcode

SwiftCompile normal armv7k /Users/admin/builder/spi-builder-workspace/.dependencies/checkouts/UUSwiftCore/Library/Logging/UULogger.swift (in target 'UUSwiftCore' from project 'UUSwiftCore')
    cd /Users/admin/builder/spi-builder-workspace/.swiftpm/xcode

SwiftCompile normal armv7k /Users/admin/builder/spi-builder-workspace/.dependencies/checkouts/UUSwiftCore/Library/Logging/UUPrintLogWriter.swift (in target 'UUSwiftCore' from project 'UUSwiftCore')
    cd /Users/admin/builder/spi-builder-workspace/.swiftpm/xcode

SwiftCompile normal armv7k /Users/admin/builder/spi-builder-workspace/.dependencies/checkouts/UUSwiftCore/Library/Security/Errors/UUCryptoError.swift (in target 'UUSwiftCore' from project 'UUSwiftCore')
    cd /Users/admin/builder/spi-builder-workspace/.swiftpm/xcode

SwiftCompile normal armv7k Compiling\ UUKeyStoreError.swift,\ UUKeychainError.swift,\ UUCrypto.swift,\ UUEncryptedKeychain.swift /Users/admin/builder/spi-builder-workspace/.dependencies/checkouts/UUSwiftCore/Library/Security/Errors/UUKeyStoreError.swift /Users/admin/builder/spi-builder-workspace/.dependencies/checkouts/UUSwiftCore/Library/Security/Errors/UUKeychainError.swift /Users/admin/builder/spi-builder-workspace/.dependencies/checkouts/UUSwiftCore/Library/Security/UUCrypto.swift /Users/admin/builder/spi-builder-workspace/.dependencies/checkouts/UUSwiftCore/Library/Security/UUEncryptedKeychain.swift (in target 'UUSwiftCore' from project 'UUSwiftCore')
SwiftCompile normal armv7k /Users/admin/builder/spi-builder-workspace/.dependencies/checkouts/UUSwiftCore/Library/Security/Errors/UUKeyStoreError.swift (in target 'UUSwiftCore' from project 'UUSwiftCore')
    cd /Users/admin/builder/spi-builder-workspace/.swiftpm/xcode

SwiftCompile normal armv7k /Users/admin/builder/spi-builder-workspace/.dependencies/checkouts/UUSwiftCore/Library/Security/Errors/UUKeychainError.swift (in target 'UUSwiftCore' from project 'UUSwiftCore')
    cd /Users/admin/builder/spi-builder-workspace/.swiftpm/xcode

SwiftCompile normal armv7k /Users/admin/builder/spi-builder-workspace/.dependencies/checkouts/UUSwiftCore/Library/Security/UUCrypto.swift (in target 'UUSwiftCore' from project 'UUSwiftCore')
    cd /Users/admin/builder/spi-builder-workspace/.swiftpm/xcode

SwiftCompile normal armv7k /Users/admin/builder/spi-builder-workspace/.dependencies/checkouts/UUSwiftCore/Library/Security/UUEncryptedKeychain.swift (in target 'UUSwiftCore' from project 'UUSwiftCore')
    cd /Users/admin/builder/spi-builder-workspace/.swiftpm/xcode

SwiftDriverJobDiscovery normal arm64 Compiling resource_bundle_accessor.swift, UUConsoleLogWriter.swift, UULog.swift, UULogLevel.swift, UULogWriter.swift (in target 'UUSwiftCore' from project 'UUSwiftCore')
SwiftCompile normal arm64_32 Compiling\ UUKeyStoreError.swift,\ UUKeychainError.swift,\ UUCrypto.swift,\ UUEncryptedKeychain.swift /Users/admin/builder/spi-builder-workspace/.dependencies/checkouts/UUSwiftCore/Library/Security/Errors/UUKeyStoreError.swift /Users/admin/builder/spi-builder-workspace/.dependencies/checkouts/UUSwiftCore/Library/Security/Errors/UUKeychainError.swift /Users/admin/builder/spi-builder-workspace/.dependencies/checkouts/UUSwiftCore/Library/Security/UUCrypto.swift /Users/admin/builder/spi-builder-workspace/.dependencies/checkouts/UUSwiftCore/Library/Security/UUEncryptedKeychain.swift (in target 'UUSwiftCore' from project 'UUSwiftCore')
SwiftCompile normal arm64_32 /Users/admin/builder/spi-builder-workspace/.dependencies/checkouts/UUSwiftCore/Library/Security/Errors/UUKeyStoreError.swift (in target 'UUSwiftCore' from project 'UUSwiftCore')
    cd /Users/admin/builder/spi-builder-workspace/.swiftpm/xcode

SwiftCompile normal arm64_32 /Users/admin/builder/spi-builder-workspace/.dependencies/checkouts/UUSwiftCore/Library/Security/Errors/UUKeychainError.swift (in target 'UUSwiftCore' from project 'UUSwiftCore')
    cd /Users/admin/builder/spi-builder-workspace/.swiftpm/xcode

SwiftCompile normal arm64_32 /Users/admin/builder/spi-builder-workspace/.dependencies/checkouts/UUSwiftCore/Library/Security/UUCrypto.swift (in target 'UUSwiftCore' from project 'UUSwiftCore')
    cd /Users/admin/builder/spi-builder-workspace/.swiftpm/xcode

SwiftCompile normal arm64_32 /Users/admin/builder/spi-builder-workspace/.dependencies/checkouts/UUSwiftCore/Library/Security/UUEncryptedKeychain.swift (in target 'UUSwiftCore' from project 'UUSwiftCore')
    cd /Users/admin/builder/spi-builder-workspace/.swiftpm/xcode

SwiftCompile normal arm64_32 Compiling\ resource_bundle_accessor.swift,\ UUConsoleLogWriter.swift,\ UULog.swift,\ UULogLevel.swift,\ UULogWriter.swift /Users/admin/builder/spi-builder-workspace/.derivedData/Build/Intermediates.noindex/UUSwiftCore.build/Debug-watchos/UUSwiftCore.build/DerivedSources/resource_bundle_accessor.swift /Users/admin/builder/spi-builder-workspace/.dependencies/checkouts/UUSwiftCore/Library/Logging/UUConsoleLogWriter.swift /Users/admin/builder/spi-builder-workspace/.dependencies/checkouts/UUSwiftCore/Library/Logging/UULog.swift /Users/admin/builder/spi-builder-workspace/.dependencies/checkouts/UUSwiftCore/Library/Logging/UULogLevel.swift /Users/admin/builder/spi-builder-workspace/.dependencies/checkouts/UUSwiftCore/Library/Logging/UULogWriter.swift (in target 'UUSwiftCore' from project 'UUSwiftCore')
SwiftCompile normal arm64_32 /Users/admin/builder/spi-builder-workspace/.derivedData/Build/Intermediates.noindex/UUSwiftCore.build/Debug-watchos/UUSwiftCore.build/DerivedSources/resource_bundle_accessor.swift (in target 'UUSwiftCore' from project 'UUSwiftCore')
    cd /Users/admin/builder/spi-builder-workspace/.swiftpm/xcode

SwiftCompile normal arm64_32 /Users/admin/builder/spi-builder-workspace/.dependencies/checkouts/UUSwiftCore/Library/Logging/UUConsoleLogWriter.swift (in target 'UUSwiftCore' from project 'UUSwiftCore')
    cd /Users/admin/builder/spi-builder-workspace/.swiftpm/xcode

SwiftCompile normal arm64_32 /Users/admin/builder/spi-builder-workspace/.dependencies/checkouts/UUSwiftCore/Library/Logging/UULog.swift (in target 'UUSwiftCore' from project 'UUSwiftCore')
    cd /Users/admin/builder/spi-builder-workspace/.swiftpm/xcode

SwiftCompile normal arm64_32 /Users/admin/builder/spi-builder-workspace/.dependencies/checkouts/UUSwiftCore/Library/Logging/UULogLevel.swift (in target 'UUSwiftCore' from project 'UUSwiftCore')
    cd /Users/admin/builder/spi-builder-workspace/.swiftpm/xcode

SwiftCompile normal arm64_32 /Users/admin/builder/spi-builder-workspace/.dependencies/checkouts/UUSwiftCore/Library/Logging/UULogWriter.swift (in target 'UUSwiftCore' from project 'UUSwiftCore')
    cd /Users/admin/builder/spi-builder-workspace/.swiftpm/xcode

SwiftDriverJobDiscovery normal arm64 Compiling UURandom.swift, UUResult.swift, UUString.swift, UUSwiftCore.swift (in target 'UUSwiftCore' from project 'UUSwiftCore')
SwiftCompile normal arm64_32 Compiling\ UULogger+Ext.swift,\ UULogger.swift,\ UUPrintLogWriter.swift,\ UUCryptoError.swift /Users/admin/builder/spi-builder-workspace/.dependencies/checkouts/UUSwiftCore/Library/Logging/UULogger+Ext.swift /Users/admin/builder/spi-builder-workspace/.dependencies/checkouts/UUSwiftCore/Library/Logging/UULogger.swift /Users/admin/builder/spi-builder-workspace/.dependencies/checkouts/UUSwiftCore/Library/Logging/UUPrintLogWriter.swift /Users/admin/builder/spi-builder-workspace/.dependencies/checkouts/UUSwiftCore/Library/Security/Errors/UUCryptoError.swift (in target 'UUSwiftCore' from project 'UUSwiftCore')
SwiftCompile normal arm64_32 /Users/admin/builder/spi-builder-workspace/.dependencies/checkouts/UUSwiftCore/Library/Logging/UULogger+Ext.swift (in target 'UUSwiftCore' from project 'UUSwiftCore')
    cd /Users/admin/builder/spi-builder-workspace/.swiftpm/xcode

SwiftCompile normal arm64_32 /Users/admin/builder/spi-builder-workspace/.dependencies/checkouts/UUSwiftCore/Library/Logging/UULogger.swift (in target 'UUSwiftCore' from project 'UUSwiftCore')
    cd /Users/admin/builder/spi-builder-workspace/.swiftpm/xcode

SwiftCompile normal arm64_32 /Users/admin/builder/spi-builder-workspace/.dependencies/checkouts/UUSwiftCore/Library/Logging/UUPrintLogWriter.swift (in target 'UUSwiftCore' from project 'UUSwiftCore')
    cd /Users/admin/builder/spi-builder-workspace/.swiftpm/xcode

SwiftCompile normal arm64_32 /Users/admin/builder/spi-builder-workspace/.dependencies/checkouts/UUSwiftCore/Library/Security/Errors/UUCryptoError.swift (in target 'UUSwiftCore' from project 'UUSwiftCore')
    cd /Users/admin/builder/spi-builder-workspace/.swiftpm/xcode

SwiftDriverJobDiscovery normal armv7k Compiling UUKeyStore.swift, UUKeychain.swift, UUSecurity.swift, UUArray.swift (in target 'UUSwiftCore' from project 'UUSwiftCore')
SwiftCompile normal arm64 Compiling\ UUDate.swift,\ UUDictionary.swift,\ UUJson.swift,\ UUJsonWebToken.swift /Users/admin/builder/spi-builder-workspace/.dependencies/checkouts/UUSwiftCore/Library/UUDate.swift /Users/admin/builder/spi-builder-workspace/.dependencies/checkouts/UUSwiftCore/Library/UUDictionary.swift /Users/admin/builder/spi-builder-workspace/.dependencies/checkouts/UUSwiftCore/Library/UUJson.swift /Users/admin/builder/spi-builder-workspace/.dependencies/checkouts/UUSwiftCore/Library/UUJsonWebToken.swift (in target 'UUSwiftCore' from project 'UUSwiftCore')
SwiftCompile normal arm64 /Users/admin/builder/spi-builder-workspace/.dependencies/checkouts/UUSwiftCore/Library/UUDate.swift (in target 'UUSwiftCore' from project 'UUSwiftCore')
    cd /Users/admin/builder/spi-builder-workspace/.swiftpm/xcode

SwiftCompile normal arm64 /Users/admin/builder/spi-builder-workspace/.dependencies/checkouts/UUSwiftCore/Library/UUDictionary.swift (in target 'UUSwiftCore' from project 'UUSwiftCore')
    cd /Users/admin/builder/spi-builder-workspace/.swiftpm/xcode

SwiftCompile normal arm64 /Users/admin/builder/spi-builder-workspace/.dependencies/checkouts/UUSwiftCore/Library/UUJson.swift (in target 'UUSwiftCore' from project 'UUSwiftCore')
    cd /Users/admin/builder/spi-builder-workspace/.swiftpm/xcode

SwiftCompile normal arm64 /Users/admin/builder/spi-builder-workspace/.dependencies/checkouts/UUSwiftCore/Library/UUJsonWebToken.swift (in target 'UUSwiftCore' from project 'UUSwiftCore')
    cd /Users/admin/builder/spi-builder-workspace/.swiftpm/xcode

SwiftCompile normal arm64_32 Compiling\ UUCompression.swift,\ UUCoreData.swift,\ UUData.swift,\ UUDataCache.swift /Users/admin/builder/spi-builder-workspace/.dependencies/checkouts/UUSwiftCore/Library/UUCompression.swift /Users/admin/builder/spi-builder-workspace/.dependencies/checkouts/UUSwiftCore/Library/UUCoreData.swift /Users/admin/builder/spi-builder-workspace/.dependencies/checkouts/UUSwiftCore/Library/UUData.swift /Users/admin/builder/spi-builder-workspace/.dependencies/checkouts/UUSwiftCore/Library/UUDataCache.swift (in target 'UUSwiftCore' from project 'UUSwiftCore')
SwiftCompile normal arm64_32 /Users/admin/builder/spi-builder-workspace/.dependencies/checkouts/UUSwiftCore/Library/UUCompression.swift (in target 'UUSwiftCore' from project 'UUSwiftCore')
    cd /Users/admin/builder/spi-builder-workspace/.swiftpm/xcode

SwiftCompile normal arm64_32 /Users/admin/builder/spi-builder-workspace/.dependencies/checkouts/UUSwiftCore/Library/UUCoreData.swift (in target 'UUSwiftCore' from project 'UUSwiftCore')
    cd /Users/admin/builder/spi-builder-workspace/.swiftpm/xcode

SwiftCompile normal arm64_32 /Users/admin/builder/spi-builder-workspace/.dependencies/checkouts/UUSwiftCore/Library/UUData.swift (in target 'UUSwiftCore' from project 'UUSwiftCore')
    cd /Users/admin/builder/spi-builder-workspace/.swiftpm/xcode

SwiftCompile normal arm64_32 /Users/admin/builder/spi-builder-workspace/.dependencies/checkouts/UUSwiftCore/Library/UUDataCache.swift (in target 'UUSwiftCore' from project 'UUSwiftCore')
    cd /Users/admin/builder/spi-builder-workspace/.swiftpm/xcode

SwiftDriverJobDiscovery normal arm64_32 Compiling UUKeyStoreError.swift, UUKeychainError.swift, UUCrypto.swift, UUEncryptedKeychain.swift (in target 'UUSwiftCore' from project 'UUSwiftCore')
SwiftDriverJobDiscovery normal armv7k Compiling UUKeyStoreError.swift, UUKeychainError.swift, UUCrypto.swift, UUEncryptedKeychain.swift (in target 'UUSwiftCore' from project 'UUSwiftCore')
SwiftCompile normal arm64_32 Compiling\ UUDate.swift,\ UUDictionary.swift,\ UUJson.swift,\ UUJsonWebToken.swift /Users/admin/builder/spi-builder-workspace/.dependencies/checkouts/UUSwiftCore/Library/UUDate.swift /Users/admin/builder/spi-builder-workspace/.dependencies/checkouts/UUSwiftCore/Library/UUDictionary.swift /Users/admin/builder/spi-builder-workspace/.dependencies/checkouts/UUSwiftCore/Library/UUJson.swift /Users/admin/builder/spi-builder-workspace/.dependencies/checkouts/UUSwiftCore/Library/UUJsonWebToken.swift (in target 'UUSwiftCore' from project 'UUSwiftCore')
SwiftCompile normal arm64_32 /Users/admin/builder/spi-builder-workspace/.dependencies/checkouts/UUSwiftCore/Library/UUDate.swift (in target 'UUSwiftCore' from project 'UUSwiftCore')
    cd /Users/admin/builder/spi-builder-workspace/.swiftpm/xcode

SwiftCompile normal arm64_32 /Users/admin/builder/spi-builder-workspace/.dependencies/checkouts/UUSwiftCore/Library/UUDictionary.swift (in target 'UUSwiftCore' from project 'UUSwiftCore')
    cd /Users/admin/builder/spi-builder-workspace/.swiftpm/xcode

SwiftCompile normal arm64_32 /Users/admin/builder/spi-builder-workspace/.dependencies/checkouts/UUSwiftCore/Library/UUJson.swift (in target 'UUSwiftCore' from project 'UUSwiftCore')
    cd /Users/admin/builder/spi-builder-workspace/.swiftpm/xcode

SwiftCompile normal arm64_32 /Users/admin/builder/spi-builder-workspace/.dependencies/checkouts/UUSwiftCore/Library/UUJsonWebToken.swift (in target 'UUSwiftCore' from project 'UUSwiftCore')
    cd /Users/admin/builder/spi-builder-workspace/.swiftpm/xcode

SwiftDriverJobDiscovery normal armv7k Compiling UULogger+Ext.swift, UULogger.swift, UUPrintLogWriter.swift, UUCryptoError.swift (in target 'UUSwiftCore' from project 'UUSwiftCore')
SwiftCompile normal armv7k Compiling\ resource_bundle_accessor.swift,\ UUConsoleLogWriter.swift,\ UULog.swift,\ UULogLevel.swift,\ UULogWriter.swift /Users/admin/builder/spi-builder-workspace/.derivedData/Build/Intermediates.noindex/UUSwiftCore.build/Debug-watchos/UUSwiftCore.build/DerivedSources/resource_bundle_accessor.swift /Users/admin/builder/spi-builder-workspace/.dependencies/checkouts/UUSwiftCore/Library/Logging/UUConsoleLogWriter.swift /Users/admin/builder/spi-builder-workspace/.dependencies/checkouts/UUSwiftCore/Library/Logging/UULog.swift /Users/admin/builder/spi-builder-workspace/.dependencies/checkouts/UUSwiftCore/Library/Logging/UULogLevel.swift /Users/admin/builder/spi-builder-workspace/.dependencies/checkouts/UUSwiftCore/Library/Logging/UULogWriter.swift (in target 'UUSwiftCore' from project 'UUSwiftCore')
SwiftCompile normal armv7k /Users/admin/builder/spi-builder-workspace/.derivedData/Build/Intermediates.noindex/UUSwiftCore.build/Debug-watchos/UUSwiftCore.build/DerivedSources/resource_bundle_accessor.swift (in target 'UUSwiftCore' from project 'UUSwiftCore')
    cd /Users/admin/builder/spi-builder-workspace/.swiftpm/xcode

SwiftCompile normal armv7k /Users/admin/builder/spi-builder-workspace/.dependencies/checkouts/UUSwiftCore/Library/Logging/UUConsoleLogWriter.swift (in target 'UUSwiftCore' from project 'UUSwiftCore')
    cd /Users/admin/builder/spi-builder-workspace/.swiftpm/xcode

SwiftCompile normal armv7k /Users/admin/builder/spi-builder-workspace/.dependencies/checkouts/UUSwiftCore/Library/Logging/UULog.swift (in target 'UUSwiftCore' from project 'UUSwiftCore')
    cd /Users/admin/builder/spi-builder-workspace/.swiftpm/xcode

SwiftCompile normal armv7k /Users/admin/builder/spi-builder-workspace/.dependencies/checkouts/UUSwiftCore/Library/Logging/UULogLevel.swift (in target 'UUSwiftCore' from project 'UUSwiftCore')
    cd /Users/admin/builder/spi-builder-workspace/.swiftpm/xcode

SwiftCompile normal armv7k /Users/admin/builder/spi-builder-workspace/.dependencies/checkouts/UUSwiftCore/Library/Logging/UULogWriter.swift (in target 'UUSwiftCore' from project 'UUSwiftCore')
    cd /Users/admin/builder/spi-builder-workspace/.swiftpm/xcode

SwiftDriverJobDiscovery normal arm64_32 Compiling UUTimeMeasurement.swift, UUTimer.swift, UUTypeAliases.swift, UUURL.swift (in target 'UUSwiftCore' from project 'UUSwiftCore')
SwiftCompile normal armv7k Compiling\ UUTimeMeasurement.swift,\ UUTimer.swift,\ UUTypeAliases.swift,\ UUURL.swift /Users/admin/builder/spi-builder-workspace/.dependencies/checkouts/UUSwiftCore/Library/UUTimeMeasurement.swift /Users/admin/builder/spi-builder-workspace/.dependencies/checkouts/UUSwiftCore/Library/UUTimer.swift /Users/admin/builder/spi-builder-workspace/.dependencies/checkouts/UUSwiftCore/Library/UUTypeAliases.swift /Users/admin/builder/spi-builder-workspace/.dependencies/checkouts/UUSwiftCore/Library/UUURL.swift (in target 'UUSwiftCore' from project 'UUSwiftCore')
SwiftCompile normal armv7k /Users/admin/builder/spi-builder-workspace/.dependencies/checkouts/UUSwiftCore/Library/UUTimeMeasurement.swift (in target 'UUSwiftCore' from project 'UUSwiftCore')
    cd /Users/admin/builder/spi-builder-workspace/.swiftpm/xcode

SwiftCompile normal armv7k /Users/admin/builder/spi-builder-workspace/.dependencies/checkouts/UUSwiftCore/Library/UUTimer.swift (in target 'UUSwiftCore' from project 'UUSwiftCore')
    cd /Users/admin/builder/spi-builder-workspace/.swiftpm/xcode

SwiftCompile normal armv7k /Users/admin/builder/spi-builder-workspace/.dependencies/checkouts/UUSwiftCore/Library/UUTypeAliases.swift (in target 'UUSwiftCore' from project 'UUSwiftCore')
    cd /Users/admin/builder/spi-builder-workspace/.swiftpm/xcode

SwiftCompile normal armv7k /Users/admin/builder/spi-builder-workspace/.dependencies/checkouts/UUSwiftCore/Library/UUURL.swift (in target 'UUSwiftCore' from project 'UUSwiftCore')
    cd /Users/admin/builder/spi-builder-workspace/.swiftpm/xcode

SwiftDriverJobDiscovery normal arm64_32 Compiling UULogger+Ext.swift, UULogger.swift, UUPrintLogWriter.swift, UUCryptoError.swift (in target 'UUSwiftCore' from project 'UUSwiftCore')
SwiftCompile normal armv7k Compiling\ UULocalization.swift,\ UUNumber.swift,\ UUObject.swift,\ UUObjectFactory.swift /Users/admin/builder/spi-builder-workspace/.dependencies/checkouts/UUSwiftCore/Library/UULocalization.swift /Users/admin/builder/spi-builder-workspace/.dependencies/checkouts/UUSwiftCore/Library/UUNumber.swift /Users/admin/builder/spi-builder-workspace/.dependencies/checkouts/UUSwiftCore/Library/UUObject.swift /Users/admin/builder/spi-builder-workspace/.dependencies/checkouts/UUSwiftCore/Library/UUObjectFactory.swift (in target 'UUSwiftCore' from project 'UUSwiftCore')
SwiftCompile normal armv7k /Users/admin/builder/spi-builder-workspace/.dependencies/checkouts/UUSwiftCore/Library/UULocalization.swift (in target 'UUSwiftCore' from project 'UUSwiftCore')
    cd /Users/admin/builder/spi-builder-workspace/.swiftpm/xcode

SwiftCompile normal armv7k /Users/admin/builder/spi-builder-workspace/.dependencies/checkouts/UUSwiftCore/Library/UUNumber.swift (in target 'UUSwiftCore' from project 'UUSwiftCore')
    cd /Users/admin/builder/spi-builder-workspace/.swiftpm/xcode

SwiftCompile normal armv7k /Users/admin/builder/spi-builder-workspace/.dependencies/checkouts/UUSwiftCore/Library/UUObject.swift (in target 'UUSwiftCore' from project 'UUSwiftCore')
    cd /Users/admin/builder/spi-builder-workspace/.swiftpm/xcode

SwiftCompile normal armv7k /Users/admin/builder/spi-builder-workspace/.dependencies/checkouts/UUSwiftCore/Library/UUObjectFactory.swift (in target 'UUSwiftCore' from project 'UUSwiftCore')
    cd /Users/admin/builder/spi-builder-workspace/.swiftpm/xcode

SwiftDriverJobDiscovery normal arm64_32 Compiling resource_bundle_accessor.swift, UUConsoleLogWriter.swift, UULog.swift, UULogLevel.swift, UULogWriter.swift (in target 'UUSwiftCore' from project 'UUSwiftCore')
SwiftCompile normal armv7k Compiling\ UUCompression.swift,\ UUCoreData.swift,\ UUData.swift,\ UUDataCache.swift /Users/admin/builder/spi-builder-workspace/.dependencies/checkouts/UUSwiftCore/Library/UUCompression.swift /Users/admin/builder/spi-builder-workspace/.dependencies/checkouts/UUSwiftCore/Library/UUCoreData.swift /Users/admin/builder/spi-builder-workspace/.dependencies/checkouts/UUSwiftCore/Library/UUData.swift /Users/admin/builder/spi-builder-workspace/.dependencies/checkouts/UUSwiftCore/Library/UUDataCache.swift (in target 'UUSwiftCore' from project 'UUSwiftCore')
SwiftCompile normal armv7k /Users/admin/builder/spi-builder-workspace/.dependencies/checkouts/UUSwiftCore/Library/UUCompression.swift (in target 'UUSwiftCore' from project 'UUSwiftCore')
    cd /Users/admin/builder/spi-builder-workspace/.swiftpm/xcode

SwiftCompile normal armv7k /Users/admin/builder/spi-builder-workspace/.dependencies/checkouts/UUSwiftCore/Library/UUCoreData.swift (in target 'UUSwiftCore' from project 'UUSwiftCore')
    cd /Users/admin/builder/spi-builder-workspace/.swiftpm/xcode

SwiftCompile normal armv7k /Users/admin/builder/spi-builder-workspace/.dependencies/checkouts/UUSwiftCore/Library/UUData.swift (in target 'UUSwiftCore' from project 'UUSwiftCore')
    cd /Users/admin/builder/spi-builder-workspace/.swiftpm/xcode

SwiftCompile normal armv7k /Users/admin/builder/spi-builder-workspace/.dependencies/checkouts/UUSwiftCore/Library/UUDataCache.swift (in target 'UUSwiftCore' from project 'UUSwiftCore')
    cd /Users/admin/builder/spi-builder-workspace/.swiftpm/xcode

SwiftDriverJobDiscovery normal armv7k Compiling resource_bundle_accessor.swift, UUConsoleLogWriter.swift, UULog.swift, UULogLevel.swift, UULogWriter.swift (in target 'UUSwiftCore' from project 'UUSwiftCore')
SwiftCompile normal arm64_32 Compiling\ UUBase64.swift,\ UUCollection.swift,\ UUColor.swift,\ UUComparable.swift /Users/admin/builder/spi-builder-workspace/.dependencies/checkouts/UUSwiftCore/Library/UUBase64.swift /Users/admin/builder/spi-builder-workspace/.dependencies/checkouts/UUSwiftCore/Library/UUCollection.swift /Users/admin/builder/spi-builder-workspace/.dependencies/checkouts/UUSwiftCore/Library/UUColor.swift /Users/admin/builder/spi-builder-workspace/.dependencies/checkouts/UUSwiftCore/Library/UUComparable.swift (in target 'UUSwiftCore' from project 'UUSwiftCore')
SwiftCompile normal arm64_32 /Users/admin/builder/spi-builder-workspace/.dependencies/checkouts/UUSwiftCore/Library/UUBase64.swift (in target 'UUSwiftCore' from project 'UUSwiftCore')
    cd /Users/admin/builder/spi-builder-workspace/.swiftpm/xcode

SwiftCompile normal arm64_32 /Users/admin/builder/spi-builder-workspace/.dependencies/checkouts/UUSwiftCore/Library/UUCollection.swift (in target 'UUSwiftCore' from project 'UUSwiftCore')
    cd /Users/admin/builder/spi-builder-workspace/.swiftpm/xcode

SwiftCompile normal arm64_32 /Users/admin/builder/spi-builder-workspace/.dependencies/checkouts/UUSwiftCore/Library/UUColor.swift (in target 'UUSwiftCore' from project 'UUSwiftCore')
    cd /Users/admin/builder/spi-builder-workspace/.swiftpm/xcode

SwiftCompile normal arm64_32 /Users/admin/builder/spi-builder-workspace/.dependencies/checkouts/UUSwiftCore/Library/UUComparable.swift (in target 'UUSwiftCore' from project 'UUSwiftCore')
    cd /Users/admin/builder/spi-builder-workspace/.swiftpm/xcode

SwiftDriverJobDiscovery normal armv7k Compiling UUDate.swift, UUDictionary.swift, UUJson.swift, UUJsonWebToken.swift (in target 'UUSwiftCore' from project 'UUSwiftCore')
SwiftCompile normal armv7k Compiling\ UURandom.swift,\ UUResult.swift,\ UUString.swift,\ UUSwiftCore.swift /Users/admin/builder/spi-builder-workspace/.dependencies/checkouts/UUSwiftCore/Library/UURandom.swift /Users/admin/builder/spi-builder-workspace/.dependencies/checkouts/UUSwiftCore/Library/UUResult.swift /Users/admin/builder/spi-builder-workspace/.dependencies/checkouts/UUSwiftCore/Library/UUString.swift /Users/admin/builder/spi-builder-workspace/.dependencies/checkouts/UUSwiftCore/Library/UUSwiftCore.swift (in target 'UUSwiftCore' from project 'UUSwiftCore')
SwiftCompile normal armv7k /Users/admin/builder/spi-builder-workspace/.dependencies/checkouts/UUSwiftCore/Library/UURandom.swift (in target 'UUSwiftCore' from project 'UUSwiftCore')
    cd /Users/admin/builder/spi-builder-workspace/.swiftpm/xcode

SwiftCompile normal armv7k /Users/admin/builder/spi-builder-workspace/.dependencies/checkouts/UUSwiftCore/Library/UUResult.swift (in target 'UUSwiftCore' from project 'UUSwiftCore')
    cd /Users/admin/builder/spi-builder-workspace/.swiftpm/xcode

SwiftCompile normal armv7k /Users/admin/builder/spi-builder-workspace/.dependencies/checkouts/UUSwiftCore/Library/UUString.swift (in target 'UUSwiftCore' from project 'UUSwiftCore')
    cd /Users/admin/builder/spi-builder-workspace/.swiftpm/xcode

SwiftCompile normal armv7k /Users/admin/builder/spi-builder-workspace/.dependencies/checkouts/UUSwiftCore/Library/UUSwiftCore.swift (in target 'UUSwiftCore' from project 'UUSwiftCore')
    cd /Users/admin/builder/spi-builder-workspace/.swiftpm/xcode

SwiftDriverJobDiscovery normal armv7k Compiling UULocalization.swift, UUNumber.swift, UUObject.swift, UUObjectFactory.swift (in target 'UUSwiftCore' from project 'UUSwiftCore')
SwiftCompile normal arm64 Compiling\ UUKeyStore.swift,\ UUKeychain.swift,\ UUSecurity.swift,\ UUArray.swift /Users/admin/builder/spi-builder-workspace/.dependencies/checkouts/UUSwiftCore/Library/Security/UUKeyStore.swift /Users/admin/builder/spi-builder-workspace/.dependencies/checkouts/UUSwiftCore/Library/Security/UUKeychain.swift /Users/admin/builder/spi-builder-workspace/.dependencies/checkouts/UUSwiftCore/Library/Security/UUSecurity.swift /Users/admin/builder/spi-builder-workspace/.dependencies/checkouts/UUSwiftCore/Library/UUArray.swift (in target 'UUSwiftCore' from project 'UUSwiftCore')
SwiftCompile normal arm64 /Users/admin/builder/spi-builder-workspace/.dependencies/checkouts/UUSwiftCore/Library/Security/UUKeyStore.swift (in target 'UUSwiftCore' from project 'UUSwiftCore')
    cd /Users/admin/builder/spi-builder-workspace/.swiftpm/xcode

SwiftCompile normal arm64 /Users/admin/builder/spi-builder-workspace/.dependencies/checkouts/UUSwiftCore/Library/Security/UUKeychain.swift (in target 'UUSwiftCore' from project 'UUSwiftCore')
    cd /Users/admin/builder/spi-builder-workspace/.swiftpm/xcode

SwiftCompile normal arm64 /Users/admin/builder/spi-builder-workspace/.dependencies/checkouts/UUSwiftCore/Library/Security/UUSecurity.swift (in target 'UUSwiftCore' from project 'UUSwiftCore')
    cd /Users/admin/builder/spi-builder-workspace/.swiftpm/xcode

SwiftCompile normal arm64 /Users/admin/builder/spi-builder-workspace/.dependencies/checkouts/UUSwiftCore/Library/UUArray.swift (in target 'UUSwiftCore' from project 'UUSwiftCore')
    cd /Users/admin/builder/spi-builder-workspace/.swiftpm/xcode

SwiftDriverJobDiscovery normal arm64 Compiling UUDate.swift, UUDictionary.swift, UUJson.swift, UUJsonWebToken.swift (in target 'UUSwiftCore' from project 'UUSwiftCore')
SwiftCompile normal arm64_32 Compiling\ UUKeyStore.swift,\ UUKeychain.swift,\ UUSecurity.swift,\ UUArray.swift /Users/admin/builder/spi-builder-workspace/.dependencies/checkouts/UUSwiftCore/Library/Security/UUKeyStore.swift /Users/admin/builder/spi-builder-workspace/.dependencies/checkouts/UUSwiftCore/Library/Security/UUKeychain.swift /Users/admin/builder/spi-builder-workspace/.dependencies/checkouts/UUSwiftCore/Library/Security/UUSecurity.swift /Users/admin/builder/spi-builder-workspace/.dependencies/checkouts/UUSwiftCore/Library/UUArray.swift (in target 'UUSwiftCore' from project 'UUSwiftCore')
SwiftCompile normal arm64_32 /Users/admin/builder/spi-builder-workspace/.dependencies/checkouts/UUSwiftCore/Library/Security/UUKeyStore.swift (in target 'UUSwiftCore' from project 'UUSwiftCore')
    cd /Users/admin/builder/spi-builder-workspace/.swiftpm/xcode

SwiftCompile normal arm64_32 /Users/admin/builder/spi-builder-workspace/.dependencies/checkouts/UUSwiftCore/Library/Security/UUKeychain.swift (in target 'UUSwiftCore' from project 'UUSwiftCore')
    cd /Users/admin/builder/spi-builder-workspace/.swiftpm/xcode

SwiftCompile normal arm64_32 /Users/admin/builder/spi-builder-workspace/.dependencies/checkouts/UUSwiftCore/Library/Security/UUSecurity.swift (in target 'UUSwiftCore' from project 'UUSwiftCore')
    cd /Users/admin/builder/spi-builder-workspace/.swiftpm/xcode

SwiftCompile normal arm64_32 /Users/admin/builder/spi-builder-workspace/.dependencies/checkouts/UUSwiftCore/Library/UUArray.swift (in target 'UUSwiftCore' from project 'UUSwiftCore')
    cd /Users/admin/builder/spi-builder-workspace/.swiftpm/xcode

SwiftDriverJobDiscovery normal armv7k Compiling UUTimeMeasurement.swift, UUTimer.swift, UUTypeAliases.swift, UUURL.swift (in target 'UUSwiftCore' from project 'UUSwiftCore')
SwiftCompile normal arm64_32 Compiling\ UURandom.swift,\ UUResult.swift,\ UUString.swift,\ UUSwiftCore.swift /Users/admin/builder/spi-builder-workspace/.dependencies/checkouts/UUSwiftCore/Library/UURandom.swift /Users/admin/builder/spi-builder-workspace/.dependencies/checkouts/UUSwiftCore/Library/UUResult.swift /Users/admin/builder/spi-builder-workspace/.dependencies/checkouts/UUSwiftCore/Library/UUString.swift /Users/admin/builder/spi-builder-workspace/.dependencies/checkouts/UUSwiftCore/Library/UUSwiftCore.swift (in target 'UUSwiftCore' from project 'UUSwiftCore')
SwiftCompile normal arm64_32 /Users/admin/builder/spi-builder-workspace/.dependencies/checkouts/UUSwiftCore/Library/UURandom.swift (in target 'UUSwiftCore' from project 'UUSwiftCore')
    cd /Users/admin/builder/spi-builder-workspace/.swiftpm/xcode

SwiftCompile normal arm64_32 /Users/admin/builder/spi-builder-workspace/.dependencies/checkouts/UUSwiftCore/Library/UUResult.swift (in target 'UUSwiftCore' from project 'UUSwiftCore')
    cd /Users/admin/builder/spi-builder-workspace/.swiftpm/xcode

SwiftCompile normal arm64_32 /Users/admin/builder/spi-builder-workspace/.dependencies/checkouts/UUSwiftCore/Library/UUString.swift (in target 'UUSwiftCore' from project 'UUSwiftCore')
    cd /Users/admin/builder/spi-builder-workspace/.swiftpm/xcode

SwiftCompile normal arm64_32 /Users/admin/builder/spi-builder-workspace/.dependencies/checkouts/UUSwiftCore/Library/UUSwiftCore.swift (in target 'UUSwiftCore' from project 'UUSwiftCore')
    cd /Users/admin/builder/spi-builder-workspace/.swiftpm/xcode

SwiftDriverJobDiscovery normal armv7k Compiling UUBase64.swift, UUCollection.swift, UUColor.swift, UUComparable.swift (in target 'UUSwiftCore' from project 'UUSwiftCore')
SwiftCompile normal arm64_32 Compiling\ UULocalization.swift,\ UUNumber.swift,\ UUObject.swift,\ UUObjectFactory.swift /Users/admin/builder/spi-builder-workspace/.dependencies/checkouts/UUSwiftCore/Library/UULocalization.swift /Users/admin/builder/spi-builder-workspace/.dependencies/checkouts/UUSwiftCore/Library/UUNumber.swift /Users/admin/builder/spi-builder-workspace/.dependencies/checkouts/UUSwiftCore/Library/UUObject.swift /Users/admin/builder/spi-builder-workspace/.dependencies/checkouts/UUSwiftCore/Library/UUObjectFactory.swift (in target 'UUSwiftCore' from project 'UUSwiftCore')
SwiftCompile normal arm64_32 /Users/admin/builder/spi-builder-workspace/.dependencies/checkouts/UUSwiftCore/Library/UULocalization.swift (in target 'UUSwiftCore' from project 'UUSwiftCore')
    cd /Users/admin/builder/spi-builder-workspace/.swiftpm/xcode

SwiftCompile normal arm64_32 /Users/admin/builder/spi-builder-workspace/.dependencies/checkouts/UUSwiftCore/Library/UUNumber.swift (in target 'UUSwiftCore' from project 'UUSwiftCore')
    cd /Users/admin/builder/spi-builder-workspace/.swiftpm/xcode

SwiftCompile normal arm64_32 /Users/admin/builder/spi-builder-workspace/.dependencies/checkouts/UUSwiftCore/Library/UUObject.swift (in target 'UUSwiftCore' from project 'UUSwiftCore')
    cd /Users/admin/builder/spi-builder-workspace/.swiftpm/xcode

SwiftCompile normal arm64_32 /Users/admin/builder/spi-builder-workspace/.dependencies/checkouts/UUSwiftCore/Library/UUObjectFactory.swift (in target 'UUSwiftCore' from project 'UUSwiftCore')
    cd /Users/admin/builder/spi-builder-workspace/.swiftpm/xcode

SwiftDriverJobDiscovery normal arm64 Compiling UUBase64.swift, UUCollection.swift, UUColor.swift, UUComparable.swift (in target 'UUSwiftCore' from project 'UUSwiftCore')
SwiftDriverJobDiscovery normal arm64 Compiling UUCompression.swift, UUCoreData.swift, UUData.swift, UUDataCache.swift (in target 'UUSwiftCore' from project 'UUSwiftCore')
SwiftDriverJobDiscovery normal arm64_32 Compiling UUDate.swift, UUDictionary.swift, UUJson.swift, UUJsonWebToken.swift (in target 'UUSwiftCore' from project 'UUSwiftCore')
SwiftDriver UUSwiftNetworking normal arm64 com.apple.xcode.tools.swift.compiler (in target 'UUSwiftNetworking' from project 'UUSwiftNetworking')
    cd /Users/admin/builder/spi-builder-workspace/.swiftpm/xcode
    builtin-SwiftDriver -- /Applications/Xcode-26.5.0.app/Contents/Developer/Toolchains/XcodeDefault.xctoolchain/usr/bin/swiftc -module-name UUSwiftNetworking -Onone @/Users/admin/builder/spi-builder-workspace/.derivedData/Build/Intermediates.noindex/UUSwiftNetworking.build/Debug-watchos/UUSwiftNetworking.build/Objects-normal/arm64/UUSwiftNetworking.SwiftFileList -DSWIFT_PACKAGE -DDEBUG -DSWIFT_MODULE_RESOURCE_BUNDLE_UNAVAILABLE -DXcode -plugin-path /Applications/Xcode-26.5.0.app/Contents/Developer/Toolchains/XcodeDefault.xctoolchain/usr/lib/swift/host/plugins/testing -enable-experimental-feature DebugDescriptionMacro -sdk /Applications/Xcode-26.5.0.app/Contents/Developer/Platforms/WatchOS.platform/Developer/SDKs/WatchOS26.5.sdk -target arm64-apple-watchos8.0 -g -module-cache-path /Users/admin/builder/spi-builder-workspace/.derivedData/ModuleCache.noindex -Xfrontend -serialize-debugging-options -profile-coverage-mapping -profile-generate -enable-testing -index-store-path /Users/admin/builder/spi-builder-workspace/.derivedData/Index.noindex/DataStore -Xcc -D_LIBCPP_HARDENING_MODE\=_LIBCPP_HARDENING_MODE_DEBUG -swift-version 6 -I /Users/admin/builder/spi-builder-workspace/.derivedData/Build/Products/Debug-watchos -Isystem /Applications/Xcode-26.5.0.app/Contents/Developer/Platforms/WatchOS.platform/Developer/usr/lib -F /Users/admin/builder/spi-builder-workspace/.derivedData/Build/Products/Debug-watchos/PackageFrameworks -F /Users/admin/builder/spi-builder-workspace/.derivedData/Build/Products/Debug-watchos -F /Applications/Xcode-26.5.0.app/Contents/Developer/Platforms/WatchOS.platform/Developer/Library/Frameworks -F /Applications/Xcode-26.5.0.app/Contents/Developer/Platforms/WatchOS.platform/Developer/SDKs/WatchOS26.5.sdk/Developer/Library/Frameworks -c -j10 -enable-batch-mode -incremental -Xcc -ivfsstatcache -Xcc /Users/admin/builder/spi-builder-workspace/.derivedData/SDKStatCaches.noindex/watchos26.5-23T570-688ef53f1462e2c8f657fdc38a81448f7931b973dfc65d9472806dbbc3af9379.sdkstatcache -output-file-map /Users/admin/builder/spi-builder-workspace/.derivedData/Build/Intermediates.noindex/UUSwiftNetworking.build/Debug-watchos/UUSwiftNetworking.build/Objects-normal/arm64/UUSwiftNetworking-OutputFileMap.json -use-frontend-parseable-output -save-temps -no-color-diagnostics -explicit-module-build -module-cache-path /Users/admin/builder/spi-builder-workspace/.derivedData/Build/Intermediates.noindex/SwiftExplicitPrecompiledModules -clang-scanner-module-cache-path /Users/admin/builder/spi-builder-workspace/.derivedData/ModuleCache.noindex -sdk-module-cache-path /Users/admin/builder/spi-builder-workspace/.derivedData/ModuleCache.noindex -serialize-diagnostics -emit-dependencies -emit-module -emit-module-path /Users/admin/builder/spi-builder-workspace/.derivedData/Build/Intermediates.noindex/UUSwiftNetworking.build/Debug-watchos/UUSwiftNetworking.build/Objects-normal/arm64/UUSwiftNetworking.swiftmodule -validate-clang-modules-once -clang-build-session-file /Users/admin/builder/spi-builder-workspace/.derivedData/ModuleCache.noindex/Session.modulevalidation -package-name spi_builder_workspace -Xcc -I/Users/admin/builder/spi-builder-workspace/.derivedData/Build/Intermediates.noindex/UUSwiftNetworking.build/Debug-watchos/UUSwiftNetworking.build/swift-overrides.hmap -emit-const-values -Xfrontend -const-gather-protocols-file -Xfrontend /Users/admin/builder/spi-builder-workspace/.derivedData/Build/Intermediates.noindex/UUSwiftNetworking.build/Debug-watchos/UUSwiftNetworking.build/Objects-normal/arm64/UUSwiftNetworking_const_extract_protocols.json -Xcc -I/Users/admin/builder/spi-builder-workspace/.derivedData/Build/Products/Debug-watchos/include -Xcc -I/Users/admin/builder/spi-builder-workspace/.derivedData/Build/Intermediates.noindex/UUSwiftNetworking.build/Debug-watchos/UUSwiftNetworking.build/DerivedSources-normal/arm64 -Xcc -I/Users/admin/builder/spi-builder-workspace/.derivedData/Build/Intermediates.noindex/UUSwiftNetworking.build/Debug-watchos/UUSwiftNetworking.build/DerivedSources/arm64 -Xcc -I/Users/admin/builder/spi-builder-workspace/.derivedData/Build/Intermediates.noindex/UUSwiftNetworking.build/Debug-watchos/UUSwiftNetworking.build/DerivedSources -Xcc -DSWIFT_PACKAGE -Xcc -DDEBUG\=1 -emit-objc-header -emit-objc-header-path /Users/admin/builder/spi-builder-workspace/.derivedData/Build/Intermediates.noindex/UUSwiftNetworking.build/Debug-watchos/UUSwiftNetworking.build/Objects-normal/arm64/UUSwiftNetworking-Swift.h -working-directory /Users/admin/builder/spi-builder-workspace/.swiftpm/xcode -experimental-emit-module-separately -disable-cmo
SwiftDriver UUSwiftNetworking normal armv7k com.apple.xcode.tools.swift.compiler (in target 'UUSwiftNetworking' from project 'UUSwiftNetworking')
    cd /Users/admin/builder/spi-builder-workspace/.swiftpm/xcode
    builtin-SwiftDriver -- /Applications/Xcode-26.5.0.app/Contents/Developer/Toolchains/XcodeDefault.xctoolchain/usr/bin/swiftc -module-name UUSwiftNetworking -Onone @/Users/admin/builder/spi-builder-workspace/.derivedData/Build/Intermediates.noindex/UUSwiftNetworking.build/Debug-watchos/UUSwiftNetworking.build/Objects-normal/armv7k/UUSwiftNetworking.SwiftFileList -DSWIFT_PACKAGE -DDEBUG -DSWIFT_MODULE_RESOURCE_BUNDLE_UNAVAILABLE -DXcode -plugin-path /Applications/Xcode-26.5.0.app/Contents/Developer/Toolchains/XcodeDefault.xctoolchain/usr/lib/swift/host/plugins/testing -enable-experimental-feature DebugDescriptionMacro -sdk /Applications/Xcode-26.5.0.app/Contents/Developer/Platforms/WatchOS.platform/Developer/SDKs/WatchOS26.5.sdk -target armv7k-apple-watchos8.0 -g -module-cache-path /Users/admin/builder/spi-builder-workspace/.derivedData/ModuleCache.noindex -Xfrontend -serialize-debugging-options -profile-coverage-mapping -profile-generate -enable-testing -index-store-path /Users/admin/builder/spi-builder-workspace/.derivedData/Index.noindex/DataStore -Xcc -D_LIBCPP_HARDENING_MODE\=_LIBCPP_HARDENING_MODE_DEBUG -swift-version 6 -I /Users/admin/builder/spi-builder-workspace/.derivedData/Build/Products/Debug-watchos -Isystem /Applications/Xcode-26.5.0.app/Contents/Developer/Platforms/WatchOS.platform/Developer/usr/lib -F /Users/admin/builder/spi-builder-workspace/.derivedData/Build/Products/Debug-watchos/PackageFrameworks -F /Users/admin/builder/spi-builder-workspace/.derivedData/Build/Products/Debug-watchos -F /Applications/Xcode-26.5.0.app/Contents/Developer/Platforms/WatchOS.platform/Developer/Library/Frameworks -F /Applications/Xcode-26.5.0.app/Contents/Developer/Platforms/WatchOS.platform/Developer/SDKs/WatchOS26.5.sdk/Developer/Library/Frameworks -c -j10 -enable-batch-mode -incremental -Xcc -ivfsstatcache -Xcc /Users/admin/builder/spi-builder-workspace/.derivedData/SDKStatCaches.noindex/watchos26.5-23T570-688ef53f1462e2c8f657fdc38a81448f7931b973dfc65d9472806dbbc3af9379.sdkstatcache -output-file-map /Users/admin/builder/spi-builder-workspace/.derivedData/Build/Intermediates.noindex/UUSwiftNetworking.build/Debug-watchos/UUSwiftNetworking.build/Objects-normal/armv7k/UUSwiftNetworking-OutputFileMap.json -use-frontend-parseable-output -save-temps -no-color-diagnostics -explicit-module-build -module-cache-path /Users/admin/builder/spi-builder-workspace/.derivedData/Build/Intermediates.noindex/SwiftExplicitPrecompiledModules -clang-scanner-module-cache-path /Users/admin/builder/spi-builder-workspace/.derivedData/ModuleCache.noindex -sdk-module-cache-path /Users/admin/builder/spi-builder-workspace/.derivedData/ModuleCache.noindex -serialize-diagnostics -emit-dependencies -emit-module -emit-module-path /Users/admin/builder/spi-builder-workspace/.derivedData/Build/Intermediates.noindex/UUSwiftNetworking.build/Debug-watchos/UUSwiftNetworking.build/Objects-normal/armv7k/UUSwiftNetworking.swiftmodule -validate-clang-modules-once -clang-build-session-file /Users/admin/builder/spi-builder-workspace/.derivedData/ModuleCache.noindex/Session.modulevalidation -package-name spi_builder_workspace -Xcc -I/Users/admin/builder/spi-builder-workspace/.derivedData/Build/Intermediates.noindex/UUSwiftNetworking.build/Debug-watchos/UUSwiftNetworking.build/swift-overrides.hmap -emit-const-values -Xfrontend -const-gather-protocols-file -Xfrontend /Users/admin/builder/spi-builder-workspace/.derivedData/Build/Intermediates.noindex/UUSwiftNetworking.build/Debug-watchos/UUSwiftNetworking.build/Objects-normal/armv7k/UUSwiftNetworking_const_extract_protocols.json -Xcc -I/Users/admin/builder/spi-builder-workspace/.derivedData/Build/Products/Debug-watchos/include -Xcc -I/Users/admin/builder/spi-builder-workspace/.derivedData/Build/Intermediates.noindex/UUSwiftNetworking.build/Debug-watchos/UUSwiftNetworking.build/DerivedSources-normal/armv7k -Xcc -I/Users/admin/builder/spi-builder-workspace/.derivedData/Build/Intermediates.noindex/UUSwiftNetworking.build/Debug-watchos/UUSwiftNetworking.build/DerivedSources/armv7k -Xcc -I/Users/admin/builder/spi-builder-workspace/.derivedData/Build/Intermediates.noindex/UUSwiftNetworking.build/Debug-watchos/UUSwiftNetworking.build/DerivedSources -Xcc -DSWIFT_PACKAGE -Xcc -DDEBUG\=1 -emit-objc-header -emit-objc-header-path /Users/admin/builder/spi-builder-workspace/.derivedData/Build/Intermediates.noindex/UUSwiftNetworking.build/Debug-watchos/UUSwiftNetworking.build/Objects-normal/armv7k/UUSwiftNetworking-Swift.h -working-directory /Users/admin/builder/spi-builder-workspace/.swiftpm/xcode -experimental-emit-module-separately -disable-cmo
SwiftDriver UUSwiftNetworking normal arm64_32 com.apple.xcode.tools.swift.compiler (in target 'UUSwiftNetworking' from project 'UUSwiftNetworking')
    cd /Users/admin/builder/spi-builder-workspace/.swiftpm/xcode
    builtin-SwiftDriver -- /Applications/Xcode-26.5.0.app/Contents/Developer/Toolchains/XcodeDefault.xctoolchain/usr/bin/swiftc -module-name UUSwiftNetworking -Onone @/Users/admin/builder/spi-builder-workspace/.derivedData/Build/Intermediates.noindex/UUSwiftNetworking.build/Debug-watchos/UUSwiftNetworking.build/Objects-normal/arm64_32/UUSwiftNetworking.SwiftFileList -DSWIFT_PACKAGE -DDEBUG -DSWIFT_MODULE_RESOURCE_BUNDLE_UNAVAILABLE -DXcode -plugin-path /Applications/Xcode-26.5.0.app/Contents/Developer/Toolchains/XcodeDefault.xctoolchain/usr/lib/swift/host/plugins/testing -enable-experimental-feature DebugDescriptionMacro -sdk /Applications/Xcode-26.5.0.app/Contents/Developer/Platforms/WatchOS.platform/Developer/SDKs/WatchOS26.5.sdk -target arm64_32-apple-watchos8.0 -g -module-cache-path /Users/admin/builder/spi-builder-workspace/.derivedData/ModuleCache.noindex -Xfrontend -serialize-debugging-options -profile-coverage-mapping -profile-generate -enable-testing -index-store-path /Users/admin/builder/spi-builder-workspace/.derivedData/Index.noindex/DataStore -Xcc -D_LIBCPP_HARDENING_MODE\=_LIBCPP_HARDENING_MODE_DEBUG -swift-version 6 -I /Users/admin/builder/spi-builder-workspace/.derivedData/Build/Products/Debug-watchos -Isystem /Applications/Xcode-26.5.0.app/Contents/Developer/Platforms/WatchOS.platform/Developer/usr/lib -F /Users/admin/builder/spi-builder-workspace/.derivedData/Build/Products/Debug-watchos/PackageFrameworks -F /Users/admin/builder/spi-builder-workspace/.derivedData/Build/Products/Debug-watchos -F /Applications/Xcode-26.5.0.app/Contents/Developer/Platforms/WatchOS.platform/Developer/Library/Frameworks -F /Applications/Xcode-26.5.0.app/Contents/Developer/Platforms/WatchOS.platform/Developer/SDKs/WatchOS26.5.sdk/Developer/Library/Frameworks -c -j10 -enable-batch-mode -incremental -Xcc -ivfsstatcache -Xcc /Users/admin/builder/spi-builder-workspace/.derivedData/SDKStatCaches.noindex/watchos26.5-23T570-688ef53f1462e2c8f657fdc38a81448f7931b973dfc65d9472806dbbc3af9379.sdkstatcache -output-file-map /Users/admin/builder/spi-builder-workspace/.derivedData/Build/Intermediates.noindex/UUSwiftNetworking.build/Debug-watchos/UUSwiftNetworking.build/Objects-normal/arm64_32/UUSwiftNetworking-OutputFileMap.json -use-frontend-parseable-output -save-temps -no-color-diagnostics -explicit-module-build -module-cache-path /Users/admin/builder/spi-builder-workspace/.derivedData/Build/Intermediates.noindex/SwiftExplicitPrecompiledModules -clang-scanner-module-cache-path /Users/admin/builder/spi-builder-workspace/.derivedData/ModuleCache.noindex -sdk-module-cache-path /Users/admin/builder/spi-builder-workspace/.derivedData/ModuleCache.noindex -serialize-diagnostics -emit-dependencies -emit-module -emit-module-path /Users/admin/builder/spi-builder-workspace/.derivedData/Build/Intermediates.noindex/UUSwiftNetworking.build/Debug-watchos/UUSwiftNetworking.build/Objects-normal/arm64_32/UUSwiftNetworking.swiftmodule -validate-clang-modules-once -clang-build-session-file /Users/admin/builder/spi-builder-workspace/.derivedData/ModuleCache.noindex/Session.modulevalidation -package-name spi_builder_workspace -Xcc -I/Users/admin/builder/spi-builder-workspace/.derivedData/Build/Intermediates.noindex/UUSwiftNetworking.build/Debug-watchos/UUSwiftNetworking.build/swift-overrides.hmap -emit-const-values -Xfrontend -const-gather-protocols-file -Xfrontend /Users/admin/builder/spi-builder-workspace/.derivedData/Build/Intermediates.noindex/UUSwiftNetworking.build/Debug-watchos/UUSwiftNetworking.build/Objects-normal/arm64_32/UUSwiftNetworking_const_extract_protocols.json -Xcc -I/Users/admin/builder/spi-builder-workspace/.derivedData/Build/Products/Debug-watchos/include -Xcc -I/Users/admin/builder/spi-builder-workspace/.derivedData/Build/Intermediates.noindex/UUSwiftNetworking.build/Debug-watchos/UUSwiftNetworking.build/DerivedSources-normal/arm64_32 -Xcc -I/Users/admin/builder/spi-builder-workspace/.derivedData/Build/Intermediates.noindex/UUSwiftNetworking.build/Debug-watchos/UUSwiftNetworking.build/DerivedSources/arm64_32 -Xcc -I/Users/admin/builder/spi-builder-workspace/.derivedData/Build/Intermediates.noindex/UUSwiftNetworking.build/Debug-watchos/UUSwiftNetworking.build/DerivedSources -Xcc -DSWIFT_PACKAGE -Xcc -DDEBUG\=1 -emit-objc-header -emit-objc-header-path /Users/admin/builder/spi-builder-workspace/.derivedData/Build/Intermediates.noindex/UUSwiftNetworking.build/Debug-watchos/UUSwiftNetworking.build/Objects-normal/arm64_32/UUSwiftNetworking-Swift.h -working-directory /Users/admin/builder/spi-builder-workspace/.swiftpm/xcode -experimental-emit-module-separately -disable-cmo
SwiftDriverJobDiscovery normal arm64 Compiling UUKeyStore.swift, UUKeychain.swift, UUSecurity.swift, UUArray.swift (in target 'UUSwiftCore' from project 'UUSwiftCore')
SwiftDriverJobDiscovery normal arm64_32 Compiling UUKeyStore.swift, UUKeychain.swift, UUSecurity.swift, UUArray.swift (in target 'UUSwiftCore' from project 'UUSwiftCore')
SwiftDriver\ Compilation UUSwiftCore normal arm64 com.apple.xcode.tools.swift.compiler (in target 'UUSwiftCore' from project 'UUSwiftCore')
    cd /Users/admin/builder/spi-builder-workspace/.swiftpm/xcode
    builtin-Swift-Compilation -- /Applications/Xcode-26.5.0.app/Contents/Developer/Toolchains/XcodeDefault.xctoolchain/usr/bin/swiftc -module-name UUSwiftCore -Onone @/Users/admin/builder/spi-builder-workspace/.derivedData/Build/Intermediates.noindex/UUSwiftCore.build/Debug-watchos/UUSwiftCore.build/Objects-normal/arm64/UUSwiftCore.SwiftFileList -DSWIFT_PACKAGE -DDEBUG -DSWIFT_MODULE_RESOURCE_BUNDLE_AVAILABLE -DXcode -plugin-path /Applications/Xcode-26.5.0.app/Contents/Developer/Toolchains/XcodeDefault.xctoolchain/usr/lib/swift/host/plugins/testing -enable-experimental-feature DebugDescriptionMacro -sdk /Applications/Xcode-26.5.0.app/Contents/Developer/Platforms/WatchOS.platform/Developer/SDKs/WatchOS26.5.sdk -target arm64-apple-watchos8.0 -g -module-cache-path /Users/admin/builder/spi-builder-workspace/.derivedData/ModuleCache.noindex -Xfrontend -serialize-debugging-options -profile-coverage-mapping -profile-generate -enable-testing -suppress-warnings -index-store-path /Users/admin/builder/spi-builder-workspace/.derivedData/Index.noindex/DataStore -Xcc -D_LIBCPP_HARDENING_MODE\=_LIBCPP_HARDENING_MODE_DEBUG -swift-version 6 -I /Users/admin/builder/spi-builder-workspace/.derivedData/Build/Products/Debug-watchos -Isystem /Applications/Xcode-26.5.0.app/Contents/Developer/Platforms/WatchOS.platform/Developer/usr/lib -F /Users/admin/builder/spi-builder-workspace/.derivedData/Build/Products/Debug-watchos -F /Applications/Xcode-26.5.0.app/Contents/Developer/Platforms/WatchOS.platform/Developer/Library/Frameworks -F /Applications/Xcode-26.5.0.app/Contents/Developer/Platforms/WatchOS.platform/Developer/SDKs/WatchOS26.5.sdk/Developer/Library/Frameworks -c -j10 -enable-batch-mode -incremental -Xcc -ivfsstatcache -Xcc /Users/admin/builder/spi-builder-workspace/.derivedData/SDKStatCaches.noindex/watchos26.5-23T570-688ef53f1462e2c8f657fdc38a81448f7931b973dfc65d9472806dbbc3af9379.sdkstatcache -output-file-map /Users/admin/builder/spi-builder-workspace/.derivedData/Build/Intermediates.noindex/UUSwiftCore.build/Debug-watchos/UUSwiftCore.build/Objects-normal/arm64/UUSwiftCore-OutputFileMap.json -use-frontend-parseable-output -save-temps -no-color-diagnostics -explicit-module-build -module-cache-path /Users/admin/builder/spi-builder-workspace/.derivedData/Build/Intermediates.noindex/SwiftExplicitPrecompiledModules -clang-scanner-module-cache-path /Users/admin/builder/spi-builder-workspace/.derivedData/ModuleCache.noindex -sdk-module-cache-path /Users/admin/builder/spi-builder-workspace/.derivedData/ModuleCache.noindex -serialize-diagnostics -emit-dependencies -emit-module -emit-module-path /Users/admin/builder/spi-builder-workspace/.derivedData/Build/Intermediates.noindex/UUSwiftCore.build/Debug-watchos/UUSwiftCore.build/Objects-normal/arm64/UUSwiftCore.swiftmodule -user-module-version 1.7.2 -validate-clang-modules-once -clang-build-session-file /Users/admin/builder/spi-builder-workspace/.derivedData/ModuleCache.noindex/Session.modulevalidation -package-name uuswiftcore -Xcc -I/Users/admin/builder/spi-builder-workspace/.derivedData/Build/Intermediates.noindex/UUSwiftCore.build/Debug-watchos/UUSwiftCore.build/swift-overrides.hmap -emit-const-values -Xfrontend -const-gather-protocols-file -Xfrontend /Users/admin/builder/spi-builder-workspace/.derivedData/Build/Intermediates.noindex/UUSwiftCore.build/Debug-watchos/UUSwiftCore.build/Objects-normal/arm64/UUSwiftCore_const_extract_protocols.json -Xcc -I/Users/admin/builder/spi-builder-workspace/.derivedData/Build/Products/Debug-watchos/include -Xcc -I/Users/admin/builder/spi-builder-workspace/.derivedData/Build/Intermediates.noindex/UUSwiftCore.build/Debug-watchos/UUSwiftCore.build/DerivedSources-normal/arm64 -Xcc -I/Users/admin/builder/spi-builder-workspace/.derivedData/Build/Intermediates.noindex/UUSwiftCore.build/Debug-watchos/UUSwiftCore.build/DerivedSources/arm64 -Xcc -I/Users/admin/builder/spi-builder-workspace/.derivedData/Build/Intermediates.noindex/UUSwiftCore.build/Debug-watchos/UUSwiftCore.build/DerivedSources -Xcc -DSWIFT_PACKAGE -Xcc -DDEBUG\=1 -emit-objc-header -emit-objc-header-path /Users/admin/builder/spi-builder-workspace/.derivedData/Build/Intermediates.noindex/UUSwiftCore.build/Debug-watchos/UUSwiftCore.build/Objects-normal/arm64/UUSwiftCore-Swift.h -working-directory /Users/admin/builder/spi-builder-workspace/.swiftpm/xcode -experimental-emit-module-separately -disable-cmo
Ld /Users/admin/builder/spi-builder-workspace/.derivedData/Build/Intermediates.noindex/UUSwiftCore.build/Debug-watchos/UUSwiftCore.build/Objects-normal/arm64/Binary/UUSwiftCore.o normal arm64 (in target 'UUSwiftCore' from project 'UUSwiftCore')
    cd /Users/admin/builder/spi-builder-workspace/.dependencies/checkouts/UUSwiftCore
    /Applications/Xcode-26.5.0.app/Contents/Developer/Toolchains/XcodeDefault.xctoolchain/usr/bin/clang -Xlinker -reproducible -target arm64-apple-watchos8.0 -r -isysroot /Applications/Xcode-26.5.0.app/Contents/Developer/Platforms/WatchOS.platform/Developer/SDKs/WatchOS26.5.sdk -O0 -w -F/Users/admin/builder/spi-builder-workspace/.derivedData/Build/Intermediates.noindex/EagerLinkingTBDs/Debug-watchos -F/Users/admin/builder/spi-builder-workspace/.derivedData/Build/Products/Debug-watchos -iframework /Applications/Xcode-26.5.0.app/Contents/Developer/Platforms/WatchOS.platform/Developer/Library/Frameworks -iframework /Applications/Xcode-26.5.0.app/Contents/Developer/Platforms/WatchOS.platform/Developer/SDKs/WatchOS26.5.sdk/Developer/Library/Frameworks -filelist /Users/admin/builder/spi-builder-workspace/.derivedData/Build/Intermediates.noindex/UUSwiftCore.build/Debug-watchos/UUSwiftCore.build/Objects-normal/arm64/UUSwiftCore.LinkFileList -nostdlib -Xlinker -object_path_lto -Xlinker /Users/admin/builder/spi-builder-workspace/.derivedData/Build/Intermediates.noindex/UUSwiftCore.build/Debug-watchos/UUSwiftCore.build/Objects-normal/arm64/UUSwiftCore_lto.o -Xlinker -no_deduplicate -Xlinker -debug_variant -Xlinker -dependency_info -Xlinker /Users/admin/builder/spi-builder-workspace/.derivedData/Build/Intermediates.noindex/UUSwiftCore.build/Debug-watchos/UUSwiftCore.build/Objects-normal/arm64/UUSwiftCore_dependency_info.dat -fobjc-link-runtime -L/Applications/Xcode-26.5.0.app/Contents/Developer/Toolchains/XcodeDefault.xctoolchain/usr/lib/swift/watchos -L/usr/lib/swift -Xlinker -add_ast_path -Xlinker /Users/admin/builder/spi-builder-workspace/.derivedData/Build/Intermediates.noindex/UUSwiftCore.build/Debug-watchos/UUSwiftCore.build/Objects-normal/arm64/UUSwiftCore.swiftmodule @/Users/admin/builder/spi-builder-workspace/.derivedData/Build/Intermediates.noindex/UUSwiftCore.build/Debug-watchos/UUSwiftCore.build/Objects-normal/arm64/UUSwiftCore-linker-args.resp -o /Users/admin/builder/spi-builder-workspace/.derivedData/Build/Intermediates.noindex/UUSwiftCore.build/Debug-watchos/UUSwiftCore.build/Objects-normal/arm64/Binary/UUSwiftCore.o
SwiftDriverJobDiscovery normal arm64_32 Compiling UULocalization.swift, UUNumber.swift, UUObject.swift, UUObjectFactory.swift (in target 'UUSwiftCore' from project 'UUSwiftCore')
SwiftEmitModule normal armv7k Emitting\ module\ for\ UUSwiftNetworking (in target 'UUSwiftNetworking' from project 'UUSwiftNetworking')
EmitSwiftModule normal armv7k (in target 'UUSwiftNetworking' from project 'UUSwiftNetworking')
    cd /Users/admin/builder/spi-builder-workspace/.swiftpm/xcode

SwiftCompile normal armv7k Compiling\ UUPKCE.swift,\ UUFormBody.swift,\ UUHttpBody.swift,\ UUJsonBody.swift /Users/admin/builder/spi-builder-workspace/Library/Authorization/UUPKCE.swift /Users/admin/builder/spi-builder-workspace/Library/Body/UUFormBody.swift /Users/admin/builder/spi-builder-workspace/Library/Body/UUHttpBody.swift /Users/admin/builder/spi-builder-workspace/Library/Body/UUJsonBody.swift (in target 'UUSwiftNetworking' from project 'UUSwiftNetworking')
SwiftCompile normal armv7k /Users/admin/builder/spi-builder-workspace/Library/Authorization/UUPKCE.swift (in target 'UUSwiftNetworking' from project 'UUSwiftNetworking')
    cd /Users/admin/builder/spi-builder-workspace/.swiftpm/xcode

SwiftCompile normal armv7k /Users/admin/builder/spi-builder-workspace/Library/Body/UUFormBody.swift (in target 'UUSwiftNetworking' from project 'UUSwiftNetworking')
    cd /Users/admin/builder/spi-builder-workspace/.swiftpm/xcode

SwiftCompile normal armv7k /Users/admin/builder/spi-builder-workspace/Library/Body/UUHttpBody.swift (in target 'UUSwiftNetworking' from project 'UUSwiftNetworking')
    cd /Users/admin/builder/spi-builder-workspace/.swiftpm/xcode

SwiftCompile normal armv7k /Users/admin/builder/spi-builder-workspace/Library/Body/UUJsonBody.swift (in target 'UUSwiftNetworking' from project 'UUSwiftNetworking')
    cd /Users/admin/builder/spi-builder-workspace/.swiftpm/xcode

SwiftCompile normal armv7k Compiling\ UUHttpRequest.swift,\ UUHttpResponse.swift,\ UUHttpSession.swift /Users/admin/builder/spi-builder-workspace/Library/UUHttpRequest.swift /Users/admin/builder/spi-builder-workspace/Library/UUHttpResponse.swift /Users/admin/builder/spi-builder-workspace/Library/UUHttpSession.swift (in target 'UUSwiftNetworking' from project 'UUSwiftNetworking')
SwiftCompile normal armv7k /Users/admin/builder/spi-builder-workspace/Library/UUHttpRequest.swift (in target 'UUSwiftNetworking' from project 'UUSwiftNetworking')
    cd /Users/admin/builder/spi-builder-workspace/.swiftpm/xcode

SwiftCompile normal armv7k /Users/admin/builder/spi-builder-workspace/Library/UUHttpResponse.swift (in target 'UUSwiftNetworking' from project 'UUSwiftNetworking')
    cd /Users/admin/builder/spi-builder-workspace/.swiftpm/xcode

SwiftCompile normal armv7k /Users/admin/builder/spi-builder-workspace/Library/UUHttpSession.swift (in target 'UUSwiftNetworking' from project 'UUSwiftNetworking')
    cd /Users/admin/builder/spi-builder-workspace/.swiftpm/xcode

SwiftCompile normal armv7k Compiling\ UUNetworkingTypeAliases.swift,\ UURemoteApi.swift,\ UURemoteApiConfig.swift /Users/admin/builder/spi-builder-workspace/Library/UUNetworkingTypeAliases.swift /Users/admin/builder/spi-builder-workspace/Library/UURemoteApi.swift /Users/admin/builder/spi-builder-workspace/Library/UURemoteApiConfig.swift (in target 'UUSwiftNetworking' from project 'UUSwiftNetworking')
SwiftCompile normal armv7k /Users/admin/builder/spi-builder-workspace/Library/UUNetworkingTypeAliases.swift (in target 'UUSwiftNetworking' from project 'UUSwiftNetworking')
    cd /Users/admin/builder/spi-builder-workspace/.swiftpm/xcode

SwiftCompile normal armv7k /Users/admin/builder/spi-builder-workspace/Library/UURemoteApi.swift (in target 'UUSwiftNetworking' from project 'UUSwiftNetworking')
    cd /Users/admin/builder/spi-builder-workspace/.swiftpm/xcode

SwiftCompile normal armv7k /Users/admin/builder/spi-builder-workspace/Library/UURemoteApiConfig.swift (in target 'UUSwiftNetworking' from project 'UUSwiftNetworking')
    cd /Users/admin/builder/spi-builder-workspace/.swiftpm/xcode

SwiftEmitModule normal arm64 Emitting\ module\ for\ UUSwiftNetworking (in target 'UUSwiftNetworking' from project 'UUSwiftNetworking')
EmitSwiftModule normal arm64 (in target 'UUSwiftNetworking' from project 'UUSwiftNetworking')
    cd /Users/admin/builder/spi-builder-workspace/.swiftpm/xcode

SwiftEmitModule normal arm64_32 Emitting\ module\ for\ UUSwiftNetworking (in target 'UUSwiftNetworking' from project 'UUSwiftNetworking')
EmitSwiftModule normal arm64_32 (in target 'UUSwiftNetworking' from project 'UUSwiftNetworking')
    cd /Users/admin/builder/spi-builder-workspace/.swiftpm/xcode

SwiftDriverJobDiscovery normal armv7k Compiling UURandom.swift, UUResult.swift, UUString.swift, UUSwiftCore.swift (in target 'UUSwiftCore' from project 'UUSwiftCore')
SwiftCompile normal arm64_32 Compiling\ UUNetworkingTypeAliases.swift,\ UURemoteApi.swift,\ UURemoteApiConfig.swift /Users/admin/builder/spi-builder-workspace/Library/UUNetworkingTypeAliases.swift /Users/admin/builder/spi-builder-workspace/Library/UURemoteApi.swift /Users/admin/builder/spi-builder-workspace/Library/UURemoteApiConfig.swift (in target 'UUSwiftNetworking' from project 'UUSwiftNetworking')
SwiftCompile normal arm64_32 /Users/admin/builder/spi-builder-workspace/Library/UUNetworkingTypeAliases.swift (in target 'UUSwiftNetworking' from project 'UUSwiftNetworking')
    cd /Users/admin/builder/spi-builder-workspace/.swiftpm/xcode

SwiftCompile normal arm64_32 /Users/admin/builder/spi-builder-workspace/Library/UURemoteApi.swift (in target 'UUSwiftNetworking' from project 'UUSwiftNetworking')
    cd /Users/admin/builder/spi-builder-workspace/.swiftpm/xcode

SwiftCompile normal arm64_32 /Users/admin/builder/spi-builder-workspace/Library/UURemoteApiConfig.swift (in target 'UUSwiftNetworking' from project 'UUSwiftNetworking')
    cd /Users/admin/builder/spi-builder-workspace/.swiftpm/xcode

SwiftDriverJobDiscovery normal arm64_32 Compiling UURandom.swift, UUResult.swift, UUString.swift, UUSwiftCore.swift (in target 'UUSwiftCore' from project 'UUSwiftCore')
SwiftCompile normal arm64_32 Compiling\ UUPKCE.swift,\ UUFormBody.swift,\ UUHttpBody.swift,\ UUJsonBody.swift /Users/admin/builder/spi-builder-workspace/Library/Authorization/UUPKCE.swift /Users/admin/builder/spi-builder-workspace/Library/Body/UUFormBody.swift /Users/admin/builder/spi-builder-workspace/Library/Body/UUHttpBody.swift /Users/admin/builder/spi-builder-workspace/Library/Body/UUJsonBody.swift (in target 'UUSwiftNetworking' from project 'UUSwiftNetworking')
SwiftCompile normal arm64_32 /Users/admin/builder/spi-builder-workspace/Library/Authorization/UUPKCE.swift (in target 'UUSwiftNetworking' from project 'UUSwiftNetworking')
    cd /Users/admin/builder/spi-builder-workspace/.swiftpm/xcode

SwiftCompile normal arm64_32 /Users/admin/builder/spi-builder-workspace/Library/Body/UUFormBody.swift (in target 'UUSwiftNetworking' from project 'UUSwiftNetworking')
    cd /Users/admin/builder/spi-builder-workspace/.swiftpm/xcode

SwiftCompile normal arm64_32 /Users/admin/builder/spi-builder-workspace/Library/Body/UUHttpBody.swift (in target 'UUSwiftNetworking' from project 'UUSwiftNetworking')
    cd /Users/admin/builder/spi-builder-workspace/.swiftpm/xcode

SwiftCompile normal arm64_32 /Users/admin/builder/spi-builder-workspace/Library/Body/UUJsonBody.swift (in target 'UUSwiftNetworking' from project 'UUSwiftNetworking')
    cd /Users/admin/builder/spi-builder-workspace/.swiftpm/xcode

SwiftDriverJobDiscovery normal armv7k Compiling UUPKCE.swift, UUFormBody.swift, UUHttpBody.swift, UUJsonBody.swift (in target 'UUSwiftNetworking' from project 'UUSwiftNetworking')
SwiftCompile normal arm64 Compiling\ UUPassthroughResponseHandler.swift,\ UUBinaryDataParser.swift,\ UUFormEncodedDataParser.swift,\ UUHttpDataParser.swift /Users/admin/builder/spi-builder-workspace/Library/Handlers/UUPassthroughResponseHandler.swift /Users/admin/builder/spi-builder-workspace/Library/Parsers/UUBinaryDataParser.swift /Users/admin/builder/spi-builder-workspace/Library/Parsers/UUFormEncodedDataParser.swift /Users/admin/builder/spi-builder-workspace/Library/Parsers/UUHttpDataParser.swift (in target 'UUSwiftNetworking' from project 'UUSwiftNetworking')
SwiftCompile normal arm64 /Users/admin/builder/spi-builder-workspace/Library/Handlers/UUPassthroughResponseHandler.swift (in target 'UUSwiftNetworking' from project 'UUSwiftNetworking')
    cd /Users/admin/builder/spi-builder-workspace/.swiftpm/xcode

SwiftCompile normal arm64 /Users/admin/builder/spi-builder-workspace/Library/Parsers/UUBinaryDataParser.swift (in target 'UUSwiftNetworking' from project 'UUSwiftNetworking')
    cd /Users/admin/builder/spi-builder-workspace/.swiftpm/xcode

SwiftCompile normal arm64 /Users/admin/builder/spi-builder-workspace/Library/Parsers/UUFormEncodedDataParser.swift (in target 'UUSwiftNetworking' from project 'UUSwiftNetworking')
    cd /Users/admin/builder/spi-builder-workspace/.swiftpm/xcode

SwiftCompile normal arm64 /Users/admin/builder/spi-builder-workspace/Library/Parsers/UUHttpDataParser.swift (in target 'UUSwiftNetworking' from project 'UUSwiftNetworking')
    cd /Users/admin/builder/spi-builder-workspace/.swiftpm/xcode

SwiftDriverJobDiscovery normal armv7k Compiling UUHttpRequest.swift, UUHttpResponse.swift, UUHttpSession.swift (in target 'UUSwiftNetworking' from project 'UUSwiftNetworking')
SwiftCompile normal arm64 Compiling\ UUString+Extensions.swift,\ UUBaseResponseHandler.swift,\ UUHttpResponseHandler.swift,\ UUJsonCodableResponseHandler.swift /Users/admin/builder/spi-builder-workspace/Library/Extensions/UUString+Extensions.swift /Users/admin/builder/spi-builder-workspace/Library/Handlers/UUBaseResponseHandler.swift /Users/admin/builder/spi-builder-workspace/Library/Handlers/UUHttpResponseHandler.swift /Users/admin/builder/spi-builder-workspace/Library/Handlers/UUJsonCodableResponseHandler.swift (in target 'UUSwiftNetworking' from project 'UUSwiftNetworking')
SwiftCompile normal arm64 /Users/admin/builder/spi-builder-workspace/Library/Extensions/UUString+Extensions.swift (in target 'UUSwiftNetworking' from project 'UUSwiftNetworking')
    cd /Users/admin/builder/spi-builder-workspace/.swiftpm/xcode

SwiftCompile normal arm64 /Users/admin/builder/spi-builder-workspace/Library/Handlers/UUBaseResponseHandler.swift (in target 'UUSwiftNetworking' from project 'UUSwiftNetworking')
    cd /Users/admin/builder/spi-builder-workspace/.swiftpm/xcode

SwiftCompile normal arm64 /Users/admin/builder/spi-builder-workspace/Library/Handlers/UUHttpResponseHandler.swift (in target 'UUSwiftNetworking' from project 'UUSwiftNetworking')
    cd /Users/admin/builder/spi-builder-workspace/.swiftpm/xcode

SwiftCompile normal arm64 /Users/admin/builder/spi-builder-workspace/Library/Handlers/UUJsonCodableResponseHandler.swift (in target 'UUSwiftNetworking' from project 'UUSwiftNetworking')
    cd /Users/admin/builder/spi-builder-workspace/.swiftpm/xcode

SwiftDriverJobDiscovery normal arm64_32 Compiling UUBase64.swift, UUCollection.swift, UUColor.swift, UUComparable.swift (in target 'UUSwiftCore' from project 'UUSwiftCore')
SwiftCompile normal arm64 Compiling\ UURemoteData.swift,\ UURemoteImage.swift,\ UURenewAuthorizationResponse.swift /Users/admin/builder/spi-builder-workspace/Library/UURemoteData.swift /Users/admin/builder/spi-builder-workspace/Library/UURemoteImage.swift /Users/admin/builder/spi-builder-workspace/Library/UURenewAuthorizationResponse.swift (in target 'UUSwiftNetworking' from project 'UUSwiftNetworking')
Failed frontend command:
/Applications/Xcode-26.5.0.app/Contents/Developer/Toolchains/XcodeDefault.xctoolchain/usr/bin/swift-frontend -frontend -c /Users/admin/builder/spi-builder-workspace/Library/Authorization/UUBasicAuthorization.swift /Users/admin/builder/spi-builder-workspace/Library/Authorization/UUEmptyAuthorization.swift /Users/admin/builder/spi-builder-workspace/Library/Authorization/UUHttpAuthorization.swift /Users/admin/builder/spi-builder-workspace/Library/Authorization/UUHttpAuthorizationProvider.swift /Users/admin/builder/spi-builder-workspace/Library/Authorization/UUPKCE.swift /Users/admin/builder/spi-builder-workspace/Library/Body/UUFormBody.swift /Users/admin/builder/spi-builder-workspace/Library/Body/UUHttpBody.swift /Users/admin/builder/spi-builder-workspace/Library/Body/UUJsonBody.swift /Users/admin/builder/spi-builder-workspace/Library/Extensions/UUString+Extensions.swift /Users/admin/builder/spi-builder-workspace/Library/Handlers/UUBaseResponseHandler.swift /Users/admin/builder/spi-builder-workspace/Library/Handlers/UUHttpResponseHandler.swift /Users/admin/builder/spi-builder-workspace/Library/Handlers/UUJsonCodableResponseHandler.swift /Users/admin/builder/spi-builder-workspace/Library/Handlers/UUPassthroughResponseHandler.swift /Users/admin/builder/spi-builder-workspace/Library/Parsers/UUBinaryDataParser.swift /Users/admin/builder/spi-builder-workspace/Library/Parsers/UUFormEncodedDataParser.swift /Users/admin/builder/spi-builder-workspace/Library/Parsers/UUHttpDataParser.swift /Users/admin/builder/spi-builder-workspace/Library/Parsers/UUImageDataParser.swift /Users/admin/builder/spi-builder-workspace/Library/Parsers/UUJsonCodableDataParser.swift /Users/admin/builder/spi-builder-workspace/Library/Parsers/UUJsonDataParser.swift /Users/admin/builder/spi-builder-workspace/Library/Parsers/UUMimeTypeDataParser.swift /Users/admin/builder/spi-builder-workspace/Library/Parsers/UUTextDataParser.swift /Users/admin/builder/spi-builder-workspace/Library/UUAsyncCoalescer.swift /Users/admin/builder/spi-builder-workspace/Library/UUEmptyCodable.swift /Users/admin/builder/spi-builder-workspace/Library/UUHttp.swift /Users/admin/builder/spi-builder-workspace/Library/UUHttpConfig.swift /Users/admin/builder/spi-builder-workspace/Library/UUHttpError.swift /Users/admin/builder/spi-builder-workspace/Library/UUHttpRequest.swift /Users/admin/builder/spi-builder-workspace/Library/UUHttpResponse.swift /Users/admin/builder/spi-builder-workspace/Library/UUHttpSession.swift /Users/admin/builder/spi-builder-workspace/Library/UUNetworkingTypeAliases.swift /Users/admin/builder/spi-builder-workspace/Library/UURemoteApi.swift /Users/admin/builder/spi-builder-workspace/Library/UURemoteApiConfig.swift -primary-file /Users/admin/builder/spi-builder-workspace/Library/UURemoteData.swift -primary-file /Users/admin/builder/spi-builder-workspace/Library/UURemoteImage.swift -primary-file /Users/admin/builder/spi-builder-workspace/Library/UURenewAuthorizationResponse.swift -supplementary-output-file-map /Users/admin/builder/spi-builder-workspace/.derivedData/Build/Intermediates.noindex/UUSwiftNetworking.build/Debug-watchos/UUSwiftNetworking.build/Objects-normal/arm64/supplementaryOutputs-50 -target arm64-apple-watchos8.0 -module-can-import-version UIKit 9126.5.5 9126.5.5 -load-resolved-plugin /Applications/Xcode-26.5.0.app/Contents/Developer/Platforms/WatchOS.platform/Developer/usr/lib/swift/host/plugins/libFoundationMacros.dylib\#/Applications/Xcode-26.5.0.app/Contents/Developer/Platforms/WatchOS.platform/Developer/usr/bin/swift-plugin-server\#FoundationMacros -load-resolved-plugin /Applications/Xcode-26.5.0.app/Contents/Developer/Platforms/WatchOS.platform/Developer/usr/lib/swift/host/plugins/libObservationMacros.dylib\#/Applications/Xcode-26.5.0.app/Contents/Developer/Platforms/WatchOS.platform/Developer/usr/bin/swift-plugin-server\#ObservationMacros -load-resolved-plugin /Applications/Xcode-26.5.0.app/Contents/Developer/Platforms/WatchOS.platform/Developer/usr/lib/swift/host/plugins/libSwiftMacros.dylib\#/Applications/Xcode-26.5.0.app/Contents/Developer/Platforms/WatchOS.platform/Developer/usr/bin/swift-plugin-server\#SwiftMacros -load-resolved-plugin /Applications/Xcode-26.5.0.app/Contents/Developer/Platforms/WatchOS.platform/Developer/usr/lib/swift/host/plugins/libSwiftUIMacros.dylib\#/Applications/Xcode-26.5.0.app/Contents/Developer/Platforms/WatchOS.platform/Developer/usr/bin/swift-plugin-server\#SwiftUIMacros -disable-implicit-swift-modules -Xcc -fno-implicit-modules -Xcc -fno-implicit-module-maps -explicit-swift-module-map-file /Users/admin/builder/spi-builder-workspace/.derivedData/Build/Intermediates.noindex/UUSwiftNetworking.build/Debug-watchos/UUSwiftNetworking.build/Objects-normal/arm64/UUSwiftNetworking-dependencies-2.json -debug-module-path /Users/admin/builder/spi-builder-workspace/.derivedData/Build/Intermediates.noindex/UUSwiftNetworking.build/Debug-watchos/UUSwiftNetworking.build/Objects-normal/arm64/UUSwiftNetworking.swiftmodule -Xllvm -aarch64-use-tbi -enable-objc-interop -stack-check -sdk /Applications/Xcode-26.5.0.app/Contents/Developer/Platforms/WatchOS.platform/Developer/SDKs/WatchOS26.5.sdk -I /Users/admin/builder/spi-builder-workspace/.derivedData/Build/Products/Debug-watchos -Isystem /Applications/Xcode-26.5.0.app/Contents/Developer/Platforms/WatchOS.platform/Developer/usr/lib -F /Users/admin/builder/spi-builder-workspace/.derivedData/Build/Products/Debug-watchos/PackageFrameworks -F /Users/admin/builder/spi-builder-workspace/.derivedData/Build/Products/Debug-watchos -F /Applications/Xcode-26.5.0.app/Contents/Developer/Platforms/WatchOS.platform/Developer/Library/Frameworks -F /Applications/Xcode-26.5.0.app/Contents/Developer/Platforms/WatchOS.platform/Developer/SDKs/WatchOS26.5.sdk/Developer/Library/Frameworks -no-color-diagnostics -Xcc -fno-color-diagnostics -enable-testing -g -debug-info-format\=dwarf -dwarf-version\=4 -module-cache-path /Users/admin/builder/spi-builder-workspace/.derivedData/Build/Intermediates.noindex/SwiftExplicitPrecompiledModules -profile-generate -profile-coverage-mapping -swift-version 6 -Onone -D SWIFT_PACKAGE -D DEBUG -D SWIFT_MODULE_RESOURCE_BUNDLE_UNAVAILABLE -D Xcode -serialize-debugging-options -const-gather-protocols-file /Users/admin/builder/spi-builder-workspace/.derivedData/Build/Intermediates.noindex/UUSwiftNetworking.build/Debug-watchos/UUSwiftNetworking.build/Objects-normal/arm64/UUSwiftNetworking_const_extract_protocols.json -enable-experimental-feature DebugDescriptionMacro -empty-abi-descriptor -validate-clang-modules-once -clang-build-session-file /Users/admin/builder/spi-builder-workspace/.derivedData/ModuleCache.noindex/Session.modulevalidation -Xcc -working-directory -Xcc /Users/admin/builder/spi-builder-workspace/.swiftpm/xcode -enable-anonymous-context-mangled-names -file-compilation-dir /Users/admin/builder/spi-builder-workspace/.swiftpm/xcode -Xcc -D_LIBCPP_HARDENING_MODE\=_LIBCPP_HARDENING_MODE_DEBUG -Xcc -ivfsstatcache -Xcc /Users/admin/builder/spi-builder-workspace/.derivedData/SDKStatCaches.noindex/watchos26.5-23T570-688ef53f1462e2c8f657fdc38a81448f7931b973dfc65d9472806dbbc3af9379.sdkstatcache -Xcc -I/Users/admin/builder/spi-builder-workspace/.derivedData/Build/Intermediates.noindex/UUSwiftNetworking.build/Debug-watchos/UUSwiftNetworking.build/swift-overrides.hmap -Xcc -I/Users/admin/builder/spi-builder-workspace/.derivedData/Build/Products/Debug-watchos/include -Xcc -I/Users/admin/builder/spi-builder-workspace/.derivedData/Build/Intermediates.noindex/UUSwiftNetworking.build/Debug-watchos/UUSwiftNetworking.build/DerivedSources-normal/arm64 -Xcc -I/Users/admin/builder/spi-builder-workspace/.derivedData/Build/Intermediates.noindex/UUSwiftNetworking.build/Debug-watchos/UUSwiftNetworking.build/DerivedSources/arm64 -Xcc -I/Users/admin/builder/spi-builder-workspace/.derivedData/Build/Intermediates.noindex/UUSwiftNetworking.build/Debug-watchos/UUSwiftNetworking.build/DerivedSources -Xcc -DSWIFT_PACKAGE -Xcc -DDEBUG\=1 -no-auto-bridging-header-chaining -module-name UUSwiftNetworking -package-name spi_builder_workspace -frontend-parseable-output -disable-clang-spi -clang-target arm64-apple-watchos26.5 -target-sdk-version 26.5 -target-sdk-name watchos26.5 -in-process-plugin-server-path /Applications/Xcode-26.5.0.app/Contents/Developer/Toolchains/XcodeDefault.xctoolchain/usr/lib/swift/host/libSwiftInProcPluginServer.dylib -o /Users/admin/builder/spi-builder-workspace/.derivedData/Build/Intermediates.noindex/UUSwiftNetworking.build/Debug-watchos/UUSwiftNetworking.build/Objects-normal/arm64/UURemoteData.o -o /Users/admin/builder/spi-builder-workspace/.derivedData/Build/Intermediates.noindex/UUSwiftNetworking.build/Debug-watchos/UUSwiftNetworking.build/Objects-normal/arm64/UURemoteImage.o -o /Users/admin/builder/spi-builder-workspace/.derivedData/Build/Intermediates.noindex/UUSwiftNetworking.build/Debug-watchos/UUSwiftNetworking.build/Objects-normal/arm64/UURenewAuthorizationResponse.o -index-unit-output-path /UUSwiftNetworking.build/Debug-watchos/UUSwiftNetworking.build/Objects-normal/arm64/UURemoteData.o -index-unit-output-path /UUSwiftNetworking.build/Debug-watchos/UUSwiftNetworking.build/Objects-normal/arm64/UURemoteImage.o -index-unit-output-path /UUSwiftNetworking.build/Debug-watchos/UUSwiftNetworking.build/Objects-normal/arm64/UURenewAuthorizationResponse.o -index-store-path /Users/admin/builder/spi-builder-workspace/.derivedData/Index.noindex/DataStore -index-system-modules
SwiftCompile normal arm64 /Users/admin/builder/spi-builder-workspace/Library/UURemoteData.swift (in target 'UUSwiftNetworking' from project 'UUSwiftNetworking')
    cd /Users/admin/builder/spi-builder-workspace/.swiftpm/xcode

/Users/admin/builder/spi-builder-workspace/Library/UURemoteImage.swift:259:41: error: 'byPreparingForDisplay()' is unavailable in watchOS
            preparedImage = await image.byPreparingForDisplay() ?? image
                                        ^~~~~~~~~~~~~~~~~~~~~
UIKit.UIImage.byPreparingForDisplay:3:13: note: 'byPreparingForDisplay()' has been explicitly marked unavailable here
  open func byPreparingForDisplay() async -> UIImage?}
            ^
SwiftCompile normal arm64 /Users/admin/builder/spi-builder-workspace/Library/UURemoteImage.swift (in target 'UUSwiftNetworking' from project 'UUSwiftNetworking')
    cd /Users/admin/builder/spi-builder-workspace/.swiftpm/xcode

/Users/admin/builder/spi-builder-workspace/Library/UURemoteImage.swift:259:41: error: 'byPreparingForDisplay()' is unavailable in watchOS
            preparedImage = await image.byPreparingForDisplay() ?? image
                                        ^~~~~~~~~~~~~~~~~~~~~
UIKit.UIImage.byPreparingForDisplay:3:13: note: 'byPreparingForDisplay()' has been explicitly marked unavailable here
  open func byPreparingForDisplay() async -> UIImage?}
            ^
SwiftCompile normal arm64 /Users/admin/builder/spi-builder-workspace/Library/UURenewAuthorizationResponse.swift (in target 'UUSwiftNetworking' from project 'UUSwiftNetworking')
    cd /Users/admin/builder/spi-builder-workspace/.swiftpm/xcode

/Users/admin/builder/spi-builder-workspace/Library/UURemoteImage.swift:259:41: error: 'byPreparingForDisplay()' is unavailable in watchOS
            preparedImage = await image.byPreparingForDisplay() ?? image
                                        ^~~~~~~~~~~~~~~~~~~~~
UIKit.UIImage.byPreparingForDisplay:3:13: note: 'byPreparingForDisplay()' has been explicitly marked unavailable here
  open func byPreparingForDisplay() async -> UIImage?}
            ^
SwiftDriverJobDiscovery normal arm64_32 Compiling UUPKCE.swift, UUFormBody.swift, UUHttpBody.swift, UUJsonBody.swift (in target 'UUSwiftNetworking' from project 'UUSwiftNetworking')
SwiftCompile normal arm64 Compiling\ UUHttpRequest.swift,\ UUHttpResponse.swift,\ UUHttpSession.swift /Users/admin/builder/spi-builder-workspace/Library/UUHttpRequest.swift /Users/admin/builder/spi-builder-workspace/Library/UUHttpResponse.swift /Users/admin/builder/spi-builder-workspace/Library/UUHttpSession.swift (in target 'UUSwiftNetworking' from project 'UUSwiftNetworking')
SwiftCompile normal arm64 /Users/admin/builder/spi-builder-workspace/Library/UUHttpRequest.swift (in target 'UUSwiftNetworking' from project 'UUSwiftNetworking')
    cd /Users/admin/builder/spi-builder-workspace/.swiftpm/xcode

SwiftCompile normal arm64 /Users/admin/builder/spi-builder-workspace/Library/UUHttpResponse.swift (in target 'UUSwiftNetworking' from project 'UUSwiftNetworking')
    cd /Users/admin/builder/spi-builder-workspace/.swiftpm/xcode

SwiftCompile normal arm64 /Users/admin/builder/spi-builder-workspace/Library/UUHttpSession.swift (in target 'UUSwiftNetworking' from project 'UUSwiftNetworking')
    cd /Users/admin/builder/spi-builder-workspace/.swiftpm/xcode

SwiftDriverJobDiscovery normal arm64 Compiling UUPassthroughResponseHandler.swift, UUBinaryDataParser.swift, UUFormEncodedDataParser.swift, UUHttpDataParser.swift (in target 'UUSwiftNetworking' from project 'UUSwiftNetworking')
SwiftCompile normal arm64_32 Compiling\ UURemoteData.swift,\ UURemoteImage.swift,\ UURenewAuthorizationResponse.swift /Users/admin/builder/spi-builder-workspace/Library/UURemoteData.swift /Users/admin/builder/spi-builder-workspace/Library/UURemoteImage.swift /Users/admin/builder/spi-builder-workspace/Library/UURenewAuthorizationResponse.swift (in target 'UUSwiftNetworking' from project 'UUSwiftNetworking')
SwiftCompile normal arm64_32 /Users/admin/builder/spi-builder-workspace/Library/UURemoteData.swift (in target 'UUSwiftNetworking' from project 'UUSwiftNetworking')
    cd /Users/admin/builder/spi-builder-workspace/.swiftpm/xcode

SwiftCompile normal arm64_32 /Users/admin/builder/spi-builder-workspace/Library/UURemoteImage.swift (in target 'UUSwiftNetworking' from project 'UUSwiftNetworking')
    cd /Users/admin/builder/spi-builder-workspace/.swiftpm/xcode

SwiftCompile normal arm64_32 /Users/admin/builder/spi-builder-workspace/Library/UURenewAuthorizationResponse.swift (in target 'UUSwiftNetworking' from project 'UUSwiftNetworking')
    cd /Users/admin/builder/spi-builder-workspace/.swiftpm/xcode

SwiftDriverJobDiscovery normal arm64_32 Compiling UUCompression.swift, UUCoreData.swift, UUData.swift, UUDataCache.swift (in target 'UUSwiftCore' from project 'UUSwiftCore')
SwiftCompile normal arm64_32 Compiling\ UUString+Extensions.swift,\ UUBaseResponseHandler.swift,\ UUHttpResponseHandler.swift,\ UUJsonCodableResponseHandler.swift /Users/admin/builder/spi-builder-workspace/Library/Extensions/UUString+Extensions.swift /Users/admin/builder/spi-builder-workspace/Library/Handlers/UUBaseResponseHandler.swift /Users/admin/builder/spi-builder-workspace/Library/Handlers/UUHttpResponseHandler.swift /Users/admin/builder/spi-builder-workspace/Library/Handlers/UUJsonCodableResponseHandler.swift (in target 'UUSwiftNetworking' from project 'UUSwiftNetworking')
SwiftDriverJobDiscovery normal arm64 Compiling UUString+Extensions.swift, UUBaseResponseHandler.swift, UUHttpResponseHandler.swift, UUJsonCodableResponseHandler.swift (in target 'UUSwiftNetworking' from project 'UUSwiftNetworking')
2026-10-23 07:59:08.976 xcodebuild[734:4366] [MT] IDERunDestination: Supported platforms for the buildables in the current scheme is empty.
** BUILD FAILED **
The following build commands failed:
	SwiftCompile normal arm64 Compiling\ UURemoteData.swift,\ UURemoteImage.swift,\ UURenewAuthorizationResponse.swift /Users/admin/builder/spi-builder-workspace/Library/UURemoteData.swift /Users/admin/builder/spi-builder-workspace/Library/UURemoteImage.swift /Users/admin/builder/spi-builder-workspace/Library/UURenewAuthorizationResponse.swift (in target 'UUSwiftNetworking' from project 'UUSwiftNetworking')
	SwiftCompile normal arm64 /Users/admin/builder/spi-builder-workspace/Library/UURemoteData.swift (in target 'UUSwiftNetworking' from project 'UUSwiftNetworking')
	SwiftCompile normal arm64 /Users/admin/builder/spi-builder-workspace/Library/UURemoteImage.swift (in target 'UUSwiftNetworking' from project 'UUSwiftNetworking')
	SwiftCompile normal arm64 /Users/admin/builder/spi-builder-workspace/Library/UURenewAuthorizationResponse.swift (in target 'UUSwiftNetworking' from project 'UUSwiftNetworking')
	Building workspace spi-builder-workspace with scheme UUSwiftNetworking
(5 failures)
Command line invocation:
    /Applications/Xcode-26.5.0.app/Contents/Developer/usr/bin/xcodebuild -IDEClonedSourcePackagesDirPathOverride=/Users/admin/builder/spi-builder-workspace/.dependencies -resolvePackageDependencies
Resolve Package Graph
Invalid Resource 'TestConfig.json': File not found.
Resolved source packages:
  UUSwiftCore: https://github.com/SilverPineSoftware/UUSwiftCore @ 1.7.2
  UUSwiftNetworking: /Users/admin/builder/spi-builder-workspace
  UUSwiftTestCore: https://github.com/SilverPineSoftware/UUSwiftTestCore @ 0.0.5
resolved source packages: UUSwiftCore, UUSwiftNetworking, UUSwiftTestCore
2026-10-23 07:59:20.834 xcodebuild[1021:5804] [MT] IDERunDestination: Supported platforms for the buildables in the current scheme is empty.
{
  "dependencies" : [
    {
      "identity" : "uuswiftcore",
      "requirement" : {
        "range" : [
          {
            "lower_bound" : "1.7.2",
            "upper_bound" : "2.0.0"
          }
        ]
      },
      "type" : "sourceControl",
      "url" : "https://github.com/SilverPineSoftware/UUSwiftCore.git"
    },
    {
      "identity" : "uuswifttestcore",
      "requirement" : {
        "range" : [
          {
            "lower_bound" : "0.0.5",
            "upper_bound" : "1.0.0"
          }
        ]
      },
      "type" : "sourceControl",
      "url" : "https://github.com/SilverPineSoftware/UUSwiftTestCore.git"
    }
  ],
  "manifest_display_name" : "UUSwiftNetworking",
  "name" : "UUSwiftNetworking",
  "path" : "/Users/admin/builder/spi-builder-workspace",
  "platforms" : [
    {
      "name" : "ios",
      "version" : "15.0"
    },
    {
      "name" : "macos",
      "version" : "11.0"
    }
  ],
  "products" : [
    {
      "name" : "UUSwiftNetworking",
      "targets" : [
        "UUSwiftNetworking"
      ],
      "type" : {
        "library" : [
          "automatic"
        ]
      }
    }
  ],
  "swift_languages_versions" : [
    "4.2",
    "5",
    "6"
  ],
  "targets" : [
    {
      "c99name" : "UUSwiftNetworkingTests",
      "module_type" : "SwiftTarget",
      "name" : "UUSwiftNetworkingTests",
      "path" : "LibraryTest",
      "product_dependencies" : [
        "UUSwiftTestCore",
        "UUSwiftCore"
      ],
      "resources" : [
        {
          "path" : "/Users/admin/builder/spi-builder-workspace/LibraryTest/TestConfig.json",
          "rule" : {
            "process" : {
            }
          }
        },
        {
          "path" : "/Users/admin/builder/spi-builder-workspace/LibraryTest/TestJpeg_0001.JPG",
          "rule" : {
            "process" : {
            }
          }
        }
      ],
      "sources" : [
        "Authorization/UUBasicAuthorizationTests.swift",
        "Authorization/UUEmptyAuthorizationTests.swift",
        "Authorization/UUHttpAuthorizationTests.swift",
        "Authorization/UUPKCETests.swift",
        "Body/BodyTestSupport.swift",
        "Body/UUFormBodyTests.swift",
        "Body/UUHttpBodyTests.swift",
        "Body/UUJsonBodyTests.swift",
        "Handlers/HandlerTestSupport.swift",
        "Handlers/UUBaseResponseHandlerTests.swift",
        "Handlers/UUHttpResponseHandlerTests.swift",
        "Handlers/UUJsonCodableResponseHandlerTests.swift",
        "Handlers/UUPassthroughResponseHandlerTests.swift",
        "Parsers/ParserTestSupport.swift",
        "Parsers/UUBinaryDataParserTests.swift",
        "Parsers/UUFormEncodedDataParserTests.swift",
        "Parsers/UUImageDataParserTests.swift",
        "Parsers/UUJsonCodableDataParserTests.swift",
        "Parsers/UUJsonDataParserTests.swift",
        "Parsers/UUMimeTypeDataParserTests.swift",
        "Parsers/UUTextDataParserTests.swift",
        "UUHttpRequestTests.swift",
        "UUHttpSessionCancelAllTests.swift",
        "UURemoteApiTests.swift",
        "UURemoteDataCancelDownloadTests.swift",
        "UURemoteDataThreadingTests.swift",
        "UUStringExtensionsTests.swift"
      ],
      "target_dependencies" : [
        "UUSwiftNetworking"
      ],
      "type" : "test"
    },
    {
      "c99name" : "UUSwiftNetworking",
      "module_type" : "SwiftTarget",
      "name" : "UUSwiftNetworking",
      "path" : "Library",
      "product_dependencies" : [
        "UUSwiftCore"
      ],
      "product_memberships" : [
        "UUSwiftNetworking"
      ],
      "sources" : [
        "Authorization/UUBasicAuthorization.swift",
        "Authorization/UUEmptyAuthorization.swift",
        "Authorization/UUHttpAuthorization.swift",
        "Authorization/UUHttpAuthorizationProvider.swift",
        "Authorization/UUPKCE.swift",
        "Body/UUFormBody.swift",
        "Body/UUHttpBody.swift",
        "Body/UUJsonBody.swift",
        "Extensions/UUString+Extensions.swift",
        "Handlers/UUBaseResponseHandler.swift",
        "Handlers/UUHttpResponseHandler.swift",
        "Handlers/UUJsonCodableResponseHandler.swift",
        "Handlers/UUPassthroughResponseHandler.swift",
        "Parsers/UUBinaryDataParser.swift",
        "Parsers/UUFormEncodedDataParser.swift",
        "Parsers/UUHttpDataParser.swift",
        "Parsers/UUImageDataParser.swift",
        "Parsers/UUJsonCodableDataParser.swift",
        "Parsers/UUJsonDataParser.swift",
        "Parsers/UUMimeTypeDataParser.swift",
        "Parsers/UUTextDataParser.swift",
        "UUAsyncCoalescer.swift",
        "UUEmptyCodable.swift",
        "UUHttp.swift",
        "UUHttpConfig.swift",
        "UUHttpError.swift",
        "UUHttpRequest.swift",
        "UUHttpResponse.swift",
        "UUHttpSession.swift",
        "UUNetworkingTypeAliases.swift",
        "UURemoteApi.swift",
        "UURemoteApiConfig.swift",
        "UURemoteData.swift",
        "UURemoteImage.swift",
        "UURenewAuthorizationResponse.swift"
      ],
      "type" : "library"
    }
  ],
  "tools_version" : "6.2"
}
warning: 'spi-builder-workspace': Invalid Resource 'TestConfig.json': File not found.
{
  "workspace" : {
    "name" : "spi-builder-workspace",
    "schemes" : [
      "UUSwiftCore",
      "UUSwiftNetworking"
    ]
  }
}
2026-10-23 07:59:22.102 xcodebuild[1037:5914] [MT] IDERunDestination: Supported platforms for the buildables in the current scheme is empty.
{
  "workspace" : {
    "name" : "spi-builder-workspace",
    "schemes" : [
      "UUSwiftCore",
      "UUSwiftNetworking"
    ]
  }
}
2026-10-23 07:59:23.077 xcodebuild[1047:5971] [MT] IDERunDestination: Supported platforms for the buildables in the current scheme is empty.
Running build ...
env DEVELOPER_DIR=/Applications/Xcode-26.5.0.app xcrun xcodebuild -IDEClonedSourcePackagesDirPathOverride=$PWD/.dependencies -skipMacroValidation -skipPackagePluginValidation -derivedDataPath $PWD/.derivedData build -scheme UUSwiftNetworking -destination generic/platform=watchOS
Command line invocation:
    /Applications/Xcode-26.5.0.app/Contents/Developer/usr/bin/xcodebuild -IDEClonedSourcePackagesDirPathOverride=/Users/admin/builder/spi-builder-workspace/.dependencies -skipMacroValidation -skipPackagePluginValidation -derivedDataPath /Users/admin/builder/spi-builder-workspace/.derivedData build -scheme UUSwiftNetworking -destination generic/platform=watchOS
Resolve Package Graph
Invalid Resource 'TestConfig.json': File not found.
Resolved source packages:
  UUSwiftTestCore: https://github.com/SilverPineSoftware/UUSwiftTestCore @ 0.0.5
  UUSwiftCore: https://github.com/SilverPineSoftware/UUSwiftCore @ 1.7.2
  UUSwiftNetworking: /Users/admin/builder/spi-builder-workspace
ComputePackagePrebuildTargetDependencyGraph
Prepare packages
CreateBuildRequest
SendProjectDescription
CreateBuildOperation
ComputeTargetDependencyGraph
note: Building targets in dependency order
note: Target dependency graph (5 targets)
    Target 'UUSwiftNetworking' in project 'UUSwiftNetworking'
        ➜ Explicit dependency on target 'UUSwiftNetworking' in project 'UUSwiftNetworking'
        ➜ Explicit dependency on target 'UUSwiftCore' in project 'UUSwiftCore'
    Target 'UUSwiftNetworking' in project 'UUSwiftNetworking'
        ➜ Explicit dependency on target 'UUSwiftCore' in project 'UUSwiftCore'
    Target 'UUSwiftCore' in project 'UUSwiftCore'
        ➜ Explicit dependency on target 'UUSwiftCore' in project 'UUSwiftCore'
        ➜ Explicit dependency on target 'UUSwiftCore_UUSwiftCore' in project 'UUSwiftCore'
    Target 'UUSwiftCore' in project 'UUSwiftCore'
        ➜ Explicit dependency on target 'UUSwiftCore_UUSwiftCore' in project 'UUSwiftCore'
    Target 'UUSwiftCore_UUSwiftCore' in project 'UUSwiftCore' (no dependencies)
GatherProvisioningInputs
CreateBuildDescription
ClangStatCache /Applications/Xcode-26.5.0.app/Contents/Developer/Toolchains/XcodeDefault.xctoolchain/usr/bin/clang-stat-cache /Applications/Xcode-26.5.0.app/Contents/Developer/Platforms/WatchOS.platform/Developer/SDKs/WatchOS26.5.sdk /Users/admin/builder/spi-builder-workspace/.derivedData/SDKStatCaches.noindex/watchos26.5-23T570-688ef53f1462e2c8f657fdc38a81448f7931b973dfc65d9472806dbbc3af9379.sdkstatcache
    cd /Users/admin/builder/spi-builder-workspace/.swiftpm/xcode
    /Applications/Xcode-26.5.0.app/Contents/Developer/Toolchains/XcodeDefault.xctoolchain/usr/bin/clang-stat-cache /Applications/Xcode-26.5.0.app/Contents/Developer/Platforms/WatchOS.platform/Developer/SDKs/WatchOS26.5.sdk -o /Users/admin/builder/spi-builder-workspace/.derivedData/SDKStatCaches.noindex/watchos26.5-23T570-688ef53f1462e2c8f657fdc38a81448f7931b973dfc65d9472806dbbc3af9379.sdkstatcache
SwiftDriver UUSwiftNetworking normal arm64 com.apple.xcode.tools.swift.compiler (in target 'UUSwiftNetworking' from project 'UUSwiftNetworking')
    cd /Users/admin/builder/spi-builder-workspace/.swiftpm/xcode
    builtin-SwiftDriver -- /Applications/Xcode-26.5.0.app/Contents/Developer/Toolchains/XcodeDefault.xctoolchain/usr/bin/swiftc -module-name UUSwiftNetworking -Onone @/Users/admin/builder/spi-builder-workspace/.derivedData/Build/Intermediates.noindex/UUSwiftNetworking.build/Debug-watchos/UUSwiftNetworking.build/Objects-normal/arm64/UUSwiftNetworking.SwiftFileList -DSWIFT_PACKAGE -DDEBUG -DSWIFT_MODULE_RESOURCE_BUNDLE_UNAVAILABLE -DXcode -plugin-path /Applications/Xcode-26.5.0.app/Contents/Developer/Toolchains/XcodeDefault.xctoolchain/usr/lib/swift/host/plugins/testing -enable-experimental-feature DebugDescriptionMacro -sdk /Applications/Xcode-26.5.0.app/Contents/Developer/Platforms/WatchOS.platform/Developer/SDKs/WatchOS26.5.sdk -target arm64-apple-watchos8.0 -g -module-cache-path /Users/admin/builder/spi-builder-workspace/.derivedData/ModuleCache.noindex -Xfrontend -serialize-debugging-options -profile-coverage-mapping -profile-generate -enable-testing -index-store-path /Users/admin/builder/spi-builder-workspace/.derivedData/Index.noindex/DataStore -Xcc -D_LIBCPP_HARDENING_MODE\=_LIBCPP_HARDENING_MODE_DEBUG -swift-version 6 -I /Users/admin/builder/spi-builder-workspace/.derivedData/Build/Products/Debug-watchos -Isystem /Applications/Xcode-26.5.0.app/Contents/Developer/Platforms/WatchOS.platform/Developer/usr/lib -F /Users/admin/builder/spi-builder-workspace/.derivedData/Build/Products/Debug-watchos/PackageFrameworks -F /Users/admin/builder/spi-builder-workspace/.derivedData/Build/Products/Debug-watchos -F /Applications/Xcode-26.5.0.app/Contents/Developer/Platforms/WatchOS.platform/Developer/Library/Frameworks -F /Applications/Xcode-26.5.0.app/Contents/Developer/Platforms/WatchOS.platform/Developer/SDKs/WatchOS26.5.sdk/Developer/Library/Frameworks -c -j10 -enable-batch-mode -incremental -Xcc -ivfsstatcache -Xcc /Users/admin/builder/spi-builder-workspace/.derivedData/SDKStatCaches.noindex/watchos26.5-23T570-688ef53f1462e2c8f657fdc38a81448f7931b973dfc65d9472806dbbc3af9379.sdkstatcache -output-file-map /Users/admin/builder/spi-builder-workspace/.derivedData/Build/Intermediates.noindex/UUSwiftNetworking.build/Debug-watchos/UUSwiftNetworking.build/Objects-normal/arm64/UUSwiftNetworking-OutputFileMap.json -use-frontend-parseable-output -save-temps -no-color-diagnostics -explicit-module-build -module-cache-path /Users/admin/builder/spi-builder-workspace/.derivedData/Build/Intermediates.noindex/SwiftExplicitPrecompiledModules -clang-scanner-module-cache-path /Users/admin/builder/spi-builder-workspace/.derivedData/ModuleCache.noindex -sdk-module-cache-path /Users/admin/builder/spi-builder-workspace/.derivedData/ModuleCache.noindex -serialize-diagnostics -emit-dependencies -emit-module -emit-module-path /Users/admin/builder/spi-builder-workspace/.derivedData/Build/Intermediates.noindex/UUSwiftNetworking.build/Debug-watchos/UUSwiftNetworking.build/Objects-normal/arm64/UUSwiftNetworking.swiftmodule -validate-clang-modules-once -clang-build-session-file /Users/admin/builder/spi-builder-workspace/.derivedData/ModuleCache.noindex/Session.modulevalidation -package-name spi_builder_workspace -Xcc -I/Users/admin/builder/spi-builder-workspace/.derivedData/Build/Intermediates.noindex/UUSwiftNetworking.build/Debug-watchos/UUSwiftNetworking.build/swift-overrides.hmap -emit-const-values -Xfrontend -const-gather-protocols-file -Xfrontend /Users/admin/builder/spi-builder-workspace/.derivedData/Build/Intermediates.noindex/UUSwiftNetworking.build/Debug-watchos/UUSwiftNetworking.build/Objects-normal/arm64/UUSwiftNetworking_const_extract_protocols.json -Xcc -I/Users/admin/builder/spi-builder-workspace/.derivedData/Build/Products/Debug-watchos/include -Xcc -I/Users/admin/builder/spi-builder-workspace/.derivedData/Build/Intermediates.noindex/UUSwiftNetworking.build/Debug-watchos/UUSwiftNetworking.build/DerivedSources-normal/arm64 -Xcc -I/Users/admin/builder/spi-builder-workspace/.derivedData/Build/Intermediates.noindex/UUSwiftNetworking.build/Debug-watchos/UUSwiftNetworking.build/DerivedSources/arm64 -Xcc -I/Users/admin/builder/spi-builder-workspace/.derivedData/Build/Intermediates.noindex/UUSwiftNetworking.build/Debug-watchos/UUSwiftNetworking.build/DerivedSources -Xcc -DSWIFT_PACKAGE -Xcc -DDEBUG\=1 -emit-objc-header -emit-objc-header-path /Users/admin/builder/spi-builder-workspace/.derivedData/Build/Intermediates.noindex/UUSwiftNetworking.build/Debug-watchos/UUSwiftNetworking.build/Objects-normal/arm64/UUSwiftNetworking-Swift.h -working-directory /Users/admin/builder/spi-builder-workspace/.swiftpm/xcode -experimental-emit-module-separately -disable-cmo
SwiftDriver UUSwiftNetworking normal arm64_32 com.apple.xcode.tools.swift.compiler (in target 'UUSwiftNetworking' from project 'UUSwiftNetworking')
    cd /Users/admin/builder/spi-builder-workspace/.swiftpm/xcode
    builtin-SwiftDriver -- /Applications/Xcode-26.5.0.app/Contents/Developer/Toolchains/XcodeDefault.xctoolchain/usr/bin/swiftc -module-name UUSwiftNetworking -Onone @/Users/admin/builder/spi-builder-workspace/.derivedData/Build/Intermediates.noindex/UUSwiftNetworking.build/Debug-watchos/UUSwiftNetworking.build/Objects-normal/arm64_32/UUSwiftNetworking.SwiftFileList -DSWIFT_PACKAGE -DDEBUG -DSWIFT_MODULE_RESOURCE_BUNDLE_UNAVAILABLE -DXcode -plugin-path /Applications/Xcode-26.5.0.app/Contents/Developer/Toolchains/XcodeDefault.xctoolchain/usr/lib/swift/host/plugins/testing -enable-experimental-feature DebugDescriptionMacro -sdk /Applications/Xcode-26.5.0.app/Contents/Developer/Platforms/WatchOS.platform/Developer/SDKs/WatchOS26.5.sdk -target arm64_32-apple-watchos8.0 -g -module-cache-path /Users/admin/builder/spi-builder-workspace/.derivedData/ModuleCache.noindex -Xfrontend -serialize-debugging-options -profile-coverage-mapping -profile-generate -enable-testing -index-store-path /Users/admin/builder/spi-builder-workspace/.derivedData/Index.noindex/DataStore -Xcc -D_LIBCPP_HARDENING_MODE\=_LIBCPP_HARDENING_MODE_DEBUG -swift-version 6 -I /Users/admin/builder/spi-builder-workspace/.derivedData/Build/Products/Debug-watchos -Isystem /Applications/Xcode-26.5.0.app/Contents/Developer/Platforms/WatchOS.platform/Developer/usr/lib -F /Users/admin/builder/spi-builder-workspace/.derivedData/Build/Products/Debug-watchos/PackageFrameworks -F /Users/admin/builder/spi-builder-workspace/.derivedData/Build/Products/Debug-watchos -F /Applications/Xcode-26.5.0.app/Contents/Developer/Platforms/WatchOS.platform/Developer/Library/Frameworks -F /Applications/Xcode-26.5.0.app/Contents/Developer/Platforms/WatchOS.platform/Developer/SDKs/WatchOS26.5.sdk/Developer/Library/Frameworks -c -j10 -enable-batch-mode -incremental -Xcc -ivfsstatcache -Xcc /Users/admin/builder/spi-builder-workspace/.derivedData/SDKStatCaches.noindex/watchos26.5-23T570-688ef53f1462e2c8f657fdc38a81448f7931b973dfc65d9472806dbbc3af9379.sdkstatcache -output-file-map /Users/admin/builder/spi-builder-workspace/.derivedData/Build/Intermediates.noindex/UUSwiftNetworking.build/Debug-watchos/UUSwiftNetworking.build/Objects-normal/arm64_32/UUSwiftNetworking-OutputFileMap.json -use-frontend-parseable-output -save-temps -no-color-diagnostics -explicit-module-build -module-cache-path /Users/admin/builder/spi-builder-workspace/.derivedData/Build/Intermediates.noindex/SwiftExplicitPrecompiledModules -clang-scanner-module-cache-path /Users/admin/builder/spi-builder-workspace/.derivedData/ModuleCache.noindex -sdk-module-cache-path /Users/admin/builder/spi-builder-workspace/.derivedData/ModuleCache.noindex -serialize-diagnostics -emit-dependencies -emit-module -emit-module-path /Users/admin/builder/spi-builder-workspace/.derivedData/Build/Intermediates.noindex/UUSwiftNetworking.build/Debug-watchos/UUSwiftNetworking.build/Objects-normal/arm64_32/UUSwiftNetworking.swiftmodule -validate-clang-modules-once -clang-build-session-file /Users/admin/builder/spi-builder-workspace/.derivedData/ModuleCache.noindex/Session.modulevalidation -package-name spi_builder_workspace -Xcc -I/Users/admin/builder/spi-builder-workspace/.derivedData/Build/Intermediates.noindex/UUSwiftNetworking.build/Debug-watchos/UUSwiftNetworking.build/swift-overrides.hmap -emit-const-values -Xfrontend -const-gather-protocols-file -Xfrontend /Users/admin/builder/spi-builder-workspace/.derivedData/Build/Intermediates.noindex/UUSwiftNetworking.build/Debug-watchos/UUSwiftNetworking.build/Objects-normal/arm64_32/UUSwiftNetworking_const_extract_protocols.json -Xcc -I/Users/admin/builder/spi-builder-workspace/.derivedData/Build/Products/Debug-watchos/include -Xcc -I/Users/admin/builder/spi-builder-workspace/.derivedData/Build/Intermediates.noindex/UUSwiftNetworking.build/Debug-watchos/UUSwiftNetworking.build/DerivedSources-normal/arm64_32 -Xcc -I/Users/admin/builder/spi-builder-workspace/.derivedData/Build/Intermediates.noindex/UUSwiftNetworking.build/Debug-watchos/UUSwiftNetworking.build/DerivedSources/arm64_32 -Xcc -I/Users/admin/builder/spi-builder-workspace/.derivedData/Build/Intermediates.noindex/UUSwiftNetworking.build/Debug-watchos/UUSwiftNetworking.build/DerivedSources -Xcc -DSWIFT_PACKAGE -Xcc -DDEBUG\=1 -emit-objc-header -emit-objc-header-path /Users/admin/builder/spi-builder-workspace/.derivedData/Build/Intermediates.noindex/UUSwiftNetworking.build/Debug-watchos/UUSwiftNetworking.build/Objects-normal/arm64_32/UUSwiftNetworking-Swift.h -working-directory /Users/admin/builder/spi-builder-workspace/.swiftpm/xcode -experimental-emit-module-separately -disable-cmo
SwiftDriver UUSwiftNetworking normal armv7k com.apple.xcode.tools.swift.compiler (in target 'UUSwiftNetworking' from project 'UUSwiftNetworking')
    cd /Users/admin/builder/spi-builder-workspace/.swiftpm/xcode
    builtin-SwiftDriver -- /Applications/Xcode-26.5.0.app/Contents/Developer/Toolchains/XcodeDefault.xctoolchain/usr/bin/swiftc -module-name UUSwiftNetworking -Onone @/Users/admin/builder/spi-builder-workspace/.derivedData/Build/Intermediates.noindex/UUSwiftNetworking.build/Debug-watchos/UUSwiftNetworking.build/Objects-normal/armv7k/UUSwiftNetworking.SwiftFileList -DSWIFT_PACKAGE -DDEBUG -DSWIFT_MODULE_RESOURCE_BUNDLE_UNAVAILABLE -DXcode -plugin-path /Applications/Xcode-26.5.0.app/Contents/Developer/Toolchains/XcodeDefault.xctoolchain/usr/lib/swift/host/plugins/testing -enable-experimental-feature DebugDescriptionMacro -sdk /Applications/Xcode-26.5.0.app/Contents/Developer/Platforms/WatchOS.platform/Developer/SDKs/WatchOS26.5.sdk -target armv7k-apple-watchos8.0 -g -module-cache-path /Users/admin/builder/spi-builder-workspace/.derivedData/ModuleCache.noindex -Xfrontend -serialize-debugging-options -profile-coverage-mapping -profile-generate -enable-testing -index-store-path /Users/admin/builder/spi-builder-workspace/.derivedData/Index.noindex/DataStore -Xcc -D_LIBCPP_HARDENING_MODE\=_LIBCPP_HARDENING_MODE_DEBUG -swift-version 6 -I /Users/admin/builder/spi-builder-workspace/.derivedData/Build/Products/Debug-watchos -Isystem /Applications/Xcode-26.5.0.app/Contents/Developer/Platforms/WatchOS.platform/Developer/usr/lib -F /Users/admin/builder/spi-builder-workspace/.derivedData/Build/Products/Debug-watchos/PackageFrameworks -F /Users/admin/builder/spi-builder-workspace/.derivedData/Build/Products/Debug-watchos -F /Applications/Xcode-26.5.0.app/Contents/Developer/Platforms/WatchOS.platform/Developer/Library/Frameworks -F /Applications/Xcode-26.5.0.app/Contents/Developer/Platforms/WatchOS.platform/Developer/SDKs/WatchOS26.5.sdk/Developer/Library/Frameworks -c -j10 -enable-batch-mode -incremental -Xcc -ivfsstatcache -Xcc /Users/admin/builder/spi-builder-workspace/.derivedData/SDKStatCaches.noindex/watchos26.5-23T570-688ef53f1462e2c8f657fdc38a81448f7931b973dfc65d9472806dbbc3af9379.sdkstatcache -output-file-map /Users/admin/builder/spi-builder-workspace/.derivedData/Build/Intermediates.noindex/UUSwiftNetworking.build/Debug-watchos/UUSwiftNetworking.build/Objects-normal/armv7k/UUSwiftNetworking-OutputFileMap.json -use-frontend-parseable-output -save-temps -no-color-diagnostics -explicit-module-build -module-cache-path /Users/admin/builder/spi-builder-workspace/.derivedData/Build/Intermediates.noindex/SwiftExplicitPrecompiledModules -clang-scanner-module-cache-path /Users/admin/builder/spi-builder-workspace/.derivedData/ModuleCache.noindex -sdk-module-cache-path /Users/admin/builder/spi-builder-workspace/.derivedData/ModuleCache.noindex -serialize-diagnostics -emit-dependencies -emit-module -emit-module-path /Users/admin/builder/spi-builder-workspace/.derivedData/Build/Intermediates.noindex/UUSwiftNetworking.build/Debug-watchos/UUSwiftNetworking.build/Objects-normal/armv7k/UUSwiftNetworking.swiftmodule -validate-clang-modules-once -clang-build-session-file /Users/admin/builder/spi-builder-workspace/.derivedData/ModuleCache.noindex/Session.modulevalidation -package-name spi_builder_workspace -Xcc -I/Users/admin/builder/spi-builder-workspace/.derivedData/Build/Intermediates.noindex/UUSwiftNetworking.build/Debug-watchos/UUSwiftNetworking.build/swift-overrides.hmap -emit-const-values -Xfrontend -const-gather-protocols-file -Xfrontend /Users/admin/builder/spi-builder-workspace/.derivedData/Build/Intermediates.noindex/UUSwiftNetworking.build/Debug-watchos/UUSwiftNetworking.build/Objects-normal/armv7k/UUSwiftNetworking_const_extract_protocols.json -Xcc -I/Users/admin/builder/spi-builder-workspace/.derivedData/Build/Products/Debug-watchos/include -Xcc -I/Users/admin/builder/spi-builder-workspace/.derivedData/Build/Intermediates.noindex/UUSwiftNetworking.build/Debug-watchos/UUSwiftNetworking.build/DerivedSources-normal/armv7k -Xcc -I/Users/admin/builder/spi-builder-workspace/.derivedData/Build/Intermediates.noindex/UUSwiftNetworking.build/Debug-watchos/UUSwiftNetworking.build/DerivedSources/armv7k -Xcc -I/Users/admin/builder/spi-builder-workspace/.derivedData/Build/Intermediates.noindex/UUSwiftNetworking.build/Debug-watchos/UUSwiftNetworking.build/DerivedSources -Xcc -DSWIFT_PACKAGE -Xcc -DDEBUG\=1 -emit-objc-header -emit-objc-header-path /Users/admin/builder/spi-builder-workspace/.derivedData/Build/Intermediates.noindex/UUSwiftNetworking.build/Debug-watchos/UUSwiftNetworking.build/Objects-normal/armv7k/UUSwiftNetworking-Swift.h -working-directory /Users/admin/builder/spi-builder-workspace/.swiftpm/xcode -experimental-emit-module-separately -disable-cmo
SwiftDriver UUSwiftCore normal armv7k com.apple.xcode.tools.swift.compiler (in target 'UUSwiftCore' from project 'UUSwiftCore')
    cd /Users/admin/builder/spi-builder-workspace/.swiftpm/xcode
    builtin-SwiftDriver -- /Applications/Xcode-26.5.0.app/Contents/Developer/Toolchains/XcodeDefault.xctoolchain/usr/bin/swiftc -module-name UUSwiftCore -Onone @/Users/admin/builder/spi-builder-workspace/.derivedData/Build/Intermediates.noindex/UUSwiftCore.build/Debug-watchos/UUSwiftCore.build/Objects-normal/armv7k/UUSwiftCore.SwiftFileList -DSWIFT_PACKAGE -DDEBUG -DSWIFT_MODULE_RESOURCE_BUNDLE_AVAILABLE -DXcode -plugin-path /Applications/Xcode-26.5.0.app/Contents/Developer/Toolchains/XcodeDefault.xctoolchain/usr/lib/swift/host/plugins/testing -enable-experimental-feature DebugDescriptionMacro -sdk /Applications/Xcode-26.5.0.app/Contents/Developer/Platforms/WatchOS.platform/Developer/SDKs/WatchOS26.5.sdk -target armv7k-apple-watchos8.0 -g -module-cache-path /Users/admin/builder/spi-builder-workspace/.derivedData/ModuleCache.noindex -Xfrontend -serialize-debugging-options -profile-coverage-mapping -profile-generate -enable-testing -suppress-warnings -index-store-path /Users/admin/builder/spi-builder-workspace/.derivedData/Index.noindex/DataStore -Xcc -D_LIBCPP_HARDENING_MODE\=_LIBCPP_HARDENING_MODE_DEBUG -swift-version 6 -I /Users/admin/builder/spi-builder-workspace/.derivedData/Build/Products/Debug-watchos -Isystem /Applications/Xcode-26.5.0.app/Contents/Developer/Platforms/WatchOS.platform/Developer/usr/lib -F /Users/admin/builder/spi-builder-workspace/.derivedData/Build/Products/Debug-watchos -F /Applications/Xcode-26.5.0.app/Contents/Developer/Platforms/WatchOS.platform/Developer/Library/Frameworks -F /Applications/Xcode-26.5.0.app/Contents/Developer/Platforms/WatchOS.platform/Developer/SDKs/WatchOS26.5.sdk/Developer/Library/Frameworks -c -j10 -enable-batch-mode -incremental -Xcc -ivfsstatcache -Xcc /Users/admin/builder/spi-builder-workspace/.derivedData/SDKStatCaches.noindex/watchos26.5-23T570-688ef53f1462e2c8f657fdc38a81448f7931b973dfc65d9472806dbbc3af9379.sdkstatcache -output-file-map /Users/admin/builder/spi-builder-workspace/.derivedData/Build/Intermediates.noindex/UUSwiftCore.build/Debug-watchos/UUSwiftCore.build/Objects-normal/armv7k/UUSwiftCore-OutputFileMap.json -use-frontend-parseable-output -save-temps -no-color-diagnostics -explicit-module-build -module-cache-path /Users/admin/builder/spi-builder-workspace/.derivedData/Build/Intermediates.noindex/SwiftExplicitPrecompiledModules -clang-scanner-module-cache-path /Users/admin/builder/spi-builder-workspace/.derivedData/ModuleCache.noindex -sdk-module-cache-path /Users/admin/builder/spi-builder-workspace/.derivedData/ModuleCache.noindex -serialize-diagnostics -emit-dependencies -emit-module -emit-module-path /Users/admin/builder/spi-builder-workspace/.derivedData/Build/Intermediates.noindex/UUSwiftCore.build/Debug-watchos/UUSwiftCore.build/Objects-normal/armv7k/UUSwiftCore.swiftmodule -user-module-version 1.7.2 -validate-clang-modules-once -clang-build-session-file /Users/admin/builder/spi-builder-workspace/.derivedData/ModuleCache.noindex/Session.modulevalidation -package-name uuswiftcore -Xcc -I/Users/admin/builder/spi-builder-workspace/.derivedData/Build/Intermediates.noindex/UUSwiftCore.build/Debug-watchos/UUSwiftCore.build/swift-overrides.hmap -emit-const-values -Xfrontend -const-gather-protocols-file -Xfrontend /Users/admin/builder/spi-builder-workspace/.derivedData/Build/Intermediates.noindex/UUSwiftCore.build/Debug-watchos/UUSwiftCore.build/Objects-normal/armv7k/UUSwiftCore_const_extract_protocols.json -Xcc -I/Users/admin/builder/spi-builder-workspace/.derivedData/Build/Products/Debug-watchos/include -Xcc -I/Users/admin/builder/spi-builder-workspace/.derivedData/Build/Intermediates.noindex/UUSwiftCore.build/Debug-watchos/UUSwiftCore.build/DerivedSources-normal/armv7k -Xcc -I/Users/admin/builder/spi-builder-workspace/.derivedData/Build/Intermediates.noindex/UUSwiftCore.build/Debug-watchos/UUSwiftCore.build/DerivedSources/armv7k -Xcc -I/Users/admin/builder/spi-builder-workspace/.derivedData/Build/Intermediates.noindex/UUSwiftCore.build/Debug-watchos/UUSwiftCore.build/DerivedSources -Xcc -DSWIFT_PACKAGE -Xcc -DDEBUG\=1 -emit-objc-header -emit-objc-header-path /Users/admin/builder/spi-builder-workspace/.derivedData/Build/Intermediates.noindex/UUSwiftCore.build/Debug-watchos/UUSwiftCore.build/Objects-normal/armv7k/UUSwiftCore-Swift.h -working-directory /Users/admin/builder/spi-builder-workspace/.swiftpm/xcode -experimental-emit-module-separately -disable-cmo
SwiftDriver UUSwiftCore normal arm64_32 com.apple.xcode.tools.swift.compiler (in target 'UUSwiftCore' from project 'UUSwiftCore')
    cd /Users/admin/builder/spi-builder-workspace/.swiftpm/xcode
    builtin-SwiftDriver -- /Applications/Xcode-26.5.0.app/Contents/Developer/Toolchains/XcodeDefault.xctoolchain/usr/bin/swiftc -module-name UUSwiftCore -Onone @/Users/admin/builder/spi-builder-workspace/.derivedData/Build/Intermediates.noindex/UUSwiftCore.build/Debug-watchos/UUSwiftCore.build/Objects-normal/arm64_32/UUSwiftCore.SwiftFileList -DSWIFT_PACKAGE -DDEBUG -DSWIFT_MODULE_RESOURCE_BUNDLE_AVAILABLE -DXcode -plugin-path /Applications/Xcode-26.5.0.app/Contents/Developer/Toolchains/XcodeDefault.xctoolchain/usr/lib/swift/host/plugins/testing -enable-experimental-feature DebugDescriptionMacro -sdk /Applications/Xcode-26.5.0.app/Contents/Developer/Platforms/WatchOS.platform/Developer/SDKs/WatchOS26.5.sdk -target arm64_32-apple-watchos8.0 -g -module-cache-path /Users/admin/builder/spi-builder-workspace/.derivedData/ModuleCache.noindex -Xfrontend -serialize-debugging-options -profile-coverage-mapping -profile-generate -enable-testing -suppress-warnings -index-store-path /Users/admin/builder/spi-builder-workspace/.derivedData/Index.noindex/DataStore -Xcc -D_LIBCPP_HARDENING_MODE\=_LIBCPP_HARDENING_MODE_DEBUG -swift-version 6 -I /Users/admin/builder/spi-builder-workspace/.derivedData/Build/Products/Debug-watchos -Isystem /Applications/Xcode-26.5.0.app/Contents/Developer/Platforms/WatchOS.platform/Developer/usr/lib -F /Users/admin/builder/spi-builder-workspace/.derivedData/Build/Products/Debug-watchos -F /Applications/Xcode-26.5.0.app/Contents/Developer/Platforms/WatchOS.platform/Developer/Library/Frameworks -F /Applications/Xcode-26.5.0.app/Contents/Developer/Platforms/WatchOS.platform/Developer/SDKs/WatchOS26.5.sdk/Developer/Library/Frameworks -c -j10 -enable-batch-mode -incremental -Xcc -ivfsstatcache -Xcc /Users/admin/builder/spi-builder-workspace/.derivedData/SDKStatCaches.noindex/watchos26.5-23T570-688ef53f1462e2c8f657fdc38a81448f7931b973dfc65d9472806dbbc3af9379.sdkstatcache -output-file-map /Users/admin/builder/spi-builder-workspace/.derivedData/Build/Intermediates.noindex/UUSwiftCore.build/Debug-watchos/UUSwiftCore.build/Objects-normal/arm64_32/UUSwiftCore-OutputFileMap.json -use-frontend-parseable-output -save-temps -no-color-diagnostics -explicit-module-build -module-cache-path /Users/admin/builder/spi-builder-workspace/.derivedData/Build/Intermediates.noindex/SwiftExplicitPrecompiledModules -clang-scanner-module-cache-path /Users/admin/builder/spi-builder-workspace/.derivedData/ModuleCache.noindex -sdk-module-cache-path /Users/admin/builder/spi-builder-workspace/.derivedData/ModuleCache.noindex -serialize-diagnostics -emit-dependencies -emit-module -emit-module-path /Users/admin/builder/spi-builder-workspace/.derivedData/Build/Intermediates.noindex/UUSwiftCore.build/Debug-watchos/UUSwiftCore.build/Objects-normal/arm64_32/UUSwiftCore.swiftmodule -user-module-version 1.7.2 -validate-clang-modules-once -clang-build-session-file /Users/admin/builder/spi-builder-workspace/.derivedData/ModuleCache.noindex/Session.modulevalidation -package-name uuswiftcore -Xcc -I/Users/admin/builder/spi-builder-workspace/.derivedData/Build/Intermediates.noindex/UUSwiftCore.build/Debug-watchos/UUSwiftCore.build/swift-overrides.hmap -emit-const-values -Xfrontend -const-gather-protocols-file -Xfrontend /Users/admin/builder/spi-builder-workspace/.derivedData/Build/Intermediates.noindex/UUSwiftCore.build/Debug-watchos/UUSwiftCore.build/Objects-normal/arm64_32/UUSwiftCore_const_extract_protocols.json -Xcc -I/Users/admin/builder/spi-builder-workspace/.derivedData/Build/Products/Debug-watchos/include -Xcc -I/Users/admin/builder/spi-builder-workspace/.derivedData/Build/Intermediates.noindex/UUSwiftCore.build/Debug-watchos/UUSwiftCore.build/DerivedSources-normal/arm64_32 -Xcc -I/Users/admin/builder/spi-builder-workspace/.derivedData/Build/Intermediates.noindex/UUSwiftCore.build/Debug-watchos/UUSwiftCore.build/DerivedSources/arm64_32 -Xcc -I/Users/admin/builder/spi-builder-workspace/.derivedData/Build/Intermediates.noindex/UUSwiftCore.build/Debug-watchos/UUSwiftCore.build/DerivedSources -Xcc -DSWIFT_PACKAGE -Xcc -DDEBUG\=1 -emit-objc-header -emit-objc-header-path /Users/admin/builder/spi-builder-workspace/.derivedData/Build/Intermediates.noindex/UUSwiftCore.build/Debug-watchos/UUSwiftCore.build/Objects-normal/arm64_32/UUSwiftCore-Swift.h -working-directory /Users/admin/builder/spi-builder-workspace/.swiftpm/xcode -experimental-emit-module-separately -disable-cmo
SwiftCompile normal arm64_32 Compiling\ resource_bundle_accessor.swift,\ UUConsoleLogWriter.swift,\ UULog.swift,\ UULogLevel.swift,\ UULogWriter.swift /Users/admin/builder/spi-builder-workspace/.derivedData/Build/Intermediates.noindex/UUSwiftCore.build/Debug-watchos/UUSwiftCore.build/DerivedSources/resource_bundle_accessor.swift /Users/admin/builder/spi-builder-workspace/.dependencies/checkouts/UUSwiftCore/Library/Logging/UUConsoleLogWriter.swift /Users/admin/builder/spi-builder-workspace/.dependencies/checkouts/UUSwiftCore/Library/Logging/UULog.swift /Users/admin/builder/spi-builder-workspace/.dependencies/checkouts/UUSwiftCore/Library/Logging/UULogLevel.swift /Users/admin/builder/spi-builder-workspace/.dependencies/checkouts/UUSwiftCore/Library/Logging/UULogWriter.swift (in target 'UUSwiftCore' from project 'UUSwiftCore')
SwiftCompile normal arm64_32 /Users/admin/builder/spi-builder-workspace/.derivedData/Build/Intermediates.noindex/UUSwiftCore.build/Debug-watchos/UUSwiftCore.build/DerivedSources/resource_bundle_accessor.swift (in target 'UUSwiftCore' from project 'UUSwiftCore')
    cd /Users/admin/builder/spi-builder-workspace/.swiftpm/xcode

SwiftCompile normal arm64_32 /Users/admin/builder/spi-builder-workspace/.dependencies/checkouts/UUSwiftCore/Library/Logging/UUConsoleLogWriter.swift (in target 'UUSwiftCore' from project 'UUSwiftCore')
    cd /Users/admin/builder/spi-builder-workspace/.swiftpm/xcode

SwiftCompile normal arm64_32 /Users/admin/builder/spi-builder-workspace/.dependencies/checkouts/UUSwiftCore/Library/Logging/UULog.swift (in target 'UUSwiftCore' from project 'UUSwiftCore')
    cd /Users/admin/builder/spi-builder-workspace/.swiftpm/xcode

SwiftCompile normal arm64_32 /Users/admin/builder/spi-builder-workspace/.dependencies/checkouts/UUSwiftCore/Library/Logging/UULogLevel.swift (in target 'UUSwiftCore' from project 'UUSwiftCore')
    cd /Users/admin/builder/spi-builder-workspace/.swiftpm/xcode

SwiftCompile normal arm64_32 /Users/admin/builder/spi-builder-workspace/.dependencies/checkouts/UUSwiftCore/Library/Logging/UULogWriter.swift (in target 'UUSwiftCore' from project 'UUSwiftCore')
    cd /Users/admin/builder/spi-builder-workspace/.swiftpm/xcode

SwiftCompile normal arm64_32 Compiling\ UULogger+Ext.swift,\ UULogger.swift,\ UUPrintLogWriter.swift,\ UUCryptoError.swift /Users/admin/builder/spi-builder-workspace/.dependencies/checkouts/UUSwiftCore/Library/Logging/UULogger+Ext.swift /Users/admin/builder/spi-builder-workspace/.dependencies/checkouts/UUSwiftCore/Library/Logging/UULogger.swift /Users/admin/builder/spi-builder-workspace/.dependencies/checkouts/UUSwiftCore/Library/Logging/UUPrintLogWriter.swift /Users/admin/builder/spi-builder-workspace/.dependencies/checkouts/UUSwiftCore/Library/Security/Errors/UUCryptoError.swift (in target 'UUSwiftCore' from project 'UUSwiftCore')
SwiftCompile normal arm64_32 /Users/admin/builder/spi-builder-workspace/.dependencies/checkouts/UUSwiftCore/Library/Logging/UULogger+Ext.swift (in target 'UUSwiftCore' from project 'UUSwiftCore')
    cd /Users/admin/builder/spi-builder-workspace/.swiftpm/xcode

SwiftCompile normal arm64_32 /Users/admin/builder/spi-builder-workspace/.dependencies/checkouts/UUSwiftCore/Library/Logging/UULogger.swift (in target 'UUSwiftCore' from project 'UUSwiftCore')
    cd /Users/admin/builder/spi-builder-workspace/.swiftpm/xcode

SwiftCompile normal arm64_32 /Users/admin/builder/spi-builder-workspace/.dependencies/checkouts/UUSwiftCore/Library/Logging/UUPrintLogWriter.swift (in target 'UUSwiftCore' from project 'UUSwiftCore')
    cd /Users/admin/builder/spi-builder-workspace/.swiftpm/xcode

SwiftCompile normal arm64_32 /Users/admin/builder/spi-builder-workspace/.dependencies/checkouts/UUSwiftCore/Library/Security/Errors/UUCryptoError.swift (in target 'UUSwiftCore' from project 'UUSwiftCore')
    cd /Users/admin/builder/spi-builder-workspace/.swiftpm/xcode

SwiftCompile normal arm64_32 Compiling\ UUKeyStore.swift,\ UUKeychain.swift,\ UUSecurity.swift,\ UUArray.swift /Users/admin/builder/spi-builder-workspace/.dependencies/checkouts/UUSwiftCore/Library/Security/UUKeyStore.swift /Users/admin/builder/spi-builder-workspace/.dependencies/checkouts/UUSwiftCore/Library/Security/UUKeychain.swift /Users/admin/builder/spi-builder-workspace/.dependencies/checkouts/UUSwiftCore/Library/Security/UUSecurity.swift /Users/admin/builder/spi-builder-workspace/.dependencies/checkouts/UUSwiftCore/Library/UUArray.swift (in target 'UUSwiftCore' from project 'UUSwiftCore')
SwiftCompile normal arm64_32 /Users/admin/builder/spi-builder-workspace/.dependencies/checkouts/UUSwiftCore/Library/Security/UUKeyStore.swift (in target 'UUSwiftCore' from project 'UUSwiftCore')
    cd /Users/admin/builder/spi-builder-workspace/.swiftpm/xcode

SwiftCompile normal arm64_32 /Users/admin/builder/spi-builder-workspace/.dependencies/checkouts/UUSwiftCore/Library/Security/UUKeychain.swift (in target 'UUSwiftCore' from project 'UUSwiftCore')
    cd /Users/admin/builder/spi-builder-workspace/.swiftpm/xcode

SwiftCompile normal arm64_32 /Users/admin/builder/spi-builder-workspace/.dependencies/checkouts/UUSwiftCore/Library/Security/UUSecurity.swift (in target 'UUSwiftCore' from project 'UUSwiftCore')
    cd /Users/admin/builder/spi-builder-workspace/.swiftpm/xcode

SwiftCompile normal arm64_32 /Users/admin/builder/spi-builder-workspace/.dependencies/checkouts/UUSwiftCore/Library/UUArray.swift (in target 'UUSwiftCore' from project 'UUSwiftCore')
    cd /Users/admin/builder/spi-builder-workspace/.swiftpm/xcode

SwiftCompile normal arm64_32 Compiling\ UUBase64.swift,\ UUCollection.swift,\ UUColor.swift,\ UUComparable.swift /Users/admin/builder/spi-builder-workspace/.dependencies/checkouts/UUSwiftCore/Library/UUBase64.swift /Users/admin/builder/spi-builder-workspace/.dependencies/checkouts/UUSwiftCore/Library/UUCollection.swift /Users/admin/builder/spi-builder-workspace/.dependencies/checkouts/UUSwiftCore/Library/UUColor.swift /Users/admin/builder/spi-builder-workspace/.dependencies/checkouts/UUSwiftCore/Library/UUComparable.swift (in target 'UUSwiftCore' from project 'UUSwiftCore')
SwiftCompile normal arm64_32 /Users/admin/builder/spi-builder-workspace/.dependencies/checkouts/UUSwiftCore/Library/UUBase64.swift (in target 'UUSwiftCore' from project 'UUSwiftCore')
    cd /Users/admin/builder/spi-builder-workspace/.swiftpm/xcode

SwiftCompile normal arm64_32 /Users/admin/builder/spi-builder-workspace/.dependencies/checkouts/UUSwiftCore/Library/UUCollection.swift (in target 'UUSwiftCore' from project 'UUSwiftCore')
    cd /Users/admin/builder/spi-builder-workspace/.swiftpm/xcode

SwiftCompile normal arm64_32 /Users/admin/builder/spi-builder-workspace/.dependencies/checkouts/UUSwiftCore/Library/UUColor.swift (in target 'UUSwiftCore' from project 'UUSwiftCore')
    cd /Users/admin/builder/spi-builder-workspace/.swiftpm/xcode

SwiftCompile normal arm64_32 /Users/admin/builder/spi-builder-workspace/.dependencies/checkouts/UUSwiftCore/Library/UUComparable.swift (in target 'UUSwiftCore' from project 'UUSwiftCore')
    cd /Users/admin/builder/spi-builder-workspace/.swiftpm/xcode

SwiftCompile normal arm64_32 Compiling\ UUCompression.swift,\ UUCoreData.swift,\ UUData.swift,\ UUDataCache.swift /Users/admin/builder/spi-builder-workspace/.dependencies/checkouts/UUSwiftCore/Library/UUCompression.swift /Users/admin/builder/spi-builder-workspace/.dependencies/checkouts/UUSwiftCore/Library/UUCoreData.swift /Users/admin/builder/spi-builder-workspace/.dependencies/checkouts/UUSwiftCore/Library/UUData.swift /Users/admin/builder/spi-builder-workspace/.dependencies/checkouts/UUSwiftCore/Library/UUDataCache.swift (in target 'UUSwiftCore' from project 'UUSwiftCore')
SwiftCompile normal arm64_32 /Users/admin/builder/spi-builder-workspace/.dependencies/checkouts/UUSwiftCore/Library/UUCompression.swift (in target 'UUSwiftCore' from project 'UUSwiftCore')
    cd /Users/admin/builder/spi-builder-workspace/.swiftpm/xcode

SwiftCompile normal arm64_32 /Users/admin/builder/spi-builder-workspace/.dependencies/checkouts/UUSwiftCore/Library/UUCoreData.swift (in target 'UUSwiftCore' from project 'UUSwiftCore')
    cd /Users/admin/builder/spi-builder-workspace/.swiftpm/xcode

SwiftCompile normal arm64_32 /Users/admin/builder/spi-builder-workspace/.dependencies/checkouts/UUSwiftCore/Library/UUData.swift (in target 'UUSwiftCore' from project 'UUSwiftCore')
    cd /Users/admin/builder/spi-builder-workspace/.swiftpm/xcode

SwiftCompile normal arm64_32 /Users/admin/builder/spi-builder-workspace/.dependencies/checkouts/UUSwiftCore/Library/UUDataCache.swift (in target 'UUSwiftCore' from project 'UUSwiftCore')
    cd /Users/admin/builder/spi-builder-workspace/.swiftpm/xcode

SwiftCompile normal arm64_32 Compiling\ UUKeyStoreError.swift,\ UUKeychainError.swift,\ UUCrypto.swift,\ UUEncryptedKeychain.swift /Users/admin/builder/spi-builder-workspace/.dependencies/checkouts/UUSwiftCore/Library/Security/Errors/UUKeyStoreError.swift /Users/admin/builder/spi-builder-workspace/.dependencies/checkouts/UUSwiftCore/Library/Security/Errors/UUKeychainError.swift /Users/admin/builder/spi-builder-workspace/.dependencies/checkouts/UUSwiftCore/Library/Security/UUCrypto.swift /Users/admin/builder/spi-builder-workspace/.dependencies/checkouts/UUSwiftCore/Library/Security/UUEncryptedKeychain.swift (in target 'UUSwiftCore' from project 'UUSwiftCore')
SwiftCompile normal arm64_32 /Users/admin/builder/spi-builder-workspace/.dependencies/checkouts/UUSwiftCore/Library/Security/Errors/UUKeyStoreError.swift (in target 'UUSwiftCore' from project 'UUSwiftCore')
    cd /Users/admin/builder/spi-builder-workspace/.swiftpm/xcode

SwiftCompile normal arm64_32 /Users/admin/builder/spi-builder-workspace/.dependencies/checkouts/UUSwiftCore/Library/Security/Errors/UUKeychainError.swift (in target 'UUSwiftCore' from project 'UUSwiftCore')
    cd /Users/admin/builder/spi-builder-workspace/.swiftpm/xcode

SwiftCompile normal arm64_32 /Users/admin/builder/spi-builder-workspace/.dependencies/checkouts/UUSwiftCore/Library/Security/UUCrypto.swift (in target 'UUSwiftCore' from project 'UUSwiftCore')
    cd /Users/admin/builder/spi-builder-workspace/.swiftpm/xcode

SwiftCompile normal arm64_32 /Users/admin/builder/spi-builder-workspace/.dependencies/checkouts/UUSwiftCore/Library/Security/UUEncryptedKeychain.swift (in target 'UUSwiftCore' from project 'UUSwiftCore')
    cd /Users/admin/builder/spi-builder-workspace/.swiftpm/xcode

SwiftEmitModule normal arm64_32 Emitting\ module\ for\ UUSwiftCore (in target 'UUSwiftCore' from project 'UUSwiftCore')
EmitSwiftModule normal arm64_32 (in target 'UUSwiftCore' from project 'UUSwiftCore')
    cd /Users/admin/builder/spi-builder-workspace/.swiftpm/xcode

SwiftEmitModule normal armv7k Emitting\ module\ for\ UUSwiftCore (in target 'UUSwiftCore' from project 'UUSwiftCore')
EmitSwiftModule normal armv7k (in target 'UUSwiftCore' from project 'UUSwiftCore')
    cd /Users/admin/builder/spi-builder-workspace/.swiftpm/xcode

SwiftCompile normal armv7k Compiling\ UUBase64.swift,\ UUCollection.swift,\ UUColor.swift,\ UUComparable.swift /Users/admin/builder/spi-builder-workspace/.dependencies/checkouts/UUSwiftCore/Library/UUBase64.swift /Users/admin/builder/spi-builder-workspace/.dependencies/checkouts/UUSwiftCore/Library/UUCollection.swift /Users/admin/builder/spi-builder-workspace/.dependencies/checkouts/UUSwiftCore/Library/UUColor.swift /Users/admin/builder/spi-builder-workspace/.dependencies/checkouts/UUSwiftCore/Library/UUComparable.swift (in target 'UUSwiftCore' from project 'UUSwiftCore')
SwiftCompile normal armv7k /Users/admin/builder/spi-builder-workspace/.dependencies/checkouts/UUSwiftCore/Library/UUBase64.swift (in target 'UUSwiftCore' from project 'UUSwiftCore')
    cd /Users/admin/builder/spi-builder-workspace/.swiftpm/xcode

SwiftCompile normal armv7k /Users/admin/builder/spi-builder-workspace/.dependencies/checkouts/UUSwiftCore/Library/UUCollection.swift (in target 'UUSwiftCore' from project 'UUSwiftCore')
    cd /Users/admin/builder/spi-builder-workspace/.swiftpm/xcode

SwiftCompile normal armv7k /Users/admin/builder/spi-builder-workspace/.dependencies/checkouts/UUSwiftCore/Library/UUColor.swift (in target 'UUSwiftCore' from project 'UUSwiftCore')
    cd /Users/admin/builder/spi-builder-workspace/.swiftpm/xcode

SwiftCompile normal armv7k /Users/admin/builder/spi-builder-workspace/.dependencies/checkouts/UUSwiftCore/Library/UUComparable.swift (in target 'UUSwiftCore' from project 'UUSwiftCore')
    cd /Users/admin/builder/spi-builder-workspace/.swiftpm/xcode

SwiftCompile normal armv7k Compiling\ resource_bundle_accessor.swift,\ UUConsoleLogWriter.swift,\ UULog.swift,\ UULogLevel.swift,\ UULogWriter.swift /Users/admin/builder/spi-builder-workspace/.derivedData/Build/Intermediates.noindex/UUSwiftCore.build/Debug-watchos/UUSwiftCore.build/DerivedSources/resource_bundle_accessor.swift /Users/admin/builder/spi-builder-workspace/.dependencies/checkouts/UUSwiftCore/Library/Logging/UUConsoleLogWriter.swift /Users/admin/builder/spi-builder-workspace/.dependencies/checkouts/UUSwiftCore/Library/Logging/UULog.swift /Users/admin/builder/spi-builder-workspace/.dependencies/checkouts/UUSwiftCore/Library/Logging/UULogLevel.swift /Users/admin/builder/spi-builder-workspace/.dependencies/checkouts/UUSwiftCore/Library/Logging/UULogWriter.swift (in target 'UUSwiftCore' from project 'UUSwiftCore')
SwiftCompile normal armv7k /Users/admin/builder/spi-builder-workspace/.derivedData/Build/Intermediates.noindex/UUSwiftCore.build/Debug-watchos/UUSwiftCore.build/DerivedSources/resource_bundle_accessor.swift (in target 'UUSwiftCore' from project 'UUSwiftCore')
    cd /Users/admin/builder/spi-builder-workspace/.swiftpm/xcode

SwiftCompile normal armv7k /Users/admin/builder/spi-builder-workspace/.dependencies/checkouts/UUSwiftCore/Library/Logging/UUConsoleLogWriter.swift (in target 'UUSwiftCore' from project 'UUSwiftCore')
    cd /Users/admin/builder/spi-builder-workspace/.swiftpm/xcode

SwiftCompile normal armv7k /Users/admin/builder/spi-builder-workspace/.dependencies/checkouts/UUSwiftCore/Library/Logging/UULog.swift (in target 'UUSwiftCore' from project 'UUSwiftCore')
    cd /Users/admin/builder/spi-builder-workspace/.swiftpm/xcode

SwiftCompile normal armv7k /Users/admin/builder/spi-builder-workspace/.dependencies/checkouts/UUSwiftCore/Library/Logging/UULogLevel.swift (in target 'UUSwiftCore' from project 'UUSwiftCore')
    cd /Users/admin/builder/spi-builder-workspace/.swiftpm/xcode

SwiftCompile normal armv7k /Users/admin/builder/spi-builder-workspace/.dependencies/checkouts/UUSwiftCore/Library/Logging/UULogWriter.swift (in target 'UUSwiftCore' from project 'UUSwiftCore')
    cd /Users/admin/builder/spi-builder-workspace/.swiftpm/xcode

SwiftEmitModule normal arm64_32 Emitting\ module\ for\ UUSwiftNetworking (in target 'UUSwiftNetworking' from project 'UUSwiftNetworking')
EmitSwiftModule normal arm64_32 (in target 'UUSwiftNetworking' from project 'UUSwiftNetworking')
    cd /Users/admin/builder/spi-builder-workspace/.swiftpm/xcode

SwiftDriverJobDiscovery normal arm64_32 Compiling UUKeyStoreError.swift, UUKeychainError.swift, UUCrypto.swift, UUEncryptedKeychain.swift (in target 'UUSwiftCore' from project 'UUSwiftCore')
SwiftEmitModule normal armv7k Emitting\ module\ for\ UUSwiftNetworking (in target 'UUSwiftNetworking' from project 'UUSwiftNetworking')
EmitSwiftModule normal armv7k (in target 'UUSwiftNetworking' from project 'UUSwiftNetworking')
    cd /Users/admin/builder/spi-builder-workspace/.swiftpm/xcode

SwiftDriverJobDiscovery normal arm64_32 Compiling UUKeyStore.swift, UUKeychain.swift, UUSecurity.swift, UUArray.swift (in target 'UUSwiftCore' from project 'UUSwiftCore')
SwiftEmitModule normal arm64 Emitting\ module\ for\ UUSwiftNetworking (in target 'UUSwiftNetworking' from project 'UUSwiftNetworking')
EmitSwiftModule normal arm64 (in target 'UUSwiftNetworking' from project 'UUSwiftNetworking')
    cd /Users/admin/builder/spi-builder-workspace/.swiftpm/xcode

SwiftDriverJobDiscovery normal arm64_32 Compiling UULogger+Ext.swift, UULogger.swift, UUPrintLogWriter.swift, UUCryptoError.swift (in target 'UUSwiftCore' from project 'UUSwiftCore')
SwiftCompile normal arm64_32 Compiling\ UUNetworkingTypeAliases.swift,\ UURemoteApi.swift,\ UURemoteApiConfig.swift /Users/admin/builder/spi-builder-workspace/Library/UUNetworkingTypeAliases.swift /Users/admin/builder/spi-builder-workspace/Library/UURemoteApi.swift /Users/admin/builder/spi-builder-workspace/Library/UURemoteApiConfig.swift (in target 'UUSwiftNetworking' from project 'UUSwiftNetworking')
SwiftCompile normal arm64_32 /Users/admin/builder/spi-builder-workspace/Library/UUNetworkingTypeAliases.swift (in target 'UUSwiftNetworking' from project 'UUSwiftNetworking')
    cd /Users/admin/builder/spi-builder-workspace/.swiftpm/xcode

SwiftCompile normal arm64_32 /Users/admin/builder/spi-builder-workspace/Library/UURemoteApi.swift (in target 'UUSwiftNetworking' from project 'UUSwiftNetworking')
    cd /Users/admin/builder/spi-builder-workspace/.swiftpm/xcode

SwiftCompile normal arm64_32 /Users/admin/builder/spi-builder-workspace/Library/UURemoteApiConfig.swift (in target 'UUSwiftNetworking' from project 'UUSwiftNetworking')
    cd /Users/admin/builder/spi-builder-workspace/.swiftpm/xcode

SwiftDriverJobDiscovery normal arm64_32 Compiling resource_bundle_accessor.swift, UUConsoleLogWriter.swift, UULog.swift, UULogLevel.swift, UULogWriter.swift (in target 'UUSwiftCore' from project 'UUSwiftCore')
SwiftCompile normal armv7k Compiling\ UUBasicAuthorization.swift,\ UUEmptyAuthorization.swift,\ UUHttpAuthorization.swift /Users/admin/builder/spi-builder-workspace/Library/Authorization/UUBasicAuthorization.swift /Users/admin/builder/spi-builder-workspace/Library/Authorization/UUEmptyAuthorization.swift /Users/admin/builder/spi-builder-workspace/Library/Authorization/UUHttpAuthorization.swift (in target 'UUSwiftNetworking' from project 'UUSwiftNetworking')
SwiftCompile normal armv7k /Users/admin/builder/spi-builder-workspace/Library/Authorization/UUBasicAuthorization.swift (in target 'UUSwiftNetworking' from project 'UUSwiftNetworking')
    cd /Users/admin/builder/spi-builder-workspace/.swiftpm/xcode

SwiftCompile normal armv7k /Users/admin/builder/spi-builder-workspace/Library/Authorization/UUEmptyAuthorization.swift (in target 'UUSwiftNetworking' from project 'UUSwiftNetworking')
    cd /Users/admin/builder/spi-builder-workspace/.swiftpm/xcode

SwiftCompile normal armv7k /Users/admin/builder/spi-builder-workspace/Library/Authorization/UUHttpAuthorization.swift (in target 'UUSwiftNetworking' from project 'UUSwiftNetworking')
    cd /Users/admin/builder/spi-builder-workspace/.swiftpm/xcode

SwiftDriverJobDiscovery normal armv7k Compiling resource_bundle_accessor.swift, UUConsoleLogWriter.swift, UULog.swift, UULogLevel.swift, UULogWriter.swift (in target 'UUSwiftCore' from project 'UUSwiftCore')
SwiftCompile normal arm64_32 Compiling\ UURemoteData.swift,\ UURemoteImage.swift,\ UURenewAuthorizationResponse.swift /Users/admin/builder/spi-builder-workspace/Library/UURemoteData.swift /Users/admin/builder/spi-builder-workspace/Library/UURemoteImage.swift /Users/admin/builder/spi-builder-workspace/Library/UURenewAuthorizationResponse.swift (in target 'UUSwiftNetworking' from project 'UUSwiftNetworking')
Failed frontend command:
/Applications/Xcode-26.5.0.app/Contents/Developer/Toolchains/XcodeDefault.xctoolchain/usr/bin/swift-frontend -frontend -c /Users/admin/builder/spi-builder-workspace/Library/Authorization/UUBasicAuthorization.swift /Users/admin/builder/spi-builder-workspace/Library/Authorization/UUEmptyAuthorization.swift /Users/admin/builder/spi-builder-workspace/Library/Authorization/UUHttpAuthorization.swift /Users/admin/builder/spi-builder-workspace/Library/Authorization/UUHttpAuthorizationProvider.swift /Users/admin/builder/spi-builder-workspace/Library/Authorization/UUPKCE.swift /Users/admin/builder/spi-builder-workspace/Library/Body/UUFormBody.swift /Users/admin/builder/spi-builder-workspace/Library/Body/UUHttpBody.swift /Users/admin/builder/spi-builder-workspace/Library/Body/UUJsonBody.swift /Users/admin/builder/spi-builder-workspace/Library/Extensions/UUString+Extensions.swift /Users/admin/builder/spi-builder-workspace/Library/Handlers/UUBaseResponseHandler.swift /Users/admin/builder/spi-builder-workspace/Library/Handlers/UUHttpResponseHandler.swift /Users/admin/builder/spi-builder-workspace/Library/Handlers/UUJsonCodableResponseHandler.swift /Users/admin/builder/spi-builder-workspace/Library/Handlers/UUPassthroughResponseHandler.swift /Users/admin/builder/spi-builder-workspace/Library/Parsers/UUBinaryDataParser.swift /Users/admin/builder/spi-builder-workspace/Library/Parsers/UUFormEncodedDataParser.swift /Users/admin/builder/spi-builder-workspace/Library/Parsers/UUHttpDataParser.swift /Users/admin/builder/spi-builder-workspace/Library/Parsers/UUImageDataParser.swift /Users/admin/builder/spi-builder-workspace/Library/Parsers/UUJsonCodableDataParser.swift /Users/admin/builder/spi-builder-workspace/Library/Parsers/UUJsonDataParser.swift /Users/admin/builder/spi-builder-workspace/Library/Parsers/UUMimeTypeDataParser.swift /Users/admin/builder/spi-builder-workspace/Library/Parsers/UUTextDataParser.swift /Users/admin/builder/spi-builder-workspace/Library/UUAsyncCoalescer.swift /Users/admin/builder/spi-builder-workspace/Library/UUEmptyCodable.swift /Users/admin/builder/spi-builder-workspace/Library/UUHttp.swift /Users/admin/builder/spi-builder-workspace/Library/UUHttpConfig.swift /Users/admin/builder/spi-builder-workspace/Library/UUHttpError.swift /Users/admin/builder/spi-builder-workspace/Library/UUHttpRequest.swift /Users/admin/builder/spi-builder-workspace/Library/UUHttpResponse.swift /Users/admin/builder/spi-builder-workspace/Library/UUHttpSession.swift /Users/admin/builder/spi-builder-workspace/Library/UUNetworkingTypeAliases.swift /Users/admin/builder/spi-builder-workspace/Library/UURemoteApi.swift /Users/admin/builder/spi-builder-workspace/Library/UURemoteApiConfig.swift -primary-file /Users/admin/builder/spi-builder-workspace/Library/UURemoteData.swift -primary-file /Users/admin/builder/spi-builder-workspace/Library/UURemoteImage.swift -primary-file /Users/admin/builder/spi-builder-workspace/Library/UURenewAuthorizationResponse.swift -supplementary-output-file-map /Users/admin/builder/spi-builder-workspace/.derivedData/Build/Intermediates.noindex/UUSwiftNetworking.build/Debug-watchos/UUSwiftNetworking.build/Objects-normal/arm64_32/supplementaryOutputs-41 -target arm64_32-apple-watchos8.0 -module-can-import-version UIKit 9126.5.5 9126.5.5 -load-resolved-plugin /Applications/Xcode-26.5.0.app/Contents/Developer/Platforms/WatchOS.platform/Developer/usr/lib/swift/host/plugins/libFoundationMacros.dylib\#/Applications/Xcode-26.5.0.app/Contents/Developer/Platforms/WatchOS.platform/Developer/usr/bin/swift-plugin-server\#FoundationMacros -load-resolved-plugin /Applications/Xcode-26.5.0.app/Contents/Developer/Platforms/WatchOS.platform/Developer/usr/lib/swift/host/plugins/libObservationMacros.dylib\#/Applications/Xcode-26.5.0.app/Contents/Developer/Platforms/WatchOS.platform/Developer/usr/bin/swift-plugin-server\#ObservationMacros -load-resolved-plugin /Applications/Xcode-26.5.0.app/Contents/Developer/Platforms/WatchOS.platform/Developer/usr/lib/swift/host/plugins/libSwiftMacros.dylib\#/Applications/Xcode-26.5.0.app/Contents/Developer/Platforms/WatchOS.platform/Developer/usr/bin/swift-plugin-server\#SwiftMacros -load-resolved-plugin /Applications/Xcode-26.5.0.app/Contents/Developer/Platforms/WatchOS.platform/Developer/usr/lib/swift/host/plugins/libSwiftUIMacros.dylib\#/Applications/Xcode-26.5.0.app/Contents/Developer/Platforms/WatchOS.platform/Developer/usr/bin/swift-plugin-server\#SwiftUIMacros -disable-implicit-swift-modules -Xcc -fno-implicit-modules -Xcc -fno-implicit-module-maps -explicit-swift-module-map-file /Users/admin/builder/spi-builder-workspace/.derivedData/Build/Intermediates.noindex/UUSwiftNetworking.build/Debug-watchos/UUSwiftNetworking.build/Objects-normal/arm64_32/UUSwiftNetworking-dependencies-2.json -debug-module-path /Users/admin/builder/spi-builder-workspace/.derivedData/Build/Intermediates.noindex/UUSwiftNetworking.build/Debug-watchos/UUSwiftNetworking.build/Objects-normal/arm64_32/UUSwiftNetworking.swiftmodule -enable-objc-interop -sdk /Applications/Xcode-26.5.0.app/Contents/Developer/Platforms/WatchOS.platform/Developer/SDKs/WatchOS26.5.sdk -I /Users/admin/builder/spi-builder-workspace/.derivedData/Build/Products/Debug-watchos -Isystem /Applications/Xcode-26.5.0.app/Contents/Developer/Platforms/WatchOS.platform/Developer/usr/lib -F /Users/admin/builder/spi-builder-workspace/.derivedData/Build/Products/Debug-watchos/PackageFrameworks -F /Users/admin/builder/spi-builder-workspace/.derivedData/Build/Products/Debug-watchos -F /Applications/Xcode-26.5.0.app/Contents/Developer/Platforms/WatchOS.platform/Developer/Library/Frameworks -F /Applications/Xcode-26.5.0.app/Contents/Developer/Platforms/WatchOS.platform/Developer/SDKs/WatchOS26.5.sdk/Developer/Library/Frameworks -no-color-diagnostics -Xcc -fno-color-diagnostics -enable-testing -g -debug-info-format\=dwarf -dwarf-version\=4 -module-cache-path /Users/admin/builder/spi-builder-workspace/.derivedData/Build/Intermediates.noindex/SwiftExplicitPrecompiledModules -profile-generate -profile-coverage-mapping -swift-version 6 -Onone -D SWIFT_PACKAGE -D DEBUG -D SWIFT_MODULE_RESOURCE_BUNDLE_UNAVAILABLE -D Xcode -serialize-debugging-options -const-gather-protocols-file /Users/admin/builder/spi-builder-workspace/.derivedData/Build/Intermediates.noindex/UUSwiftNetworking.build/Debug-watchos/UUSwiftNetworking.build/Objects-normal/arm64_32/UUSwiftNetworking_const_extract_protocols.json -enable-experimental-feature DebugDescriptionMacro -empty-abi-descriptor -validate-clang-modules-once -clang-build-session-file /Users/admin/builder/spi-builder-workspace/.derivedData/ModuleCache.noindex/Session.modulevalidation -Xcc -working-directory -Xcc /Users/admin/builder/spi-builder-workspace/.swiftpm/xcode -enable-anonymous-context-mangled-names -file-compilation-dir /Users/admin/builder/spi-builder-workspace/.swiftpm/xcode -Xcc -D_LIBCPP_HARDENING_MODE\=_LIBCPP_HARDENING_MODE_DEBUG -Xcc -ivfsstatcache -Xcc /Users/admin/builder/spi-builder-workspace/.derivedData/SDKStatCaches.noindex/watchos26.5-23T570-688ef53f1462e2c8f657fdc38a81448f7931b973dfc65d9472806dbbc3af9379.sdkstatcache -Xcc -I/Users/admin/builder/spi-builder-workspace/.derivedData/Build/Intermediates.noindex/UUSwiftNetworking.build/Debug-watchos/UUSwiftNetworking.build/swift-overrides.hmap -Xcc -I/Users/admin/builder/spi-builder-workspace/.derivedData/Build/Products/Debug-watchos/include -Xcc -I/Users/admin/builder/spi-builder-workspace/.derivedData/Build/Intermediates.noindex/UUSwiftNetworking.build/Debug-watchos/UUSwiftNetworking.build/DerivedSources-normal/arm64_32 -Xcc -I/Users/admin/builder/spi-builder-workspace/.derivedData/Build/Intermediates.noindex/UUSwiftNetworking.build/Debug-watchos/UUSwiftNetworking.build/DerivedSources/arm64_32 -Xcc -I/Users/admin/builder/spi-builder-workspace/.derivedData/Build/Intermediates.noindex/UUSwiftNetworking.build/Debug-watchos/UUSwiftNetworking.build/DerivedSources -Xcc -DSWIFT_PACKAGE -Xcc -DDEBUG\=1 -no-auto-bridging-header-chaining -module-name UUSwiftNetworking -package-name spi_builder_workspace -frontend-parseable-output -disable-clang-spi -clang-target arm64_32-apple-watchos26.5 -target-sdk-version 26.5 -target-sdk-name watchos26.5 -in-process-plugin-server-path /Applications/Xcode-26.5.0.app/Contents/Developer/Toolchains/XcodeDefault.xctoolchain/usr/lib/swift/host/libSwiftInProcPluginServer.dylib -o /Users/admin/builder/spi-builder-workspace/.derivedData/Build/Intermediates.noindex/UUSwiftNetworking.build/Debug-watchos/UUSwiftNetworking.build/Objects-normal/arm64_32/UURemoteData.o -o /Users/admin/builder/spi-builder-workspace/.derivedData/Build/Intermediates.noindex/UUSwiftNetworking.build/Debug-watchos/UUSwiftNetworking.build/Objects-normal/arm64_32/UURemoteImage.o -o /Users/admin/builder/spi-builder-workspace/.derivedData/Build/Intermediates.noindex/UUSwiftNetworking.build/Debug-watchos/UUSwiftNetworking.build/Objects-normal/arm64_32/UURenewAuthorizationResponse.o -index-unit-output-path /UUSwiftNetworking.build/Debug-watchos/UUSwiftNetworking.build/Objects-normal/arm64_32/UURemoteData.o -index-unit-output-path /UUSwiftNetworking.build/Debug-watchos/UUSwiftNetworking.build/Objects-normal/arm64_32/UURemoteImage.o -index-unit-output-path /UUSwiftNetworking.build/Debug-watchos/UUSwiftNetworking.build/Objects-normal/arm64_32/UURenewAuthorizationResponse.o -index-store-path /Users/admin/builder/spi-builder-workspace/.derivedData/Index.noindex/DataStore -index-system-modules
SwiftCompile normal arm64_32 /Users/admin/builder/spi-builder-workspace/Library/UURemoteData.swift (in target 'UUSwiftNetworking' from project 'UUSwiftNetworking')
    cd /Users/admin/builder/spi-builder-workspace/.swiftpm/xcode

/Users/admin/builder/spi-builder-workspace/Library/UURemoteImage.swift:259:41: error: 'byPreparingForDisplay()' is unavailable in watchOS
            preparedImage = await image.byPreparingForDisplay() ?? image
                                        ^~~~~~~~~~~~~~~~~~~~~
UIKit.UIImage.byPreparingForDisplay:3:13: note: 'byPreparingForDisplay()' has been explicitly marked unavailable here
  open func byPreparingForDisplay() async -> UIImage?}
            ^
SwiftCompile normal arm64_32 /Users/admin/builder/spi-builder-workspace/Library/UURemoteImage.swift (in target 'UUSwiftNetworking' from project 'UUSwiftNetworking')
    cd /Users/admin/builder/spi-builder-workspace/.swiftpm/xcode

/Users/admin/builder/spi-builder-workspace/Library/UURemoteImage.swift:259:41: error: 'byPreparingForDisplay()' is unavailable in watchOS
            preparedImage = await image.byPreparingForDisplay() ?? image
                                        ^~~~~~~~~~~~~~~~~~~~~
UIKit.UIImage.byPreparingForDisplay:3:13: note: 'byPreparingForDisplay()' has been explicitly marked unavailable here
  open func byPreparingForDisplay() async -> UIImage?}
            ^
SwiftCompile normal arm64_32 /Users/admin/builder/spi-builder-workspace/Library/UURenewAuthorizationResponse.swift (in target 'UUSwiftNetworking' from project 'UUSwiftNetworking')
    cd /Users/admin/builder/spi-builder-workspace/.swiftpm/xcode

/Users/admin/builder/spi-builder-workspace/Library/UURemoteImage.swift:259:41: error: 'byPreparingForDisplay()' is unavailable in watchOS
            preparedImage = await image.byPreparingForDisplay() ?? image
                                        ^~~~~~~~~~~~~~~~~~~~~
UIKit.UIImage.byPreparingForDisplay:3:13: note: 'byPreparingForDisplay()' has been explicitly marked unavailable here
  open func byPreparingForDisplay() async -> UIImage?}
            ^
SwiftDriverJobDiscovery normal arm64_32 Compiling UUBase64.swift, UUCollection.swift, UUColor.swift, UUComparable.swift (in target 'UUSwiftCore' from project 'UUSwiftCore')
SwiftCompile normal armv7k Compiling\ UUHttpAuthorizationProvider.swift,\ UUString+Extensions.swift,\ UUBaseResponseHandler.swift /Users/admin/builder/spi-builder-workspace/Library/Authorization/UUHttpAuthorizationProvider.swift /Users/admin/builder/spi-builder-workspace/Library/Extensions/UUString+Extensions.swift /Users/admin/builder/spi-builder-workspace/Library/Handlers/UUBaseResponseHandler.swift (in target 'UUSwiftNetworking' from project 'UUSwiftNetworking')
SwiftCompile normal armv7k /Users/admin/builder/spi-builder-workspace/Library/Authorization/UUHttpAuthorizationProvider.swift (in target 'UUSwiftNetworking' from project 'UUSwiftNetworking')
    cd /Users/admin/builder/spi-builder-workspace/.swiftpm/xcode

SwiftCompile normal armv7k /Users/admin/builder/spi-builder-workspace/Library/Extensions/UUString+Extensions.swift (in target 'UUSwiftNetworking' from project 'UUSwiftNetworking')
    cd /Users/admin/builder/spi-builder-workspace/.swiftpm/xcode

SwiftCompile normal armv7k /Users/admin/builder/spi-builder-workspace/Library/Handlers/UUBaseResponseHandler.swift (in target 'UUSwiftNetworking' from project 'UUSwiftNetworking')
    cd /Users/admin/builder/spi-builder-workspace/.swiftpm/xcode

SwiftDriverJobDiscovery normal armv7k Compiling UUBase64.swift, UUCollection.swift, UUColor.swift, UUComparable.swift (in target 'UUSwiftCore' from project 'UUSwiftCore')
SwiftCompile normal armv7k Compiling\ UUBinaryDataParser.swift,\ UUFormEncodedDataParser.swift,\ UUHttpDataParser.swift /Users/admin/builder/spi-builder-workspace/Library/Parsers/UUBinaryDataParser.swift /Users/admin/builder/spi-builder-workspace/Library/Parsers/UUFormEncodedDataParser.swift /Users/admin/builder/spi-builder-workspace/Library/Parsers/UUHttpDataParser.swift (in target 'UUSwiftNetworking' from project 'UUSwiftNetworking')
SwiftCompile normal armv7k /Users/admin/builder/spi-builder-workspace/Library/Parsers/UUBinaryDataParser.swift (in target 'UUSwiftNetworking' from project 'UUSwiftNetworking')
    cd /Users/admin/builder/spi-builder-workspace/.swiftpm/xcode

SwiftCompile normal armv7k /Users/admin/builder/spi-builder-workspace/Library/Parsers/UUFormEncodedDataParser.swift (in target 'UUSwiftNetworking' from project 'UUSwiftNetworking')
    cd /Users/admin/builder/spi-builder-workspace/.swiftpm/xcode

SwiftCompile normal armv7k /Users/admin/builder/spi-builder-workspace/Library/Parsers/UUHttpDataParser.swift (in target 'UUSwiftNetworking' from project 'UUSwiftNetworking')
    cd /Users/admin/builder/spi-builder-workspace/.swiftpm/xcode

SwiftCompile normal arm64_32 Compiling\ UUHttpRequest.swift,\ UUHttpResponse.swift,\ UUHttpSession.swift /Users/admin/builder/spi-builder-workspace/Library/UUHttpRequest.swift /Users/admin/builder/spi-builder-workspace/Library/UUHttpResponse.swift /Users/admin/builder/spi-builder-workspace/Library/UUHttpSession.swift (in target 'UUSwiftNetworking' from project 'UUSwiftNetworking')
SwiftCompile normal arm64_32 /Users/admin/builder/spi-builder-workspace/Library/UUHttpRequest.swift (in target 'UUSwiftNetworking' from project 'UUSwiftNetworking')
    cd /Users/admin/builder/spi-builder-workspace/.swiftpm/xcode

SwiftCompile normal arm64_32 /Users/admin/builder/spi-builder-workspace/Library/UUHttpResponse.swift (in target 'UUSwiftNetworking' from project 'UUSwiftNetworking')
    cd /Users/admin/builder/spi-builder-workspace/.swiftpm/xcode

SwiftCompile normal arm64_32 /Users/admin/builder/spi-builder-workspace/Library/UUHttpSession.swift (in target 'UUSwiftNetworking' from project 'UUSwiftNetworking')
    cd /Users/admin/builder/spi-builder-workspace/.swiftpm/xcode

SwiftCompile normal arm64 Compiling\ UURemoteApiConfig.swift,\ UURemoteData.swift /Users/admin/builder/spi-builder-workspace/Library/UURemoteApiConfig.swift /Users/admin/builder/spi-builder-workspace/Library/UURemoteData.swift (in target 'UUSwiftNetworking' from project 'UUSwiftNetworking')
SwiftCompile normal arm64 /Users/admin/builder/spi-builder-workspace/Library/UURemoteApiConfig.swift (in target 'UUSwiftNetworking' from project 'UUSwiftNetworking')
    cd /Users/admin/builder/spi-builder-workspace/.swiftpm/xcode

SwiftCompile normal arm64 /Users/admin/builder/spi-builder-workspace/Library/UURemoteData.swift (in target 'UUSwiftNetworking' from project 'UUSwiftNetworking')
    cd /Users/admin/builder/spi-builder-workspace/.swiftpm/xcode

SwiftDriverJobDiscovery normal armv7k Compiling UUBasicAuthorization.swift, UUEmptyAuthorization.swift, UUHttpAuthorization.swift (in target 'UUSwiftNetworking' from project 'UUSwiftNetworking')
SwiftCompile normal armv7k Compiling\ UUHttpRequest.swift /Users/admin/builder/spi-builder-workspace/Library/UUHttpRequest.swift (in target 'UUSwiftNetworking' from project 'UUSwiftNetworking')
2026-10-23 07:59:24.063 xcodebuild[1056:6021] [MT] IDERunDestination: Supported platforms for the buildables in the current scheme is empty.
** BUILD FAILED **
The following build commands failed:
	SwiftCompile normal arm64_32 Compiling\ UURemoteData.swift,\ UURemoteImage.swift,\ UURenewAuthorizationResponse.swift /Users/admin/builder/spi-builder-workspace/Library/UURemoteData.swift /Users/admin/builder/spi-builder-workspace/Library/UURemoteImage.swift /Users/admin/builder/spi-builder-workspace/Library/UURenewAuthorizationResponse.swift (in target 'UUSwiftNetworking' from project 'UUSwiftNetworking')
	SwiftCompile normal arm64_32 /Users/admin/builder/spi-builder-workspace/Library/UURemoteData.swift (in target 'UUSwiftNetworking' from project 'UUSwiftNetworking')
	SwiftCompile normal arm64_32 /Users/admin/builder/spi-builder-workspace/Library/UURemoteImage.swift (in target 'UUSwiftNetworking' from project 'UUSwiftNetworking')
	SwiftCompile normal arm64_32 /Users/admin/builder/spi-builder-workspace/Library/UURenewAuthorizationResponse.swift (in target 'UUSwiftNetworking' from project 'UUSwiftNetworking')
	Building workspace spi-builder-workspace with scheme UUSwiftNetworking
(5 failures)
BUILD FAILURE 6.3 watchOS