The Swift Package Index logo.Swift Package Index

Build Information

Failed to build NKModalPresenter, reference master (d133cd), with Swift 6.4 for visionOS using Xcode 27.0 on 22 Sep 2026 05:25:10 UTC.

Build Command

env DEVELOPER_DIR=/Applications/Xcode-27.0.0-Release.Candidate.app xcrun xcodebuild -IDEClonedSourcePackagesDirPathOverride=$PWD/.dependencies -skipMacroValidation -skipPackagePluginValidation -derivedDataPath $PWD/.derivedData build -scheme NKModalPresenter -destination generic/platform=xrOS

Build Log

========================================
RunAll
========================================
Builder version: 5.1.0
Interrupt handler set up.
========================================
Checkout
========================================
Clone URL: https://github.com/kennic/NKModalPresenter.git
Reference: master
Initialized empty Git repository in /Users/admin/builder/spi-builder-workspace/.git/
From https://github.com/kennic/NKModalPresenter
 * branch            master     -> FETCH_HEAD
 * [new branch]      master     -> origin/master
HEAD is now at d133cd3 Fix flicker screen after dismissing
Cloned https://github.com/kennic/NKModalPresenter.git
Revision (git rev-parse @):
d133cd36d7906e05d4895321c2803c7ac16adb2e
SUCCESS checkout https://github.com/kennic/NKModalPresenter.git at master
========================================
Build
========================================
Selected platform:         visionOS
Swift version:             6.4
Building package at path:  $PWD
https://github.com/kennic/NKModalPresenter.git
Command line invocation:
    /Applications/Xcode-27.0.0-Release.Candidate.app/Contents/Developer/usr/bin/xcodebuild -IDEClonedSourcePackagesDirPathOverride=/Users/admin/builder/spi-builder-workspace/.dependencies -resolvePackageDependencies
resolved source packages:
{
  "dependencies" : [
  ],
  "manifest_display_name" : "NKModalPresenter",
  "name" : "NKModalPresenter",
  "path" : "/Users/admin/builder/spi-builder-workspace",
  "platforms" : [
    {
      "name" : "ios",
      "version" : "9.0"
    }
  ],
  "products" : [
    {
      "name" : "NKModalPresenter",
      "targets" : [
        "NKModalPresenter"
      ],
      "type" : {
        "library" : [
          "automatic"
        ]
      }
    }
  ],
  "targets" : [
    {
      "c99name" : "NKModalPresenter",
      "module_type" : "SwiftTarget",
      "name" : "NKModalPresenter",
      "path" : "NKModalPresenter",
      "product_memberships" : [
        "NKModalPresenter"
      ],
      "sources" : [
        "NKModalController.swift",
        "NKModalPresenter.swift"
      ],
      "type" : "library"
    }
  ],
  "tools_version" : "5.2"
}
warning: 'spi-builder-workspace': Invalid Exclude '/Users/admin/builder/spi-builder-workspace/NKModalPresenter/Example': File not found.
{
  "project" : {
    "configurations" : [
      "Debug",
      "Release"
    ],
    "name" : "NKModalPresenter",
    "schemes" : [
      "Example",
      "NKModalPresenter"
    ],
    "targets" : [
      "NKModalPresenter",
      "Example"
    ]
  }
}
{
  "workspace" : {
    "name" : "NKModalPresenter",
    "schemes" : [
      "NKModalPresenter"
    ]
  }
}
2026-09-22 01:24:55.855 xcodebuild[616:3842] [MT] IDERunDestination: Supported platforms for the buildables in the current scheme is empty.
Running build ...
env DEVELOPER_DIR=/Applications/Xcode-27.0.0-Release.Candidate.app xcrun xcodebuild -IDEClonedSourcePackagesDirPathOverride=$PWD/.dependencies -skipMacroValidation -skipPackagePluginValidation -derivedDataPath $PWD/.derivedData build -scheme NKModalPresenter -destination generic/platform=xrOS
Command line invocation:
    /Applications/Xcode-27.0.0-Release.Candidate.app/Contents/Developer/usr/bin/xcodebuild -IDEClonedSourcePackagesDirPathOverride=/Users/admin/builder/spi-builder-workspace/.dependencies -skipMacroValidation -skipPackagePluginValidation -derivedDataPath /Users/admin/builder/spi-builder-workspace/.derivedData build -scheme NKModalPresenter -destination generic/platform=xrOS
Resolve Package Graph
Invalid Exclude '/Users/admin/builder/spi-builder-workspace/NKModalPresenter/Example': File not found.
Resolved source packages:
  NKModalPresenter: /Users/admin/builder/spi-builder-workspace
ComputePackagePrebuildTargetDependencyGraph
Prepare packages
CreateBuildRequest
SendProjectDescription
CreateBuildOperation
ComputeTargetDependencyGraph
note: Building targets in dependency order
note: Target dependency graph (2 targets)
    Target 'NKModalPresenter-product' in project 'NKModalPresenter'
        ➜ Explicit dependency on target 'NKModalPresenter' in project 'NKModalPresenter'
    Target 'NKModalPresenter' in project 'NKModalPresenter' (no dependencies)
GatherProvisioningInputs
CreateBuildDescription
ExecuteExternalTool /Applications/Xcode-27.0.0-Release.Candidate.app/Contents/Developer/Toolchains/XcodeDefault.xctoolchain/usr/bin/clang -v -E -dM -isysroot /Applications/Xcode-27.0.0-Release.Candidate.app/Contents/Developer/Platforms/XROS.platform/Developer/SDKs/XROS27.0.sdk -x c -c /dev/null
ExecuteExternalTool /Applications/Xcode-27.0.0-Release.Candidate.app/Contents/Developer/Toolchains/XcodeDefault.xctoolchain/usr/bin/swiftc --version
ExecuteExternalTool /Applications/Xcode-27.0.0-Release.Candidate.app/Contents/Developer/Toolchains/XcodeDefault.xctoolchain/usr/bin/ld -version_details
Build description signature: e49e6459e6c4ac021e79d7ec8c6bb454
Build description path: /Users/admin/builder/spi-builder-workspace/.derivedData/Build/Intermediates.noindex/XCBuildData/e49e6459e6c4ac021e79d7ec8c6bb454.xcbuilddata
CreateBuildDirectory /Users/admin/builder/spi-builder-workspace/.derivedData/SDKExplicitPrecompiledModules
    cd /Users/admin/builder/spi-builder-workspace/.swiftpm/xcode
    builtin-create-build-directory /Users/admin/builder/spi-builder-workspace/.derivedData/SDKExplicitPrecompiledModules
CreateBuildDirectory /Users/admin/builder/spi-builder-workspace/.derivedData/ModuleCache.noindex
    cd /Users/admin/builder/spi-builder-workspace/.swiftpm/xcode
    builtin-create-build-directory /Users/admin/builder/spi-builder-workspace/.derivedData/ModuleCache.noindex
CreateBuildDirectory /Users/admin/builder/spi-builder-workspace/.derivedData/CompilationCache.noindex
    cd /Users/admin/builder/spi-builder-workspace/.swiftpm/xcode
    builtin-create-build-directory /Users/admin/builder/spi-builder-workspace/.derivedData/CompilationCache.noindex
CreateBuildDirectory /Users/admin/builder/spi-builder-workspace/.derivedData/Build/Intermediates.noindex
    cd /Users/admin/builder/spi-builder-workspace/.swiftpm/xcode
    builtin-create-build-directory /Users/admin/builder/spi-builder-workspace/.derivedData/Build/Intermediates.noindex
CreateBuildDirectory /Users/admin/builder/spi-builder-workspace/.derivedData/Build/Products
    cd /Users/admin/builder/spi-builder-workspace/.swiftpm/xcode
    builtin-create-build-directory /Users/admin/builder/spi-builder-workspace/.derivedData/Build/Products
ClangStatCache /Applications/Xcode-27.0.0-Release.Candidate.app/Contents/Developer/Toolchains/XcodeDefault.xctoolchain/usr/bin/clang-stat-cache /Applications/Xcode-27.0.0-Release.Candidate.app/Contents/Developer/Platforms/XROS.platform/Developer/SDKs/XROS27.0.sdk /Users/admin/builder/spi-builder-workspace/.derivedData/SDKStatCaches.noindex/xros27.0-24M361-e829b21a6f8c9b70876ba0858053c044735bd543db762f57723cac368afd1ce4.sdkstatcache
    cd /Users/admin/builder/spi-builder-workspace/.swiftpm/xcode
    /Applications/Xcode-27.0.0-Release.Candidate.app/Contents/Developer/Toolchains/XcodeDefault.xctoolchain/usr/bin/clang-stat-cache /Applications/Xcode-27.0.0-Release.Candidate.app/Contents/Developer/Platforms/XROS.platform/Developer/SDKs/XROS27.0.sdk -o /Users/admin/builder/spi-builder-workspace/.derivedData/SDKStatCaches.noindex/xros27.0-24M361-e829b21a6f8c9b70876ba0858053c044735bd543db762f57723cac368afd1ce4.sdkstatcache
CreateBuildDirectory /Users/admin/builder/spi-builder-workspace/.derivedData/Build/Intermediates.noindex/SwiftExplicitPrecompiledModules
    cd /Users/admin/builder/spi-builder-workspace/.swiftpm/xcode
    builtin-create-build-directory /Users/admin/builder/spi-builder-workspace/.derivedData/Build/Intermediates.noindex/SwiftExplicitPrecompiledModules
CreateBuildDirectory /Users/admin/builder/spi-builder-workspace/.derivedData/Build/Intermediates.noindex/PrecompiledHeaders
    cd /Users/admin/builder/spi-builder-workspace/.swiftpm/xcode
    builtin-create-build-directory /Users/admin/builder/spi-builder-workspace/.derivedData/Build/Intermediates.noindex/PrecompiledHeaders
CreateBuildDirectory /Users/admin/builder/spi-builder-workspace/.derivedData/Build/Intermediates.noindex/ExplicitPrecompiledModules
    cd /Users/admin/builder/spi-builder-workspace/.swiftpm/xcode
    builtin-create-build-directory /Users/admin/builder/spi-builder-workspace/.derivedData/Build/Intermediates.noindex/ExplicitPrecompiledModules
CreateBuildDirectory /Users/admin/builder/spi-builder-workspace/.derivedData/Build/Intermediates.noindex/EagerLinkingTBDs/Debug-xros
    cd /Users/admin/builder/spi-builder-workspace/.swiftpm/xcode
    builtin-create-build-directory /Users/admin/builder/spi-builder-workspace/.derivedData/Build/Intermediates.noindex/EagerLinkingTBDs/Debug-xros
CreateBuildDirectory /Users/admin/builder/spi-builder-workspace/.derivedData/Build/Products/Debug-xros
    cd /Users/admin/builder/spi-builder-workspace/.swiftpm/xcode
    builtin-create-build-directory /Users/admin/builder/spi-builder-workspace/.derivedData/Build/Products/Debug-xros
CreateBuildDirectory /Users/admin/builder/spi-builder-workspace/.derivedData/Build/Products/Debug-xros/PackageFrameworks
    cd /Users/admin/builder/spi-builder-workspace/.swiftpm/xcode
    builtin-create-build-directory /Users/admin/builder/spi-builder-workspace/.derivedData/Build/Products/Debug-xros/PackageFrameworks
WriteAuxiliaryFile /Users/admin/builder/spi-builder-workspace/.derivedData/Build/Intermediates.noindex/NKModalPresenter.build/Debug-xros/NKModalPresenter-t.build/NKModalPresenter.modulemap (in target 'NKModalPresenter' from project 'NKModalPresenter')
    cd /Users/admin/builder/spi-builder-workspace
    write-file /Users/admin/builder/spi-builder-workspace/.derivedData/Build/Intermediates.noindex/NKModalPresenter.build/Debug-xros/NKModalPresenter-t.build/NKModalPresenter.modulemap
WriteAuxiliaryFile /Users/admin/builder/spi-builder-workspace/.derivedData/Build/Intermediates.noindex/NKModalPresenter.build/Debug-xros/NKModalPresenter-t.build/NKModalPresenter.DependencyMetadataFileList (in target 'NKModalPresenter' from project 'NKModalPresenter')
    cd /Users/admin/builder/spi-builder-workspace
    write-file /Users/admin/builder/spi-builder-workspace/.derivedData/Build/Intermediates.noindex/NKModalPresenter.build/Debug-xros/NKModalPresenter-t.build/NKModalPresenter.DependencyMetadataFileList
WriteAuxiliaryFile /Users/admin/builder/spi-builder-workspace/.derivedData/Build/Intermediates.noindex/NKModalPresenter.build/Debug-xros/NKModalPresenter-t.build/NKModalPresenter.DependencyStaticMetadataFileList (in target 'NKModalPresenter' from project 'NKModalPresenter')
    cd /Users/admin/builder/spi-builder-workspace
    write-file /Users/admin/builder/spi-builder-workspace/.derivedData/Build/Intermediates.noindex/NKModalPresenter.build/Debug-xros/NKModalPresenter-t.build/NKModalPresenter.DependencyStaticMetadataFileList
WriteAuxiliaryFile /Users/admin/builder/spi-builder-workspace/.derivedData/Build/Intermediates.noindex/NKModalPresenter.build/Debug-xros/NKModalPresenter-t.build/Objects-normal/arm64/NKModalPresenter.SwiftFileList (in target 'NKModalPresenter' from project 'NKModalPresenter')
    cd /Users/admin/builder/spi-builder-workspace
    write-file /Users/admin/builder/spi-builder-workspace/.derivedData/Build/Intermediates.noindex/NKModalPresenter.build/Debug-xros/NKModalPresenter-t.build/Objects-normal/arm64/NKModalPresenter.SwiftFileList
WriteAuxiliaryFile /Users/admin/builder/spi-builder-workspace/.derivedData/Build/Intermediates.noindex/NKModalPresenter.build/Debug-xros/NKModalPresenter-t.build/Objects-normal/arm64/NKModalPresenter-OutputFileMap.json (in target 'NKModalPresenter' from project 'NKModalPresenter')
    cd /Users/admin/builder/spi-builder-workspace
    write-file /Users/admin/builder/spi-builder-workspace/.derivedData/Build/Intermediates.noindex/NKModalPresenter.build/Debug-xros/NKModalPresenter-t.build/Objects-normal/arm64/NKModalPresenter-OutputFileMap.json
WriteAuxiliaryFile /Users/admin/builder/spi-builder-workspace/.derivedData/Build/Intermediates.noindex/NKModalPresenter.build/Debug-xros/NKModalPresenter-t.build/Objects-normal/arm64/NKModalPresenter.LinkFileList (in target 'NKModalPresenter' from project 'NKModalPresenter')
    cd /Users/admin/builder/spi-builder-workspace
    write-file /Users/admin/builder/spi-builder-workspace/.derivedData/Build/Intermediates.noindex/NKModalPresenter.build/Debug-xros/NKModalPresenter-t.build/Objects-normal/arm64/NKModalPresenter.LinkFileList
WriteAuxiliaryFile /Users/admin/builder/spi-builder-workspace/.derivedData/Build/Intermediates.noindex/NKModalPresenter.build/Debug-xros/NKModalPresenter-t.build/Objects-normal/arm64/NKModalPresenter.SwiftConstValuesFileList (in target 'NKModalPresenter' from project 'NKModalPresenter')
    cd /Users/admin/builder/spi-builder-workspace
    write-file /Users/admin/builder/spi-builder-workspace/.derivedData/Build/Intermediates.noindex/NKModalPresenter.build/Debug-xros/NKModalPresenter-t.build/Objects-normal/arm64/NKModalPresenter.SwiftConstValuesFileList
WriteAuxiliaryFile /Users/admin/builder/spi-builder-workspace/.derivedData/Build/Intermediates.noindex/NKModalPresenter.build/Debug-xros/NKModalPresenter-t.build/Objects-normal/arm64/NKModalPresenter_const_extract_protocols.json (in target 'NKModalPresenter' from project 'NKModalPresenter')
    cd /Users/admin/builder/spi-builder-workspace
    write-file /Users/admin/builder/spi-builder-workspace/.derivedData/Build/Intermediates.noindex/NKModalPresenter.build/Debug-xros/NKModalPresenter-t.build/Objects-normal/arm64/NKModalPresenter_const_extract_protocols.json
Copy /Users/admin/builder/spi-builder-workspace/.derivedData/Build/Intermediates.noindex/GeneratedModuleMaps-xros/NKModalPresenter.modulemap /Users/admin/builder/spi-builder-workspace/.derivedData/Build/Intermediates.noindex/NKModalPresenter.build/Debug-xros/NKModalPresenter-t.build/NKModalPresenter.modulemap (in target 'NKModalPresenter' from project 'NKModalPresenter')
    cd /Users/admin/builder/spi-builder-workspace
    builtin-copy -exclude .DS_Store -exclude CVS -exclude .svn -exclude .git -exclude .hg -resolve-src-symlinks /Users/admin/builder/spi-builder-workspace/.derivedData/Build/Intermediates.noindex/NKModalPresenter.build/Debug-xros/NKModalPresenter-t.build/NKModalPresenter.modulemap /Users/admin/builder/spi-builder-workspace/.derivedData/Build/Intermediates.noindex/GeneratedModuleMaps-xros
SwiftDriver NKModalPresenter normal arm64 com.apple.xcode.tools.swift.compiler (in target 'NKModalPresenter' from project 'NKModalPresenter')
    cd /Users/admin/builder/spi-builder-workspace/.swiftpm/xcode
    builtin-SwiftDriver -- /Applications/Xcode-27.0.0-Release.Candidate.app/Contents/Developer/Toolchains/XcodeDefault.xctoolchain/usr/bin/swiftc -parse-as-library -module-name NKModalPresenter -Onone @/Users/admin/builder/spi-builder-workspace/.derivedData/Build/Intermediates.noindex/NKModalPresenter.build/Debug-xros/NKModalPresenter-t.build/Objects-normal/arm64/NKModalPresenter.SwiftFileList -DSWIFT_PACKAGE -DDEBUG -DSWIFT_MODULE_RESOURCE_BUNDLE_UNAVAILABLE -DXcode -plugin-path /Applications/Xcode-27.0.0-Release.Candidate.app/Contents/Developer/Toolchains/XcodeDefault.xctoolchain/usr/lib/swift/host/plugins/testing -enable-experimental-feature DebugDescriptionMacro -sdk /Applications/Xcode-27.0.0-Release.Candidate.app/Contents/Developer/Platforms/XROS.platform/Developer/SDKs/XROS27.0.sdk -target arm64-apple-xros1.0 -g -module-cache-path /Users/admin/builder/spi-builder-workspace/.derivedData/ModuleCache.noindex -Xfrontend -serialize-debugging-options -enable-testing -index-store-path /Users/admin/builder/spi-builder-workspace/.derivedData/Index.noindex/DataStore -Xcc -D_LIBCPP_HARDENING_MODE\=_LIBCPP_HARDENING_MODE_DEBUG -swift-version 5 -I /Users/admin/builder/spi-builder-workspace/.derivedData/Build/Products/Debug-xros -Isystem /Applications/Xcode-27.0.0-Release.Candidate.app/Contents/Developer/Platforms/XROS.platform/Developer/usr/lib -F /Users/admin/builder/spi-builder-workspace/.derivedData/Build/Products/Debug-xros -F /Applications/Xcode-27.0.0-Release.Candidate.app/Contents/Developer/Platforms/XROS.platform/Developer/Library/Frameworks -F /Applications/Xcode-27.0.0-Release.Candidate.app/Contents/Developer/Platforms/XROS.platform/Developer/SDKs/XROS27.0.sdk/Developer/Library/Frameworks -c -j10 -enable-batch-mode -incremental -Xcc -ivfsstatcache -Xcc /Users/admin/builder/spi-builder-workspace/.derivedData/SDKStatCaches.noindex/xros27.0-24M361-e829b21a6f8c9b70876ba0858053c044735bd543db762f57723cac368afd1ce4.sdkstatcache -output-file-map /Users/admin/builder/spi-builder-workspace/.derivedData/Build/Intermediates.noindex/NKModalPresenter.build/Debug-xros/NKModalPresenter-t.build/Objects-normal/arm64/NKModalPresenter-OutputFileMap.json -save-temps -no-color-diagnostics -explicit-module-build -module-cache-path /Users/admin/builder/spi-builder-workspace/.derivedData/Build/Intermediates.noindex/SwiftExplicitPrecompiledModules -clang-scanner-module-cache-path /Users/admin/builder/spi-builder-workspace/.derivedData/ModuleCache.noindex -sdk-module-cache-path /Users/admin/builder/spi-builder-workspace/.derivedData/SDKExplicitPrecompiledModules -emit-dependencies -emit-module -emit-module-path /Users/admin/builder/spi-builder-workspace/.derivedData/Build/Intermediates.noindex/NKModalPresenter.build/Debug-xros/NKModalPresenter-t.build/Objects-normal/arm64/NKModalPresenter.swiftmodule -serialize-diagnostics -dependency-scan-serialize-diagnostics-path /Users/admin/builder/spi-builder-workspace/.derivedData/Build/Intermediates.noindex/NKModalPresenter.build/Debug-xros/NKModalPresenter-t.build/Objects-normal/arm64/NKModalPresenter-dependency-scan.dia -validate-clang-modules-once -clang-build-session-file /Users/admin/builder/spi-builder-workspace/.derivedData/ModuleCache.noindex/Session.modulevalidation -Xcc -fmodules-prune-interval\=86400 -Xcc -fmodules-prune-after\=345600 -emit-const-values -const-gather-protocols-list /Users/admin/builder/spi-builder-workspace/.derivedData/Build/Intermediates.noindex/NKModalPresenter.build/Debug-xros/NKModalPresenter-t.build/Objects-normal/arm64/NKModalPresenter_const_extract_protocols.json -Xcc -I/Users/admin/builder/spi-builder-workspace/.derivedData/Build/Products/Debug-xros/include -Xcc -I/Users/admin/builder/spi-builder-workspace/.derivedData/Build/Intermediates.noindex/NKModalPresenter.build/Debug-xros/NKModalPresenter-t.build/DerivedSources-normal/arm64 -Xcc -I/Users/admin/builder/spi-builder-workspace/.derivedData/Build/Intermediates.noindex/NKModalPresenter.build/Debug-xros/NKModalPresenter-t.build/DerivedSources/arm64 -Xcc -I/Users/admin/builder/spi-builder-workspace/.derivedData/Build/Intermediates.noindex/NKModalPresenter.build/Debug-xros/NKModalPresenter-t.build/DerivedSources -Xcc -DSWIFT_PACKAGE -Xcc -DDEBUG\=1 -emit-objc-header -emit-objc-header-path /Users/admin/builder/spi-builder-workspace/.derivedData/Build/Intermediates.noindex/NKModalPresenter.build/Debug-xros/NKModalPresenter-t.build/Objects-normal/arm64/NKModalPresenter-Swift.h -working-directory /Users/admin/builder/spi-builder-workspace/.swiftpm/xcode -experimental-emit-module-separately -disable-cmo
SwiftExplicitDependencyGeneratePcm arm64 /Users/admin/builder/spi-builder-workspace/.derivedData/SDKExplicitPrecompiledModules/_Builtin_stdarg-CDA349K2K4US766844K8E0PVA.pcm
SwiftExplicitDependencyGeneratePcm arm64 /Users/admin/builder/spi-builder-workspace/.derivedData/SDKExplicitPrecompiledModules/SwiftShims-CI4H5RO9IYFFWQ2COB512Q2S9.pcm
SwiftExplicitDependencyGeneratePcm arm64 /Users/admin/builder/spi-builder-workspace/.derivedData/SDKExplicitPrecompiledModules/_Builtin_stdbool-5BU2ADS7JXQMYENKQHW9X8XOU.pcm
SwiftExplicitDependencyGeneratePcm arm64 /Users/admin/builder/spi-builder-workspace/.derivedData/SDKExplicitPrecompiledModules/_Builtin_float-6WKHNW5S40U2QGHXXGETUDIRA.pcm
SwiftExplicitDependencyGeneratePcm arm64 /Users/admin/builder/spi-builder-workspace/.derivedData/SDKExplicitPrecompiledModules/ptrcheck-BXA97MNLI4BB0HF5I8MJE403D.pcm
SwiftExplicitDependencyGeneratePcm arm64 /Users/admin/builder/spi-builder-workspace/.derivedData/SDKExplicitPrecompiledModules/ptrauth-1WBA714DZSVUL5JQDJ08CLKZ.pcm
SwiftExplicitDependencyGeneratePcm arm64 /Users/admin/builder/spi-builder-workspace/.derivedData/SDKExplicitPrecompiledModules/_Builtin_stddef-5NQ9Z1GV07GBSRQGAQCGXGVRI.pcm
SwiftExplicitDependencyGeneratePcm arm64 /Users/admin/builder/spi-builder-workspace/.derivedData/SDKExplicitPrecompiledModules/_SwiftConcurrencyShims-C8XHKSHX96D5YYALNM4W70Z0O.pcm
SwiftExplicitDependencyGeneratePcm arm64 /Users/admin/builder/spi-builder-workspace/.derivedData/SDKExplicitPrecompiledModules/_AvailabilityInternal-1Q8IQP6M38UWSGZ95UCEY2M44.pcm
SwiftExplicitDependencyGeneratePcm arm64 /Users/admin/builder/spi-builder-workspace/.derivedData/SDKExplicitPrecompiledModules/DeveloperToolsSupport-46GOQP8J1QTHLYQSJW81T8UZ3.pcm
SwiftExplicitDependencyGeneratePcm arm64 /Users/admin/builder/spi-builder-workspace/.derivedData/SDKExplicitPrecompiledModules/_DarwinFoundation1-5RGRVV2TZ6WC4WZW5IXF8NQ04.pcm
SwiftExplicitDependencyGeneratePcm arm64 /Users/admin/builder/spi-builder-workspace/.derivedData/SDKExplicitPrecompiledModules/_DarwinFoundation2-ENTECK156YEWITZRRBTOCE4KR.pcm
SwiftExplicitDependencyGeneratePcm arm64 /Users/admin/builder/spi-builder-workspace/.derivedData/SDKExplicitPrecompiledModules/_Builtin_limits-425JDMN5HPM3D0UEI8LEHP6NM.pcm
SwiftExplicitDependencyGeneratePcm arm64 /Users/admin/builder/spi-builder-workspace/.derivedData/SDKExplicitPrecompiledModules/_Builtin_stdint-8OR6T47OOYJA90ZBO3N1USDE.pcm
SwiftExplicitDependencyGeneratePcm arm64 /Users/admin/builder/spi-builder-workspace/.derivedData/SDKExplicitPrecompiledModules/string_h-2GT67HHHHK5CF1V1S31LH0PU2.pcm
SwiftExplicitDependencyGeneratePcm arm64 /Users/admin/builder/spi-builder-workspace/.derivedData/SDKExplicitPrecompiledModules/sys_types-AYM0BHR77VKMWZCO2T0XGV2HF.pcm
SwiftExplicitDependencyGeneratePcm arm64 /Users/admin/builder/spi-builder-workspace/.derivedData/SDKExplicitPrecompiledModules/_Builtin_tgmath-BPYSMHWI520EQRL2HW519ZY7Z.pcm
SwiftExplicitDependencyGeneratePcm arm64 /Users/admin/builder/spi-builder-workspace/.derivedData/SDKExplicitPrecompiledModules/_Builtin_stdatomic-1VUZPM79PNCAHXVBERD53WRSF.pcm
SwiftExplicitDependencyGeneratePcm arm64 /Users/admin/builder/spi-builder-workspace/.derivedData/SDKExplicitPrecompiledModules/_Builtin_intrinsics-BC5IJI3YI34RQ61ZNVDRDZ6RN.pcm
SwiftExplicitDependencyGeneratePcm arm64 /Users/admin/builder/spi-builder-workspace/.derivedData/SDKExplicitPrecompiledModules/_DarwinFoundation3-9ZHN6JKBS40BBA81RQMV8H0IC.pcm
SwiftExplicitDependencyGeneratePcm arm64 /Users/admin/builder/spi-builder-workspace/.derivedData/SDKExplicitPrecompiledModules/_Builtin_inttypes-11B64KJD36B3YOHBR1BBXBJY8.pcm
SwiftExplicitDependencyGeneratePcm arm64 /Users/admin/builder/spi-builder-workspace/.derivedData/SDKExplicitPrecompiledModules/Darwin-60P5LVNQO3ESRRM5DCJ05PFNK.pcm
SwiftExplicitDependencyGeneratePcm arm64 /Users/admin/builder/spi-builder-workspace/.derivedData/SDKExplicitPrecompiledModules/simd-9XXAB17Y6E4BBPQADD61NZ23.pcm
SwiftExplicitDependencyGeneratePcm arm64 /Users/admin/builder/spi-builder-workspace/.derivedData/SDKExplicitPrecompiledModules/MachO-3XTHY7HWV6RF3KXKYQVHUBUXK.pcm
SwiftExplicitDependencyGeneratePcm arm64 /Users/admin/builder/spi-builder-workspace/.derivedData/SDKExplicitPrecompiledModules/ObjectiveC-26TIBFYCEJZVP216ZZAU1X8KN.pcm
SwiftExplicitDependencyGeneratePcm arm64 /Users/admin/builder/spi-builder-workspace/.derivedData/SDKExplicitPrecompiledModules/os_object-692CJ8BG6RE5H04487EJJOVXW.pcm
SwiftExplicitDependencyGeneratePcm arm64 /Users/admin/builder/spi-builder-workspace/.derivedData/SDKExplicitPrecompiledModules/os_workgroup-4U1VXMWIZD80E7PRUQF2G7P9X.pcm
SwiftExplicitDependencyGeneratePcm arm64 /Users/admin/builder/spi-builder-workspace/.derivedData/SDKExplicitPrecompiledModules/Dispatch-CLT3466HKC22GCKAWSCNG0H7T.pcm
SwiftExplicitDependencyGeneratePcm arm64 /Users/admin/builder/spi-builder-workspace/.derivedData/SDKExplicitPrecompiledModules/Spatial-5E0I2846LO3ZE24CSVR2O57TI.pcm
SwiftExplicitDependencyGeneratePcm arm64 /Users/admin/builder/spi-builder-workspace/.derivedData/SDKExplicitPrecompiledModules/XPC-EP5EU7FNGP4VOA3EDM18P1KHO.pcm
SwiftExplicitDependencyGeneratePcm arm64 /Users/admin/builder/spi-builder-workspace/.derivedData/SDKExplicitPrecompiledModules/CoreFoundation-AVLTZVCXBU2TO75JCN4AGU8XJ.pcm
SwiftExplicitDependencyGeneratePcm arm64 /Users/admin/builder/spi-builder-workspace/.derivedData/SDKExplicitPrecompiledModules/os-1004XEJ3IXOOAU0KL58SM3D0K.pcm
SwiftExplicitDependencyGeneratePcm arm64 /Users/admin/builder/spi-builder-workspace/.derivedData/SDKExplicitPrecompiledModules/CoreGraphics-BFUJ177R223UT2ZI327ZTZY91.pcm
SwiftExplicitDependencyGeneratePcm arm64 /Users/admin/builder/spi-builder-workspace/.derivedData/SDKExplicitPrecompiledModules/CFNetwork-5MI70N1VLDQSWTX4COWLMSIRO.pcm
SwiftExplicitDependencyGeneratePcm arm64 /Users/admin/builder/spi-builder-workspace/.derivedData/SDKExplicitPrecompiledModules/Security-8TH2M8WJIQMET4SADWX0N8372.pcm
SwiftExplicitDependencyGeneratePcm arm64 /Users/admin/builder/spi-builder-workspace/.derivedData/SDKExplicitPrecompiledModules/Foundation-8GON1KVEKRN3NOQI8RETBRWJP.pcm
SwiftExplicitDependencyGeneratePcm arm64 /Users/admin/builder/spi-builder-workspace/.derivedData/SDKExplicitPrecompiledModules/ImageIO-5CC6COR9KJYI1UBL7CSHLU2OG.pcm
SwiftExplicitDependencyGeneratePcm arm64 /Users/admin/builder/spi-builder-workspace/.derivedData/SDKExplicitPrecompiledModules/CoreText-6F9TY5TEPCCZ1K2KYM4GMEGHD.pcm
SwiftExplicitDependencyGeneratePcm arm64 /Users/admin/builder/spi-builder-workspace/.derivedData/SDKExplicitPrecompiledModules/UIUtilities-AOVGLUWEAN6CG2UZFNESGSP6C.pcm
SwiftExplicitDependencyGeneratePcm arm64 /Users/admin/builder/spi-builder-workspace/.derivedData/SDKExplicitPrecompiledModules/IOSurface-5FE9U89GVFF9A7X7AGO2R8ENI.pcm
SwiftExplicitDependencyGeneratePcm arm64 /Users/admin/builder/spi-builder-workspace/.derivedData/SDKExplicitPrecompiledModules/_LocationEssentials-8GQGFVARUE99D8VJX3TINY0VP.pcm
SwiftExplicitDependencyGeneratePcm arm64 /Users/admin/builder/spi-builder-workspace/.derivedData/SDKExplicitPrecompiledModules/FileProvider-C9I28SI56F2SEVH1BCWTKGODO.pcm
SwiftExplicitDependencyGeneratePcm arm64 /Users/admin/builder/spi-builder-workspace/.derivedData/SDKExplicitPrecompiledModules/OSLog-BNGT87TS0GMBFF7TY70HHB69.pcm
SwiftExplicitDependencyGeneratePcm arm64 /Users/admin/builder/spi-builder-workspace/.derivedData/SDKExplicitPrecompiledModules/CoreTransferable-8TBYAKHCX6UC8QQSS7BD8GQK5.pcm
SwiftExplicitDependencyGeneratePcm arm64 /Users/admin/builder/spi-builder-workspace/.derivedData/SDKExplicitPrecompiledModules/Accessibility-1DR4J4YDVDGAYQTZ0FKZ1PU09.pcm
SwiftExplicitDependencyGeneratePcm arm64 /Users/admin/builder/spi-builder-workspace/.derivedData/SDKExplicitPrecompiledModules/UserNotifications-8IIV1V1FPNAPA4LY1Y23LOM2N.pcm
SwiftExplicitDependencyGeneratePcm arm64 /Users/admin/builder/spi-builder-workspace/.derivedData/SDKExplicitPrecompiledModules/UniformTypeIdentifiers-E5KMWDZEKS4QW9RO1KBRDEXV6.pcm
SwiftExplicitDependencyGeneratePcm arm64 /Users/admin/builder/spi-builder-workspace/.derivedData/SDKExplicitPrecompiledModules/Symbols-8G2XC01RPQ5HYIZE6JNUT864I.pcm
SwiftExplicitDependencyGeneratePcm arm64 /Users/admin/builder/spi-builder-workspace/.derivedData/SDKExplicitPrecompiledModules/DataDetection-BANTQ3WXXGKZJYC0LLB3MD9K0.pcm
SwiftExplicitDependencyGeneratePcm arm64 /Users/admin/builder/spi-builder-workspace/.derivedData/SDKExplicitPrecompiledModules/CoreLocation-1SN37095DAPVJ068LLP9TBDQX.pcm
SwiftExplicitDependencyGeneratePcm arm64 /Users/admin/builder/spi-builder-workspace/.derivedData/SDKExplicitPrecompiledModules/OpenGLES-56BKSYXNVAP91BYZRWAKQZKGI.pcm
SwiftExplicitDependencyGeneratePcm arm64 /Users/admin/builder/spi-builder-workspace/.derivedData/SDKExplicitPrecompiledModules/Metal-EKNUM9P3PRIBHZK1ZBD6BA2T7.pcm
SwiftExplicitDependencyGeneratePcm arm64 /Users/admin/builder/spi-builder-workspace/.derivedData/SDKExplicitPrecompiledModules/CoreMotion-10LV922UPGE28QX2SOIO7ALIZ.pcm
SwiftExplicitDependencyGeneratePcm arm64 /Users/admin/builder/spi-builder-workspace/.derivedData/SDKExplicitPrecompiledModules/CoreVideo-E12HJSJSLO0YKWYBES11UKJ02.pcm
SwiftExplicitDependencyGeneratePcm arm64 /Users/admin/builder/spi-builder-workspace/.derivedData/SDKExplicitPrecompiledModules/QuartzCore-12T8WVKUNCL1N7VXH87MM4YOB.pcm
SwiftExplicitDependencyGeneratePcm arm64 /Users/admin/builder/spi-builder-workspace/.derivedData/SDKExplicitPrecompiledModules/CoreImage-8WF1P230U10QM666EQMNV7OF1.pcm
SwiftExplicitDependencyGeneratePcm arm64 /Users/admin/builder/spi-builder-workspace/.derivedData/SDKExplicitPrecompiledModules/SwiftUICore-6OBBMA39VFD4CB6SG2PE41FAP.pcm
SwiftExplicitDependencyGeneratePcm arm64 /Users/admin/builder/spi-builder-workspace/.derivedData/SDKExplicitPrecompiledModules/UIKit-2D2PMAAE45TMO6S28UCGCO5BR.pcm
SwiftCompile normal arm64 Compiling\ NKModalPresenter.swift /Users/admin/builder/spi-builder-workspace/NKModalPresenter/NKModalPresenter.swift (in target 'NKModalPresenter' from project 'NKModalPresenter')
SwiftCompile normal arm64 /Users/admin/builder/spi-builder-workspace/NKModalPresenter/NKModalPresenter.swift (in target 'NKModalPresenter' from project 'NKModalPresenter')
    cd /Users/admin/builder/spi-builder-workspace/.swiftpm/xcode
    builtin-SwiftPerFileCompile NKModalPresenter.swift
SwiftEmitModule normal arm64 Emitting\ module\ for\ NKModalPresenter (in target 'NKModalPresenter' from project 'NKModalPresenter')
SwiftCompile normal arm64 (in target 'NKModalPresenter' from project 'NKModalPresenter')
    cd /Users/admin/builder/spi-builder-workspace/.swiftpm/xcode

SwiftCompile normal arm64 Compiling\ NKModalController.swift /Users/admin/builder/spi-builder-workspace/NKModalPresenter/NKModalController.swift (in target 'NKModalPresenter' from project 'NKModalPresenter')
/Users/admin/builder/spi-builder-workspace/NKModalPresenter/NKModalController.swift:200:32: warning: 'windows' was deprecated in visionOS 1.0: Use UIWindowScene.windows on a relevant window scene instead [#DeprecatedDeclaration]
 198 | 	static var keyWindow: UIWindow? {
 199 | 		if #available(iOS 13, *) {
 200 | 			return UIApplication.shared.windows.first { $0.isKeyWindow }
     |                                `- warning: 'windows' was deprecated in visionOS 1.0: Use UIWindowScene.windows on a relevant window scene instead [#DeprecatedDeclaration]
 201 | 		} else {
 202 | 			return UIApplication.shared.keyWindow
/Users/admin/builder/spi-builder-workspace/NKModalPresenter/NKModalController.swift:202:32: error: 'keyWindow' is unavailable in visionOS
 200 | 			return UIApplication.shared.windows.first { $0.isKeyWindow }
 201 | 		} else {
 202 | 			return UIApplication.shared.keyWindow
     |                                `- error: 'keyWindow' is unavailable in visionOS
 203 | 		}
 204 | 	}
/Applications/Xcode-27.0.0-Release.Candidate.app/Contents/Developer/Platforms/XROS.platform/Developer/SDKs/XROS27.0.sdk/System/Library/Frameworks/UIKit.framework/Headers/UIApplication.h:108:51: note: 'keyWindow' has been explicitly marked unavailable here
106 | - (void)sendEvent:(UIEvent *)event;
107 |
108 | @property(nullable, nonatomic,readonly) UIWindow *keyWindow API_DEPRECATED("Should not be used for applications that support multiple scenes as it returns a key window across all connected scenes", ios(2.0, 13.0)) API_UNAVAILABLE(visionos, watchos);
    |                                                   `- note: 'keyWindow' has been explicitly marked unavailable here
109 | @property(nonatomic,readonly) NSArray<__kindof UIWindow *>  *windows API_DEPRECATED("Use UIWindowScene.windows on a relevant window scene instead", ios(2.0, 15.0), visionos(1.0, 1.0)) API_UNAVAILABLE(watchos);
110 |
/Users/admin/builder/spi-builder-workspace/NKModalPresenter/NKModalController.swift:374:30: error: 'UIScreen' is unavailable in visionOS
 372 |
 373 | 			if window == nil {
 374 | 				window = UIWindow(frame: UIScreen.main.bounds)
     |                              `- error: 'UIScreen' is unavailable in visionOS
 375 | 			}
 376 |
/Applications/Xcode-27.0.0-Release.Candidate.app/Contents/Developer/Platforms/XROS.platform/Developer/SDKs/XROS27.0.sdk/System/Library/Frameworks/UIKit.framework/Headers/UIScreen.h:54:12: note: 'UIScreen' has been explicitly marked unavailable here
 52 |
 53 | UIKIT_EXTERN API_AVAILABLE(ios(2.0)) API_UNAVAILABLE(visionos, watchos) NS_SWIFT_UI_ACTOR
 54 | @interface UIScreen : NSObject <UITraitEnvironment>
    |            `- note: 'UIScreen' has been explicitly marked unavailable here
 55 |
 56 | @property(class, nonatomic, readonly) NSArray<UIScreen *> *screens API_DEPRECATED("Use UIApplication.shared.openSessions to find open sessions with scenes from other screens", ios(3.2, 16.0), visionos(1.0, 1.0)) API_UNAVAILABLE(watchos); // all screens currently attached to the device
/Users/admin/builder/spi-builder-workspace/NKModalPresenter/NKModalController.swift:380:43: error: 'statusBarOrientation' is unavailable in visionOS
 378 | 			window?.rootViewController = presentingViewController
 379 | 			window?.makeKeyAndVisible()
 380 | 			lastOrientation = UIApplication.shared.statusBarOrientation
     |                                           `- error: 'statusBarOrientation' is unavailable in visionOS
 381 |
 382 | 			let shouldRotate = presentingViewController?.preferredInterfaceOrientationForPresentation != UIApplication.shared.statusBarOrientation
/Applications/Xcode-27.0.0-Release.Candidate.app/Contents/Developer/Platforms/XROS.platform/Developer/SDKs/XROS27.0.sdk/System/Library/Frameworks/UIKit.framework/Headers/UIApplication.h:119:55: note: 'statusBarOrientation' has been explicitly marked unavailable here
117 | @property(readonly, nonatomic,getter=isStatusBarHidden) BOOL statusBarHidden API_UNAVAILABLE(tvos) API_DEPRECATED("Use the statusBarManager property of the window scene instead.", ios(2.0, 13.0)) API_UNAVAILABLE(visionos);
118 |
119 | @property(readonly, nonatomic) UIInterfaceOrientation statusBarOrientation API_UNAVAILABLE(tvos) API_DEPRECATED("Use the interfaceOrientation property of the window scene instead.", ios(2.0, 13.0)) API_UNAVAILABLE(visionos);
    |                                                       `- note: 'statusBarOrientation' has been explicitly marked unavailable here
120 |
121 | // The system only calls this method if the application delegate has not
/Users/admin/builder/spi-builder-workspace/NKModalPresenter/NKModalController.swift:382:118: error: 'statusBarOrientation' is unavailable in visionOS
 380 | 			lastOrientation = UIApplication.shared.statusBarOrientation
 381 |
 382 | 			let shouldRotate = presentingViewController?.preferredInterfaceOrientationForPresentation != UIApplication.shared.statusBarOrientation
     |                                                                                                                      `- error: 'statusBarOrientation' is unavailable in visionOS
 383 | 			if shouldRotate {
 384 | 				contentView.transform = CGAffineTransform(rotationAngle: CGFloat(-Double.pi / 2))
/Applications/Xcode-27.0.0-Release.Candidate.app/Contents/Developer/Platforms/XROS.platform/Developer/SDKs/XROS27.0.sdk/System/Library/Frameworks/UIKit.framework/Headers/UIApplication.h:119:55: note: 'statusBarOrientation' has been explicitly marked unavailable here
117 | @property(readonly, nonatomic,getter=isStatusBarHidden) BOOL statusBarHidden API_UNAVAILABLE(tvos) API_DEPRECATED("Use the statusBarManager property of the window scene instead.", ios(2.0, 13.0)) API_UNAVAILABLE(visionos);
118 |
119 | @property(readonly, nonatomic) UIInterfaceOrientation statusBarOrientation API_UNAVAILABLE(tvos) API_DEPRECATED("Use the interfaceOrientation property of the window scene instead.", ios(2.0, 13.0)) API_UNAVAILABLE(visionos);
    |                                                       `- note: 'statusBarOrientation' has been explicitly marked unavailable here
120 |
121 | // The system only calls this method if the application delegate has not
/Users/admin/builder/spi-builder-workspace/NKModalPresenter/NKModalController.swift:500:9: error: 'setNeedsStatusBarAppearanceUpdate()' is unavailable in visionOS
 498 | 		animationBlock(duration: durationValue, options: easing.toAnimationOption(), animations: {
 499 | 			self.view.backgroundColor = color
 500 | 			self.setNeedsStatusBarAppearanceUpdate()
     |         `- error: 'setNeedsStatusBarAppearanceUpdate()' is unavailable in visionOS
 501 |
 502 | 			self.containerView.transform = .identity
/Applications/Xcode-27.0.0-Release.Candidate.app/Contents/Developer/Platforms/XROS.platform/Developer/SDKs/XROS27.0.sdk/System/Library/Frameworks/UIKit.framework/Headers/UIViewController.h:334:1: note: 'setNeedsStatusBarAppearanceUpdate()' has been explicitly marked unavailable here
332 |
333 | // This should be called whenever the return values for the view controller's status bar attributes have changed. If it is called from within an animation block, the changes will be animated along with the rest of the animation block.
334 | - (void)setNeedsStatusBarAppearanceUpdate API_AVAILABLE(ios(7.0)) API_UNAVAILABLE(tvos, visionos);
    | `- note: 'setNeedsStatusBarAppearanceUpdate()' has been explicitly marked unavailable here
335 |
336 | /* This method returns either itself or the nearest ancestor that can perform the given action and, if applicable, has overridden UIViewController's default implementation of the action method. View controllers can return NO from canPerformAction:withSender: to opt out of being a target for a given action. */
/Users/admin/builder/spi-builder-workspace/NKModalPresenter/NKModalController.swift:527:9: error: 'setNeedsStatusBarAppearanceUpdate()' is unavailable in visionOS
 525 | 			self.removeCapturedView(&self.anchorCapturedView)
 526 | 			self.removeCapturedView(&self.contentCapturedView)
 527 | 			self.setNeedsStatusBarAppearanceUpdate()
     |         `- error: 'setNeedsStatusBarAppearanceUpdate()' is unavailable in visionOS
 528 | 			self.isAnimating = false
 529 | 			completion?()
/Applications/Xcode-27.0.0-Release.Candidate.app/Contents/Developer/Platforms/XROS.platform/Developer/SDKs/XROS27.0.sdk/System/Library/Frameworks/UIKit.framework/Headers/UIViewController.h:334:1: note: 'setNeedsStatusBarAppearanceUpdate()' has been explicitly marked unavailable here
332 |
333 | // This should be called whenever the return values for the view controller's status bar attributes have changed. If it is called from within an animation block, the changes will be animated along with the rest of the animation block.
334 | - (void)setNeedsStatusBarAppearanceUpdate API_AVAILABLE(ios(7.0)) API_UNAVAILABLE(tvos, visionos);
    | `- note: 'setNeedsStatusBarAppearanceUpdate()' has been explicitly marked unavailable here
335 |
336 | /* This method returns either itself or the nearest ancestor that can perform the given action and, if applicable, has overridden UIViewController's default implementation of the action method. View controllers can return NO from canPerformAction:withSender: to opt out of being a target for a given action. */
/Users/admin/builder/spi-builder-workspace/NKModalPresenter/NKModalController.swift:650:46: warning: 'windows' was deprecated in visionOS 1.0: Use UIWindowScene.windows on a relevant window scene instead [#DeprecatedDeclaration]
 648 | 					windowToActivate = self.lastWindow
 649 | 				} else if UIWindow.keyWindow == nil {
 650 | 					windowToActivate = UIApplication.shared.windows.last
     |                                              `- warning: 'windows' was deprecated in visionOS 1.0: Use UIWindowScene.windows on a relevant window scene instead [#DeprecatedDeclaration]
 651 | 				}
 652 |
/Users/admin/builder/spi-builder-workspace/NKModalPresenter/NKModalController.swift:671:11: error: 'setNeedsStatusBarAppearanceUpdate()' is unavailable in visionOS
 669 |
 670 | 				super.dismiss(animated: false) {
 671 | 					self.setNeedsStatusBarAppearanceUpdate()
     |           `- error: 'setNeedsStatusBarAppearanceUpdate()' is unavailable in visionOS
 672 | 					self.isAnimating = false
 673 | 					self.isDismissing = false
/Applications/Xcode-27.0.0-Release.Candidate.app/Contents/Developer/Platforms/XROS.platform/Developer/SDKs/XROS27.0.sdk/System/Library/Frameworks/UIKit.framework/Headers/UIViewController.h:334:1: note: 'setNeedsStatusBarAppearanceUpdate()' has been explicitly marked unavailable here
332 |
333 | // This should be called whenever the return values for the view controller's status bar attributes have changed. If it is called from within an animation block, the changes will be animated along with the rest of the animation block.
334 | - (void)setNeedsStatusBarAppearanceUpdate API_AVAILABLE(ios(7.0)) API_UNAVAILABLE(tvos, visionos);
    | `- note: 'setNeedsStatusBarAppearanceUpdate()' has been explicitly marked unavailable here
335 |
336 | /* This method returns either itself or the nearest ancestor that can perform the given action and, if applicable, has overridden UIViewController's default implementation of the action method. View controllers can return NO from canPerformAction:withSender: to opt out of being a target for a given action. */
/Users/admin/builder/spi-builder-workspace/NKModalPresenter/NKModalController.swift:796:53: error: 'UIScreen' is unavailable in visionOS
 794 | 		}
 795 |
 796 | 		guard var contentSize = contentSize else { return UIScreen.main.bounds }
     |                                                     `- error: 'UIScreen' is unavailable in visionOS
 797 | 		var viewSize = view.bounds.size
 798 | 		viewSize.height -= keyboardHeight
/Applications/Xcode-27.0.0-Release.Candidate.app/Contents/Developer/Platforms/XROS.platform/Developer/SDKs/XROS27.0.sdk/System/Library/Frameworks/UIKit.framework/Headers/UIScreen.h:54:12: note: 'UIScreen' has been explicitly marked unavailable here
 52 |
 53 | UIKIT_EXTERN API_AVAILABLE(ios(2.0)) API_UNAVAILABLE(visionos, watchos) NS_SWIFT_UI_ACTOR
 54 | @interface UIScreen : NSObject <UITraitEnvironment>
    |            `- note: 'UIScreen' has been explicitly marked unavailable here
 55 |
 56 | @property(class, nonatomic, readonly) NSArray<UIScreen *> *screens API_DEPRECATED("Use UIApplication.shared.openSessions to find open sessions with scenes from other screens", ios(3.2, 16.0), visionos(1.0, 1.0)) API_UNAVAILABLE(watchos); // all screens currently attached to the device
/Users/admin/builder/spi-builder-workspace/NKModalPresenter/NKModalController.swift:990:33: warning: 'shouldAutorotate' was deprecated in visionOS 1.0: Update supported interface orientations and call setNeedsUpdateOfSupportedInterfaceOrientations to indicate a change. [#DeprecatedDeclaration]
 988 |
 989 | 	public override var shouldAutorotate: Bool {
 990 | 		return visibleViewController?.shouldAutorotate ?? true
     |                                 `- warning: 'shouldAutorotate' was deprecated in visionOS 1.0: Update supported interface orientations and call setNeedsUpdateOfSupportedInterfaceOrientations to indicate a change. [#DeprecatedDeclaration]
 991 | 	}
 992 |
/Users/admin/builder/spi-builder-workspace/NKModalPresenter/NKModalController.swift:1001:102: error: 'statusBarOrientation' is unavailable in visionOS
 999 | 		return visibleViewController?.preferredInterfaceOrientationForPresentation ?? UIApplication.shared.windows.first?.windowScene?.interfaceOrientation ?? .portrait
1000 | 		#else
1001 | 		return visibleViewController?.preferredInterfaceOrientationForPresentation ?? UIApplication.shared.statusBarOrientation
     |                                                                                                      `- error: 'statusBarOrientation' is unavailable in visionOS
1002 | 		#endif
1003 | 	}
/Applications/Xcode-27.0.0-Release.Candidate.app/Contents/Developer/Platforms/XROS.platform/Developer/SDKs/XROS27.0.sdk/System/Library/Frameworks/UIKit.framework/Headers/UIApplication.h:119:55: note: 'statusBarOrientation' has been explicitly marked unavailable here
117 | @property(readonly, nonatomic,getter=isStatusBarHidden) BOOL statusBarHidden API_UNAVAILABLE(tvos) API_DEPRECATED("Use the statusBarManager property of the window scene instead.", ios(2.0, 13.0)) API_UNAVAILABLE(visionos);
118 |
119 | @property(readonly, nonatomic) UIInterfaceOrientation statusBarOrientation API_UNAVAILABLE(tvos) API_DEPRECATED("Use the interfaceOrientation property of the window scene instead.", ios(2.0, 13.0)) API_UNAVAILABLE(visionos);
    |                                                       `- note: 'statusBarOrientation' has been explicitly marked unavailable here
120 |
121 | // The system only calls this method if the application delegate has not
/Users/admin/builder/spi-builder-workspace/NKModalPresenter/NKModalController.swift:1008:33: warning: 'prefersStatusBarHidden' was deprecated in visionOS 1.0: Has no effect on visionOS [#DeprecatedDeclaration]
1006 |
1007 | 	public override var prefersStatusBarHidden: Bool {
1008 | 		return visibleViewController?.prefersStatusBarHidden ?? false
     |                                 `- warning: 'prefersStatusBarHidden' was deprecated in visionOS 1.0: Has no effect on visionOS [#DeprecatedDeclaration]
1009 | 	}
1010 |
/Users/admin/builder/spi-builder-workspace/NKModalPresenter/NKModalController.swift:1012:33: warning: 'preferredStatusBarStyle' was deprecated in visionOS 1.0: Has no effect on visionOS [#DeprecatedDeclaration]
1010 |
1011 | 	public override var preferredStatusBarStyle: UIStatusBarStyle {
1012 | 		return visibleViewController?.preferredStatusBarStyle ?? .default
     |                                 `- warning: 'preferredStatusBarStyle' was deprecated in visionOS 1.0: Has no effect on visionOS [#DeprecatedDeclaration]
1013 | 	}
1014 |
/Users/admin/builder/spi-builder-workspace/NKModalPresenter/NKModalController.swift:1016:33: warning: 'preferredStatusBarUpdateAnimation' was deprecated in visionOS 1.0: Has no effect on visionOS [#DeprecatedDeclaration]
1014 |
1015 | 	public override var preferredStatusBarUpdateAnimation: UIStatusBarAnimation {
1016 | 		return visibleViewController?.preferredStatusBarUpdateAnimation ?? .fade
     |                                 `- warning: 'preferredStatusBarUpdateAnimation' was deprecated in visionOS 1.0: Has no effect on visionOS [#DeprecatedDeclaration]
1017 | 	}
1018 |
[#DeprecatedDeclaration]: <https://docs.swift.org/compiler/documentation/diagnostics/deprecated-declaration>
Failed frontend command:
/Applications/Xcode-27.0.0-Release.Candidate.app/Contents/Developer/Toolchains/XcodeDefault.xctoolchain/usr/bin/swift-frontend -frontend -c -primary-file /Users/admin/builder/spi-builder-workspace/NKModalPresenter/NKModalController.swift /Users/admin/builder/spi-builder-workspace/NKModalPresenter/NKModalPresenter.swift -emit-dependencies-path /Users/admin/builder/spi-builder-workspace/.derivedData/Build/Intermediates.noindex/NKModalPresenter.build/Debug-xros/NKModalPresenter-t.build/Objects-normal/arm64/NKModalController.d -emit-const-values-path /Users/admin/builder/spi-builder-workspace/.derivedData/Build/Intermediates.noindex/NKModalPresenter.build/Debug-xros/NKModalPresenter-t.build/Objects-normal/arm64/NKModalController.swiftconstvalues -emit-reference-dependencies-path /Users/admin/builder/spi-builder-workspace/.derivedData/Build/Intermediates.noindex/NKModalPresenter.build/Debug-xros/NKModalPresenter-t.build/Objects-normal/arm64/NKModalController.swiftdeps -serialize-diagnostics-path /Users/admin/builder/spi-builder-workspace/.derivedData/Build/Intermediates.noindex/NKModalPresenter.build/Debug-xros/NKModalPresenter-t.build/Objects-normal/arm64/NKModalController.dia -target arm64-apple-xros1.0 -disable-cross-import-overlay-search -load-resolved-plugin /Applications/Xcode-27.0.0-Release.Candidate.app/Contents/Developer/Platforms/XROS.platform/Developer/usr/lib/swift/host/plugins/libFoundationMacros.dylib\#/Applications/Xcode-27.0.0-Release.Candidate.app/Contents/Developer/Platforms/XROS.platform/Developer/usr/bin/swift-plugin-server\#FoundationMacros -load-resolved-plugin /Applications/Xcode-27.0.0-Release.Candidate.app/Contents/Developer/Platforms/XROS.platform/Developer/usr/lib/swift/host/plugins/libObservationMacros.dylib\#/Applications/Xcode-27.0.0-Release.Candidate.app/Contents/Developer/Platforms/XROS.platform/Developer/usr/bin/swift-plugin-server\#ObservationMacros -load-resolved-plugin /Applications/Xcode-27.0.0-Release.Candidate.app/Contents/Developer/Platforms/XROS.platform/Developer/usr/lib/swift/host/plugins/libPreviewsMacros.dylib\#/Applications/Xcode-27.0.0-Release.Candidate.app/Contents/Developer/Platforms/XROS.platform/Developer/usr/bin/swift-plugin-server\#PreviewsMacros -load-resolved-plugin /Applications/Xcode-27.0.0-Release.Candidate.app/Contents/Developer/Platforms/XROS.platform/Developer/usr/lib/swift/host/plugins/libSwiftMacros.dylib\#/Applications/Xcode-27.0.0-Release.Candidate.app/Contents/Developer/Platforms/XROS.platform/Developer/usr/bin/swift-plugin-server\#SwiftMacros -load-resolved-plugin /Applications/Xcode-27.0.0-Release.Candidate.app/Contents/Developer/Platforms/XROS.platform/Developer/usr/lib/swift/host/plugins/libSwiftUIMacros.dylib\#/Applications/Xcode-27.0.0-Release.Candidate.app/Contents/Developer/Platforms/XROS.platform/Developer/usr/bin/swift-plugin-server\#SwiftUIMacros -disable-implicit-swift-modules -Xcc -fno-implicit-modules -Xcc -fno-implicit-module-maps -explicit-swift-module-map-file /Users/admin/builder/spi-builder-workspace/.derivedData/Build/Intermediates.noindex/NKModalPresenter.build/Debug-xros/NKModalPresenter-t.build/Objects-normal/arm64/NKModalPresenter-dependencies-1.json -Xllvm -aarch64-use-tbi -enable-objc-interop -stack-check -sdk /Applications/Xcode-27.0.0-Release.Candidate.app/Contents/Developer/Platforms/XROS.platform/Developer/SDKs/XROS27.0.sdk -I /Users/admin/builder/spi-builder-workspace/.derivedData/Build/Products/Debug-xros -Isystem /Applications/Xcode-27.0.0-Release.Candidate.app/Contents/Developer/Platforms/XROS.platform/Developer/usr/lib -F /Users/admin/builder/spi-builder-workspace/.derivedData/Build/Products/Debug-xros -F /Applications/Xcode-27.0.0-Release.Candidate.app/Contents/Developer/Platforms/XROS.platform/Developer/Library/Frameworks -F /Applications/Xcode-27.0.0-Release.Candidate.app/Contents/Developer/Platforms/XROS.platform/Developer/SDKs/XROS27.0.sdk/Developer/Library/Frameworks -module-cache-path /Users/admin/builder/spi-builder-workspace/.derivedData/Build/Intermediates.noindex/SwiftExplicitPrecompiledModules -no-color-diagnostics -Xcc -fno-color-diagnostics -enable-testing -g -debug-info-format\=dwarf -dwarf-version\=4 -swift-version 5 -Onone -D SWIFT_PACKAGE -D DEBUG -D SWIFT_MODULE_RESOURCE_BUNDLE_UNAVAILABLE -D Xcode -serialize-debugging-options -enable-experimental-feature DebugDescriptionMacro -empty-abi-descriptor -validate-clang-modules-once -clang-build-session-file /Users/admin/builder/spi-builder-workspace/.derivedData/ModuleCache.noindex/Session.modulevalidation -Xcc -working-directory -Xcc /Users/admin/builder/spi-builder-workspace/.swiftpm/xcode -enable-anonymous-context-mangled-names -file-compilation-dir /Users/admin/builder/spi-builder-workspace/.swiftpm/xcode -Xcc -D_LIBCPP_HARDENING_MODE\=_LIBCPP_HARDENING_MODE_DEBUG -Xcc -ivfsstatcache -Xcc /Users/admin/builder/spi-builder-workspace/.derivedData/SDKStatCaches.noindex/xros27.0-24M361-e829b21a6f8c9b70876ba0858053c044735bd543db762f57723cac368afd1ce4.sdkstatcache -Xcc -fmodules-prune-interval\=86400 -Xcc -fmodules-prune-after\=345600 -Xcc -I/Users/admin/builder/spi-builder-workspace/.derivedData/Build/Products/Debug-xros/include -Xcc -I/Users/admin/builder/spi-builder-workspace/.derivedData/Build/Intermediates.noindex/NKModalPresenter.build/Debug-xros/NKModalPresenter-t.build/DerivedSources-normal/arm64 -Xcc -I/Users/admin/builder/spi-builder-workspace/.derivedData/Build/Intermediates.noindex/NKModalPresenter.build/Debug-xros/NKModalPresenter-t.build/DerivedSources/arm64 -Xcc -I/Users/admin/builder/spi-builder-workspace/.derivedData/Build/Intermediates.noindex/NKModalPresenter.build/Debug-xros/NKModalPresenter-t.build/DerivedSources -Xcc -DSWIFT_PACKAGE -Xcc -DDEBUG\=1 -no-auto-bridging-header-chaining -module-name NKModalPresenter -const-gather-protocols-file /Users/admin/builder/spi-builder-workspace/.derivedData/Build/Intermediates.noindex/NKModalPresenter.build/Debug-xros/NKModalPresenter-t.build/Objects-normal/arm64/NKModalPresenter_const_extract_protocols.json -disable-clang-spi -clang-target arm64-apple-xros27.0 -target-sdk-version 27.0 -target-sdk-name xros27.0 -in-process-plugin-server-path /Applications/Xcode-27.0.0-Release.Candidate.app/Contents/Developer/Toolchains/XcodeDefault.xctoolchain/usr/lib/swift/host/libSwiftInProcPluginServer.dylib -parse-as-library -o /Users/admin/builder/spi-builder-workspace/.derivedData/Build/Intermediates.noindex/NKModalPresenter.build/Debug-xros/NKModalPresenter-t.build/Objects-normal/arm64/NKModalController.o -debug-module-path /Users/admin/builder/spi-builder-workspace/.derivedData/Build/Intermediates.noindex/NKModalPresenter.build/Debug-xros/NKModalPresenter-t.build/Objects-normal/arm64/NKModalPresenter.swiftmodule -index-unit-output-path /NKModalPresenter.build/Debug-xros/NKModalPresenter-t.build/Objects-normal/arm64/NKModalController.o -index-store-path /Users/admin/builder/spi-builder-workspace/.derivedData/Index.noindex/DataStore -index-system-modules
SwiftCompile normal arm64 /Users/admin/builder/spi-builder-workspace/NKModalPresenter/NKModalController.swift (in target 'NKModalPresenter' from project 'NKModalPresenter')
    cd /Users/admin/builder/spi-builder-workspace/.swiftpm/xcode
    builtin-SwiftPerFileCompile NKModalController.swift
SwiftDriverJobDiscovery normal arm64 Emitting module for NKModalPresenter (in target 'NKModalPresenter' from project 'NKModalPresenter')
SwiftDriver\ Compilation\ Requirements NKModalPresenter normal arm64 com.apple.xcode.tools.swift.compiler (in target 'NKModalPresenter' from project 'NKModalPresenter')
    cd /Users/admin/builder/spi-builder-workspace/.swiftpm/xcode
    builtin-Swift-Compilation-Requirements -- /Applications/Xcode-27.0.0-Release.Candidate.app/Contents/Developer/Toolchains/XcodeDefault.xctoolchain/usr/bin/swiftc -parse-as-library -module-name NKModalPresenter -Onone @/Users/admin/builder/spi-builder-workspace/.derivedData/Build/Intermediates.noindex/NKModalPresenter.build/Debug-xros/NKModalPresenter-t.build/Objects-normal/arm64/NKModalPresenter.SwiftFileList -DSWIFT_PACKAGE -DDEBUG -DSWIFT_MODULE_RESOURCE_BUNDLE_UNAVAILABLE -DXcode -plugin-path /Applications/Xcode-27.0.0-Release.Candidate.app/Contents/Developer/Toolchains/XcodeDefault.xctoolchain/usr/lib/swift/host/plugins/testing -enable-experimental-feature DebugDescriptionMacro -sdk /Applications/Xcode-27.0.0-Release.Candidate.app/Contents/Developer/Platforms/XROS.platform/Developer/SDKs/XROS27.0.sdk -target arm64-apple-xros1.0 -g -module-cache-path /Users/admin/builder/spi-builder-workspace/.derivedData/ModuleCache.noindex -Xfrontend -serialize-debugging-options -enable-testing -index-store-path /Users/admin/builder/spi-builder-workspace/.derivedData/Index.noindex/DataStore -Xcc -D_LIBCPP_HARDENING_MODE\=_LIBCPP_HARDENING_MODE_DEBUG -swift-version 5 -I /Users/admin/builder/spi-builder-workspace/.derivedData/Build/Products/Debug-xros -Isystem /Applications/Xcode-27.0.0-Release.Candidate.app/Contents/Developer/Platforms/XROS.platform/Developer/usr/lib -F /Users/admin/builder/spi-builder-workspace/.derivedData/Build/Products/Debug-xros -F /Applications/Xcode-27.0.0-Release.Candidate.app/Contents/Developer/Platforms/XROS.platform/Developer/Library/Frameworks -F /Applications/Xcode-27.0.0-Release.Candidate.app/Contents/Developer/Platforms/XROS.platform/Developer/SDKs/XROS27.0.sdk/Developer/Library/Frameworks -c -j10 -enable-batch-mode -incremental -Xcc -ivfsstatcache -Xcc /Users/admin/builder/spi-builder-workspace/.derivedData/SDKStatCaches.noindex/xros27.0-24M361-e829b21a6f8c9b70876ba0858053c044735bd543db762f57723cac368afd1ce4.sdkstatcache -output-file-map /Users/admin/builder/spi-builder-workspace/.derivedData/Build/Intermediates.noindex/NKModalPresenter.build/Debug-xros/NKModalPresenter-t.build/Objects-normal/arm64/NKModalPresenter-OutputFileMap.json -save-temps -no-color-diagnostics -explicit-module-build -module-cache-path /Users/admin/builder/spi-builder-workspace/.derivedData/Build/Intermediates.noindex/SwiftExplicitPrecompiledModules -clang-scanner-module-cache-path /Users/admin/builder/spi-builder-workspace/.derivedData/ModuleCache.noindex -sdk-module-cache-path /Users/admin/builder/spi-builder-workspace/.derivedData/SDKExplicitPrecompiledModules -emit-dependencies -emit-module -emit-module-path /Users/admin/builder/spi-builder-workspace/.derivedData/Build/Intermediates.noindex/NKModalPresenter.build/Debug-xros/NKModalPresenter-t.build/Objects-normal/arm64/NKModalPresenter.swiftmodule -serialize-diagnostics -dependency-scan-serialize-diagnostics-path /Users/admin/builder/spi-builder-workspace/.derivedData/Build/Intermediates.noindex/NKModalPresenter.build/Debug-xros/NKModalPresenter-t.build/Objects-normal/arm64/NKModalPresenter-dependency-scan.dia -validate-clang-modules-once -clang-build-session-file /Users/admin/builder/spi-builder-workspace/.derivedData/ModuleCache.noindex/Session.modulevalidation -Xcc -fmodules-prune-interval\=86400 -Xcc -fmodules-prune-after\=345600 -emit-const-values -const-gather-protocols-list /Users/admin/builder/spi-builder-workspace/.derivedData/Build/Intermediates.noindex/NKModalPresenter.build/Debug-xros/NKModalPresenter-t.build/Objects-normal/arm64/NKModalPresenter_const_extract_protocols.json -Xcc -I/Users/admin/builder/spi-builder-workspace/.derivedData/Build/Products/Debug-xros/include -Xcc -I/Users/admin/builder/spi-builder-workspace/.derivedData/Build/Intermediates.noindex/NKModalPresenter.build/Debug-xros/NKModalPresenter-t.build/DerivedSources-normal/arm64 -Xcc -I/Users/admin/builder/spi-builder-workspace/.derivedData/Build/Intermediates.noindex/NKModalPresenter.build/Debug-xros/NKModalPresenter-t.build/DerivedSources/arm64 -Xcc -I/Users/admin/builder/spi-builder-workspace/.derivedData/Build/Intermediates.noindex/NKModalPresenter.build/Debug-xros/NKModalPresenter-t.build/DerivedSources -Xcc -DSWIFT_PACKAGE -Xcc -DDEBUG\=1 -emit-objc-header -emit-objc-header-path /Users/admin/builder/spi-builder-workspace/.derivedData/Build/Intermediates.noindex/NKModalPresenter.build/Debug-xros/NKModalPresenter-t.build/Objects-normal/arm64/NKModalPresenter-Swift.h -working-directory /Users/admin/builder/spi-builder-workspace/.swiftpm/xcode -experimental-emit-module-separately -disable-cmo
SwiftMergeGeneratedHeaders /Users/admin/builder/spi-builder-workspace/.derivedData/Build/Intermediates.noindex/GeneratedModuleMaps-xros/NKModalPresenter-Swift.h /Users/admin/builder/spi-builder-workspace/.derivedData/Build/Intermediates.noindex/NKModalPresenter.build/Debug-xros/NKModalPresenter-t.build/Objects-normal/arm64/NKModalPresenter-Swift.h (in target 'NKModalPresenter' from project 'NKModalPresenter')
    cd /Users/admin/builder/spi-builder-workspace
    builtin-swiftHeaderTool -arch arm64 /Users/admin/builder/spi-builder-workspace/.derivedData/Build/Intermediates.noindex/NKModalPresenter.build/Debug-xros/NKModalPresenter-t.build/Objects-normal/arm64/NKModalPresenter-Swift.h -o /Users/admin/builder/spi-builder-workspace/.derivedData/Build/Intermediates.noindex/GeneratedModuleMaps-xros/NKModalPresenter-Swift.h
Copy /Users/admin/builder/spi-builder-workspace/.derivedData/Build/Products/Debug-xros/NKModalPresenter.swiftmodule/arm64-apple-xros.swiftmodule /Users/admin/builder/spi-builder-workspace/.derivedData/Build/Intermediates.noindex/NKModalPresenter.build/Debug-xros/NKModalPresenter-t.build/Objects-normal/arm64/NKModalPresenter.swiftmodule (in target 'NKModalPresenter' from project 'NKModalPresenter')
    cd /Users/admin/builder/spi-builder-workspace
    builtin-copy -exclude .DS_Store -exclude CVS -exclude .svn -exclude .git -exclude .hg -resolve-src-symlinks -rename /Users/admin/builder/spi-builder-workspace/.derivedData/Build/Intermediates.noindex/NKModalPresenter.build/Debug-xros/NKModalPresenter-t.build/Objects-normal/arm64/NKModalPresenter.swiftmodule /Users/admin/builder/spi-builder-workspace/.derivedData/Build/Products/Debug-xros/NKModalPresenter.swiftmodule/arm64-apple-xros.swiftmodule
Copy /Users/admin/builder/spi-builder-workspace/.derivedData/Build/Products/Debug-xros/NKModalPresenter.swiftmodule/arm64-apple-xros.abi.json /Users/admin/builder/spi-builder-workspace/.derivedData/Build/Intermediates.noindex/NKModalPresenter.build/Debug-xros/NKModalPresenter-t.build/Objects-normal/arm64/NKModalPresenter.abi.json (in target 'NKModalPresenter' from project 'NKModalPresenter')
    cd /Users/admin/builder/spi-builder-workspace
    builtin-copy -exclude .DS_Store -exclude CVS -exclude .svn -exclude .git -exclude .hg -resolve-src-symlinks -rename /Users/admin/builder/spi-builder-workspace/.derivedData/Build/Intermediates.noindex/NKModalPresenter.build/Debug-xros/NKModalPresenter-t.build/Objects-normal/arm64/NKModalPresenter.abi.json /Users/admin/builder/spi-builder-workspace/.derivedData/Build/Products/Debug-xros/NKModalPresenter.swiftmodule/arm64-apple-xros.abi.json
Copy /Users/admin/builder/spi-builder-workspace/.derivedData/Build/Products/Debug-xros/NKModalPresenter.swiftmodule/arm64-apple-xros.swiftdoc /Users/admin/builder/spi-builder-workspace/.derivedData/Build/Intermediates.noindex/NKModalPresenter.build/Debug-xros/NKModalPresenter-t.build/Objects-normal/arm64/NKModalPresenter.swiftdoc (in target 'NKModalPresenter' from project 'NKModalPresenter')
    cd /Users/admin/builder/spi-builder-workspace
    builtin-copy -exclude .DS_Store -exclude CVS -exclude .svn -exclude .git -exclude .hg -resolve-src-symlinks -rename /Users/admin/builder/spi-builder-workspace/.derivedData/Build/Intermediates.noindex/NKModalPresenter.build/Debug-xros/NKModalPresenter-t.build/Objects-normal/arm64/NKModalPresenter.swiftdoc /Users/admin/builder/spi-builder-workspace/.derivedData/Build/Products/Debug-xros/NKModalPresenter.swiftmodule/arm64-apple-xros.swiftdoc
Copy /Users/admin/builder/spi-builder-workspace/.derivedData/Build/Products/Debug-xros/NKModalPresenter.swiftmodule/Project/arm64-apple-xros.swiftsourceinfo /Users/admin/builder/spi-builder-workspace/.derivedData/Build/Intermediates.noindex/NKModalPresenter.build/Debug-xros/NKModalPresenter-t.build/Objects-normal/arm64/NKModalPresenter.swiftsourceinfo (in target 'NKModalPresenter' from project 'NKModalPresenter')
    cd /Users/admin/builder/spi-builder-workspace
    builtin-copy -exclude .DS_Store -exclude CVS -exclude .svn -exclude .git -exclude .hg -resolve-src-symlinks -rename /Users/admin/builder/spi-builder-workspace/.derivedData/Build/Intermediates.noindex/NKModalPresenter.build/Debug-xros/NKModalPresenter-t.build/Objects-normal/arm64/NKModalPresenter.swiftsourceinfo /Users/admin/builder/spi-builder-workspace/.derivedData/Build/Products/Debug-xros/NKModalPresenter.swiftmodule/Project/arm64-apple-xros.swiftsourceinfo
PruneExplicitPrecompiledModules /Users/admin/builder/spi-builder-workspace/.derivedData/Build/Intermediates.noindex/SwiftExplicitPrecompiledModules
PruneExplicitPrecompiledModules /Users/admin/builder/spi-builder-workspace/.derivedData/SDKExplicitPrecompiledModules
PruneExplicitPrecompiledModules /Users/admin/builder/spi-builder-workspace/.derivedData/Build/Intermediates.noindex/ExplicitPrecompiledModules
2026-09-22 01:24:57.531 xcodebuild[652:4216] [MT] IDERunDestination: Supported platforms for the buildables in the current scheme is empty.
** BUILD FAILED **
The following build commands failed:
	SwiftCompile normal arm64 Compiling\ NKModalController.swift /Users/admin/builder/spi-builder-workspace/NKModalPresenter/NKModalController.swift (in target 'NKModalPresenter' from project 'NKModalPresenter')
	SwiftCompile normal arm64 /Users/admin/builder/spi-builder-workspace/NKModalPresenter/NKModalController.swift (in target 'NKModalPresenter' from project 'NKModalPresenter')
	Building workspace NKModalPresenter with scheme NKModalPresenter
(3 failures)
Command line invocation:
    /Applications/Xcode-27.0.0-Release.Candidate.app/Contents/Developer/usr/bin/xcodebuild -IDEClonedSourcePackagesDirPathOverride=/Users/admin/builder/spi-builder-workspace/.dependencies -resolvePackageDependencies
Resolve Package Graph
Invalid Exclude '/Users/admin/builder/spi-builder-workspace/NKModalPresenter/Example': File not found.
Resolved source packages:
  NKModalPresenter: /Users/admin/builder/spi-builder-workspace
resolved source packages: NKModalPresenter
2026-09-22 01:25:06.687 xcodebuild[737:4589] [MT] IDERunDestination: Supported platforms for the buildables in the current scheme is empty.
{
  "dependencies" : [
  ],
  "manifest_display_name" : "NKModalPresenter",
  "name" : "NKModalPresenter",
  "path" : "/Users/admin/builder/spi-builder-workspace",
  "platforms" : [
    {
      "name" : "ios",
      "version" : "9.0"
    }
  ],
  "products" : [
    {
      "name" : "NKModalPresenter",
      "targets" : [
        "NKModalPresenter"
      ],
      "type" : {
        "library" : [
          "automatic"
        ]
      }
    }
  ],
  "targets" : [
    {
      "c99name" : "NKModalPresenter",
      "module_type" : "SwiftTarget",
      "name" : "NKModalPresenter",
      "path" : "NKModalPresenter",
      "product_memberships" : [
        "NKModalPresenter"
      ],
      "sources" : [
        "NKModalController.swift",
        "NKModalPresenter.swift"
      ],
      "type" : "library"
    }
  ],
  "tools_version" : "5.2"
}
warning: 'spi-builder-workspace': Invalid Exclude '/Users/admin/builder/spi-builder-workspace/NKModalPresenter/Example': File not found.
{
  "workspace" : {
    "name" : "NKModalPresenter",
    "schemes" : [
      "NKModalPresenter"
    ]
  }
}
2026-09-22 01:25:07.921 xcodebuild[745:4660] [MT] IDERunDestination: Supported platforms for the buildables in the current scheme is empty.
Running build ...
env DEVELOPER_DIR=/Applications/Xcode-27.0.0-Release.Candidate.app xcrun xcodebuild -IDEClonedSourcePackagesDirPathOverride=$PWD/.dependencies -skipMacroValidation -skipPackagePluginValidation -derivedDataPath $PWD/.derivedData build -scheme NKModalPresenter -destination generic/platform=xrOS
Command line invocation:
    /Applications/Xcode-27.0.0-Release.Candidate.app/Contents/Developer/usr/bin/xcodebuild -IDEClonedSourcePackagesDirPathOverride=/Users/admin/builder/spi-builder-workspace/.dependencies -skipMacroValidation -skipPackagePluginValidation -derivedDataPath /Users/admin/builder/spi-builder-workspace/.derivedData build -scheme NKModalPresenter -destination generic/platform=xrOS
Resolve Package Graph
Invalid Exclude '/Users/admin/builder/spi-builder-workspace/NKModalPresenter/Example': File not found.
Resolved source packages:
  NKModalPresenter: /Users/admin/builder/spi-builder-workspace
ComputePackagePrebuildTargetDependencyGraph
Prepare packages
CreateBuildRequest
SendProjectDescription
CreateBuildOperation
ComputeTargetDependencyGraph
note: Building targets in dependency order
note: Target dependency graph (2 targets)
    Target 'NKModalPresenter-product' in project 'NKModalPresenter'
        ➜ Explicit dependency on target 'NKModalPresenter' in project 'NKModalPresenter'
    Target 'NKModalPresenter' in project 'NKModalPresenter' (no dependencies)
GatherProvisioningInputs
CreateBuildDescription
ClangStatCache /Applications/Xcode-27.0.0-Release.Candidate.app/Contents/Developer/Toolchains/XcodeDefault.xctoolchain/usr/bin/clang-stat-cache /Applications/Xcode-27.0.0-Release.Candidate.app/Contents/Developer/Platforms/XROS.platform/Developer/SDKs/XROS27.0.sdk /Users/admin/builder/spi-builder-workspace/.derivedData/SDKStatCaches.noindex/xros27.0-24M361-e829b21a6f8c9b70876ba0858053c044735bd543db762f57723cac368afd1ce4.sdkstatcache
    cd /Users/admin/builder/spi-builder-workspace/.swiftpm/xcode
    /Applications/Xcode-27.0.0-Release.Candidate.app/Contents/Developer/Toolchains/XcodeDefault.xctoolchain/usr/bin/clang-stat-cache /Applications/Xcode-27.0.0-Release.Candidate.app/Contents/Developer/Platforms/XROS.platform/Developer/SDKs/XROS27.0.sdk -o /Users/admin/builder/spi-builder-workspace/.derivedData/SDKStatCaches.noindex/xros27.0-24M361-e829b21a6f8c9b70876ba0858053c044735bd543db762f57723cac368afd1ce4.sdkstatcache
SwiftDriver NKModalPresenter normal arm64 com.apple.xcode.tools.swift.compiler (in target 'NKModalPresenter' from project 'NKModalPresenter')
    cd /Users/admin/builder/spi-builder-workspace/.swiftpm/xcode
    builtin-SwiftDriver -- /Applications/Xcode-27.0.0-Release.Candidate.app/Contents/Developer/Toolchains/XcodeDefault.xctoolchain/usr/bin/swiftc -parse-as-library -module-name NKModalPresenter -Onone @/Users/admin/builder/spi-builder-workspace/.derivedData/Build/Intermediates.noindex/NKModalPresenter.build/Debug-xros/NKModalPresenter-t.build/Objects-normal/arm64/NKModalPresenter.SwiftFileList -DSWIFT_PACKAGE -DDEBUG -DSWIFT_MODULE_RESOURCE_BUNDLE_UNAVAILABLE -DXcode -plugin-path /Applications/Xcode-27.0.0-Release.Candidate.app/Contents/Developer/Toolchains/XcodeDefault.xctoolchain/usr/lib/swift/host/plugins/testing -enable-experimental-feature DebugDescriptionMacro -sdk /Applications/Xcode-27.0.0-Release.Candidate.app/Contents/Developer/Platforms/XROS.platform/Developer/SDKs/XROS27.0.sdk -target arm64-apple-xros1.0 -g -module-cache-path /Users/admin/builder/spi-builder-workspace/.derivedData/ModuleCache.noindex -Xfrontend -serialize-debugging-options -enable-testing -index-store-path /Users/admin/builder/spi-builder-workspace/.derivedData/Index.noindex/DataStore -Xcc -D_LIBCPP_HARDENING_MODE\=_LIBCPP_HARDENING_MODE_DEBUG -swift-version 5 -I /Users/admin/builder/spi-builder-workspace/.derivedData/Build/Products/Debug-xros -Isystem /Applications/Xcode-27.0.0-Release.Candidate.app/Contents/Developer/Platforms/XROS.platform/Developer/usr/lib -F /Users/admin/builder/spi-builder-workspace/.derivedData/Build/Products/Debug-xros -F /Applications/Xcode-27.0.0-Release.Candidate.app/Contents/Developer/Platforms/XROS.platform/Developer/Library/Frameworks -F /Applications/Xcode-27.0.0-Release.Candidate.app/Contents/Developer/Platforms/XROS.platform/Developer/SDKs/XROS27.0.sdk/Developer/Library/Frameworks -c -j10 -enable-batch-mode -incremental -Xcc -ivfsstatcache -Xcc /Users/admin/builder/spi-builder-workspace/.derivedData/SDKStatCaches.noindex/xros27.0-24M361-e829b21a6f8c9b70876ba0858053c044735bd543db762f57723cac368afd1ce4.sdkstatcache -output-file-map /Users/admin/builder/spi-builder-workspace/.derivedData/Build/Intermediates.noindex/NKModalPresenter.build/Debug-xros/NKModalPresenter-t.build/Objects-normal/arm64/NKModalPresenter-OutputFileMap.json -save-temps -no-color-diagnostics -explicit-module-build -module-cache-path /Users/admin/builder/spi-builder-workspace/.derivedData/Build/Intermediates.noindex/SwiftExplicitPrecompiledModules -clang-scanner-module-cache-path /Users/admin/builder/spi-builder-workspace/.derivedData/ModuleCache.noindex -sdk-module-cache-path /Users/admin/builder/spi-builder-workspace/.derivedData/SDKExplicitPrecompiledModules -emit-dependencies -emit-module -emit-module-path /Users/admin/builder/spi-builder-workspace/.derivedData/Build/Intermediates.noindex/NKModalPresenter.build/Debug-xros/NKModalPresenter-t.build/Objects-normal/arm64/NKModalPresenter.swiftmodule -serialize-diagnostics -dependency-scan-serialize-diagnostics-path /Users/admin/builder/spi-builder-workspace/.derivedData/Build/Intermediates.noindex/NKModalPresenter.build/Debug-xros/NKModalPresenter-t.build/Objects-normal/arm64/NKModalPresenter-dependency-scan.dia -validate-clang-modules-once -clang-build-session-file /Users/admin/builder/spi-builder-workspace/.derivedData/ModuleCache.noindex/Session.modulevalidation -Xcc -fmodules-prune-interval\=86400 -Xcc -fmodules-prune-after\=345600 -emit-const-values -const-gather-protocols-list /Users/admin/builder/spi-builder-workspace/.derivedData/Build/Intermediates.noindex/NKModalPresenter.build/Debug-xros/NKModalPresenter-t.build/Objects-normal/arm64/NKModalPresenter_const_extract_protocols.json -Xcc -I/Users/admin/builder/spi-builder-workspace/.derivedData/Build/Products/Debug-xros/include -Xcc -I/Users/admin/builder/spi-builder-workspace/.derivedData/Build/Intermediates.noindex/NKModalPresenter.build/Debug-xros/NKModalPresenter-t.build/DerivedSources-normal/arm64 -Xcc -I/Users/admin/builder/spi-builder-workspace/.derivedData/Build/Intermediates.noindex/NKModalPresenter.build/Debug-xros/NKModalPresenter-t.build/DerivedSources/arm64 -Xcc -I/Users/admin/builder/spi-builder-workspace/.derivedData/Build/Intermediates.noindex/NKModalPresenter.build/Debug-xros/NKModalPresenter-t.build/DerivedSources -Xcc -DSWIFT_PACKAGE -Xcc -DDEBUG\=1 -emit-objc-header -emit-objc-header-path /Users/admin/builder/spi-builder-workspace/.derivedData/Build/Intermediates.noindex/NKModalPresenter.build/Debug-xros/NKModalPresenter-t.build/Objects-normal/arm64/NKModalPresenter-Swift.h -working-directory /Users/admin/builder/spi-builder-workspace/.swiftpm/xcode -experimental-emit-module-separately -disable-cmo
SwiftEmitModule normal arm64 Emitting\ module\ for\ NKModalPresenter (in target 'NKModalPresenter' from project 'NKModalPresenter')
SwiftCompile normal arm64 (in target 'NKModalPresenter' from project 'NKModalPresenter')
    cd /Users/admin/builder/spi-builder-workspace/.swiftpm/xcode

SwiftCompile normal arm64 Compiling\ NKModalPresenter.swift /Users/admin/builder/spi-builder-workspace/NKModalPresenter/NKModalPresenter.swift (in target 'NKModalPresenter' from project 'NKModalPresenter')
SwiftCompile normal arm64 /Users/admin/builder/spi-builder-workspace/NKModalPresenter/NKModalPresenter.swift (in target 'NKModalPresenter' from project 'NKModalPresenter')
    cd /Users/admin/builder/spi-builder-workspace/.swiftpm/xcode
    builtin-SwiftPerFileCompile NKModalPresenter.swift
SwiftCompile normal arm64 Compiling\ NKModalController.swift /Users/admin/builder/spi-builder-workspace/NKModalPresenter/NKModalController.swift (in target 'NKModalPresenter' from project 'NKModalPresenter')
/Users/admin/builder/spi-builder-workspace/NKModalPresenter/NKModalController.swift:200:32: warning: 'windows' was deprecated in visionOS 1.0: Use UIWindowScene.windows on a relevant window scene instead [#DeprecatedDeclaration]
 198 | 	static var keyWindow: UIWindow? {
 199 | 		if #available(iOS 13, *) {
 200 | 			return UIApplication.shared.windows.first { $0.isKeyWindow }
     |                                `- warning: 'windows' was deprecated in visionOS 1.0: Use UIWindowScene.windows on a relevant window scene instead [#DeprecatedDeclaration]
 201 | 		} else {
 202 | 			return UIApplication.shared.keyWindow
/Users/admin/builder/spi-builder-workspace/NKModalPresenter/NKModalController.swift:202:32: error: 'keyWindow' is unavailable in visionOS
 200 | 			return UIApplication.shared.windows.first { $0.isKeyWindow }
 201 | 		} else {
 202 | 			return UIApplication.shared.keyWindow
     |                                `- error: 'keyWindow' is unavailable in visionOS
 203 | 		}
 204 | 	}
/Applications/Xcode-27.0.0-Release.Candidate.app/Contents/Developer/Platforms/XROS.platform/Developer/SDKs/XROS27.0.sdk/System/Library/Frameworks/UIKit.framework/Headers/UIApplication.h:108:51: note: 'keyWindow' has been explicitly marked unavailable here
106 | - (void)sendEvent:(UIEvent *)event;
107 |
108 | @property(nullable, nonatomic,readonly) UIWindow *keyWindow API_DEPRECATED("Should not be used for applications that support multiple scenes as it returns a key window across all connected scenes", ios(2.0, 13.0)) API_UNAVAILABLE(visionos, watchos);
    |                                                   `- note: 'keyWindow' has been explicitly marked unavailable here
109 | @property(nonatomic,readonly) NSArray<__kindof UIWindow *>  *windows API_DEPRECATED("Use UIWindowScene.windows on a relevant window scene instead", ios(2.0, 15.0), visionos(1.0, 1.0)) API_UNAVAILABLE(watchos);
110 |
/Users/admin/builder/spi-builder-workspace/NKModalPresenter/NKModalController.swift:374:30: error: 'UIScreen' is unavailable in visionOS
 372 |
 373 | 			if window == nil {
 374 | 				window = UIWindow(frame: UIScreen.main.bounds)
     |                              `- error: 'UIScreen' is unavailable in visionOS
 375 | 			}
 376 |
/Applications/Xcode-27.0.0-Release.Candidate.app/Contents/Developer/Platforms/XROS.platform/Developer/SDKs/XROS27.0.sdk/System/Library/Frameworks/UIKit.framework/Headers/UIScreen.h:54:12: note: 'UIScreen' has been explicitly marked unavailable here
 52 |
 53 | UIKIT_EXTERN API_AVAILABLE(ios(2.0)) API_UNAVAILABLE(visionos, watchos) NS_SWIFT_UI_ACTOR
 54 | @interface UIScreen : NSObject <UITraitEnvironment>
    |            `- note: 'UIScreen' has been explicitly marked unavailable here
 55 |
 56 | @property(class, nonatomic, readonly) NSArray<UIScreen *> *screens API_DEPRECATED("Use UIApplication.shared.openSessions to find open sessions with scenes from other screens", ios(3.2, 16.0), visionos(1.0, 1.0)) API_UNAVAILABLE(watchos); // all screens currently attached to the device
/Users/admin/builder/spi-builder-workspace/NKModalPresenter/NKModalController.swift:380:43: error: 'statusBarOrientation' is unavailable in visionOS
 378 | 			window?.rootViewController = presentingViewController
 379 | 			window?.makeKeyAndVisible()
 380 | 			lastOrientation = UIApplication.shared.statusBarOrientation
     |                                           `- error: 'statusBarOrientation' is unavailable in visionOS
 381 |
 382 | 			let shouldRotate = presentingViewController?.preferredInterfaceOrientationForPresentation != UIApplication.shared.statusBarOrientation
/Applications/Xcode-27.0.0-Release.Candidate.app/Contents/Developer/Platforms/XROS.platform/Developer/SDKs/XROS27.0.sdk/System/Library/Frameworks/UIKit.framework/Headers/UIApplication.h:119:55: note: 'statusBarOrientation' has been explicitly marked unavailable here
117 | @property(readonly, nonatomic,getter=isStatusBarHidden) BOOL statusBarHidden API_UNAVAILABLE(tvos) API_DEPRECATED("Use the statusBarManager property of the window scene instead.", ios(2.0, 13.0)) API_UNAVAILABLE(visionos);
118 |
119 | @property(readonly, nonatomic) UIInterfaceOrientation statusBarOrientation API_UNAVAILABLE(tvos) API_DEPRECATED("Use the interfaceOrientation property of the window scene instead.", ios(2.0, 13.0)) API_UNAVAILABLE(visionos);
    |                                                       `- note: 'statusBarOrientation' has been explicitly marked unavailable here
120 |
121 | // The system only calls this method if the application delegate has not
/Users/admin/builder/spi-builder-workspace/NKModalPresenter/NKModalController.swift:382:118: error: 'statusBarOrientation' is unavailable in visionOS
 380 | 			lastOrientation = UIApplication.shared.statusBarOrientation
 381 |
 382 | 			let shouldRotate = presentingViewController?.preferredInterfaceOrientationForPresentation != UIApplication.shared.statusBarOrientation
     |                                                                                                                      `- error: 'statusBarOrientation' is unavailable in visionOS
 383 | 			if shouldRotate {
 384 | 				contentView.transform = CGAffineTransform(rotationAngle: CGFloat(-Double.pi / 2))
/Applications/Xcode-27.0.0-Release.Candidate.app/Contents/Developer/Platforms/XROS.platform/Developer/SDKs/XROS27.0.sdk/System/Library/Frameworks/UIKit.framework/Headers/UIApplication.h:119:55: note: 'statusBarOrientation' has been explicitly marked unavailable here
117 | @property(readonly, nonatomic,getter=isStatusBarHidden) BOOL statusBarHidden API_UNAVAILABLE(tvos) API_DEPRECATED("Use the statusBarManager property of the window scene instead.", ios(2.0, 13.0)) API_UNAVAILABLE(visionos);
118 |
119 | @property(readonly, nonatomic) UIInterfaceOrientation statusBarOrientation API_UNAVAILABLE(tvos) API_DEPRECATED("Use the interfaceOrientation property of the window scene instead.", ios(2.0, 13.0)) API_UNAVAILABLE(visionos);
    |                                                       `- note: 'statusBarOrientation' has been explicitly marked unavailable here
120 |
121 | // The system only calls this method if the application delegate has not
/Users/admin/builder/spi-builder-workspace/NKModalPresenter/NKModalController.swift:500:9: error: 'setNeedsStatusBarAppearanceUpdate()' is unavailable in visionOS
 498 | 		animationBlock(duration: durationValue, options: easing.toAnimationOption(), animations: {
 499 | 			self.view.backgroundColor = color
 500 | 			self.setNeedsStatusBarAppearanceUpdate()
     |         `- error: 'setNeedsStatusBarAppearanceUpdate()' is unavailable in visionOS
 501 |
 502 | 			self.containerView.transform = .identity
/Applications/Xcode-27.0.0-Release.Candidate.app/Contents/Developer/Platforms/XROS.platform/Developer/SDKs/XROS27.0.sdk/System/Library/Frameworks/UIKit.framework/Headers/UIViewController.h:334:1: note: 'setNeedsStatusBarAppearanceUpdate()' has been explicitly marked unavailable here
332 |
333 | // This should be called whenever the return values for the view controller's status bar attributes have changed. If it is called from within an animation block, the changes will be animated along with the rest of the animation block.
334 | - (void)setNeedsStatusBarAppearanceUpdate API_AVAILABLE(ios(7.0)) API_UNAVAILABLE(tvos, visionos);
    | `- note: 'setNeedsStatusBarAppearanceUpdate()' has been explicitly marked unavailable here
335 |
336 | /* This method returns either itself or the nearest ancestor that can perform the given action and, if applicable, has overridden UIViewController's default implementation of the action method. View controllers can return NO from canPerformAction:withSender: to opt out of being a target for a given action. */
/Users/admin/builder/spi-builder-workspace/NKModalPresenter/NKModalController.swift:527:9: error: 'setNeedsStatusBarAppearanceUpdate()' is unavailable in visionOS
 525 | 			self.removeCapturedView(&self.anchorCapturedView)
 526 | 			self.removeCapturedView(&self.contentCapturedView)
 527 | 			self.setNeedsStatusBarAppearanceUpdate()
     |         `- error: 'setNeedsStatusBarAppearanceUpdate()' is unavailable in visionOS
 528 | 			self.isAnimating = false
 529 | 			completion?()
/Applications/Xcode-27.0.0-Release.Candidate.app/Contents/Developer/Platforms/XROS.platform/Developer/SDKs/XROS27.0.sdk/System/Library/Frameworks/UIKit.framework/Headers/UIViewController.h:334:1: note: 'setNeedsStatusBarAppearanceUpdate()' has been explicitly marked unavailable here
332 |
333 | // This should be called whenever the return values for the view controller's status bar attributes have changed. If it is called from within an animation block, the changes will be animated along with the rest of the animation block.
334 | - (void)setNeedsStatusBarAppearanceUpdate API_AVAILABLE(ios(7.0)) API_UNAVAILABLE(tvos, visionos);
    | `- note: 'setNeedsStatusBarAppearanceUpdate()' has been explicitly marked unavailable here
335 |
336 | /* This method returns either itself or the nearest ancestor that can perform the given action and, if applicable, has overridden UIViewController's default implementation of the action method. View controllers can return NO from canPerformAction:withSender: to opt out of being a target for a given action. */
/Users/admin/builder/spi-builder-workspace/NKModalPresenter/NKModalController.swift:650:46: warning: 'windows' was deprecated in visionOS 1.0: Use UIWindowScene.windows on a relevant window scene instead [#DeprecatedDeclaration]
 648 | 					windowToActivate = self.lastWindow
 649 | 				} else if UIWindow.keyWindow == nil {
 650 | 					windowToActivate = UIApplication.shared.windows.last
     |                                              `- warning: 'windows' was deprecated in visionOS 1.0: Use UIWindowScene.windows on a relevant window scene instead [#DeprecatedDeclaration]
 651 | 				}
 652 |
/Users/admin/builder/spi-builder-workspace/NKModalPresenter/NKModalController.swift:671:11: error: 'setNeedsStatusBarAppearanceUpdate()' is unavailable in visionOS
 669 |
 670 | 				super.dismiss(animated: false) {
 671 | 					self.setNeedsStatusBarAppearanceUpdate()
     |           `- error: 'setNeedsStatusBarAppearanceUpdate()' is unavailable in visionOS
 672 | 					self.isAnimating = false
 673 | 					self.isDismissing = false
/Applications/Xcode-27.0.0-Release.Candidate.app/Contents/Developer/Platforms/XROS.platform/Developer/SDKs/XROS27.0.sdk/System/Library/Frameworks/UIKit.framework/Headers/UIViewController.h:334:1: note: 'setNeedsStatusBarAppearanceUpdate()' has been explicitly marked unavailable here
332 |
333 | // This should be called whenever the return values for the view controller's status bar attributes have changed. If it is called from within an animation block, the changes will be animated along with the rest of the animation block.
334 | - (void)setNeedsStatusBarAppearanceUpdate API_AVAILABLE(ios(7.0)) API_UNAVAILABLE(tvos, visionos);
    | `- note: 'setNeedsStatusBarAppearanceUpdate()' has been explicitly marked unavailable here
335 |
336 | /* This method returns either itself or the nearest ancestor that can perform the given action and, if applicable, has overridden UIViewController's default implementation of the action method. View controllers can return NO from canPerformAction:withSender: to opt out of being a target for a given action. */
/Users/admin/builder/spi-builder-workspace/NKModalPresenter/NKModalController.swift:796:53: error: 'UIScreen' is unavailable in visionOS
 794 | 		}
 795 |
 796 | 		guard var contentSize = contentSize else { return UIScreen.main.bounds }
     |                                                     `- error: 'UIScreen' is unavailable in visionOS
 797 | 		var viewSize = view.bounds.size
 798 | 		viewSize.height -= keyboardHeight
/Applications/Xcode-27.0.0-Release.Candidate.app/Contents/Developer/Platforms/XROS.platform/Developer/SDKs/XROS27.0.sdk/System/Library/Frameworks/UIKit.framework/Headers/UIScreen.h:54:12: note: 'UIScreen' has been explicitly marked unavailable here
 52 |
 53 | UIKIT_EXTERN API_AVAILABLE(ios(2.0)) API_UNAVAILABLE(visionos, watchos) NS_SWIFT_UI_ACTOR
 54 | @interface UIScreen : NSObject <UITraitEnvironment>
    |            `- note: 'UIScreen' has been explicitly marked unavailable here
 55 |
 56 | @property(class, nonatomic, readonly) NSArray<UIScreen *> *screens API_DEPRECATED("Use UIApplication.shared.openSessions to find open sessions with scenes from other screens", ios(3.2, 16.0), visionos(1.0, 1.0)) API_UNAVAILABLE(watchos); // all screens currently attached to the device
/Users/admin/builder/spi-builder-workspace/NKModalPresenter/NKModalController.swift:990:33: warning: 'shouldAutorotate' was deprecated in visionOS 1.0: Update supported interface orientations and call setNeedsUpdateOfSupportedInterfaceOrientations to indicate a change. [#DeprecatedDeclaration]
 988 |
 989 | 	public override var shouldAutorotate: Bool {
 990 | 		return visibleViewController?.shouldAutorotate ?? true
     |                                 `- warning: 'shouldAutorotate' was deprecated in visionOS 1.0: Update supported interface orientations and call setNeedsUpdateOfSupportedInterfaceOrientations to indicate a change. [#DeprecatedDeclaration]
 991 | 	}
 992 |
/Users/admin/builder/spi-builder-workspace/NKModalPresenter/NKModalController.swift:1001:102: error: 'statusBarOrientation' is unavailable in visionOS
 999 | 		return visibleViewController?.preferredInterfaceOrientationForPresentation ?? UIApplication.shared.windows.first?.windowScene?.interfaceOrientation ?? .portrait
1000 | 		#else
1001 | 		return visibleViewController?.preferredInterfaceOrientationForPresentation ?? UIApplication.shared.statusBarOrientation
     |                                                                                                      `- error: 'statusBarOrientation' is unavailable in visionOS
1002 | 		#endif
1003 | 	}
/Applications/Xcode-27.0.0-Release.Candidate.app/Contents/Developer/Platforms/XROS.platform/Developer/SDKs/XROS27.0.sdk/System/Library/Frameworks/UIKit.framework/Headers/UIApplication.h:119:55: note: 'statusBarOrientation' has been explicitly marked unavailable here
117 | @property(readonly, nonatomic,getter=isStatusBarHidden) BOOL statusBarHidden API_UNAVAILABLE(tvos) API_DEPRECATED("Use the statusBarManager property of the window scene instead.", ios(2.0, 13.0)) API_UNAVAILABLE(visionos);
118 |
119 | @property(readonly, nonatomic) UIInterfaceOrientation statusBarOrientation API_UNAVAILABLE(tvos) API_DEPRECATED("Use the interfaceOrientation property of the window scene instead.", ios(2.0, 13.0)) API_UNAVAILABLE(visionos);
    |                                                       `- note: 'statusBarOrientation' has been explicitly marked unavailable here
120 |
121 | // The system only calls this method if the application delegate has not
/Users/admin/builder/spi-builder-workspace/NKModalPresenter/NKModalController.swift:1008:33: warning: 'prefersStatusBarHidden' was deprecated in visionOS 1.0: Has no effect on visionOS [#DeprecatedDeclaration]
1006 |
1007 | 	public override var prefersStatusBarHidden: Bool {
1008 | 		return visibleViewController?.prefersStatusBarHidden ?? false
     |                                 `- warning: 'prefersStatusBarHidden' was deprecated in visionOS 1.0: Has no effect on visionOS [#DeprecatedDeclaration]
1009 | 	}
1010 |
/Users/admin/builder/spi-builder-workspace/NKModalPresenter/NKModalController.swift:1012:33: warning: 'preferredStatusBarStyle' was deprecated in visionOS 1.0: Has no effect on visionOS [#DeprecatedDeclaration]
1010 |
1011 | 	public override var preferredStatusBarStyle: UIStatusBarStyle {
1012 | 		return visibleViewController?.preferredStatusBarStyle ?? .default
     |                                 `- warning: 'preferredStatusBarStyle' was deprecated in visionOS 1.0: Has no effect on visionOS [#DeprecatedDeclaration]
1013 | 	}
1014 |
/Users/admin/builder/spi-builder-workspace/NKModalPresenter/NKModalController.swift:1016:33: warning: 'preferredStatusBarUpdateAnimation' was deprecated in visionOS 1.0: Has no effect on visionOS [#DeprecatedDeclaration]
1014 |
1015 | 	public override var preferredStatusBarUpdateAnimation: UIStatusBarAnimation {
1016 | 		return visibleViewController?.preferredStatusBarUpdateAnimation ?? .fade
     |                                 `- warning: 'preferredStatusBarUpdateAnimation' was deprecated in visionOS 1.0: Has no effect on visionOS [#DeprecatedDeclaration]
1017 | 	}
1018 |
[#DeprecatedDeclaration]: <https://docs.swift.org/compiler/documentation/diagnostics/deprecated-declaration>
Failed frontend command:
SwiftCompile normal arm64 /Users/admin/builder/spi-builder-workspace/NKModalPresenter/NKModalController.swift (in target 'NKModalPresenter' from project 'NKModalPresenter')
    cd /Users/admin/builder/spi-builder-workspace/.swiftpm/xcode
    builtin-SwiftPerFileCompile NKModalController.swift
/Applications/Xcode-27.0.0-Release.Candidate.app/Contents/Developer/Toolchains/XcodeDefault.xctoolchain/usr/bin/swift-frontend -frontend -c -primary-file /Users/admin/builder/spi-builder-workspace/NKModalPresenter/NKModalController.swift /Users/admin/builder/spi-builder-workspace/NKModalPresenter/NKModalPresenter.swift -emit-dependencies-path /Users/admin/builder/spi-builder-workspace/.derivedData/Build/Intermediates.noindex/NKModalPresenter.build/Debug-xros/NKModalPresenter-t.build/Objects-normal/arm64/NKModalController.d -emit-const-values-path /Users/admin/builder/spi-builder-workspace/.derivedData/Build/Intermediates.noindex/NKModalPresenter.build/Debug-xros/NKModalPresenter-t.build/Objects-normal/arm64/NKModalController.swiftconstvalues -emit-reference-dependencies-path /Users/admin/builder/spi-builder-workspace/.derivedData/Build/Intermediates.noindex/NKModalPresenter.build/Debug-xros/NKModalPresenter-t.build/Objects-normal/arm64/NKModalController.swiftdeps -serialize-diagnostics-path /Users/admin/builder/spi-builder-workspace/.derivedData/Build/Intermediates.noindex/NKModalPresenter.build/Debug-xros/NKModalPresenter-t.build/Objects-normal/arm64/NKModalController.dia -target arm64-apple-xros1.0 -disable-cross-import-overlay-search -load-resolved-plugin /Applications/Xcode-27.0.0-Release.Candidate.app/Contents/Developer/Platforms/XROS.platform/Developer/usr/lib/swift/host/plugins/libFoundationMacros.dylib\#/Applications/Xcode-27.0.0-Release.Candidate.app/Contents/Developer/Platforms/XROS.platform/Developer/usr/bin/swift-plugin-server\#FoundationMacros -load-resolved-plugin /Applications/Xcode-27.0.0-Release.Candidate.app/Contents/Developer/Platforms/XROS.platform/Developer/usr/lib/swift/host/plugins/libObservationMacros.dylib\#/Applications/Xcode-27.0.0-Release.Candidate.app/Contents/Developer/Platforms/XROS.platform/Developer/usr/bin/swift-plugin-server\#ObservationMacros -load-resolved-plugin /Applications/Xcode-27.0.0-Release.Candidate.app/Contents/Developer/Platforms/XROS.platform/Developer/usr/lib/swift/host/plugins/libPreviewsMacros.dylib\#/Applications/Xcode-27.0.0-Release.Candidate.app/Contents/Developer/Platforms/XROS.platform/Developer/usr/bin/swift-plugin-server\#PreviewsMacros -load-resolved-plugin /Applications/Xcode-27.0.0-Release.Candidate.app/Contents/Developer/Platforms/XROS.platform/Developer/usr/lib/swift/host/plugins/libSwiftMacros.dylib\#/Applications/Xcode-27.0.0-Release.Candidate.app/Contents/Developer/Platforms/XROS.platform/Developer/usr/bin/swift-plugin-server\#SwiftMacros -load-resolved-plugin /Applications/Xcode-27.0.0-Release.Candidate.app/Contents/Developer/Platforms/XROS.platform/Developer/usr/lib/swift/host/plugins/libSwiftUIMacros.dylib\#/Applications/Xcode-27.0.0-Release.Candidate.app/Contents/Developer/Platforms/XROS.platform/Developer/usr/bin/swift-plugin-server\#SwiftUIMacros -disable-implicit-swift-modules -Xcc -fno-implicit-modules -Xcc -fno-implicit-module-maps -explicit-swift-module-map-file /Users/admin/builder/spi-builder-workspace/.derivedData/Build/Intermediates.noindex/NKModalPresenter.build/Debug-xros/NKModalPresenter-t.build/Objects-normal/arm64/NKModalPresenter-dependencies-1.json -Xllvm -aarch64-use-tbi -enable-objc-interop -stack-check -sdk /Applications/Xcode-27.0.0-Release.Candidate.app/Contents/Developer/Platforms/XROS.platform/Developer/SDKs/XROS27.0.sdk -I /Users/admin/builder/spi-builder-workspace/.derivedData/Build/Products/Debug-xros -Isystem /Applications/Xcode-27.0.0-Release.Candidate.app/Contents/Developer/Platforms/XROS.platform/Developer/usr/lib -F /Users/admin/builder/spi-builder-workspace/.derivedData/Build/Products/Debug-xros -F /Applications/Xcode-27.0.0-Release.Candidate.app/Contents/Developer/Platforms/XROS.platform/Developer/Library/Frameworks -F /Applications/Xcode-27.0.0-Release.Candidate.app/Contents/Developer/Platforms/XROS.platform/Developer/SDKs/XROS27.0.sdk/Developer/Library/Frameworks -module-cache-path /Users/admin/builder/spi-builder-workspace/.derivedData/Build/Intermediates.noindex/SwiftExplicitPrecompiledModules -no-color-diagnostics -Xcc -fno-color-diagnostics -enable-testing -g -debug-info-format\=dwarf -dwarf-version\=4 -swift-version 5 -Onone -D SWIFT_PACKAGE -D DEBUG -D SWIFT_MODULE_RESOURCE_BUNDLE_UNAVAILABLE -D Xcode -serialize-debugging-options -enable-experimental-feature DebugDescriptionMacro -empty-abi-descriptor -validate-clang-modules-once -clang-build-session-file /Users/admin/builder/spi-builder-workspace/.derivedData/ModuleCache.noindex/Session.modulevalidation -Xcc -working-directory -Xcc /Users/admin/builder/spi-builder-workspace/.swiftpm/xcode -enable-anonymous-context-mangled-names -file-compilation-dir /Users/admin/builder/spi-builder-workspace/.swiftpm/xcode -Xcc -D_LIBCPP_HARDENING_MODE\=_LIBCPP_HARDENING_MODE_DEBUG -Xcc -ivfsstatcache -Xcc /Users/admin/builder/spi-builder-workspace/.derivedData/SDKStatCaches.noindex/xros27.0-24M361-e829b21a6f8c9b70876ba0858053c044735bd543db762f57723cac368afd1ce4.sdkstatcache -Xcc -fmodules-prune-interval\=86400 -Xcc -fmodules-prune-after\=345600 -Xcc -I/Users/admin/builder/spi-builder-workspace/.derivedData/Build/Products/Debug-xros/include -Xcc -I/Users/admin/builder/spi-builder-workspace/.derivedData/Build/Intermediates.noindex/NKModalPresenter.build/Debug-xros/NKModalPresenter-t.build/DerivedSources-normal/arm64 -Xcc -I/Users/admin/builder/spi-builder-workspace/.derivedData/Build/Intermediates.noindex/NKModalPresenter.build/Debug-xros/NKModalPresenter-t.build/DerivedSources/arm64 -Xcc -I/Users/admin/builder/spi-builder-workspace/.derivedData/Build/Intermediates.noindex/NKModalPresenter.build/Debug-xros/NKModalPresenter-t.build/DerivedSources -Xcc -DSWIFT_PACKAGE -Xcc -DDEBUG\=1 -no-auto-bridging-header-chaining -module-name NKModalPresenter -const-gather-protocols-file /Users/admin/builder/spi-builder-workspace/.derivedData/Build/Intermediates.noindex/NKModalPresenter.build/Debug-xros/NKModalPresenter-t.build/Objects-normal/arm64/NKModalPresenter_const_extract_protocols.json -disable-clang-spi -clang-target arm64-apple-xros27.0 -target-sdk-version 27.0 -target-sdk-name xros27.0 -in-process-plugin-server-path /Applications/Xcode-27.0.0-Release.Candidate.app/Contents/Developer/Toolchains/XcodeDefault.xctoolchain/usr/lib/swift/host/libSwiftInProcPluginServer.dylib -parse-as-library -o /Users/admin/builder/spi-builder-workspace/.derivedData/Build/Intermediates.noindex/NKModalPresenter.build/Debug-xros/NKModalPresenter-t.build/Objects-normal/arm64/NKModalController.o -debug-module-path /Users/admin/builder/spi-builder-workspace/.derivedData/Build/Intermediates.noindex/NKModalPresenter.build/Debug-xros/NKModalPresenter-t.build/Objects-normal/arm64/NKModalPresenter.swiftmodule -index-unit-output-path /NKModalPresenter.build/Debug-xros/NKModalPresenter-t.build/Objects-normal/arm64/NKModalController.o -index-store-path /Users/admin/builder/spi-builder-workspace/.derivedData/Index.noindex/DataStore -index-system-modules
SwiftDriverJobDiscovery normal arm64 Compiling NKModalPresenter.swift (in target 'NKModalPresenter' from project 'NKModalPresenter')
PruneExplicitPrecompiledModules /Users/admin/builder/spi-builder-workspace/.derivedData/SDKExplicitPrecompiledModules
PruneExplicitPrecompiledModules /Users/admin/builder/spi-builder-workspace/.derivedData/Build/Intermediates.noindex/ExplicitPrecompiledModules
PruneExplicitPrecompiledModules /Users/admin/builder/spi-builder-workspace/.derivedData/Build/Intermediates.noindex/SwiftExplicitPrecompiledModules
2026-09-22 01:25:08.931 xcodebuild[746:4685] [MT] IDERunDestination: Supported platforms for the buildables in the current scheme is empty.
** BUILD FAILED **
The following build commands failed:
	SwiftCompile normal arm64 /Users/admin/builder/spi-builder-workspace/NKModalPresenter/NKModalController.swift (in target 'NKModalPresenter' from project 'NKModalPresenter')
	SwiftCompile normal arm64 Compiling\ NKModalController.swift /Users/admin/builder/spi-builder-workspace/NKModalPresenter/NKModalController.swift (in target 'NKModalPresenter' from project 'NKModalPresenter')
	Building workspace NKModalPresenter with scheme NKModalPresenter
(3 failures)
BUILD FAILURE 6.4 visionOS