The Swift Package Index logo.Swift Package Index

Build Information

Failed to build SwiftLibXML, reference main (35dea8), with Swift 6.4 for tvOS using Xcode 27.0 on 24 Sep 2026 10:21:47 UTC.

Build Command

No build command. This typically means the build failed at an early stage where we determine the build command.

Build Log

========================================
RunAll
========================================
Builder version: 5.1.0
Interrupt handler set up.
========================================
Checkout
========================================
Clone URL: https://github.com/rhx/SwiftLibXML.git
Reference: main
Initialized empty Git repository in /Users/admin/builder/spi-builder-workspace/.git/
From https://github.com/rhx/SwiftLibXML
 * branch            main       -> FETCH_HEAD
 * [new branch]      main       -> origin/main
HEAD is now at 35dea8f Merge branch 'development'
Cloned https://github.com/rhx/SwiftLibXML.git
Revision (git rev-parse @):
35dea8fe9a65a8971eb5fde906fd41b07d855d6a
SUCCESS checkout https://github.com/rhx/SwiftLibXML.git at main
========================================
Build
========================================
Selected platform:         tvOS
Swift version:             6.4
Building package at path:  $PWD
https://github.com/rhx/SwiftLibXML.git
Command line invocation:
    /Applications/Xcode-27.0.0-Release.Candidate.app/Contents/Developer/usr/bin/xcodebuild -IDEClonedSourcePackagesDirPathOverride=/Users/admin/builder/spi-builder-workspace/.dependencies -resolvePackageDependencies
Resolve Package Graph
Fetching from https://github.com/mipalgu/swift-docc-static.git
Fetching from https://github.com/swiftlang/swift-docc.git
Fetching from https://github.com/swiftlang/swift-markdown.git
Fetching from https://github.com/swiftlang/swift-lmdb.git
Fetching from https://github.com/swiftlang/swift-docc-symbolkit.git
Fetching from https://github.com/swiftlang/swift-cmark.git
Fetching from https://github.com/apple/swift-system.git
Fetching from https://github.com/apple/swift-nio.git
Fetching from https://github.com/swiftlang/swift-subprocess.git
Fetching from https://github.com/apple/swift-crypto.git
Fetching from https://github.com/apple/swift-argument-parser.git
Fetching from https://github.com/apple/swift-atomics.git
Fetching from https://github.com/apple/swift-collections.git
Fetching from https://github.com/apple/swift-asn1.git
Creating working copy of package ‘swift-docc-symbolkit’
Checking out main (e9a4c0f) of package ‘swift-docc-symbolkit’
Creating working copy of package ‘swift-docc-static’
Checking out main (c42b465) of package ‘swift-docc-static’
Creating working copy of package ‘swift-asn1’
Checking out 1.7.3 of package ‘swift-asn1’
Creating working copy of package ‘swift-docc’
Checking out main (ada32e1) of package ‘swift-docc’
Creating working copy of package ‘swift-system’
Checking out 1.8.1 of package ‘swift-system’
Creating working copy of package ‘swift-subprocess’
Checking out 0.5.0 of package ‘swift-subprocess’
Creating working copy of package ‘swift-collections’
Checking out 1.7.0 of package ‘swift-collections’
Creating working copy of package ‘swift-cmark’
Checking out gfm (0c8947b) of package ‘swift-cmark’
Creating working copy of package ‘swift-lmdb’
Checking out main (866bc25) of package ‘swift-lmdb’
Creating working copy of package ‘swift-markdown’
Checking out main (75e3df1) of package ‘swift-markdown’
Creating working copy of package ‘swift-nio’
Checking out 2.103.0 of package ‘swift-nio’
Creating working copy of package ‘swift-argument-parser’
Checking out 1.8.2 of package ‘swift-argument-parser’
Creating working copy of package ‘swift-atomics’
Checking out 1.3.1 of package ‘swift-atomics’
Creating working copy of package ‘swift-crypto’
Checking out 3.15.1 of package ‘swift-crypto’
DecodingError.dataCorrupted: Data was corrupted. Debug description: The given data was not valid JSON.. Underlying error: Error Domain=NSCocoaErrorDomain Code=3840 "Unexpected end of file" UserInfo={NSDebugDescription=Unexpected end of file}Resolve Package Graph
DecodingError.dataCorrupted: Data was corrupted. Debug description: The given data was not valid JSON.. Underlying error: Error Domain=NSCocoaErrorDomain Code=3840 "Unexpected end of file" UserInfo={NSDebugDescription=Unexpected end of file}
Resolved source packages:
  spi-builder-workspace: (null)
2026-09-24 06:21:46.066 xcodebuild[529:3022] Writing error result bundle to /var/folders/xq/y_g06wb113726d38xsyx71_h0000gn/T/ResultBundle_2026-24-09_06-21-0046.xcresult
xcodebuild: error: Could not resolve package dependencies:
  DecodingError.dataCorrupted: Data was corrupted. Debug description: The given data was not valid JSON.. Underlying error: Error Domain=NSCocoaErrorDomain Code=3840 "Unexpected end of file" UserInfo={NSDebugDescription=Unexpected end of file}
Command line invocation:
    /Applications/Xcode-27.0.0-Release.Candidate.app/Contents/Developer/usr/bin/xcodebuild -IDEClonedSourcePackagesDirPathOverride=/Users/admin/builder/spi-builder-workspace/.dependencies -resolvePackageDependencies
Resolve Package Graph
DecodingError.dataCorrupted: Data was corrupted. Debug description: The given data was not valid JSON.. Underlying error: Error Domain=NSCocoaErrorDomain Code=3840 "Unexpected end of file" UserInfo={NSDebugDescription=Unexpected end of file}
Resolved source packages:
  spi-builder-workspace: (null)
2026-09-24 06:21:47.492 xcodebuild[1130:6088] Writing error result bundle to /var/folders/xq/y_g06wb113726d38xsyx71_h0000gn/T/ResultBundle_2026-24-09_06-21-0047.xcresult
xcodebuild: error: Could not resolve package dependencies:
  DecodingError.dataCorrupted: Data was corrupted. Debug description: The given data was not valid JSON.. Underlying error: Error Domain=NSCocoaErrorDomain Code=3840 "Unexpected end of file" UserInfo={NSDebugDescription=Unexpected end of file}
BUILD FAILURE 6.4 tvOS