The Swift Package Index logo.Swift Package Index

Build Information

Failed to build LiteRTLM, reference v0.18.1 (bda624), with Swift 6.1 for Linux on 20 Oct 2026 23:20:09 UTC.

Build Command

bash -c docker run --pull=always --rm -v "checkouts-54344844-0":/host -w "$PWD" -e JAVA_HOME="/root/.sdkman/candidates/java/current" -e SPI_BUILD="1" -e SPI_PROCESSING="1" registry.gitlab.com/saguaro1/spi-images:linux-6.1-latest swift build --triple x86_64-unknown-linux-gnu 2>&1

Build Log

========================================
RunAll
========================================
Builder version: 5.1.3
Interrupt handler set up.
========================================
Checkout
========================================
Clone URL: https://github.com/google-ai-edge/LiteRT-LM.git
Reference: v0.18.1
Initialized empty Git repository in /host/spi-builder-workspace/.git/
hint: Using 'master' as the name for the initial branch. This default branch name
hint: is subject to change. To configure the initial branch name to use in all
hint: of your new repositories, which will suppress this warning, call:
hint:
hint: 	git config --global init.defaultBranch <name>
hint:
hint: Names commonly chosen instead of 'master' are 'main', 'trunk' and
hint: 'development'. The just-created branch can be renamed via this command:
hint:
hint: 	git branch -m <name>
From https://github.com/google-ai-edge/LiteRT-LM
 * tag               v0.18.1    -> FETCH_HEAD
HEAD is now at bda6248 Update LiteRT-LM Swift package to v0.18.1.
Updating files:  79% (1294/1628)
Updating files:  79% (1300/1628)
Updating files:  80% (1303/1628)
Updating files:  81% (1319/1628)
Updating files:  82% (1335/1628)
Updating files:  83% (1352/1628)
Updating files:  84% (1368/1628)
Updating files:  85% (1384/1628)
Updating files:  86% (1401/1628)
Updating files:  87% (1417/1628)
Updating files:  88% (1433/1628)
Updating files:  89% (1449/1628)
Updating files:  90% (1466/1628)
Updating files:  91% (1482/1628)
Updating files:  92% (1498/1628)
Updating files:  93% (1515/1628)
Updating files:  94% (1531/1628)
Updating files:  95% (1547/1628)
Updating files:  96% (1563/1628)
Updating files:  97% (1580/1628)
Updating files:  98% (1596/1628)
Updating files:  99% (1612/1628)
Updating files: 100% (1628/1628)
Updating files: 100% (1628/1628), done.
Cloned https://github.com/google-ai-edge/LiteRT-LM.git
Revision (git rev-parse @):
bda624851d74be34d4e1f7fac1fc4155939539c7
SUCCESS checkout https://github.com/google-ai-edge/LiteRT-LM.git at v0.18.1
========================================
Build
========================================
Selected platform:         linux
Swift version:             6.1
Building package at path:  $PWD
https://github.com/google-ai-edge/LiteRT-LM.git
https://github.com/google-ai-edge/LiteRT-LM.git
WARNING: environment variable SUPPRESS_SWIFT_6_FLAGS is not set
Running build ...
bash -c docker run --pull=always --rm -v "checkouts-54344844-0":/host -w "$PWD" -e JAVA_HOME="/root/.sdkman/candidates/java/current" -e SPI_BUILD="1" -e SPI_PROCESSING="1" registry.gitlab.com/saguaro1/spi-images:linux-6.1-latest swift build --triple x86_64-unknown-linux-gnu -Xswiftc -Xfrontend -Xswiftc -stats-output-dir -Xswiftc -Xfrontend -Xswiftc .stats -Xswiftc -strict-concurrency=complete -Xswiftc -enable-upcoming-feature -Xswiftc StrictConcurrency -Xswiftc -enable-upcoming-feature -Xswiftc DisableOutwardActorInference -Xswiftc -enable-upcoming-feature -Xswiftc GlobalActorIsolatedTypesUsability -Xswiftc -enable-upcoming-feature -Xswiftc InferSendableFromCaptures 2>&1
linux-6.1-latest: Pulling from saguaro1/spi-images
Digest: sha256:2ccba1a98249c90438a7c8a4888192d345af17f27af8250de02cec002ad06687
Status: Image is up to date for registry.gitlab.com/saguaro1/spi-images:linux-6.1-latest
Downloading binary artifact https://github.com/google-ai-edge/LiteRT-LM/releases/download/v0.18.1/CLiteRTLM.xcframework.zip
Downloading binary artifact https://github.com/google-ai-edge/LiteRT-LM/releases/download/v0.18.1/CLiteRTLM_mac.xcframework.zip
[16375/45202375] Downloading https://github.com/google-ai-edge/LiteRT-LM/releases/download/v0.18.1/CLiteRTLM_mac.xcframework.zip
[2042670/169332025] Downloading https://github.com/google-ai-edge/LiteRT-LM/releases/download/v0.18.1/CLiteRTLM_mac.xcframework.zip, https://github.com/google-ai-edge/LiteRT-LM/releases/download/v0.18.1/CLiteRTLM.xcframework.zip
Downloaded https://github.com/google-ai-edge/LiteRT-LM/releases/download/v0.18.1/CLiteRTLM_mac.xcframework.zip (2.55s)
Downloaded https://github.com/google-ai-edge/LiteRT-LM/releases/download/v0.18.1/CLiteRTLM.xcframework.zip (2.80s)
warning: 'spi-builder-workspace': Invalid Exclude '/host/spi-builder-workspace/swift/device_tests': File not found.
Building for debugging...
[0/3] Write sources
[2/3] Write swift-version-24593BA9C3E375BF.txt
[4/16] Compiling LiteRTLM ResponseFormat.swift
/host/spi-builder-workspace/swift/Benchmark.swift:16:8: error: no such module 'OSLog'
14 |
15 | import Foundation
16 | import OSLog
   |        `- error: no such module 'OSLog'
17 | import CLiteRTLM
18 |
[5/17] Compiling LiteRTLM Tool.swift
/host/spi-builder-workspace/swift/Benchmark.swift:16:8: error: no such module 'OSLog'
14 |
15 | import Foundation
16 | import OSLog
   |        `- error: no such module 'OSLog'
17 | import CLiteRTLM
18 |
[6/17] Compiling LiteRTLM Message.swift
/host/spi-builder-workspace/swift/Benchmark.swift:16:8: error: no such module 'OSLog'
14 |
15 | import Foundation
16 | import OSLog
   |        `- error: no such module 'OSLog'
17 | import CLiteRTLM
18 |
[7/17] Compiling LiteRTLM ModelInfo.swift
/host/spi-builder-workspace/swift/Benchmark.swift:16:8: error: no such module 'OSLog'
14 |
15 | import Foundation
16 | import OSLog
   |        `- error: no such module 'OSLog'
17 | import CLiteRTLM
18 |
error: emit-module command failed with exit code 1 (use -v to see invocation)
error: compile command failed due to signal 11 (use -v to see invocation)
[8/17] Emitting module LiteRTLM
/host/spi-builder-workspace/swift/Benchmark.swift:16:8: error: no such module 'OSLog'
14 |
15 | import Foundation
16 | import OSLog
   |        `- error: no such module 'OSLog'
17 | import CLiteRTLM
18 |
[9/17] Compiling LiteRTLM ExperimentalFlags.swift
/host/spi-builder-workspace/swift/Benchmark.swift:16:8: error: no such module 'OSLog'
14 |
15 | import Foundation
16 | import OSLog
   |        `- error: no such module 'OSLog'
17 | import CLiteRTLM
18 |
[10/17] Compiling LiteRTLM LiteRTLMError.swift
/host/spi-builder-workspace/swift/Benchmark.swift:16:8: error: no such module 'OSLog'
14 |
15 | import Foundation
16 | import OSLog
   |        `- error: no such module 'OSLog'
17 | import CLiteRTLM
18 |
Please submit a bug report (https://swift.org/contributing/#reporting-bugs) and include the crash backtrace.
Stack dump:
0.	Program arguments: /usr/bin/swift-frontend -frontend -c /host/spi-builder-workspace/swift/Benchmark.swift /host/spi-builder-workspace/swift/Config.swift -primary-file /host/spi-builder-workspace/swift/Conversation.swift -primary-file /host/spi-builder-workspace/swift/EmbeddingEngine.swift /host/spi-builder-workspace/swift/EmbeddingEngineConfig.swift /host/spi-builder-workspace/swift/Engine.swift /host/spi-builder-workspace/swift/ExperimentalFlags.swift /host/spi-builder-workspace/swift/LiteRTLMError.swift /host/spi-builder-workspace/swift/Message.swift /host/spi-builder-workspace/swift/ModelInfo.swift /host/spi-builder-workspace/swift/ResponseFormat.swift /host/spi-builder-workspace/swift/Tool.swift /host/spi-builder-workspace/swift/ToolManager.swift -emit-dependencies-path /host/spi-builder-workspace/.build/x86_64-unknown-linux-gnu/debug/LiteRTLM.build/Conversation.d -emit-reference-dependencies-path /host/spi-builder-workspace/.build/x86_64-unknown-linux-gnu/debug/LiteRTLM.build/Conversation.swiftdeps -emit-dependencies-path /host/spi-builder-workspace/.build/x86_64-unknown-linux-gnu/debug/LiteRTLM.build/EmbeddingEngine.d -emit-reference-dependencies-path /host/spi-builder-workspace/.build/x86_64-unknown-linux-gnu/debug/LiteRTLM.build/EmbeddingEngine.swiftdeps -target x86_64-unknown-linux-gnu -disable-objc-interop -I /host/spi-builder-workspace/.build/x86_64-unknown-linux-gnu/debug/Modules -enable-testing -g -debug-info-format=dwarf -dwarf-version=4 -module-cache-path /host/spi-builder-workspace/.build/x86_64-unknown-linux-gnu/debug/ModuleCache -swift-version 5 -Onone -D SWIFT_PACKAGE -D DEBUG -stats-output-dir .stats -enable-upcoming-feature StrictConcurrency -enable-upcoming-feature DisableOutwardActorInference -enable-upcoming-feature GlobalActorIsolatedTypesUsability -enable-upcoming-feature InferSendableFromCaptures -strict-concurrency=complete -empty-abi-descriptor -resource-dir /usr/lib/swift -enable-anonymous-context-mangled-names -file-compilation-dir /host/spi-builder-workspace -Xcc -g -Xcc -fno-omit-frame-pointer -module-name LiteRTLM -package-name spi_builder_workspace -in-process-plugin-server-path /usr/lib/swift/host/libSwiftInProcPluginServer.so -plugin-path /usr/lib/swift/host/plugins -plugin-path /usr/local/lib/swift/host/plugins -parse-as-library -o /host/spi-builder-workspace/.build/x86_64-unknown-linux-gnu/debug/LiteRTLM.build/Conversation.swift.o -o /host/spi-builder-workspace/.build/x86_64-unknown-linux-gnu/debug/LiteRTLM.build/EmbeddingEngine.swift.o -index-store-path /host/spi-builder-workspace/.build/x86_64-unknown-linux-gnu/debug/index/store -index-system-modules
1.	Swift version 6.1.3 (swift-6.1.3-RELEASE)
2.	Compiling with effective version 5.10
3.	While evaluating request TypeCheckSourceFileRequest(source_file "/host/spi-builder-workspace/swift/EmbeddingEngine.swift")
4.	While evaluating request TypeCheckFunctionBodyRequest(LiteRTLM.(file).EmbeddingEngine.computeEmbeddingBatch(contentsBatch:options:)@/host/spi-builder-workspace/swift/EmbeddingEngine.swift:207:15)
Stack dump without symbol names (ensure you have llvm-symbolizer in your PATH or set the environment var `LLVM_SYMBOLIZER_PATH` to point to it):
0  swift-frontend 0x00005da0d1eb4ca8
1  swift-frontend 0x00005da0d1eb2a7e
2  swift-frontend 0x00005da0d1eb5348
3  libc.so.6      0x000071efb485b330
4  swift-frontend 0x00005da0cd3b12b0
5  swift-frontend 0x00005da0cced6bc0
6  swift-frontend 0x00005da0ccede231
7  swift-frontend 0x00005da0cd36d0bb
8  swift-frontend 0x00005da0cd369d0f
9  swift-frontend 0x00005da0cd3659ec
10 swift-frontend 0x00005da0cd36c719
11 swift-frontend 0x00005da0cd3657f2
12 swift-frontend 0x00005da0cd36a175
13 swift-frontend 0x00005da0cd36a5b8
14 swift-frontend 0x00005da0cd36a24c
15 swift-frontend 0x00005da0cd36ae87
16 swift-frontend 0x00005da0cd36a24c
17 swift-frontend 0x00005da0cd3651b1
18 swift-frontend 0x00005da0cced5328
19 swift-frontend 0x00005da0ccfc33db
20 swift-frontend 0x00005da0cd45ed45
21 swift-frontend 0x00005da0cd3da1d3
22 swift-frontend 0x00005da0cd50621c
23 swift-frontend 0x00005da0ccffff79
24 swift-frontend 0x00005da0cd001c4e
25 swift-frontend 0x00005da0ccfffe75
26 swift-frontend 0x00005da0cbef2789
27 swift-frontend 0x00005da0cbc4919a
28 swift-frontend 0x00005da0cbc486d3
29 swift-frontend 0x00005da0cba2f869
30 libc.so.6      0x000071efb48401ca
31 libc.so.6      0x000071efb484028b __libc_start_main + 139
32 swift-frontend 0x00005da0cba2e9b5
*** Signal 11: Backtracing from 0x5da0cd3b12b0... done ***
*** Program crashed: Bad pointer dereference at 0x0000000000000010 ***
Thread 0 "swift-frontend" crashed:
0  0x00005da0cd3b12b0 swift::CaptureInfo::getIsolatedParamCapture() const + 16 in swift-frontend
Registers:
rax 0x0000000000000000  0
rdx 0x00005da0e1e69d40  d1 e3 38 e1 a0 5d 00 00 2b 01 ff ff 00 00 00 00  Ñã8á ]··+·ÿÿ····
rcx 0x00005da0cced6ba6  41 80 be 10 01 00 00 00 74 97 48 8b 43 20 48 89  A·¾·····t·H·C H·
rbx 0x00005da000000001  102941776150529
rsi 0x00007fffb9da8c30  00 00 00 00 00 00 00 00 1e 9e 36 cd a0 5d 00 00  ··········6Í ]··
rdi 0x00005da0d3676230  5e 09 86 f9 76 09 86 f9 5e 09 86 f9 5e 09 86 f9  ^··ùv··ù^··ù^··ù
rbp 0x0000000000000000  0
rsp 0x00007fffb9da8c00  40 9d e6 e1 a0 5d 00 00 40 9d e6 e1 a0 5d 00 00  @·æá ]··@·æá ]··
 r8 0x586088ffa6ea4bd7  6368240504700292055
 r9 0x0000000000000000  0
r10 0x00005da0e1e69ce0  41 00 00 00 00 00 00 00 b8 4c 90 e1 a0 5d 00 00  A·······¸L·á ]··
r11 0x00005da0e1e69e48  a8 41 39 e1 a0 5d 00 00 48 9d e6 e1 a0 5d 00 00  ¨A9á ]··H·æá ]··
r12 0x00005da0e1e69d40  d1 e3 38 e1 a0 5d 00 00 2b 01 ff ff 00 00 00 00  Ñã8á ]··+·ÿÿ····
r13 0x00005da0e1e69e50  48 9d e6 e1 a0 5d 00 00 38 9b e6 e1 a0 5d 00 00  H·æá ]··8·æá ]··
r14 0x0000000000000000  0
r15 0x00005da0e1e69d48  2b 01 ff ff 00 00 00 00 38 4d 90 e1 a0 5d 00 00  +·ÿÿ····8M·á ]··
rip 0x00005da0cd3b12b0  45 8b 7e 10 4d 85 ff 0f 84 8f 00 00 00 49 c1 e7  E·~·M·ÿ······IÁç
rflags 0x0000000000010246  ZF PF
cs 0x0033  fs 0x0000  gs 0x0000
Images (36 omitted):
0x00005da0cb160000–0x00005da0d2d78940 99fa61a85005b1209a9b8fa77237f728c41fc57c swift-frontend /usr/bin/swift-frontend
Backtrace took 0.16s
Running build ...
bash -c docker run --pull=always --rm -v "checkouts-54344844-0":/host -w "$PWD" -e JAVA_HOME="/root/.sdkman/candidates/java/current" -e SPI_BUILD="1" -e SPI_PROCESSING="1" registry.gitlab.com/saguaro1/spi-images:linux-6.1-latest swift build --triple x86_64-unknown-linux-gnu 2>&1
linux-6.1-latest: Pulling from saguaro1/spi-images
Digest: sha256:2ccba1a98249c90438a7c8a4888192d345af17f27af8250de02cec002ad06687
Status: Image is up to date for registry.gitlab.com/saguaro1/spi-images:linux-6.1-latest
warning: 'spi-builder-workspace': Invalid Exclude '/host/spi-builder-workspace/swift/device_tests': File not found.
warning: 'spi-builder-workspace': found 26 file(s) which are unhandled; explicitly declare them as resources or exclude from the target
    /host/spi-builder-workspace/swift/EmbeddingEngineConfig.swift
    /host/spi-builder-workspace/swift/EngineTests.swift
    /host/spi-builder-workspace/swift/apple_fm/BUILD
    /host/spi-builder-workspace/swift/apple_fm/CGImagePNG.swift
    /host/spi-builder-workspace/swift/MessageTests.swift
    /host/spi-builder-workspace/swift/BUILD
    /host/spi-builder-workspace/swift/Engine.swift
    /host/spi-builder-workspace/swift/apple_fm/AdapterTests.swift
    /host/spi-builder-workspace/swift/EmbeddingEngineTests.swift
    /host/spi-builder-workspace/swift/apple_fm/LiteRTSegments.swift
    /host/spi-builder-workspace/swift/ConversationTests.swift
    /host/spi-builder-workspace/swift/EmbeddingEngine.swift
    /host/spi-builder-workspace/swift/ResponseFormat.swift
    /host/spi-builder-workspace/swift/Conversation.swift
    /host/spi-builder-workspace/swift/ModelInfo.swift
    /host/spi-builder-workspace/swift/Benchmark.swift
    /host/spi-builder-workspace/swift/Message.swift
    /host/spi-builder-workspace/swift/Tool.swift
    /host/spi-builder-workspace/swift/ToolManager.swift
    /host/spi-builder-workspace/swift/Config.swift
    /host/spi-builder-workspace/swift/apple_fm/LiteRTLanguageModel.swift
    /host/spi-builder-workspace/swift/Info.plist
    /host/spi-builder-workspace/swift/ExperimentalFlags.swift
    /host/spi-builder-workspace/swift/ModelInfoTests.swift
    /host/spi-builder-workspace/swift/LiteRTLMError.swift
    /host/spi-builder-workspace/swift/apple_fm/main.swift
warning: 'spi-builder-workspace': found 26 file(s) which are unhandled; explicitly declare them as resources or exclude from the target
    /host/spi-builder-workspace/swift/EmbeddingEngineConfig.swift
    /host/spi-builder-workspace/swift/EngineTests.swift
    /host/spi-builder-workspace/swift/apple_fm/BUILD
    /host/spi-builder-workspace/swift/apple_fm/CGImagePNG.swift
    /host/spi-builder-workspace/swift/MessageTests.swift
    /host/spi-builder-workspace/swift/ToolTests.swift
    /host/spi-builder-workspace/swift/BUILD
    /host/spi-builder-workspace/swift/Engine.swift
    /host/spi-builder-workspace/swift/apple_fm/AdapterTests.swift
    /host/spi-builder-workspace/swift/EmbeddingEngineTests.swift
    /host/spi-builder-workspace/swift/apple_fm/LiteRTSegments.swift
    /host/spi-builder-workspace/swift/ConversationTests.swift
    /host/spi-builder-workspace/swift/EmbeddingEngine.swift
    /host/spi-builder-workspace/swift/ResponseFormat.swift
    /host/spi-builder-workspace/swift/Conversation.swift
    /host/spi-builder-workspace/swift/ModelInfo.swift
    /host/spi-builder-workspace/swift/Benchmark.swift
    /host/spi-builder-workspace/swift/Message.swift
    /host/spi-builder-workspace/swift/Tool.swift
    /host/spi-builder-workspace/swift/ToolManager.swift
    /host/spi-builder-workspace/swift/Config.swift
    /host/spi-builder-workspace/swift/apple_fm/LiteRTLanguageModel.swift
    /host/spi-builder-workspace/swift/Info.plist
    /host/spi-builder-workspace/swift/ExperimentalFlags.swift
    /host/spi-builder-workspace/swift/LiteRTLMError.swift
    /host/spi-builder-workspace/swift/apple_fm/main.swift
warning: 'spi-builder-workspace': found 26 file(s) which are unhandled; explicitly declare them as resources or exclude from the target
    /host/spi-builder-workspace/swift/EmbeddingEngineConfig.swift
    /host/spi-builder-workspace/swift/EngineTests.swift
    /host/spi-builder-workspace/swift/apple_fm/BUILD
    /host/spi-builder-workspace/swift/apple_fm/CGImagePNG.swift
    /host/spi-builder-workspace/swift/ToolTests.swift
    /host/spi-builder-workspace/swift/BUILD
    /host/spi-builder-workspace/swift/Engine.swift
    /host/spi-builder-workspace/swift/apple_fm/AdapterTests.swift
    /host/spi-builder-workspace/swift/EmbeddingEngineTests.swift
    /host/spi-builder-workspace/swift/apple_fm/LiteRTSegments.swift
    /host/spi-builder-workspace/swift/ConversationTests.swift
    /host/spi-builder-workspace/swift/EmbeddingEngine.swift
    /host/spi-builder-workspace/swift/ResponseFormat.swift
    /host/spi-builder-workspace/swift/Conversation.swift
    /host/spi-builder-workspace/swift/ModelInfo.swift
    /host/spi-builder-workspace/swift/Benchmark.swift
    /host/spi-builder-workspace/swift/Message.swift
    /host/spi-builder-workspace/swift/Tool.swift
    /host/spi-builder-workspace/swift/ToolManager.swift
    /host/spi-builder-workspace/swift/Config.swift
    /host/spi-builder-workspace/swift/apple_fm/LiteRTLanguageModel.swift
    /host/spi-builder-workspace/swift/Info.plist
    /host/spi-builder-workspace/swift/ExperimentalFlags.swift
    /host/spi-builder-workspace/swift/ModelInfoTests.swift
    /host/spi-builder-workspace/swift/LiteRTLMError.swift
    /host/spi-builder-workspace/swift/apple_fm/main.swift
warning: 'spi-builder-workspace': found 26 file(s) which are unhandled; explicitly declare them as resources or exclude from the target
    /host/spi-builder-workspace/swift/EmbeddingEngineConfig.swift
    /host/spi-builder-workspace/swift/apple_fm/BUILD
    /host/spi-builder-workspace/swift/apple_fm/CGImagePNG.swift
    /host/spi-builder-workspace/swift/MessageTests.swift
    /host/spi-builder-workspace/swift/ToolTests.swift
    /host/spi-builder-workspace/swift/BUILD
    /host/spi-builder-workspace/swift/Engine.swift
    /host/spi-builder-workspace/swift/apple_fm/AdapterTests.swift
    /host/spi-builder-workspace/swift/EmbeddingEngineTests.swift
    /host/spi-builder-workspace/swift/apple_fm/LiteRTSegments.swift
    /host/spi-builder-workspace/swift/ConversationTests.swift
    /host/spi-builder-workspace/swift/EmbeddingEngine.swift
    /host/spi-builder-workspace/swift/ResponseFormat.swift
    /host/spi-builder-workspace/swift/Conversation.swift
    /host/spi-builder-workspace/swift/ModelInfo.swift
    /host/spi-builder-workspace/swift/Benchmark.swift
    /host/spi-builder-workspace/swift/Message.swift
    /host/spi-builder-workspace/swift/Tool.swift
    /host/spi-builder-workspace/swift/ToolManager.swift
    /host/spi-builder-workspace/swift/Config.swift
    /host/spi-builder-workspace/swift/apple_fm/LiteRTLanguageModel.swift
    /host/spi-builder-workspace/swift/Info.plist
    /host/spi-builder-workspace/swift/ExperimentalFlags.swift
    /host/spi-builder-workspace/swift/ModelInfoTests.swift
    /host/spi-builder-workspace/swift/LiteRTLMError.swift
    /host/spi-builder-workspace/swift/apple_fm/main.swift
warning: 'spi-builder-workspace': found 26 file(s) which are unhandled; explicitly declare them as resources or exclude from the target
    /host/spi-builder-workspace/swift/EmbeddingEngineConfig.swift
    /host/spi-builder-workspace/swift/EngineTests.swift
    /host/spi-builder-workspace/swift/apple_fm/BUILD
    /host/spi-builder-workspace/swift/apple_fm/CGImagePNG.swift
    /host/spi-builder-workspace/swift/MessageTests.swift
    /host/spi-builder-workspace/swift/ToolTests.swift
    /host/spi-builder-workspace/swift/BUILD
    /host/spi-builder-workspace/swift/Engine.swift
    /host/spi-builder-workspace/swift/apple_fm/AdapterTests.swift
    /host/spi-builder-workspace/swift/apple_fm/LiteRTSegments.swift
    /host/spi-builder-workspace/swift/ConversationTests.swift
    /host/spi-builder-workspace/swift/EmbeddingEngine.swift
    /host/spi-builder-workspace/swift/ResponseFormat.swift
    /host/spi-builder-workspace/swift/Conversation.swift
    /host/spi-builder-workspace/swift/ModelInfo.swift
    /host/spi-builder-workspace/swift/Benchmark.swift
    /host/spi-builder-workspace/swift/Message.swift
    /host/spi-builder-workspace/swift/Tool.swift
    /host/spi-builder-workspace/swift/ToolManager.swift
    /host/spi-builder-workspace/swift/Config.swift
    /host/spi-builder-workspace/swift/apple_fm/LiteRTLanguageModel.swift
    /host/spi-builder-workspace/swift/Info.plist
    /host/spi-builder-workspace/swift/ExperimentalFlags.swift
    /host/spi-builder-workspace/swift/ModelInfoTests.swift
    /host/spi-builder-workspace/swift/LiteRTLMError.swift
    /host/spi-builder-workspace/swift/apple_fm/main.swift
warning: 'spi-builder-workspace': found 26 file(s) which are unhandled; explicitly declare them as resources or exclude from the target
    /host/spi-builder-workspace/swift/EmbeddingEngineConfig.swift
    /host/spi-builder-workspace/swift/EngineTests.swift
    /host/spi-builder-workspace/swift/apple_fm/BUILD
    /host/spi-builder-workspace/swift/apple_fm/CGImagePNG.swift
    /host/spi-builder-workspace/swift/MessageTests.swift
    /host/spi-builder-workspace/swift/ToolTests.swift
    /host/spi-builder-workspace/swift/BUILD
    /host/spi-builder-workspace/swift/Engine.swift
    /host/spi-builder-workspace/swift/apple_fm/AdapterTests.swift
    /host/spi-builder-workspace/swift/EmbeddingEngineTests.swift
    /host/spi-builder-workspace/swift/apple_fm/LiteRTSegments.swift
    /host/spi-builder-workspace/swift/EmbeddingEngine.swift
    /host/spi-builder-workspace/swift/ResponseFormat.swift
    /host/spi-builder-workspace/swift/Conversation.swift
    /host/spi-builder-workspace/swift/ModelInfo.swift
    /host/spi-builder-workspace/swift/Benchmark.swift
    /host/spi-builder-workspace/swift/Message.swift
    /host/spi-builder-workspace/swift/Tool.swift
    /host/spi-builder-workspace/swift/ToolManager.swift
    /host/spi-builder-workspace/swift/Config.swift
    /host/spi-builder-workspace/swift/apple_fm/LiteRTLanguageModel.swift
    /host/spi-builder-workspace/swift/Info.plist
    /host/spi-builder-workspace/swift/ExperimentalFlags.swift
    /host/spi-builder-workspace/swift/ModelInfoTests.swift
    /host/spi-builder-workspace/swift/LiteRTLMError.swift
    /host/spi-builder-workspace/swift/apple_fm/main.swift
[0/1] Planning build
Building for debugging...
[0/1] Write swift-version-24593BA9C3E375BF.txt
[2/14] Compiling LiteRTLM Tool.swift
/host/spi-builder-workspace/swift/Benchmark.swift:16:8: error: no such module 'OSLog'
14 |
15 | import Foundation
16 | import OSLog
   |        `- error: no such module 'OSLog'
17 | import CLiteRTLM
18 |
[3/14] Compiling LiteRTLM ResponseFormat.swift
/host/spi-builder-workspace/swift/Benchmark.swift:16:8: error: no such module 'OSLog'
14 |
15 | import Foundation
16 | import OSLog
   |        `- error: no such module 'OSLog'
17 | import CLiteRTLM
18 |
[4/15] Compiling LiteRTLM ExperimentalFlags.swift
/host/spi-builder-workspace/swift/Benchmark.swift:16:8: error: no such module 'OSLog'
14 |
15 | import Foundation
16 | import OSLog
   |        `- error: no such module 'OSLog'
17 | import CLiteRTLM
18 |
[5/15] Compiling LiteRTLM LiteRTLMError.swift
/host/spi-builder-workspace/swift/Benchmark.swift:16:8: error: no such module 'OSLog'
14 |
15 | import Foundation
16 | import OSLog
   |        `- error: no such module 'OSLog'
17 | import CLiteRTLM
18 |
[6/15] Compiling LiteRTLM EmbeddingEngineConfig.swift
/host/spi-builder-workspace/swift/Benchmark.swift:16:8: error: no such module 'OSLog'
14 |
15 | import Foundation
16 | import OSLog
   |        `- error: no such module 'OSLog'
17 | import CLiteRTLM
18 |
[7/15] Compiling LiteRTLM Engine.swift
/host/spi-builder-workspace/swift/Benchmark.swift:16:8: error: no such module 'OSLog'
14 |
15 | import Foundation
16 | import OSLog
   |        `- error: no such module 'OSLog'
17 | import CLiteRTLM
18 |
[8/15] Compiling LiteRTLM Message.swift
/host/spi-builder-workspace/swift/Benchmark.swift:16:8: error: no such module 'OSLog'
14 |
15 | import Foundation
16 | import OSLog
   |        `- error: no such module 'OSLog'
17 | import CLiteRTLM
18 |
[9/15] Compiling LiteRTLM ModelInfo.swift
/host/spi-builder-workspace/swift/Benchmark.swift:16:8: error: no such module 'OSLog'
14 |
15 | import Foundation
16 | import OSLog
   |        `- error: no such module 'OSLog'
17 | import CLiteRTLM
18 |
[10/15] Compiling LiteRTLM ToolManager.swift
/host/spi-builder-workspace/swift/Benchmark.swift:16:8: error: no such module 'OSLog'
14 |
15 | import Foundation
16 | import OSLog
   |        `- error: no such module 'OSLog'
17 | import CLiteRTLM
18 |
error: emit-module command failed with exit code 1 (use -v to see invocation)
error: compile command failed due to signal 11 (use -v to see invocation)
[11/15] Emitting module LiteRTLM
/host/spi-builder-workspace/swift/Benchmark.swift:16:8: error: no such module 'OSLog'
14 |
15 | import Foundation
16 | import OSLog
   |        `- error: no such module 'OSLog'
17 | import CLiteRTLM
18 |
Please submit a bug report (https://swift.org/contributing/#reporting-bugs) and include the crash backtrace.
Stack dump:
0.	Program arguments: /usr/bin/swift-frontend -frontend -c /host/spi-builder-workspace/swift/Benchmark.swift /host/spi-builder-workspace/swift/Config.swift -primary-file /host/spi-builder-workspace/swift/Conversation.swift -primary-file /host/spi-builder-workspace/swift/EmbeddingEngine.swift /host/spi-builder-workspace/swift/EmbeddingEngineConfig.swift /host/spi-builder-workspace/swift/Engine.swift /host/spi-builder-workspace/swift/ExperimentalFlags.swift /host/spi-builder-workspace/swift/LiteRTLMError.swift /host/spi-builder-workspace/swift/Message.swift /host/spi-builder-workspace/swift/ModelInfo.swift /host/spi-builder-workspace/swift/ResponseFormat.swift /host/spi-builder-workspace/swift/Tool.swift /host/spi-builder-workspace/swift/ToolManager.swift -emit-dependencies-path /host/spi-builder-workspace/.build/x86_64-unknown-linux-gnu/debug/LiteRTLM.build/Conversation.d -emit-reference-dependencies-path /host/spi-builder-workspace/.build/x86_64-unknown-linux-gnu/debug/LiteRTLM.build/Conversation.swiftdeps -emit-dependencies-path /host/spi-builder-workspace/.build/x86_64-unknown-linux-gnu/debug/LiteRTLM.build/EmbeddingEngine.d -emit-reference-dependencies-path /host/spi-builder-workspace/.build/x86_64-unknown-linux-gnu/debug/LiteRTLM.build/EmbeddingEngine.swiftdeps -target x86_64-unknown-linux-gnu -disable-objc-interop -I /host/spi-builder-workspace/.build/x86_64-unknown-linux-gnu/debug/Modules -enable-testing -g -debug-info-format=dwarf -dwarf-version=4 -module-cache-path /host/spi-builder-workspace/.build/x86_64-unknown-linux-gnu/debug/ModuleCache -swift-version 5 -Onone -D SWIFT_PACKAGE -D DEBUG -empty-abi-descriptor -resource-dir /usr/lib/swift -enable-anonymous-context-mangled-names -file-compilation-dir /host/spi-builder-workspace -Xcc -g -Xcc -fno-omit-frame-pointer -module-name LiteRTLM -package-name spi_builder_workspace -in-process-plugin-server-path /usr/lib/swift/host/libSwiftInProcPluginServer.so -plugin-path /usr/lib/swift/host/plugins -plugin-path /usr/local/lib/swift/host/plugins -parse-as-library -o /host/spi-builder-workspace/.build/x86_64-unknown-linux-gnu/debug/LiteRTLM.build/Conversation.swift.o -o /host/spi-builder-workspace/.build/x86_64-unknown-linux-gnu/debug/LiteRTLM.build/EmbeddingEngine.swift.o -index-store-path /host/spi-builder-workspace/.build/x86_64-unknown-linux-gnu/debug/index/store -index-system-modules
1.	Swift version 6.1.3 (swift-6.1.3-RELEASE)
2.	Compiling with effective version 5.10
3.	While evaluating request TypeCheckSourceFileRequest(source_file "/host/spi-builder-workspace/swift/EmbeddingEngine.swift")
4.	While evaluating request TypeCheckFunctionBodyRequest(LiteRTLM.(file).EmbeddingEngine.computeEmbeddingBatch(contentsBatch:options:)@/host/spi-builder-workspace/swift/EmbeddingEngine.swift:207:15)
Stack dump without symbol names (ensure you have llvm-symbolizer in your PATH or set the environment var `LLVM_SYMBOLIZER_PATH` to point to it):
0  swift-frontend 0x00006239e2f0cca8
1  swift-frontend 0x00006239e2f0aa7e
2  swift-frontend 0x00006239e2f0d348
3  libc.so.6      0x000077433414b330
4  swift-frontend 0x00006239de4092b0
5  swift-frontend 0x00006239ddf2ebc0
6  swift-frontend 0x00006239ddf36231
7  swift-frontend 0x00006239de3c50bb
8  swift-frontend 0x00006239de3c1d0f
9  swift-frontend 0x00006239de3bd9ec
10 swift-frontend 0x00006239de3c4719
11 swift-frontend 0x00006239de3bd7f2
12 swift-frontend 0x00006239de3c2175
13 swift-frontend 0x00006239de3c25b8
14 swift-frontend 0x00006239de3c224c
15 swift-frontend 0x00006239de3c2e87
16 swift-frontend 0x00006239de3c224c
17 swift-frontend 0x00006239de3bd1b1
18 swift-frontend 0x00006239ddf2d328
19 swift-frontend 0x00006239de01b3db
20 swift-frontend 0x00006239de4b6d45
21 swift-frontend 0x00006239de4321d3
22 swift-frontend 0x00006239de55e21c
23 swift-frontend 0x00006239de057f79
24 swift-frontend 0x00006239de059c4e
25 swift-frontend 0x00006239de057e75
26 swift-frontend 0x00006239dcf4a789
27 swift-frontend 0x00006239dcca119a
28 swift-frontend 0x00006239dcca06d3
29 swift-frontend 0x00006239dca87869
30 libc.so.6      0x00007743341301ca
31 libc.so.6      0x000077433413028b __libc_start_main + 139
32 swift-frontend 0x00006239dca869b5
*** Signal 11: Backtracing from 0x6239de4092b0... done ***
*** Program crashed: Bad pointer dereference at 0x0000000000000010 ***
Thread 0 "swift-frontend" crashed:
0  0x00006239de4092b0 swift::CaptureInfo::getIsolatedParamCapture() const + 16 in swift-frontend
Registers:
rax 0x0000000000000000  0
rdx 0x0000623a1a7dccb0  61 44 d4 19 3a 62 00 00 2b 01 ff ff 00 00 00 00  aDÔ·:b··+·ÿÿ····
rcx 0x00006239ddf2eba6  41 80 be 10 01 00 00 00 74 97 48 8b 43 20 48 89  A·¾·····t·H·C H·
rbx 0x0000623a00000001  108001247625217
rsi 0x00007ffe9993ac00  00 00 00 00 00 00 00 00 1e 1e 3c de 39 62 00 00  ··········<Þ9b··
rdi 0x00006239e46ce230  5e 09 86 f9 76 09 86 f9 5e 09 86 f9 5e 09 86 f9  ^··ùv··ù^··ù^··ù
rbp 0x0000000000000000  0
rsp 0x00007ffe9993abd0  b0 cc 7d 1a 3a 62 00 00 b0 cc 7d 1a 3a 62 00 00  °Ì}·:b··°Ì}·:b··
 r8 0xde46132595265073  16016510176926781555
 r9 0x0000000000000000  0
r10 0x0000623a1a7dcc50  41 00 00 00 00 00 00 00 58 6f 2c 1a 3a 62 00 00  A·······Xo,·:b··
r11 0x0000623a1a7dcdb8  38 a2 d4 19 3a 62 00 00 b8 cc 7d 1a 3a 62 00 00  8¢Ô·:b··¸Ì}·:b··
r12 0x0000623a1a7dccb0  61 44 d4 19 3a 62 00 00 2b 01 ff ff 00 00 00 00  aDÔ·:b··+·ÿÿ····
r13 0x0000623a1a7dcdc0  b8 cc 7d 1a 3a 62 00 00 08 1c 80 1a 3a 62 00 00  ¸Ì}·:b······:b··
r14 0x0000000000000000  0
r15 0x0000623a1a7dccb8  2b 01 ff ff 00 00 00 00 d8 6f 2c 1a 3a 62 00 00  +·ÿÿ····Øo,·:b··
rip 0x00006239de4092b0  45 8b 7e 10 4d 85 ff 0f 84 8f 00 00 00 49 c1 e7  E·~·M·ÿ······IÁç
rflags 0x0000000000010246  ZF PF
cs 0x0033  fs 0x0000  gs 0x0000
Images (36 omitted):
0x00006239dc1b8000–0x00006239e3dd0940 99fa61a85005b1209a9b8fa77237f728c41fc57c swift-frontend /usr/bin/swift-frontend
Backtrace took 0.16s
BUILD FAILURE 6.1 linux