Build Information
Failed to build AppsOnAir-Core, reference 1.2.3 (cfe76e), with Swift 6.3 for watchOS using Xcode 26.4 on 15 Sep 2026 11:48:37 UTC.
Build Command
No build command. This typically means the build failed at an early stage where we determine the build command.Build Log
========================================
RunAll
========================================
Builder version: 5.0.2
Interrupt handler set up.
========================================
Checkout
========================================
Clone URL: https://github.com/apps-on-air/AppsOnAir-iOS-Core.git
Reference: 1.2.3
Initialized empty Git repository in /Users/admin/builder/spi-builder-workspace/.git/
From https://github.com/apps-on-air/AppsOnAir-iOS-Core
* tag 1.2.3 -> FETCH_HEAD
HEAD is now at cfe76e2 Merge pull request #27 from apps-on-air/development
Cloned https://github.com/apps-on-air/AppsOnAir-iOS-Core.git
Revision (git rev-parse @):
cfe76e2bb646e7ce11fe0cebba16ea616c2a1986
SUCCESS checkout https://github.com/apps-on-air/AppsOnAir-iOS-Core.git at 1.2.3
========================================
Build
========================================
Selected platform: watchOS
Swift version: 6.3
Building package at path: $PWD
https://github.com/apps-on-air/AppsOnAir-iOS-Core.git
Command line invocation:
/Applications/Xcode-26.5.0.app/Contents/Developer/usr/bin/xcodebuild -IDEClonedSourcePackagesDirPathOverride=/Users/admin/builder/spi-builder-workspace/.dependencies -resolvePackageDependencies
2026-09-15 07:48:35.907 xcodebuild[535:3054] Writing error result bundle to /var/folders/xq/y_g06wb113726d38xsyx71_h0000gn/T/ResultBundle_2026-15-09_07-48-0035.xcresult
xcodebuild: error: '_Pods.xcodeproj' does not exist.
Command line invocation:
/Applications/Xcode-26.5.0.app/Contents/Developer/usr/bin/xcodebuild -IDEClonedSourcePackagesDirPathOverride=/Users/admin/builder/spi-builder-workspace/.dependencies -resolvePackageDependencies
2026-09-15 07:48:37.301 xcodebuild[567:3323] Writing error result bundle to /var/folders/xq/y_g06wb113726d38xsyx71_h0000gn/T/ResultBundle_2026-15-09_07-48-0037.xcresult
xcodebuild: error: '_Pods.xcodeproj' does not exist.
BUILD FAILURE 6.3 watchOS