Build Information
Failed to build WatchLink, reference main (a58d0d), with Swift 6.4 for visionOS using Xcode 27.0 on 24 Sep 2026 22:22:07 UTC.
Build Command
env DEVELOPER_DIR=/Applications/Xcode-27.0.0-Release.Candidate.app xcrun xcodebuild -IDEClonedSourcePackagesDirPathOverride=$PWD/.dependencies -skipMacroValidation -skipPackagePluginValidation -derivedDataPath $PWD/.derivedData build -scheme WatchLink-Package -destination generic/platform=xrOSBuild Log
========================================
RunAll
========================================
Builder version: 5.1.0
Interrupt handler set up.
========================================
Checkout
========================================
Clone URL: https://github.com/tareksabry1337/WatchLink.git
Reference: main
Initialized empty Git repository in /Users/admin/builder/spi-builder-workspace/.git/
From https://github.com/tareksabry1337/WatchLink
* branch main -> FETCH_HEAD
* [new branch] main -> origin/main
HEAD is now at a58d0d4 Drop Task hops in coordinator handlers; gate BLE setup at callsite (#1)
Cloned https://github.com/tareksabry1337/WatchLink.git
Revision (git rev-parse @):
a58d0d49a625785eb4b2384008fc4c12699a77f5
SUCCESS checkout https://github.com/tareksabry1337/WatchLink.git at main
========================================
Build
========================================
Selected platform: visionOS
Swift version: 6.4
Building package at path: $PWD
https://github.com/tareksabry1337/WatchLink.git
Command line invocation:
/Applications/Xcode-27.0.0-Release.Candidate.app/Contents/Developer/usr/bin/xcodebuild -IDEClonedSourcePackagesDirPathOverride=/Users/admin/builder/spi-builder-workspace/.dependencies -resolvePackageDependencies
Resolve Package Graph
Resolve Package Graph
Resolved source packages:
WatchLink: /Users/admin/builder/spi-builder-workspace
resolved source packages: WatchLink
2026-09-24 18:21:20.716 xcodebuild[529:3042] [MT] IDERunDestination: Supported platforms for the buildables in the current scheme is empty.
{
"dependencies" : [
],
"manifest_display_name" : "WatchLink",
"name" : "WatchLink",
"path" : "/Users/admin/builder/spi-builder-workspace",
"platforms" : [
{
"name" : "ios",
"version" : "13.0"
},
{
"name" : "watchos",
"version" : "7.0"
}
],
"products" : [
{
"name" : "WatchLinkCore",
"targets" : [
"WatchLinkCore"
],
"type" : {
"library" : [
"automatic"
]
}
},
{
"name" : "WatchLink",
"targets" : [
"WatchLink"
],
"type" : {
"library" : [
"automatic"
]
}
},
{
"name" : "WatchLinkHost",
"targets" : [
"WatchLinkHost"
],
"type" : {
"library" : [
"automatic"
]
}
}
],
"targets" : [
{
"c99name" : "WatchLinkTests",
"module_type" : "SwiftTarget",
"name" : "WatchLinkTests",
"path" : "Tests/WatchLinkTests",
"sources" : [
"ConnectionManagerTests.swift",
"HTTPTransportTests.swift",
"WCTransportTests.swift"
],
"target_dependencies" : [
"WatchLink",
"WatchLinkCore",
"WatchLinkTestSupport"
],
"type" : "test"
},
{
"c99name" : "WatchLinkTestSupport",
"module_type" : "SwiftTarget",
"name" : "WatchLinkTestSupport",
"path" : "Tests/WatchLinkTestSupport",
"sources" : [
"AsyncCollectors.swift",
"FrameEncoders.swift",
"MockTransport.swift",
"MockURLSession.swift",
"MockWCSession.swift",
"StreamHelpers.swift",
"TestClock.swift",
"TestMessages.swift",
"Timeout.swift"
],
"target_dependencies" : [
"WatchLinkCore"
],
"type" : "library"
},
{
"c99name" : "WatchLinkHostTests",
"module_type" : "SwiftTarget",
"name" : "WatchLinkHostTests",
"path" : "Tests/WatchLinkHostTests",
"sources" : [
"HTTPRequestRouterTests.swift",
"HTTPServerTests.swift",
"WCHostSessionBridgeTests.swift",
"WCHostTransportTests.swift"
],
"target_dependencies" : [
"WatchLinkHost",
"WatchLinkCore",
"WatchLinkTestSupport"
],
"type" : "test"
},
{
"c99name" : "WatchLinkHost",
"module_type" : "SwiftTarget",
"name" : "WatchLinkHost",
"path" : "Sources/WatchLinkHost",
"product_memberships" : [
"WatchLinkHost"
],
"sources" : [
"BLEAdvertiser.swift",
"HTTPRequestRouter.swift",
"HTTPServer.swift",
"NetworkUtils.swift",
"WCHostTransport.swift",
"WatchLinkHost.swift"
],
"target_dependencies" : [
"WatchLinkCore"
],
"type" : "library"
},
{
"c99name" : "WatchLinkCoreTests",
"module_type" : "SwiftTarget",
"name" : "WatchLinkCoreTests",
"path" : "Tests/WatchLinkCoreTests",
"sources" : [
"ChannelTests.swift",
"ConnectionStateTests.swift",
"ControlFrameTests.swift",
"DeallocationTests.swift",
"FrameTests.swift",
"HTTPRouteTests.swift",
"JitteredBackoffTests.swift",
"LoggerTests.swift",
"MemoryTests.swift",
"PingStateMachineTests.swift",
"SweepTests.swift",
"TransportCoordinatorTests.swift",
"URLSessionTransportTests.swift"
],
"target_dependencies" : [
"WatchLinkCore",
"WatchLinkTestSupport"
],
"type" : "test"
},
{
"c99name" : "WatchLinkCore",
"module_type" : "SwiftTarget",
"name" : "WatchLinkCore",
"path" : "Sources/WatchLinkCore",
"product_memberships" : [
"WatchLinkCore",
"WatchLink",
"WatchLinkHost"
],
"sources" : [
"AnyClock.swift",
"Channel.swift",
"ConnectionState.swift",
"ControlFrame.swift",
"Diagnostics.swift",
"Duration.swift",
"Frame.swift",
"HTTPMethod.swift",
"HTTPRoute.swift",
"IncomingMessage.swift",
"Instant.swift",
"JitteredBackoff.swift",
"LogLevel.swift",
"Logger.swift",
"PingAction.swift",
"PingResult.swift",
"PingStateMachine.swift",
"ReceivedMessage.swift",
"SafeContinuation.swift",
"Transport.swift",
"TransportCoordinator.swift",
"URLSessionProtocol.swift",
"WCSessionProtocol.swift",
"WatchLinkActor.swift",
"WatchLinkConfiguration.swift",
"WatchLinkError.swift",
"WatchLinkMessage.swift"
],
"type" : "library"
},
{
"c99name" : "WatchLink",
"module_type" : "SwiftTarget",
"name" : "WatchLink",
"path" : "Sources/WatchLink",
"product_memberships" : [
"WatchLink"
],
"sources" : [
"BLEDiscovery.swift",
"ConnectionManager.swift",
"HTTPTransport.swift",
"WCTransport.swift",
"WatchLink.swift"
],
"target_dependencies" : [
"WatchLinkCore"
],
"type" : "library"
}
],
"tools_version" : "6.0"
}
{
"workspace" : {
"name" : "WatchLink",
"schemes" : [
"WatchLink",
"WatchLink-Package",
"WatchLinkCore",
"WatchLinkHost"
]
}
}
2026-09-24 18:21:53.042 xcodebuild[626:3861] [MT] IDERunDestination: Supported platforms for the buildables in the current scheme is empty.
{
"workspace" : {
"name" : "WatchLink",
"schemes" : [
"WatchLink",
"WatchLink-Package",
"WatchLinkCore",
"WatchLinkHost"
]
}
}
2026-09-24 18:21:54.045 xcodebuild[628:3911] [MT] IDERunDestination: Supported platforms for the buildables in the current scheme is empty.
Running build ...
env DEVELOPER_DIR=/Applications/Xcode-27.0.0-Release.Candidate.app xcrun xcodebuild -IDEClonedSourcePackagesDirPathOverride=$PWD/.dependencies -skipMacroValidation -skipPackagePluginValidation -derivedDataPath $PWD/.derivedData build -scheme WatchLink-Package -destination generic/platform=xrOS
Command line invocation:
/Applications/Xcode-27.0.0-Release.Candidate.app/Contents/Developer/usr/bin/xcodebuild -IDEClonedSourcePackagesDirPathOverride=/Users/admin/builder/spi-builder-workspace/.dependencies -skipMacroValidation -skipPackagePluginValidation -derivedDataPath /Users/admin/builder/spi-builder-workspace/.derivedData build -scheme WatchLink-Package -destination generic/platform=xrOS
Resolve Package Graph
Resolved source packages:
WatchLink: /Users/admin/builder/spi-builder-workspace
ComputePackagePrebuildTargetDependencyGraph
Prepare packages
CreateBuildRequest
SendProjectDescription
CreateBuildOperation
ComputeTargetDependencyGraph
note: Building targets in dependency order
note: Target dependency graph (6 targets)
Target 'WatchLinkHost-product' in project 'WatchLink'
➜ Explicit dependency on target 'WatchLinkHost' in project 'WatchLink'
➜ Explicit dependency on target 'WatchLinkCore' in project 'WatchLink'
Target 'WatchLinkHost' in project 'WatchLink'
➜ Explicit dependency on target 'WatchLinkCore' in project 'WatchLink'
Target 'WatchLink-product' in project 'WatchLink'
➜ Explicit dependency on target 'WatchLink' in project 'WatchLink'
➜ Explicit dependency on target 'WatchLinkCore' in project 'WatchLink'
Target 'WatchLink' in project 'WatchLink'
➜ Explicit dependency on target 'WatchLinkCore' in project 'WatchLink'
Target 'WatchLinkCore-product' in project 'WatchLink'
➜ Explicit dependency on target 'WatchLinkCore' in project 'WatchLink'
Target 'WatchLinkCore' in project 'WatchLink' (no dependencies)
GatherProvisioningInputs
CreateBuildDescription
ExecuteExternalTool /Applications/Xcode-27.0.0-Release.Candidate.app/Contents/Developer/Toolchains/XcodeDefault.xctoolchain/usr/bin/swiftc --version
ExecuteExternalTool /Applications/Xcode-27.0.0-Release.Candidate.app/Contents/Developer/Toolchains/XcodeDefault.xctoolchain/usr/bin/clang -v -E -dM -isysroot /Applications/Xcode-27.0.0-Release.Candidate.app/Contents/Developer/Platforms/XROS.platform/Developer/SDKs/XROS27.0.sdk -x c -c /dev/null
ExecuteExternalTool /Applications/Xcode-27.0.0-Release.Candidate.app/Contents/Developer/Toolchains/XcodeDefault.xctoolchain/usr/bin/ld -version_details
Build description signature: fc8ff8f048c04564bb6a62977ff0a07a
Build description path: /Users/admin/builder/spi-builder-workspace/.derivedData/Build/Intermediates.noindex/XCBuildData/fc8ff8f048c04564bb6a62977ff0a07a.xcbuilddata
CreateBuildDirectory /Users/admin/builder/spi-builder-workspace/.derivedData/SDKExplicitPrecompiledModules
cd /Users/admin/builder/spi-builder-workspace/.swiftpm/xcode
builtin-create-build-directory /Users/admin/builder/spi-builder-workspace/.derivedData/SDKExplicitPrecompiledModules
CreateBuildDirectory /Users/admin/builder/spi-builder-workspace/.derivedData/ModuleCache.noindex
cd /Users/admin/builder/spi-builder-workspace/.swiftpm/xcode
builtin-create-build-directory /Users/admin/builder/spi-builder-workspace/.derivedData/ModuleCache.noindex
CreateBuildDirectory /Users/admin/builder/spi-builder-workspace/.derivedData/CompilationCache.noindex
cd /Users/admin/builder/spi-builder-workspace/.swiftpm/xcode
builtin-create-build-directory /Users/admin/builder/spi-builder-workspace/.derivedData/CompilationCache.noindex
ClangStatCache /Applications/Xcode-27.0.0-Release.Candidate.app/Contents/Developer/Toolchains/XcodeDefault.xctoolchain/usr/bin/clang-stat-cache /Applications/Xcode-27.0.0-Release.Candidate.app/Contents/Developer/Platforms/XROS.platform/Developer/SDKs/XROS27.0.sdk /Users/admin/builder/spi-builder-workspace/.derivedData/SDKStatCaches.noindex/xros27.0-24M361-e829b21a6f8c9b70876ba0858053c044735bd543db762f57723cac368afd1ce4.sdkstatcache
cd /Users/admin/builder/spi-builder-workspace/.swiftpm/xcode
/Applications/Xcode-27.0.0-Release.Candidate.app/Contents/Developer/Toolchains/XcodeDefault.xctoolchain/usr/bin/clang-stat-cache /Applications/Xcode-27.0.0-Release.Candidate.app/Contents/Developer/Platforms/XROS.platform/Developer/SDKs/XROS27.0.sdk -o /Users/admin/builder/spi-builder-workspace/.derivedData/SDKStatCaches.noindex/xros27.0-24M361-e829b21a6f8c9b70876ba0858053c044735bd543db762f57723cac368afd1ce4.sdkstatcache
CreateBuildDirectory /Users/admin/builder/spi-builder-workspace/.derivedData/Build/Intermediates.noindex
cd /Users/admin/builder/spi-builder-workspace/.swiftpm/xcode
builtin-create-build-directory /Users/admin/builder/spi-builder-workspace/.derivedData/Build/Intermediates.noindex
CreateBuildDirectory /Users/admin/builder/spi-builder-workspace/.derivedData/Build/Products
cd /Users/admin/builder/spi-builder-workspace/.swiftpm/xcode
builtin-create-build-directory /Users/admin/builder/spi-builder-workspace/.derivedData/Build/Products
CreateBuildDirectory /Users/admin/builder/spi-builder-workspace/.derivedData/Build/Intermediates.noindex/SwiftExplicitPrecompiledModules
cd /Users/admin/builder/spi-builder-workspace/.swiftpm/xcode
builtin-create-build-directory /Users/admin/builder/spi-builder-workspace/.derivedData/Build/Intermediates.noindex/SwiftExplicitPrecompiledModules
CreateBuildDirectory /Users/admin/builder/spi-builder-workspace/.derivedData/Build/Intermediates.noindex/PrecompiledHeaders
cd /Users/admin/builder/spi-builder-workspace/.swiftpm/xcode
builtin-create-build-directory /Users/admin/builder/spi-builder-workspace/.derivedData/Build/Intermediates.noindex/PrecompiledHeaders
CreateBuildDirectory /Users/admin/builder/spi-builder-workspace/.derivedData/Build/Intermediates.noindex/ExplicitPrecompiledModules
cd /Users/admin/builder/spi-builder-workspace/.swiftpm/xcode
builtin-create-build-directory /Users/admin/builder/spi-builder-workspace/.derivedData/Build/Intermediates.noindex/ExplicitPrecompiledModules
CreateBuildDirectory /Users/admin/builder/spi-builder-workspace/.derivedData/Build/Intermediates.noindex/EagerLinkingTBDs/Debug-xros
cd /Users/admin/builder/spi-builder-workspace/.swiftpm/xcode
builtin-create-build-directory /Users/admin/builder/spi-builder-workspace/.derivedData/Build/Intermediates.noindex/EagerLinkingTBDs/Debug-xros
CreateBuildDirectory /Users/admin/builder/spi-builder-workspace/.derivedData/Build/Products/Debug-xros
cd /Users/admin/builder/spi-builder-workspace/.swiftpm/xcode
builtin-create-build-directory /Users/admin/builder/spi-builder-workspace/.derivedData/Build/Products/Debug-xros
CreateBuildDirectory /Users/admin/builder/spi-builder-workspace/.derivedData/Build/Products/Debug-xros/PackageFrameworks
cd /Users/admin/builder/spi-builder-workspace/.swiftpm/xcode
builtin-create-build-directory /Users/admin/builder/spi-builder-workspace/.derivedData/Build/Products/Debug-xros/PackageFrameworks
WriteAuxiliaryFile /Users/admin/builder/spi-builder-workspace/.derivedData/Build/Intermediates.noindex/WatchLink.build/Debug-xros/WatchLinkHost-t.build/WatchLinkHost.DependencyStaticMetadataFileList (in target 'WatchLinkHost' from project 'WatchLink')
cd /Users/admin/builder/spi-builder-workspace
write-file /Users/admin/builder/spi-builder-workspace/.derivedData/Build/Intermediates.noindex/WatchLink.build/Debug-xros/WatchLinkHost-t.build/WatchLinkHost.DependencyStaticMetadataFileList
WriteAuxiliaryFile /Users/admin/builder/spi-builder-workspace/.derivedData/Build/Intermediates.noindex/WatchLink.build/Debug-xros/WatchLinkHost-t.build/WatchLinkHost.DependencyMetadataFileList (in target 'WatchLinkHost' from project 'WatchLink')
cd /Users/admin/builder/spi-builder-workspace
write-file /Users/admin/builder/spi-builder-workspace/.derivedData/Build/Intermediates.noindex/WatchLink.build/Debug-xros/WatchLinkHost-t.build/WatchLinkHost.DependencyMetadataFileList
WriteAuxiliaryFile /Users/admin/builder/spi-builder-workspace/.derivedData/Build/Intermediates.noindex/WatchLink.build/Debug-xros/WatchLinkHost-t.build/WatchLinkHost.modulemap (in target 'WatchLinkHost' from project 'WatchLink')
cd /Users/admin/builder/spi-builder-workspace
write-file /Users/admin/builder/spi-builder-workspace/.derivedData/Build/Intermediates.noindex/WatchLink.build/Debug-xros/WatchLinkHost-t.build/WatchLinkHost.modulemap
WriteAuxiliaryFile /Users/admin/builder/spi-builder-workspace/.derivedData/Build/Intermediates.noindex/WatchLink.build/Debug-xros/WatchLinkHost-t.build/Objects-normal/arm64/WatchLinkHost-OutputFileMap.json (in target 'WatchLinkHost' from project 'WatchLink')
cd /Users/admin/builder/spi-builder-workspace
write-file /Users/admin/builder/spi-builder-workspace/.derivedData/Build/Intermediates.noindex/WatchLink.build/Debug-xros/WatchLinkHost-t.build/Objects-normal/arm64/WatchLinkHost-OutputFileMap.json
WriteAuxiliaryFile /Users/admin/builder/spi-builder-workspace/.derivedData/Build/Intermediates.noindex/WatchLink.build/Debug-xros/WatchLinkHost-t.build/Objects-normal/arm64/WatchLinkHost.SwiftConstValuesFileList (in target 'WatchLinkHost' from project 'WatchLink')
cd /Users/admin/builder/spi-builder-workspace
write-file /Users/admin/builder/spi-builder-workspace/.derivedData/Build/Intermediates.noindex/WatchLink.build/Debug-xros/WatchLinkHost-t.build/Objects-normal/arm64/WatchLinkHost.SwiftConstValuesFileList
WriteAuxiliaryFile /Users/admin/builder/spi-builder-workspace/.derivedData/Build/Intermediates.noindex/WatchLink.build/Debug-xros/WatchLinkHost-t.build/Objects-normal/arm64/WatchLinkHost.SwiftFileList (in target 'WatchLinkHost' from project 'WatchLink')
cd /Users/admin/builder/spi-builder-workspace
write-file /Users/admin/builder/spi-builder-workspace/.derivedData/Build/Intermediates.noindex/WatchLink.build/Debug-xros/WatchLinkHost-t.build/Objects-normal/arm64/WatchLinkHost.SwiftFileList
WriteAuxiliaryFile /Users/admin/builder/spi-builder-workspace/.derivedData/Build/Intermediates.noindex/WatchLink.build/Debug-xros/WatchLinkHost-t.build/Objects-normal/arm64/WatchLinkHost.LinkFileList (in target 'WatchLinkHost' from project 'WatchLink')
cd /Users/admin/builder/spi-builder-workspace
write-file /Users/admin/builder/spi-builder-workspace/.derivedData/Build/Intermediates.noindex/WatchLink.build/Debug-xros/WatchLinkHost-t.build/Objects-normal/arm64/WatchLinkHost.LinkFileList
WriteAuxiliaryFile /Users/admin/builder/spi-builder-workspace/.derivedData/Build/Intermediates.noindex/WatchLink.build/Debug-xros/WatchLinkHost-t.build/Objects-normal/arm64/WatchLinkHost_const_extract_protocols.json (in target 'WatchLinkHost' from project 'WatchLink')
cd /Users/admin/builder/spi-builder-workspace
write-file /Users/admin/builder/spi-builder-workspace/.derivedData/Build/Intermediates.noindex/WatchLink.build/Debug-xros/WatchLinkHost-t.build/Objects-normal/arm64/WatchLinkHost_const_extract_protocols.json
WriteAuxiliaryFile /Users/admin/builder/spi-builder-workspace/.derivedData/Build/Intermediates.noindex/WatchLink.build/Debug-xros/WatchLinkCore-t.build/WatchLinkCore.DependencyStaticMetadataFileList (in target 'WatchLinkCore' from project 'WatchLink')
cd /Users/admin/builder/spi-builder-workspace
write-file /Users/admin/builder/spi-builder-workspace/.derivedData/Build/Intermediates.noindex/WatchLink.build/Debug-xros/WatchLinkCore-t.build/WatchLinkCore.DependencyStaticMetadataFileList
WriteAuxiliaryFile /Users/admin/builder/spi-builder-workspace/.derivedData/Build/Intermediates.noindex/WatchLink.build/Debug-xros/WatchLinkCore-t.build/WatchLinkCore.modulemap (in target 'WatchLinkCore' from project 'WatchLink')
cd /Users/admin/builder/spi-builder-workspace
write-file /Users/admin/builder/spi-builder-workspace/.derivedData/Build/Intermediates.noindex/WatchLink.build/Debug-xros/WatchLinkCore-t.build/WatchLinkCore.modulemap
WriteAuxiliaryFile /Users/admin/builder/spi-builder-workspace/.derivedData/Build/Intermediates.noindex/WatchLink.build/Debug-xros/WatchLinkCore-t.build/WatchLinkCore.DependencyMetadataFileList (in target 'WatchLinkCore' from project 'WatchLink')
cd /Users/admin/builder/spi-builder-workspace
write-file /Users/admin/builder/spi-builder-workspace/.derivedData/Build/Intermediates.noindex/WatchLink.build/Debug-xros/WatchLinkCore-t.build/WatchLinkCore.DependencyMetadataFileList
WriteAuxiliaryFile /Users/admin/builder/spi-builder-workspace/.derivedData/Build/Intermediates.noindex/WatchLink.build/Debug-xros/WatchLinkCore-t.build/Objects-normal/arm64/WatchLinkCore.SwiftFileList (in target 'WatchLinkCore' from project 'WatchLink')
cd /Users/admin/builder/spi-builder-workspace
write-file /Users/admin/builder/spi-builder-workspace/.derivedData/Build/Intermediates.noindex/WatchLink.build/Debug-xros/WatchLinkCore-t.build/Objects-normal/arm64/WatchLinkCore.SwiftFileList
WriteAuxiliaryFile /Users/admin/builder/spi-builder-workspace/.derivedData/Build/Intermediates.noindex/WatchLink.build/Debug-xros/WatchLinkCore-t.build/Objects-normal/arm64/WatchLinkCore_const_extract_protocols.json (in target 'WatchLinkCore' from project 'WatchLink')
cd /Users/admin/builder/spi-builder-workspace
write-file /Users/admin/builder/spi-builder-workspace/.derivedData/Build/Intermediates.noindex/WatchLink.build/Debug-xros/WatchLinkCore-t.build/Objects-normal/arm64/WatchLinkCore_const_extract_protocols.json
Copy /Users/admin/builder/spi-builder-workspace/.derivedData/Build/Intermediates.noindex/GeneratedModuleMaps-xros/WatchLinkHost.modulemap /Users/admin/builder/spi-builder-workspace/.derivedData/Build/Intermediates.noindex/WatchLink.build/Debug-xros/WatchLinkHost-t.build/WatchLinkHost.modulemap (in target 'WatchLinkHost' from project 'WatchLink')
cd /Users/admin/builder/spi-builder-workspace
builtin-copy -exclude .DS_Store -exclude CVS -exclude .svn -exclude .git -exclude .hg -resolve-src-symlinks /Users/admin/builder/spi-builder-workspace/.derivedData/Build/Intermediates.noindex/WatchLink.build/Debug-xros/WatchLinkHost-t.build/WatchLinkHost.modulemap /Users/admin/builder/spi-builder-workspace/.derivedData/Build/Intermediates.noindex/GeneratedModuleMaps-xros
WriteAuxiliaryFile /Users/admin/builder/spi-builder-workspace/.derivedData/Build/Intermediates.noindex/WatchLink.build/Debug-xros/WatchLinkCore-t.build/Objects-normal/arm64/WatchLinkCore.SwiftConstValuesFileList (in target 'WatchLinkCore' from project 'WatchLink')
cd /Users/admin/builder/spi-builder-workspace
write-file /Users/admin/builder/spi-builder-workspace/.derivedData/Build/Intermediates.noindex/WatchLink.build/Debug-xros/WatchLinkCore-t.build/Objects-normal/arm64/WatchLinkCore.SwiftConstValuesFileList
WriteAuxiliaryFile /Users/admin/builder/spi-builder-workspace/.derivedData/Build/Intermediates.noindex/WatchLink.build/Debug-xros/WatchLinkCore-t.build/Objects-normal/arm64/WatchLinkCore.LinkFileList (in target 'WatchLinkCore' from project 'WatchLink')
cd /Users/admin/builder/spi-builder-workspace
write-file /Users/admin/builder/spi-builder-workspace/.derivedData/Build/Intermediates.noindex/WatchLink.build/Debug-xros/WatchLinkCore-t.build/Objects-normal/arm64/WatchLinkCore.LinkFileList
WriteAuxiliaryFile /Users/admin/builder/spi-builder-workspace/.derivedData/Build/Intermediates.noindex/WatchLink.build/Debug-xros/WatchLinkCore-t.build/Objects-normal/arm64/WatchLinkCore-OutputFileMap.json (in target 'WatchLinkCore' from project 'WatchLink')
cd /Users/admin/builder/spi-builder-workspace
write-file /Users/admin/builder/spi-builder-workspace/.derivedData/Build/Intermediates.noindex/WatchLink.build/Debug-xros/WatchLinkCore-t.build/Objects-normal/arm64/WatchLinkCore-OutputFileMap.json
WriteAuxiliaryFile /Users/admin/builder/spi-builder-workspace/.derivedData/Build/Intermediates.noindex/WatchLink.build/Debug-xros/WatchLink-t.build/WatchLink.modulemap (in target 'WatchLink' from project 'WatchLink')
cd /Users/admin/builder/spi-builder-workspace
write-file /Users/admin/builder/spi-builder-workspace/.derivedData/Build/Intermediates.noindex/WatchLink.build/Debug-xros/WatchLink-t.build/WatchLink.modulemap
WriteAuxiliaryFile /Users/admin/builder/spi-builder-workspace/.derivedData/Build/Intermediates.noindex/WatchLink.build/Debug-xros/WatchLink-t.build/WatchLink.DependencyStaticMetadataFileList (in target 'WatchLink' from project 'WatchLink')
cd /Users/admin/builder/spi-builder-workspace
write-file /Users/admin/builder/spi-builder-workspace/.derivedData/Build/Intermediates.noindex/WatchLink.build/Debug-xros/WatchLink-t.build/WatchLink.DependencyStaticMetadataFileList
Copy /Users/admin/builder/spi-builder-workspace/.derivedData/Build/Intermediates.noindex/GeneratedModuleMaps-xros/WatchLinkCore.modulemap /Users/admin/builder/spi-builder-workspace/.derivedData/Build/Intermediates.noindex/WatchLink.build/Debug-xros/WatchLinkCore-t.build/WatchLinkCore.modulemap (in target 'WatchLinkCore' from project 'WatchLink')
cd /Users/admin/builder/spi-builder-workspace
builtin-copy -exclude .DS_Store -exclude CVS -exclude .svn -exclude .git -exclude .hg -resolve-src-symlinks /Users/admin/builder/spi-builder-workspace/.derivedData/Build/Intermediates.noindex/WatchLink.build/Debug-xros/WatchLinkCore-t.build/WatchLinkCore.modulemap /Users/admin/builder/spi-builder-workspace/.derivedData/Build/Intermediates.noindex/GeneratedModuleMaps-xros
WriteAuxiliaryFile /Users/admin/builder/spi-builder-workspace/.derivedData/Build/Intermediates.noindex/WatchLink.build/Debug-xros/WatchLink-t.build/WatchLink.DependencyMetadataFileList (in target 'WatchLink' from project 'WatchLink')
cd /Users/admin/builder/spi-builder-workspace
write-file /Users/admin/builder/spi-builder-workspace/.derivedData/Build/Intermediates.noindex/WatchLink.build/Debug-xros/WatchLink-t.build/WatchLink.DependencyMetadataFileList
WriteAuxiliaryFile /Users/admin/builder/spi-builder-workspace/.derivedData/Build/Intermediates.noindex/WatchLink.build/Debug-xros/WatchLink-t.build/Objects-normal/arm64/WatchLink_const_extract_protocols.json (in target 'WatchLink' from project 'WatchLink')
cd /Users/admin/builder/spi-builder-workspace
write-file /Users/admin/builder/spi-builder-workspace/.derivedData/Build/Intermediates.noindex/WatchLink.build/Debug-xros/WatchLink-t.build/Objects-normal/arm64/WatchLink_const_extract_protocols.json
WriteAuxiliaryFile /Users/admin/builder/spi-builder-workspace/.derivedData/Build/Intermediates.noindex/WatchLink.build/Debug-xros/WatchLink-t.build/Objects-normal/arm64/WatchLink.SwiftFileList (in target 'WatchLink' from project 'WatchLink')
cd /Users/admin/builder/spi-builder-workspace
write-file /Users/admin/builder/spi-builder-workspace/.derivedData/Build/Intermediates.noindex/WatchLink.build/Debug-xros/WatchLink-t.build/Objects-normal/arm64/WatchLink.SwiftFileList
WriteAuxiliaryFile /Users/admin/builder/spi-builder-workspace/.derivedData/Build/Intermediates.noindex/WatchLink.build/Debug-xros/WatchLink-t.build/Objects-normal/arm64/WatchLink.SwiftConstValuesFileList (in target 'WatchLink' from project 'WatchLink')
cd /Users/admin/builder/spi-builder-workspace
write-file /Users/admin/builder/spi-builder-workspace/.derivedData/Build/Intermediates.noindex/WatchLink.build/Debug-xros/WatchLink-t.build/Objects-normal/arm64/WatchLink.SwiftConstValuesFileList
WriteAuxiliaryFile /Users/admin/builder/spi-builder-workspace/.derivedData/Build/Intermediates.noindex/WatchLink.build/Debug-xros/WatchLink-t.build/Objects-normal/arm64/WatchLink.LinkFileList (in target 'WatchLink' from project 'WatchLink')
cd /Users/admin/builder/spi-builder-workspace
write-file /Users/admin/builder/spi-builder-workspace/.derivedData/Build/Intermediates.noindex/WatchLink.build/Debug-xros/WatchLink-t.build/Objects-normal/arm64/WatchLink.LinkFileList
WriteAuxiliaryFile /Users/admin/builder/spi-builder-workspace/.derivedData/Build/Intermediates.noindex/WatchLink.build/Debug-xros/WatchLink-t.build/Objects-normal/arm64/WatchLink-OutputFileMap.json (in target 'WatchLink' from project 'WatchLink')
cd /Users/admin/builder/spi-builder-workspace
write-file /Users/admin/builder/spi-builder-workspace/.derivedData/Build/Intermediates.noindex/WatchLink.build/Debug-xros/WatchLink-t.build/Objects-normal/arm64/WatchLink-OutputFileMap.json
Copy /Users/admin/builder/spi-builder-workspace/.derivedData/Build/Intermediates.noindex/GeneratedModuleMaps-xros/WatchLink.modulemap /Users/admin/builder/spi-builder-workspace/.derivedData/Build/Intermediates.noindex/WatchLink.build/Debug-xros/WatchLink-t.build/WatchLink.modulemap (in target 'WatchLink' from project 'WatchLink')
cd /Users/admin/builder/spi-builder-workspace
builtin-copy -exclude .DS_Store -exclude CVS -exclude .svn -exclude .git -exclude .hg -resolve-src-symlinks /Users/admin/builder/spi-builder-workspace/.derivedData/Build/Intermediates.noindex/WatchLink.build/Debug-xros/WatchLink-t.build/WatchLink.modulemap /Users/admin/builder/spi-builder-workspace/.derivedData/Build/Intermediates.noindex/GeneratedModuleMaps-xros
SwiftDriver WatchLinkCore normal arm64 com.apple.xcode.tools.swift.compiler (in target 'WatchLinkCore' from project 'WatchLink')
cd /Users/admin/builder/spi-builder-workspace/.swiftpm/xcode
builtin-SwiftDriver -- /Applications/Xcode-27.0.0-Release.Candidate.app/Contents/Developer/Toolchains/XcodeDefault.xctoolchain/usr/bin/swiftc -parse-as-library -module-name WatchLinkCore -Onone @/Users/admin/builder/spi-builder-workspace/.derivedData/Build/Intermediates.noindex/WatchLink.build/Debug-xros/WatchLinkCore-t.build/Objects-normal/arm64/WatchLinkCore.SwiftFileList -DSWIFT_PACKAGE -DDEBUG -DSWIFT_MODULE_RESOURCE_BUNDLE_UNAVAILABLE -DXcode -plugin-path /Applications/Xcode-27.0.0-Release.Candidate.app/Contents/Developer/Toolchains/XcodeDefault.xctoolchain/usr/lib/swift/host/plugins/testing -enable-experimental-feature DebugDescriptionMacro -sdk /Applications/Xcode-27.0.0-Release.Candidate.app/Contents/Developer/Platforms/XROS.platform/Developer/SDKs/XROS27.0.sdk -target arm64-apple-xros1.0 -g -module-cache-path /Users/admin/builder/spi-builder-workspace/.derivedData/ModuleCache.noindex -Xfrontend -serialize-debugging-options -profile-coverage-mapping -profile-generate -enable-testing -index-store-path /Users/admin/builder/spi-builder-workspace/.derivedData/Index.noindex/DataStore -Xcc -D_LIBCPP_HARDENING_MODE\=_LIBCPP_HARDENING_MODE_DEBUG -swift-version 6 -I /Users/admin/builder/spi-builder-workspace/.derivedData/Build/Products/Debug-xros -Isystem /Applications/Xcode-27.0.0-Release.Candidate.app/Contents/Developer/Platforms/XROS.platform/Developer/usr/lib -F /Users/admin/builder/spi-builder-workspace/.derivedData/Build/Products/Debug-xros -F /Applications/Xcode-27.0.0-Release.Candidate.app/Contents/Developer/Platforms/XROS.platform/Developer/Library/Frameworks -F /Applications/Xcode-27.0.0-Release.Candidate.app/Contents/Developer/Platforms/XROS.platform/Developer/SDKs/XROS27.0.sdk/Developer/Library/Frameworks -c -j10 -enable-batch-mode -incremental -Xcc -ivfsstatcache -Xcc /Users/admin/builder/spi-builder-workspace/.derivedData/SDKStatCaches.noindex/xros27.0-24M361-e829b21a6f8c9b70876ba0858053c044735bd543db762f57723cac368afd1ce4.sdkstatcache -output-file-map /Users/admin/builder/spi-builder-workspace/.derivedData/Build/Intermediates.noindex/WatchLink.build/Debug-xros/WatchLinkCore-t.build/Objects-normal/arm64/WatchLinkCore-OutputFileMap.json -save-temps -no-color-diagnostics -explicit-module-build -module-cache-path /Users/admin/builder/spi-builder-workspace/.derivedData/Build/Intermediates.noindex/SwiftExplicitPrecompiledModules -clang-scanner-module-cache-path /Users/admin/builder/spi-builder-workspace/.derivedData/ModuleCache.noindex -sdk-module-cache-path /Users/admin/builder/spi-builder-workspace/.derivedData/SDKExplicitPrecompiledModules -emit-dependencies -emit-module -emit-module-path /Users/admin/builder/spi-builder-workspace/.derivedData/Build/Intermediates.noindex/WatchLink.build/Debug-xros/WatchLinkCore-t.build/Objects-normal/arm64/WatchLinkCore.swiftmodule -serialize-diagnostics -dependency-scan-serialize-diagnostics-path /Users/admin/builder/spi-builder-workspace/.derivedData/Build/Intermediates.noindex/WatchLink.build/Debug-xros/WatchLinkCore-t.build/Objects-normal/arm64/WatchLinkCore-dependency-scan.dia -validate-clang-modules-once -clang-build-session-file /Users/admin/builder/spi-builder-workspace/.derivedData/ModuleCache.noindex/Session.modulevalidation -Xcc -fmodules-prune-interval\=86400 -Xcc -fmodules-prune-after\=345600 -package-name spi_builder_workspace -emit-const-values -const-gather-protocols-list /Users/admin/builder/spi-builder-workspace/.derivedData/Build/Intermediates.noindex/WatchLink.build/Debug-xros/WatchLinkCore-t.build/Objects-normal/arm64/WatchLinkCore_const_extract_protocols.json -Xcc -I/Users/admin/builder/spi-builder-workspace/.derivedData/Build/Products/Debug-xros/include -Xcc -I/Users/admin/builder/spi-builder-workspace/.derivedData/Build/Intermediates.noindex/WatchLink.build/Debug-xros/WatchLinkCore-t.build/DerivedSources-normal/arm64 -Xcc -I/Users/admin/builder/spi-builder-workspace/.derivedData/Build/Intermediates.noindex/WatchLink.build/Debug-xros/WatchLinkCore-t.build/DerivedSources/arm64 -Xcc -I/Users/admin/builder/spi-builder-workspace/.derivedData/Build/Intermediates.noindex/WatchLink.build/Debug-xros/WatchLinkCore-t.build/DerivedSources -Xcc -DSWIFT_PACKAGE -Xcc -DDEBUG\=1 -emit-objc-header -emit-objc-header-path /Users/admin/builder/spi-builder-workspace/.derivedData/Build/Intermediates.noindex/WatchLink.build/Debug-xros/WatchLinkCore-t.build/Objects-normal/arm64/WatchLinkCore-Swift.h -working-directory /Users/admin/builder/spi-builder-workspace/.swiftpm/xcode -experimental-emit-module-separately -disable-cmo
SwiftExplicitDependencyGeneratePcm arm64 /Users/admin/builder/spi-builder-workspace/.derivedData/SDKExplicitPrecompiledModules/_Builtin_stddef-2IE0R9M96I5XG0WY72N2UIQ8V.pcm
SwiftExplicitDependencyGeneratePcm arm64 /Users/admin/builder/spi-builder-workspace/.derivedData/SDKExplicitPrecompiledModules/_SwiftConcurrencyShims-9H7TQT237JM0VTD7TXCR6CNM9.pcm
SwiftExplicitDependencyGeneratePcm arm64 /Users/admin/builder/spi-builder-workspace/.derivedData/SDKExplicitPrecompiledModules/ptrcheck-98Y8DWD0HPCMRMDFKAEZCA81O.pcm
SwiftExplicitDependencyGeneratePcm arm64 /Users/admin/builder/spi-builder-workspace/.derivedData/SDKExplicitPrecompiledModules/_Builtin_float-1J8SO31WACP82RKV0LOTRKG39.pcm
SwiftExplicitDependencyGeneratePcm arm64 /Users/admin/builder/spi-builder-workspace/.derivedData/SDKExplicitPrecompiledModules/_Builtin_stdbool-1Q6BTYNEVHC9M74WL5O5GJ1ZM.pcm
SwiftExplicitDependencyGeneratePcm arm64 /Users/admin/builder/spi-builder-workspace/.derivedData/SDKExplicitPrecompiledModules/ptrauth-9Q1PN7OTQZN7B0Z9D7V7Q8UB1.pcm
SwiftExplicitDependencyGeneratePcm arm64 /Users/admin/builder/spi-builder-workspace/.derivedData/SDKExplicitPrecompiledModules/SwiftShims-2HAZ94YF1BA79JLFTAIV7APMW.pcm
SwiftExplicitDependencyGeneratePcm arm64 /Users/admin/builder/spi-builder-workspace/.derivedData/SDKExplicitPrecompiledModules/_Builtin_stdarg-62NPPE4D8O3BNLU35D74TGLVQ.pcm
SwiftExplicitDependencyGeneratePcm arm64 /Users/admin/builder/spi-builder-workspace/.derivedData/SDKExplicitPrecompiledModules/_AvailabilityInternal-6BH9T8OE123ARKKFOJFR111NS.pcm
SwiftExplicitDependencyGeneratePcm arm64 /Users/admin/builder/spi-builder-workspace/.derivedData/SDKExplicitPrecompiledModules/_DarwinFoundation1-AVZIQZ8HOAUXTT5CXVE5TNG7E.pcm
SwiftExplicitDependencyGeneratePcm arm64 /Users/admin/builder/spi-builder-workspace/.derivedData/SDKExplicitPrecompiledModules/_Builtin_limits-599EXAY0E7DPK78D1JASUXYCQ.pcm
SwiftExplicitDependencyGeneratePcm arm64 /Users/admin/builder/spi-builder-workspace/.derivedData/SDKExplicitPrecompiledModules/_DarwinFoundation2-E0NXA4K8N3W3XTJG0EDH15WR2.pcm
SwiftExplicitDependencyGeneratePcm arm64 /Users/admin/builder/spi-builder-workspace/.derivedData/SDKExplicitPrecompiledModules/_Builtin_stdint-F1DLW8WMMSOC414RWOQWK8OS8.pcm
SwiftExplicitDependencyGeneratePcm arm64 /Users/admin/builder/spi-builder-workspace/.derivedData/SDKExplicitPrecompiledModules/sys_types-A3BBS6FJZK4C974FRQ5ZCTND7.pcm
SwiftExplicitDependencyGeneratePcm arm64 /Users/admin/builder/spi-builder-workspace/.derivedData/SDKExplicitPrecompiledModules/string_h-BGPLTZ4H9HACR813QKF6VS72D.pcm
SwiftExplicitDependencyGeneratePcm arm64 /Users/admin/builder/spi-builder-workspace/.derivedData/SDKExplicitPrecompiledModules/_Builtin_stdatomic-158FFQF46AB7DZCSEC3RCRTFC.pcm
SwiftExplicitDependencyGeneratePcm arm64 /Users/admin/builder/spi-builder-workspace/.derivedData/SDKExplicitPrecompiledModules/_DarwinFoundation3-C1P0SZMW1CBYZ1956G2WPAGVQ.pcm
SwiftExplicitDependencyGeneratePcm arm64 /Users/admin/builder/spi-builder-workspace/.derivedData/SDKExplicitPrecompiledModules/_Builtin_inttypes-9DU9NJC5HKVLIXJ97CZROETBU.pcm
SwiftExplicitDependencyGeneratePcm arm64 /Users/admin/builder/spi-builder-workspace/.derivedData/SDKExplicitPrecompiledModules/Darwin-ET1KOXI5QIB2QZ81K0LJ5SCNP.pcm
SwiftExplicitDependencyGeneratePcm arm64 /Users/admin/builder/spi-builder-workspace/.derivedData/SDKExplicitPrecompiledModules/ObjectiveC-7UYOWV2RO2CMEGURP3Y7WLPAT.pcm
SwiftExplicitDependencyGeneratePcm arm64 /Users/admin/builder/spi-builder-workspace/.derivedData/SDKExplicitPrecompiledModules/MachO-6F2CAO15JWU9TP0S5ZC6PL9IB.pcm
SwiftExplicitDependencyGeneratePcm arm64 /Users/admin/builder/spi-builder-workspace/.derivedData/SDKExplicitPrecompiledModules/os_object-A49MUZWNB60JKCX0NMFXESEZD.pcm
SwiftExplicitDependencyGeneratePcm arm64 /Users/admin/builder/spi-builder-workspace/.derivedData/SDKExplicitPrecompiledModules/os_workgroup-1J3Q9ELSMX5271913GPIT75QV.pcm
SwiftExplicitDependencyGeneratePcm arm64 /Users/admin/builder/spi-builder-workspace/.derivedData/SDKExplicitPrecompiledModules/Dispatch-7TDXDXPVVCZ0IQLPT2W4Z1AW3.pcm
SwiftExplicitDependencyGeneratePcm arm64 /Users/admin/builder/spi-builder-workspace/.derivedData/SDKExplicitPrecompiledModules/XPC-1U8J3QOEPI1JREQTBJYCK4Z2Z.pcm
SwiftExplicitDependencyGeneratePcm arm64 /Users/admin/builder/spi-builder-workspace/.derivedData/SDKExplicitPrecompiledModules/CoreFoundation-5D49BF05JAG3T79HLXZS0QOEB.pcm
SwiftExplicitDependencyGeneratePcm arm64 /Users/admin/builder/spi-builder-workspace/.derivedData/SDKExplicitPrecompiledModules/os-7D3ZMGEZW9BBPJG5AFYWTJQLV.pcm
SwiftExplicitDependencyGeneratePcm arm64 /Users/admin/builder/spi-builder-workspace/.derivedData/SDKExplicitPrecompiledModules/Security-4BDO3J0PXFNR7ZRKSDSXCO6IM.pcm
SwiftExplicitDependencyGeneratePcm arm64 /Users/admin/builder/spi-builder-workspace/.derivedData/SDKExplicitPrecompiledModules/CFNetwork-8XNJAT23SK5D0OET9NV9X387I.pcm
SwiftExplicitDependencyGeneratePcm arm64 /Users/admin/builder/spi-builder-workspace/.derivedData/SDKExplicitPrecompiledModules/Foundation-48S9SVOOX01R4NP8KF0LJG57Z.pcm
SwiftEmitModule normal arm64 Emitting\ module\ for\ WatchLinkCore (in target 'WatchLinkCore' from project 'WatchLink')
SwiftCompile normal arm64 (in target 'WatchLinkCore' from project 'WatchLink')
cd /Users/admin/builder/spi-builder-workspace/.swiftpm/xcode
SwiftCompile normal arm64 Compiling\ WatchLinkError.swift,\ WatchLinkMessage.swift /Users/admin/builder/spi-builder-workspace/Sources/WatchLinkCore/WatchLinkError.swift /Users/admin/builder/spi-builder-workspace/Sources/WatchLinkCore/WatchLinkMessage.swift (in target 'WatchLinkCore' from project 'WatchLink')
SwiftCompile normal arm64 /Users/admin/builder/spi-builder-workspace/Sources/WatchLinkCore/WatchLinkError.swift (in target 'WatchLinkCore' from project 'WatchLink')
cd /Users/admin/builder/spi-builder-workspace/.swiftpm/xcode
builtin-SwiftPerFileCompile WatchLinkError.swift
SwiftCompile normal arm64 /Users/admin/builder/spi-builder-workspace/Sources/WatchLinkCore/WatchLinkMessage.swift (in target 'WatchLinkCore' from project 'WatchLink')
cd /Users/admin/builder/spi-builder-workspace/.swiftpm/xcode
builtin-SwiftPerFileCompile WatchLinkMessage.swift
SwiftCompile normal arm64 Compiling\ URLSessionProtocol.swift,\ WCSessionProtocol.swift /Users/admin/builder/spi-builder-workspace/Sources/WatchLinkCore/URLSessionProtocol.swift /Users/admin/builder/spi-builder-workspace/Sources/WatchLinkCore/WCSessionProtocol.swift (in target 'WatchLinkCore' from project 'WatchLink')
SwiftCompile normal arm64 /Users/admin/builder/spi-builder-workspace/Sources/WatchLinkCore/URLSessionProtocol.swift (in target 'WatchLinkCore' from project 'WatchLink')
cd /Users/admin/builder/spi-builder-workspace/.swiftpm/xcode
builtin-SwiftPerFileCompile URLSessionProtocol.swift
SwiftCompile normal arm64 /Users/admin/builder/spi-builder-workspace/Sources/WatchLinkCore/WCSessionProtocol.swift (in target 'WatchLinkCore' from project 'WatchLink')
cd /Users/admin/builder/spi-builder-workspace/.swiftpm/xcode
builtin-SwiftPerFileCompile WCSessionProtocol.swift
SwiftCompile normal arm64 Compiling\ WatchLinkActor.swift,\ WatchLinkConfiguration.swift /Users/admin/builder/spi-builder-workspace/Sources/WatchLinkCore/WatchLinkActor.swift /Users/admin/builder/spi-builder-workspace/Sources/WatchLinkCore/WatchLinkConfiguration.swift (in target 'WatchLinkCore' from project 'WatchLink')
SwiftCompile normal arm64 /Users/admin/builder/spi-builder-workspace/Sources/WatchLinkCore/WatchLinkActor.swift (in target 'WatchLinkCore' from project 'WatchLink')
cd /Users/admin/builder/spi-builder-workspace/.swiftpm/xcode
builtin-SwiftPerFileCompile WatchLinkActor.swift
SwiftCompile normal arm64 /Users/admin/builder/spi-builder-workspace/Sources/WatchLinkCore/WatchLinkConfiguration.swift (in target 'WatchLinkCore' from project 'WatchLink')
cd /Users/admin/builder/spi-builder-workspace/.swiftpm/xcode
builtin-SwiftPerFileCompile WatchLinkConfiguration.swift
SwiftCompile normal arm64 Compiling\ LogLevel.swift,\ Logger.swift,\ PingAction.swift /Users/admin/builder/spi-builder-workspace/Sources/WatchLinkCore/LogLevel.swift /Users/admin/builder/spi-builder-workspace/Sources/WatchLinkCore/Logger.swift /Users/admin/builder/spi-builder-workspace/Sources/WatchLinkCore/PingAction.swift (in target 'WatchLinkCore' from project 'WatchLink')
SwiftCompile normal arm64 /Users/admin/builder/spi-builder-workspace/Sources/WatchLinkCore/LogLevel.swift (in target 'WatchLinkCore' from project 'WatchLink')
cd /Users/admin/builder/spi-builder-workspace/.swiftpm/xcode
builtin-SwiftPerFileCompile LogLevel.swift
SwiftCompile normal arm64 /Users/admin/builder/spi-builder-workspace/Sources/WatchLinkCore/Logger.swift (in target 'WatchLinkCore' from project 'WatchLink')
cd /Users/admin/builder/spi-builder-workspace/.swiftpm/xcode
builtin-SwiftPerFileCompile Logger.swift
SwiftCompile normal arm64 /Users/admin/builder/spi-builder-workspace/Sources/WatchLinkCore/PingAction.swift (in target 'WatchLinkCore' from project 'WatchLink')
cd /Users/admin/builder/spi-builder-workspace/.swiftpm/xcode
builtin-SwiftPerFileCompile PingAction.swift
SwiftCompile normal arm64 Compiling\ Frame.swift,\ HTTPMethod.swift,\ HTTPRoute.swift /Users/admin/builder/spi-builder-workspace/Sources/WatchLinkCore/Frame.swift /Users/admin/builder/spi-builder-workspace/Sources/WatchLinkCore/HTTPMethod.swift /Users/admin/builder/spi-builder-workspace/Sources/WatchLinkCore/HTTPRoute.swift (in target 'WatchLinkCore' from project 'WatchLink')
SwiftCompile normal arm64 /Users/admin/builder/spi-builder-workspace/Sources/WatchLinkCore/Frame.swift (in target 'WatchLinkCore' from project 'WatchLink')
cd /Users/admin/builder/spi-builder-workspace/.swiftpm/xcode
builtin-SwiftPerFileCompile Frame.swift
SwiftCompile normal arm64 /Users/admin/builder/spi-builder-workspace/Sources/WatchLinkCore/HTTPMethod.swift (in target 'WatchLinkCore' from project 'WatchLink')
cd /Users/admin/builder/spi-builder-workspace/.swiftpm/xcode
builtin-SwiftPerFileCompile HTTPMethod.swift
SwiftCompile normal arm64 /Users/admin/builder/spi-builder-workspace/Sources/WatchLinkCore/HTTPRoute.swift (in target 'WatchLinkCore' from project 'WatchLink')
cd /Users/admin/builder/spi-builder-workspace/.swiftpm/xcode
builtin-SwiftPerFileCompile HTTPRoute.swift
SwiftCompile normal arm64 Compiling\ ControlFrame.swift,\ Diagnostics.swift,\ Duration.swift /Users/admin/builder/spi-builder-workspace/Sources/WatchLinkCore/ControlFrame.swift /Users/admin/builder/spi-builder-workspace/Sources/WatchLinkCore/Diagnostics.swift /Users/admin/builder/spi-builder-workspace/Sources/WatchLinkCore/Duration.swift (in target 'WatchLinkCore' from project 'WatchLink')
SwiftCompile normal arm64 /Users/admin/builder/spi-builder-workspace/Sources/WatchLinkCore/ControlFrame.swift (in target 'WatchLinkCore' from project 'WatchLink')
cd /Users/admin/builder/spi-builder-workspace/.swiftpm/xcode
builtin-SwiftPerFileCompile ControlFrame.swift
SwiftCompile normal arm64 /Users/admin/builder/spi-builder-workspace/Sources/WatchLinkCore/Diagnostics.swift (in target 'WatchLinkCore' from project 'WatchLink')
cd /Users/admin/builder/spi-builder-workspace/.swiftpm/xcode
builtin-SwiftPerFileCompile Diagnostics.swift
SwiftCompile normal arm64 /Users/admin/builder/spi-builder-workspace/Sources/WatchLinkCore/Duration.swift (in target 'WatchLinkCore' from project 'WatchLink')
cd /Users/admin/builder/spi-builder-workspace/.swiftpm/xcode
builtin-SwiftPerFileCompile Duration.swift
SwiftCompile normal arm64 Compiling\ PingResult.swift,\ PingStateMachine.swift,\ ReceivedMessage.swift /Users/admin/builder/spi-builder-workspace/Sources/WatchLinkCore/PingResult.swift /Users/admin/builder/spi-builder-workspace/Sources/WatchLinkCore/PingStateMachine.swift /Users/admin/builder/spi-builder-workspace/Sources/WatchLinkCore/ReceivedMessage.swift (in target 'WatchLinkCore' from project 'WatchLink')
SwiftCompile normal arm64 /Users/admin/builder/spi-builder-workspace/Sources/WatchLinkCore/PingResult.swift (in target 'WatchLinkCore' from project 'WatchLink')
cd /Users/admin/builder/spi-builder-workspace/.swiftpm/xcode
builtin-SwiftPerFileCompile PingResult.swift
SwiftCompile normal arm64 /Users/admin/builder/spi-builder-workspace/Sources/WatchLinkCore/PingStateMachine.swift (in target 'WatchLinkCore' from project 'WatchLink')
cd /Users/admin/builder/spi-builder-workspace/.swiftpm/xcode
builtin-SwiftPerFileCompile PingStateMachine.swift
SwiftCompile normal arm64 /Users/admin/builder/spi-builder-workspace/Sources/WatchLinkCore/ReceivedMessage.swift (in target 'WatchLinkCore' from project 'WatchLink')
cd /Users/admin/builder/spi-builder-workspace/.swiftpm/xcode
builtin-SwiftPerFileCompile ReceivedMessage.swift
SwiftCompile normal arm64 Compiling\ AnyClock.swift,\ Channel.swift,\ ConnectionState.swift /Users/admin/builder/spi-builder-workspace/Sources/WatchLinkCore/AnyClock.swift /Users/admin/builder/spi-builder-workspace/Sources/WatchLinkCore/Channel.swift /Users/admin/builder/spi-builder-workspace/Sources/WatchLinkCore/ConnectionState.swift (in target 'WatchLinkCore' from project 'WatchLink')
SwiftCompile normal arm64 /Users/admin/builder/spi-builder-workspace/Sources/WatchLinkCore/AnyClock.swift (in target 'WatchLinkCore' from project 'WatchLink')
cd /Users/admin/builder/spi-builder-workspace/.swiftpm/xcode
builtin-SwiftPerFileCompile AnyClock.swift
SwiftCompile normal arm64 /Users/admin/builder/spi-builder-workspace/Sources/WatchLinkCore/Channel.swift (in target 'WatchLinkCore' from project 'WatchLink')
cd /Users/admin/builder/spi-builder-workspace/.swiftpm/xcode
builtin-SwiftPerFileCompile Channel.swift
SwiftCompile normal arm64 /Users/admin/builder/spi-builder-workspace/Sources/WatchLinkCore/ConnectionState.swift (in target 'WatchLinkCore' from project 'WatchLink')
cd /Users/admin/builder/spi-builder-workspace/.swiftpm/xcode
builtin-SwiftPerFileCompile ConnectionState.swift
SwiftCompile normal arm64 Compiling\ SafeContinuation.swift,\ Transport.swift,\ TransportCoordinator.swift /Users/admin/builder/spi-builder-workspace/Sources/WatchLinkCore/SafeContinuation.swift /Users/admin/builder/spi-builder-workspace/Sources/WatchLinkCore/Transport.swift /Users/admin/builder/spi-builder-workspace/Sources/WatchLinkCore/TransportCoordinator.swift (in target 'WatchLinkCore' from project 'WatchLink')
SwiftCompile normal arm64 /Users/admin/builder/spi-builder-workspace/Sources/WatchLinkCore/SafeContinuation.swift (in target 'WatchLinkCore' from project 'WatchLink')
cd /Users/admin/builder/spi-builder-workspace/.swiftpm/xcode
builtin-SwiftPerFileCompile SafeContinuation.swift
SwiftCompile normal arm64 /Users/admin/builder/spi-builder-workspace/Sources/WatchLinkCore/Transport.swift (in target 'WatchLinkCore' from project 'WatchLink')
cd /Users/admin/builder/spi-builder-workspace/.swiftpm/xcode
builtin-SwiftPerFileCompile Transport.swift
SwiftCompile normal arm64 /Users/admin/builder/spi-builder-workspace/Sources/WatchLinkCore/TransportCoordinator.swift (in target 'WatchLinkCore' from project 'WatchLink')
cd /Users/admin/builder/spi-builder-workspace/.swiftpm/xcode
builtin-SwiftPerFileCompile TransportCoordinator.swift
SwiftCompile normal arm64 Compiling\ IncomingMessage.swift,\ Instant.swift,\ JitteredBackoff.swift /Users/admin/builder/spi-builder-workspace/Sources/WatchLinkCore/IncomingMessage.swift /Users/admin/builder/spi-builder-workspace/Sources/WatchLinkCore/Instant.swift /Users/admin/builder/spi-builder-workspace/Sources/WatchLinkCore/JitteredBackoff.swift (in target 'WatchLinkCore' from project 'WatchLink')
SwiftCompile normal arm64 /Users/admin/builder/spi-builder-workspace/Sources/WatchLinkCore/IncomingMessage.swift (in target 'WatchLinkCore' from project 'WatchLink')
cd /Users/admin/builder/spi-builder-workspace/.swiftpm/xcode
builtin-SwiftPerFileCompile IncomingMessage.swift
SwiftCompile normal arm64 /Users/admin/builder/spi-builder-workspace/Sources/WatchLinkCore/Instant.swift (in target 'WatchLinkCore' from project 'WatchLink')
cd /Users/admin/builder/spi-builder-workspace/.swiftpm/xcode
builtin-SwiftPerFileCompile Instant.swift
SwiftCompile normal arm64 /Users/admin/builder/spi-builder-workspace/Sources/WatchLinkCore/JitteredBackoff.swift (in target 'WatchLinkCore' from project 'WatchLink')
cd /Users/admin/builder/spi-builder-workspace/.swiftpm/xcode
builtin-SwiftPerFileCompile JitteredBackoff.swift
SwiftDriverJobDiscovery normal arm64 Emitting module for WatchLinkCore (in target 'WatchLinkCore' from project 'WatchLink')
SwiftDriver\ Compilation\ Requirements WatchLinkCore normal arm64 com.apple.xcode.tools.swift.compiler (in target 'WatchLinkCore' from project 'WatchLink')
cd /Users/admin/builder/spi-builder-workspace/.swiftpm/xcode
builtin-Swift-Compilation-Requirements -- /Applications/Xcode-27.0.0-Release.Candidate.app/Contents/Developer/Toolchains/XcodeDefault.xctoolchain/usr/bin/swiftc -parse-as-library -module-name WatchLinkCore -Onone @/Users/admin/builder/spi-builder-workspace/.derivedData/Build/Intermediates.noindex/WatchLink.build/Debug-xros/WatchLinkCore-t.build/Objects-normal/arm64/WatchLinkCore.SwiftFileList -DSWIFT_PACKAGE -DDEBUG -DSWIFT_MODULE_RESOURCE_BUNDLE_UNAVAILABLE -DXcode -plugin-path /Applications/Xcode-27.0.0-Release.Candidate.app/Contents/Developer/Toolchains/XcodeDefault.xctoolchain/usr/lib/swift/host/plugins/testing -enable-experimental-feature DebugDescriptionMacro -sdk /Applications/Xcode-27.0.0-Release.Candidate.app/Contents/Developer/Platforms/XROS.platform/Developer/SDKs/XROS27.0.sdk -target arm64-apple-xros1.0 -g -module-cache-path /Users/admin/builder/spi-builder-workspace/.derivedData/ModuleCache.noindex -Xfrontend -serialize-debugging-options -profile-coverage-mapping -profile-generate -enable-testing -index-store-path /Users/admin/builder/spi-builder-workspace/.derivedData/Index.noindex/DataStore -Xcc -D_LIBCPP_HARDENING_MODE\=_LIBCPP_HARDENING_MODE_DEBUG -swift-version 6 -I /Users/admin/builder/spi-builder-workspace/.derivedData/Build/Products/Debug-xros -Isystem /Applications/Xcode-27.0.0-Release.Candidate.app/Contents/Developer/Platforms/XROS.platform/Developer/usr/lib -F /Users/admin/builder/spi-builder-workspace/.derivedData/Build/Products/Debug-xros -F /Applications/Xcode-27.0.0-Release.Candidate.app/Contents/Developer/Platforms/XROS.platform/Developer/Library/Frameworks -F /Applications/Xcode-27.0.0-Release.Candidate.app/Contents/Developer/Platforms/XROS.platform/Developer/SDKs/XROS27.0.sdk/Developer/Library/Frameworks -c -j10 -enable-batch-mode -incremental -Xcc -ivfsstatcache -Xcc /Users/admin/builder/spi-builder-workspace/.derivedData/SDKStatCaches.noindex/xros27.0-24M361-e829b21a6f8c9b70876ba0858053c044735bd543db762f57723cac368afd1ce4.sdkstatcache -output-file-map /Users/admin/builder/spi-builder-workspace/.derivedData/Build/Intermediates.noindex/WatchLink.build/Debug-xros/WatchLinkCore-t.build/Objects-normal/arm64/WatchLinkCore-OutputFileMap.json -save-temps -no-color-diagnostics -explicit-module-build -module-cache-path /Users/admin/builder/spi-builder-workspace/.derivedData/Build/Intermediates.noindex/SwiftExplicitPrecompiledModules -clang-scanner-module-cache-path /Users/admin/builder/spi-builder-workspace/.derivedData/ModuleCache.noindex -sdk-module-cache-path /Users/admin/builder/spi-builder-workspace/.derivedData/SDKExplicitPrecompiledModules -emit-dependencies -emit-module -emit-module-path /Users/admin/builder/spi-builder-workspace/.derivedData/Build/Intermediates.noindex/WatchLink.build/Debug-xros/WatchLinkCore-t.build/Objects-normal/arm64/WatchLinkCore.swiftmodule -serialize-diagnostics -dependency-scan-serialize-diagnostics-path /Users/admin/builder/spi-builder-workspace/.derivedData/Build/Intermediates.noindex/WatchLink.build/Debug-xros/WatchLinkCore-t.build/Objects-normal/arm64/WatchLinkCore-dependency-scan.dia -validate-clang-modules-once -clang-build-session-file /Users/admin/builder/spi-builder-workspace/.derivedData/ModuleCache.noindex/Session.modulevalidation -Xcc -fmodules-prune-interval\=86400 -Xcc -fmodules-prune-after\=345600 -package-name spi_builder_workspace -emit-const-values -const-gather-protocols-list /Users/admin/builder/spi-builder-workspace/.derivedData/Build/Intermediates.noindex/WatchLink.build/Debug-xros/WatchLinkCore-t.build/Objects-normal/arm64/WatchLinkCore_const_extract_protocols.json -Xcc -I/Users/admin/builder/spi-builder-workspace/.derivedData/Build/Products/Debug-xros/include -Xcc -I/Users/admin/builder/spi-builder-workspace/.derivedData/Build/Intermediates.noindex/WatchLink.build/Debug-xros/WatchLinkCore-t.build/DerivedSources-normal/arm64 -Xcc -I/Users/admin/builder/spi-builder-workspace/.derivedData/Build/Intermediates.noindex/WatchLink.build/Debug-xros/WatchLinkCore-t.build/DerivedSources/arm64 -Xcc -I/Users/admin/builder/spi-builder-workspace/.derivedData/Build/Intermediates.noindex/WatchLink.build/Debug-xros/WatchLinkCore-t.build/DerivedSources -Xcc -DSWIFT_PACKAGE -Xcc -DDEBUG\=1 -emit-objc-header -emit-objc-header-path /Users/admin/builder/spi-builder-workspace/.derivedData/Build/Intermediates.noindex/WatchLink.build/Debug-xros/WatchLinkCore-t.build/Objects-normal/arm64/WatchLinkCore-Swift.h -working-directory /Users/admin/builder/spi-builder-workspace/.swiftpm/xcode -experimental-emit-module-separately -disable-cmo
SwiftDriverJobDiscovery normal arm64 Compiling WatchLinkError.swift, WatchLinkMessage.swift (in target 'WatchLinkCore' from project 'WatchLink')
SwiftMergeGeneratedHeaders /Users/admin/builder/spi-builder-workspace/.derivedData/Build/Intermediates.noindex/GeneratedModuleMaps-xros/WatchLinkCore-Swift.h /Users/admin/builder/spi-builder-workspace/.derivedData/Build/Intermediates.noindex/WatchLink.build/Debug-xros/WatchLinkCore-t.build/Objects-normal/arm64/WatchLinkCore-Swift.h (in target 'WatchLinkCore' from project 'WatchLink')
cd /Users/admin/builder/spi-builder-workspace
builtin-swiftHeaderTool -arch arm64 /Users/admin/builder/spi-builder-workspace/.derivedData/Build/Intermediates.noindex/WatchLink.build/Debug-xros/WatchLinkCore-t.build/Objects-normal/arm64/WatchLinkCore-Swift.h -o /Users/admin/builder/spi-builder-workspace/.derivedData/Build/Intermediates.noindex/GeneratedModuleMaps-xros/WatchLinkCore-Swift.h
Copy /Users/admin/builder/spi-builder-workspace/.derivedData/Build/Products/Debug-xros/WatchLinkCore.swiftmodule/arm64-apple-xros.swiftmodule /Users/admin/builder/spi-builder-workspace/.derivedData/Build/Intermediates.noindex/WatchLink.build/Debug-xros/WatchLinkCore-t.build/Objects-normal/arm64/WatchLinkCore.swiftmodule (in target 'WatchLinkCore' from project 'WatchLink')
cd /Users/admin/builder/spi-builder-workspace
builtin-copy -exclude .DS_Store -exclude CVS -exclude .svn -exclude .git -exclude .hg -resolve-src-symlinks -rename /Users/admin/builder/spi-builder-workspace/.derivedData/Build/Intermediates.noindex/WatchLink.build/Debug-xros/WatchLinkCore-t.build/Objects-normal/arm64/WatchLinkCore.swiftmodule /Users/admin/builder/spi-builder-workspace/.derivedData/Build/Products/Debug-xros/WatchLinkCore.swiftmodule/arm64-apple-xros.swiftmodule
Copy /Users/admin/builder/spi-builder-workspace/.derivedData/Build/Products/Debug-xros/WatchLinkCore.swiftmodule/arm64-apple-xros.swiftdoc /Users/admin/builder/spi-builder-workspace/.derivedData/Build/Intermediates.noindex/WatchLink.build/Debug-xros/WatchLinkCore-t.build/Objects-normal/arm64/WatchLinkCore.swiftdoc (in target 'WatchLinkCore' from project 'WatchLink')
cd /Users/admin/builder/spi-builder-workspace
builtin-copy -exclude .DS_Store -exclude CVS -exclude .svn -exclude .git -exclude .hg -resolve-src-symlinks -rename /Users/admin/builder/spi-builder-workspace/.derivedData/Build/Intermediates.noindex/WatchLink.build/Debug-xros/WatchLinkCore-t.build/Objects-normal/arm64/WatchLinkCore.swiftdoc /Users/admin/builder/spi-builder-workspace/.derivedData/Build/Products/Debug-xros/WatchLinkCore.swiftmodule/arm64-apple-xros.swiftdoc
Copy /Users/admin/builder/spi-builder-workspace/.derivedData/Build/Products/Debug-xros/WatchLinkCore.swiftmodule/arm64-apple-xros.abi.json /Users/admin/builder/spi-builder-workspace/.derivedData/Build/Intermediates.noindex/WatchLink.build/Debug-xros/WatchLinkCore-t.build/Objects-normal/arm64/WatchLinkCore.abi.json (in target 'WatchLinkCore' from project 'WatchLink')
cd /Users/admin/builder/spi-builder-workspace
builtin-copy -exclude .DS_Store -exclude CVS -exclude .svn -exclude .git -exclude .hg -resolve-src-symlinks -rename /Users/admin/builder/spi-builder-workspace/.derivedData/Build/Intermediates.noindex/WatchLink.build/Debug-xros/WatchLinkCore-t.build/Objects-normal/arm64/WatchLinkCore.abi.json /Users/admin/builder/spi-builder-workspace/.derivedData/Build/Products/Debug-xros/WatchLinkCore.swiftmodule/arm64-apple-xros.abi.json
Copy /Users/admin/builder/spi-builder-workspace/.derivedData/Build/Products/Debug-xros/WatchLinkCore.swiftmodule/Project/arm64-apple-xros.swiftsourceinfo /Users/admin/builder/spi-builder-workspace/.derivedData/Build/Intermediates.noindex/WatchLink.build/Debug-xros/WatchLinkCore-t.build/Objects-normal/arm64/WatchLinkCore.swiftsourceinfo (in target 'WatchLinkCore' from project 'WatchLink')
cd /Users/admin/builder/spi-builder-workspace
builtin-copy -exclude .DS_Store -exclude CVS -exclude .svn -exclude .git -exclude .hg -resolve-src-symlinks -rename /Users/admin/builder/spi-builder-workspace/.derivedData/Build/Intermediates.noindex/WatchLink.build/Debug-xros/WatchLinkCore-t.build/Objects-normal/arm64/WatchLinkCore.swiftsourceinfo /Users/admin/builder/spi-builder-workspace/.derivedData/Build/Products/Debug-xros/WatchLinkCore.swiftmodule/Project/arm64-apple-xros.swiftsourceinfo
SwiftDriver WatchLinkHost normal arm64 com.apple.xcode.tools.swift.compiler (in target 'WatchLinkHost' from project 'WatchLink')
cd /Users/admin/builder/spi-builder-workspace/.swiftpm/xcode
builtin-SwiftDriver -- /Applications/Xcode-27.0.0-Release.Candidate.app/Contents/Developer/Toolchains/XcodeDefault.xctoolchain/usr/bin/swiftc -parse-as-library -module-name WatchLinkHost -Onone @/Users/admin/builder/spi-builder-workspace/.derivedData/Build/Intermediates.noindex/WatchLink.build/Debug-xros/WatchLinkHost-t.build/Objects-normal/arm64/WatchLinkHost.SwiftFileList -DSWIFT_PACKAGE -DDEBUG -DSWIFT_MODULE_RESOURCE_BUNDLE_UNAVAILABLE -DXcode -plugin-path /Applications/Xcode-27.0.0-Release.Candidate.app/Contents/Developer/Toolchains/XcodeDefault.xctoolchain/usr/lib/swift/host/plugins/testing -enable-experimental-feature DebugDescriptionMacro -sdk /Applications/Xcode-27.0.0-Release.Candidate.app/Contents/Developer/Platforms/XROS.platform/Developer/SDKs/XROS27.0.sdk -target arm64-apple-xros1.0 -g -module-cache-path /Users/admin/builder/spi-builder-workspace/.derivedData/ModuleCache.noindex -Xfrontend -serialize-debugging-options -profile-coverage-mapping -profile-generate -enable-testing -index-store-path /Users/admin/builder/spi-builder-workspace/.derivedData/Index.noindex/DataStore -Xcc -D_LIBCPP_HARDENING_MODE\=_LIBCPP_HARDENING_MODE_DEBUG -swift-version 6 -I /Users/admin/builder/spi-builder-workspace/.derivedData/Build/Products/Debug-xros -Isystem /Applications/Xcode-27.0.0-Release.Candidate.app/Contents/Developer/Platforms/XROS.platform/Developer/usr/lib -F /Users/admin/builder/spi-builder-workspace/.derivedData/Build/Products/Debug-xros/PackageFrameworks -F /Users/admin/builder/spi-builder-workspace/.derivedData/Build/Products/Debug-xros -F /Applications/Xcode-27.0.0-Release.Candidate.app/Contents/Developer/Platforms/XROS.platform/Developer/Library/Frameworks -F /Applications/Xcode-27.0.0-Release.Candidate.app/Contents/Developer/Platforms/XROS.platform/Developer/SDKs/XROS27.0.sdk/Developer/Library/Frameworks -c -j10 -enable-batch-mode -incremental -Xcc -ivfsstatcache -Xcc /Users/admin/builder/spi-builder-workspace/.derivedData/SDKStatCaches.noindex/xros27.0-24M361-e829b21a6f8c9b70876ba0858053c044735bd543db762f57723cac368afd1ce4.sdkstatcache -output-file-map /Users/admin/builder/spi-builder-workspace/.derivedData/Build/Intermediates.noindex/WatchLink.build/Debug-xros/WatchLinkHost-t.build/Objects-normal/arm64/WatchLinkHost-OutputFileMap.json -save-temps -no-color-diagnostics -explicit-module-build -module-cache-path /Users/admin/builder/spi-builder-workspace/.derivedData/Build/Intermediates.noindex/SwiftExplicitPrecompiledModules -clang-scanner-module-cache-path /Users/admin/builder/spi-builder-workspace/.derivedData/ModuleCache.noindex -sdk-module-cache-path /Users/admin/builder/spi-builder-workspace/.derivedData/SDKExplicitPrecompiledModules -emit-dependencies -emit-module -emit-module-path /Users/admin/builder/spi-builder-workspace/.derivedData/Build/Intermediates.noindex/WatchLink.build/Debug-xros/WatchLinkHost-t.build/Objects-normal/arm64/WatchLinkHost.swiftmodule -serialize-diagnostics -dependency-scan-serialize-diagnostics-path /Users/admin/builder/spi-builder-workspace/.derivedData/Build/Intermediates.noindex/WatchLink.build/Debug-xros/WatchLinkHost-t.build/Objects-normal/arm64/WatchLinkHost-dependency-scan.dia -validate-clang-modules-once -clang-build-session-file /Users/admin/builder/spi-builder-workspace/.derivedData/ModuleCache.noindex/Session.modulevalidation -Xcc -fmodules-prune-interval\=86400 -Xcc -fmodules-prune-after\=345600 -package-name spi_builder_workspace -emit-const-values -const-gather-protocols-list /Users/admin/builder/spi-builder-workspace/.derivedData/Build/Intermediates.noindex/WatchLink.build/Debug-xros/WatchLinkHost-t.build/Objects-normal/arm64/WatchLinkHost_const_extract_protocols.json -Xcc -I/Users/admin/builder/spi-builder-workspace/.derivedData/Build/Products/Debug-xros/include -Xcc -I/Users/admin/builder/spi-builder-workspace/.derivedData/Build/Intermediates.noindex/WatchLink.build/Debug-xros/WatchLinkHost-t.build/DerivedSources-normal/arm64 -Xcc -I/Users/admin/builder/spi-builder-workspace/.derivedData/Build/Intermediates.noindex/WatchLink.build/Debug-xros/WatchLinkHost-t.build/DerivedSources/arm64 -Xcc -I/Users/admin/builder/spi-builder-workspace/.derivedData/Build/Intermediates.noindex/WatchLink.build/Debug-xros/WatchLinkHost-t.build/DerivedSources -Xcc -DSWIFT_PACKAGE -Xcc -DDEBUG\=1 -emit-objc-header -emit-objc-header-path /Users/admin/builder/spi-builder-workspace/.derivedData/Build/Intermediates.noindex/WatchLink.build/Debug-xros/WatchLinkHost-t.build/Objects-normal/arm64/WatchLinkHost-Swift.h -working-directory /Users/admin/builder/spi-builder-workspace/.swiftpm/xcode -experimental-emit-module-separately -disable-cmo
SwiftEmitModule normal arm64 Emitting\ module\ for\ WatchLinkHost (in target 'WatchLinkHost' from project 'WatchLink')
SwiftCompile normal arm64 (in target 'WatchLinkHost' from project 'WatchLink')
cd /Users/admin/builder/spi-builder-workspace/.swiftpm/xcode
SwiftCompile normal arm64 Compiling\ HTTPServer.swift /Users/admin/builder/spi-builder-workspace/Sources/WatchLinkHost/HTTPServer.swift (in target 'WatchLinkHost' from project 'WatchLink')
SwiftCompile normal arm64 /Users/admin/builder/spi-builder-workspace/Sources/WatchLinkHost/HTTPServer.swift (in target 'WatchLinkHost' from project 'WatchLink')
cd /Users/admin/builder/spi-builder-workspace/.swiftpm/xcode
builtin-SwiftPerFileCompile HTTPServer.swift
SwiftDriverJobDiscovery normal arm64 Emitting module for WatchLinkHost (in target 'WatchLinkHost' from project 'WatchLink')
SwiftDriver\ Compilation\ Requirements WatchLinkHost normal arm64 com.apple.xcode.tools.swift.compiler (in target 'WatchLinkHost' from project 'WatchLink')
cd /Users/admin/builder/spi-builder-workspace/.swiftpm/xcode
builtin-Swift-Compilation-Requirements -- /Applications/Xcode-27.0.0-Release.Candidate.app/Contents/Developer/Toolchains/XcodeDefault.xctoolchain/usr/bin/swiftc -parse-as-library -module-name WatchLinkHost -Onone @/Users/admin/builder/spi-builder-workspace/.derivedData/Build/Intermediates.noindex/WatchLink.build/Debug-xros/WatchLinkHost-t.build/Objects-normal/arm64/WatchLinkHost.SwiftFileList -DSWIFT_PACKAGE -DDEBUG -DSWIFT_MODULE_RESOURCE_BUNDLE_UNAVAILABLE -DXcode -plugin-path /Applications/Xcode-27.0.0-Release.Candidate.app/Contents/Developer/Toolchains/XcodeDefault.xctoolchain/usr/lib/swift/host/plugins/testing -enable-experimental-feature DebugDescriptionMacro -sdk /Applications/Xcode-27.0.0-Release.Candidate.app/Contents/Developer/Platforms/XROS.platform/Developer/SDKs/XROS27.0.sdk -target arm64-apple-xros1.0 -g -module-cache-path /Users/admin/builder/spi-builder-workspace/.derivedData/ModuleCache.noindex -Xfrontend -serialize-debugging-options -profile-coverage-mapping -profile-generate -enable-testing -index-store-path /Users/admin/builder/spi-builder-workspace/.derivedData/Index.noindex/DataStore -Xcc -D_LIBCPP_HARDENING_MODE\=_LIBCPP_HARDENING_MODE_DEBUG -swift-version 6 -I /Users/admin/builder/spi-builder-workspace/.derivedData/Build/Products/Debug-xros -Isystem /Applications/Xcode-27.0.0-Release.Candidate.app/Contents/Developer/Platforms/XROS.platform/Developer/usr/lib -F /Users/admin/builder/spi-builder-workspace/.derivedData/Build/Products/Debug-xros/PackageFrameworks -F /Users/admin/builder/spi-builder-workspace/.derivedData/Build/Products/Debug-xros -F /Applications/Xcode-27.0.0-Release.Candidate.app/Contents/Developer/Platforms/XROS.platform/Developer/Library/Frameworks -F /Applications/Xcode-27.0.0-Release.Candidate.app/Contents/Developer/Platforms/XROS.platform/Developer/SDKs/XROS27.0.sdk/Developer/Library/Frameworks -c -j10 -enable-batch-mode -incremental -Xcc -ivfsstatcache -Xcc /Users/admin/builder/spi-builder-workspace/.derivedData/SDKStatCaches.noindex/xros27.0-24M361-e829b21a6f8c9b70876ba0858053c044735bd543db762f57723cac368afd1ce4.sdkstatcache -output-file-map /Users/admin/builder/spi-builder-workspace/.derivedData/Build/Intermediates.noindex/WatchLink.build/Debug-xros/WatchLinkHost-t.build/Objects-normal/arm64/WatchLinkHost-OutputFileMap.json -save-temps -no-color-diagnostics -explicit-module-build -module-cache-path /Users/admin/builder/spi-builder-workspace/.derivedData/Build/Intermediates.noindex/SwiftExplicitPrecompiledModules -clang-scanner-module-cache-path /Users/admin/builder/spi-builder-workspace/.derivedData/ModuleCache.noindex -sdk-module-cache-path /Users/admin/builder/spi-builder-workspace/.derivedData/SDKExplicitPrecompiledModules -emit-dependencies -emit-module -emit-module-path /Users/admin/builder/spi-builder-workspace/.derivedData/Build/Intermediates.noindex/WatchLink.build/Debug-xros/WatchLinkHost-t.build/Objects-normal/arm64/WatchLinkHost.swiftmodule -serialize-diagnostics -dependency-scan-serialize-diagnostics-path /Users/admin/builder/spi-builder-workspace/.derivedData/Build/Intermediates.noindex/WatchLink.build/Debug-xros/WatchLinkHost-t.build/Objects-normal/arm64/WatchLinkHost-dependency-scan.dia -validate-clang-modules-once -clang-build-session-file /Users/admin/builder/spi-builder-workspace/.derivedData/ModuleCache.noindex/Session.modulevalidation -Xcc -fmodules-prune-interval\=86400 -Xcc -fmodules-prune-after\=345600 -package-name spi_builder_workspace -emit-const-values -const-gather-protocols-list /Users/admin/builder/spi-builder-workspace/.derivedData/Build/Intermediates.noindex/WatchLink.build/Debug-xros/WatchLinkHost-t.build/Objects-normal/arm64/WatchLinkHost_const_extract_protocols.json -Xcc -I/Users/admin/builder/spi-builder-workspace/.derivedData/Build/Products/Debug-xros/include -Xcc -I/Users/admin/builder/spi-builder-workspace/.derivedData/Build/Intermediates.noindex/WatchLink.build/Debug-xros/WatchLinkHost-t.build/DerivedSources-normal/arm64 -Xcc -I/Users/admin/builder/spi-builder-workspace/.derivedData/Build/Intermediates.noindex/WatchLink.build/Debug-xros/WatchLinkHost-t.build/DerivedSources/arm64 -Xcc -I/Users/admin/builder/spi-builder-workspace/.derivedData/Build/Intermediates.noindex/WatchLink.build/Debug-xros/WatchLinkHost-t.build/DerivedSources -Xcc -DSWIFT_PACKAGE -Xcc -DDEBUG\=1 -emit-objc-header -emit-objc-header-path /Users/admin/builder/spi-builder-workspace/.derivedData/Build/Intermediates.noindex/WatchLink.build/Debug-xros/WatchLinkHost-t.build/Objects-normal/arm64/WatchLinkHost-Swift.h -working-directory /Users/admin/builder/spi-builder-workspace/.swiftpm/xcode -experimental-emit-module-separately -disable-cmo
SwiftDriverJobDiscovery normal arm64 Compiling HTTPServer.swift (in target 'WatchLinkHost' from project 'WatchLink')
SwiftCompile normal arm64 Compiling\ BLEAdvertiser.swift /Users/admin/builder/spi-builder-workspace/Sources/WatchLinkHost/BLEAdvertiser.swift (in target 'WatchLinkHost' from project 'WatchLink')
SwiftCompile normal arm64 /Users/admin/builder/spi-builder-workspace/Sources/WatchLinkHost/BLEAdvertiser.swift (in target 'WatchLinkHost' from project 'WatchLink')
cd /Users/admin/builder/spi-builder-workspace/.swiftpm/xcode
builtin-SwiftPerFileCompile BLEAdvertiser.swift
SwiftMergeGeneratedHeaders /Users/admin/builder/spi-builder-workspace/.derivedData/Build/Intermediates.noindex/GeneratedModuleMaps-xros/WatchLinkHost-Swift.h /Users/admin/builder/spi-builder-workspace/.derivedData/Build/Intermediates.noindex/WatchLink.build/Debug-xros/WatchLinkHost-t.build/Objects-normal/arm64/WatchLinkHost-Swift.h (in target 'WatchLinkHost' from project 'WatchLink')
cd /Users/admin/builder/spi-builder-workspace
builtin-swiftHeaderTool -arch arm64 /Users/admin/builder/spi-builder-workspace/.derivedData/Build/Intermediates.noindex/WatchLink.build/Debug-xros/WatchLinkHost-t.build/Objects-normal/arm64/WatchLinkHost-Swift.h -o /Users/admin/builder/spi-builder-workspace/.derivedData/Build/Intermediates.noindex/GeneratedModuleMaps-xros/WatchLinkHost-Swift.h
SwiftDriverJobDiscovery normal arm64 Compiling BLEAdvertiser.swift (in target 'WatchLinkHost' from project 'WatchLink')
Copy /Users/admin/builder/spi-builder-workspace/.derivedData/Build/Products/Debug-xros/WatchLinkHost.swiftmodule/arm64-apple-xros.swiftmodule /Users/admin/builder/spi-builder-workspace/.derivedData/Build/Intermediates.noindex/WatchLink.build/Debug-xros/WatchLinkHost-t.build/Objects-normal/arm64/WatchLinkHost.swiftmodule (in target 'WatchLinkHost' from project 'WatchLink')
cd /Users/admin/builder/spi-builder-workspace
builtin-copy -exclude .DS_Store -exclude CVS -exclude .svn -exclude .git -exclude .hg -resolve-src-symlinks -rename /Users/admin/builder/spi-builder-workspace/.derivedData/Build/Intermediates.noindex/WatchLink.build/Debug-xros/WatchLinkHost-t.build/Objects-normal/arm64/WatchLinkHost.swiftmodule /Users/admin/builder/spi-builder-workspace/.derivedData/Build/Products/Debug-xros/WatchLinkHost.swiftmodule/arm64-apple-xros.swiftmodule
Copy /Users/admin/builder/spi-builder-workspace/.derivedData/Build/Products/Debug-xros/WatchLinkHost.swiftmodule/arm64-apple-xros.swiftdoc /Users/admin/builder/spi-builder-workspace/.derivedData/Build/Intermediates.noindex/WatchLink.build/Debug-xros/WatchLinkHost-t.build/Objects-normal/arm64/WatchLinkHost.swiftdoc (in target 'WatchLinkHost' from project 'WatchLink')
cd /Users/admin/builder/spi-builder-workspace
builtin-copy -exclude .DS_Store -exclude CVS -exclude .svn -exclude .git -exclude .hg -resolve-src-symlinks -rename /Users/admin/builder/spi-builder-workspace/.derivedData/Build/Intermediates.noindex/WatchLink.build/Debug-xros/WatchLinkHost-t.build/Objects-normal/arm64/WatchLinkHost.swiftdoc /Users/admin/builder/spi-builder-workspace/.derivedData/Build/Products/Debug-xros/WatchLinkHost.swiftmodule/arm64-apple-xros.swiftdoc
Copy /Users/admin/builder/spi-builder-workspace/.derivedData/Build/Products/Debug-xros/WatchLinkHost.swiftmodule/arm64-apple-xros.abi.json /Users/admin/builder/spi-builder-workspace/.derivedData/Build/Intermediates.noindex/WatchLink.build/Debug-xros/WatchLinkHost-t.build/Objects-normal/arm64/WatchLinkHost.abi.json (in target 'WatchLinkHost' from project 'WatchLink')
cd /Users/admin/builder/spi-builder-workspace
builtin-copy -exclude .DS_Store -exclude CVS -exclude .svn -exclude .git -exclude .hg -resolve-src-symlinks -rename /Users/admin/builder/spi-builder-workspace/.derivedData/Build/Intermediates.noindex/WatchLink.build/Debug-xros/WatchLinkHost-t.build/Objects-normal/arm64/WatchLinkHost.abi.json /Users/admin/builder/spi-builder-workspace/.derivedData/Build/Products/Debug-xros/WatchLinkHost.swiftmodule/arm64-apple-xros.abi.json
Copy /Users/admin/builder/spi-builder-workspace/.derivedData/Build/Products/Debug-xros/WatchLinkHost.swiftmodule/Project/arm64-apple-xros.swiftsourceinfo /Users/admin/builder/spi-builder-workspace/.derivedData/Build/Intermediates.noindex/WatchLink.build/Debug-xros/WatchLinkHost-t.build/Objects-normal/arm64/WatchLinkHost.swiftsourceinfo (in target 'WatchLinkHost' from project 'WatchLink')
cd /Users/admin/builder/spi-builder-workspace
builtin-copy -exclude .DS_Store -exclude CVS -exclude .svn -exclude .git -exclude .hg -resolve-src-symlinks -rename /Users/admin/builder/spi-builder-workspace/.derivedData/Build/Intermediates.noindex/WatchLink.build/Debug-xros/WatchLinkHost-t.build/Objects-normal/arm64/WatchLinkHost.swiftsourceinfo /Users/admin/builder/spi-builder-workspace/.derivedData/Build/Products/Debug-xros/WatchLinkHost.swiftmodule/Project/arm64-apple-xros.swiftsourceinfo
SwiftCompile normal arm64 Compiling\ NetworkUtils.swift /Users/admin/builder/spi-builder-workspace/Sources/WatchLinkHost/NetworkUtils.swift (in target 'WatchLinkHost' from project 'WatchLink')
SwiftCompile normal arm64 /Users/admin/builder/spi-builder-workspace/Sources/WatchLinkHost/NetworkUtils.swift (in target 'WatchLinkHost' from project 'WatchLink')
cd /Users/admin/builder/spi-builder-workspace/.swiftpm/xcode
builtin-SwiftPerFileCompile NetworkUtils.swift
SwiftDriverJobDiscovery normal arm64 Compiling NetworkUtils.swift (in target 'WatchLinkHost' from project 'WatchLink')
SwiftCompile normal arm64 Compiling\ HTTPRequestRouter.swift /Users/admin/builder/spi-builder-workspace/Sources/WatchLinkHost/HTTPRequestRouter.swift (in target 'WatchLinkHost' from project 'WatchLink')
SwiftCompile normal arm64 /Users/admin/builder/spi-builder-workspace/Sources/WatchLinkHost/HTTPRequestRouter.swift (in target 'WatchLinkHost' from project 'WatchLink')
cd /Users/admin/builder/spi-builder-workspace/.swiftpm/xcode
builtin-SwiftPerFileCompile HTTPRequestRouter.swift
SwiftDriverJobDiscovery normal arm64 Compiling LogLevel.swift, Logger.swift, PingAction.swift (in target 'WatchLinkCore' from project 'WatchLink')
SwiftCompile normal arm64 Compiling\ WCHostTransport.swift /Users/admin/builder/spi-builder-workspace/Sources/WatchLinkHost/WCHostTransport.swift (in target 'WatchLinkHost' from project 'WatchLink')
SwiftCompile normal arm64 /Users/admin/builder/spi-builder-workspace/Sources/WatchLinkHost/WCHostTransport.swift (in target 'WatchLinkHost' from project 'WatchLink')
cd /Users/admin/builder/spi-builder-workspace/.swiftpm/xcode
builtin-SwiftPerFileCompile WCHostTransport.swift
SwiftDriverJobDiscovery normal arm64 Compiling HTTPRequestRouter.swift (in target 'WatchLinkHost' from project 'WatchLink')
SwiftCompile normal arm64 Compiling\ WatchLinkHost.swift /Users/admin/builder/spi-builder-workspace/Sources/WatchLinkHost/WatchLinkHost.swift (in target 'WatchLinkHost' from project 'WatchLink')
SwiftCompile normal arm64 /Users/admin/builder/spi-builder-workspace/Sources/WatchLinkHost/WatchLinkHost.swift (in target 'WatchLinkHost' from project 'WatchLink')
cd /Users/admin/builder/spi-builder-workspace/.swiftpm/xcode
builtin-SwiftPerFileCompile WatchLinkHost.swift
SwiftDriverJobDiscovery normal arm64 Compiling WCHostTransport.swift (in target 'WatchLinkHost' from project 'WatchLink')
SwiftDriver WatchLink normal arm64 com.apple.xcode.tools.swift.compiler (in target 'WatchLink' from project 'WatchLink')
cd /Users/admin/builder/spi-builder-workspace/.swiftpm/xcode
builtin-SwiftDriver -- /Applications/Xcode-27.0.0-Release.Candidate.app/Contents/Developer/Toolchains/XcodeDefault.xctoolchain/usr/bin/swiftc -parse-as-library -module-name WatchLink -Onone @/Users/admin/builder/spi-builder-workspace/.derivedData/Build/Intermediates.noindex/WatchLink.build/Debug-xros/WatchLink-t.build/Objects-normal/arm64/WatchLink.SwiftFileList -DSWIFT_PACKAGE -DDEBUG -DSWIFT_MODULE_RESOURCE_BUNDLE_UNAVAILABLE -DXcode -plugin-path /Applications/Xcode-27.0.0-Release.Candidate.app/Contents/Developer/Toolchains/XcodeDefault.xctoolchain/usr/lib/swift/host/plugins/testing -enable-experimental-feature DebugDescriptionMacro -sdk /Applications/Xcode-27.0.0-Release.Candidate.app/Contents/Developer/Platforms/XROS.platform/Developer/SDKs/XROS27.0.sdk -target arm64-apple-xros1.0 -g -module-cache-path /Users/admin/builder/spi-builder-workspace/.derivedData/ModuleCache.noindex -Xfrontend -serialize-debugging-options -profile-coverage-mapping -profile-generate -enable-testing -index-store-path /Users/admin/builder/spi-builder-workspace/.derivedData/Index.noindex/DataStore -Xcc -D_LIBCPP_HARDENING_MODE\=_LIBCPP_HARDENING_MODE_DEBUG -swift-version 6 -I /Users/admin/builder/spi-builder-workspace/.derivedData/Build/Products/Debug-xros -Isystem /Applications/Xcode-27.0.0-Release.Candidate.app/Contents/Developer/Platforms/XROS.platform/Developer/usr/lib -F /Users/admin/builder/spi-builder-workspace/.derivedData/Build/Products/Debug-xros/PackageFrameworks -F /Users/admin/builder/spi-builder-workspace/.derivedData/Build/Products/Debug-xros -F /Applications/Xcode-27.0.0-Release.Candidate.app/Contents/Developer/Platforms/XROS.platform/Developer/Library/Frameworks -F /Applications/Xcode-27.0.0-Release.Candidate.app/Contents/Developer/Platforms/XROS.platform/Developer/SDKs/XROS27.0.sdk/Developer/Library/Frameworks -c -j10 -enable-batch-mode -incremental -Xcc -ivfsstatcache -Xcc /Users/admin/builder/spi-builder-workspace/.derivedData/SDKStatCaches.noindex/xros27.0-24M361-e829b21a6f8c9b70876ba0858053c044735bd543db762f57723cac368afd1ce4.sdkstatcache -output-file-map /Users/admin/builder/spi-builder-workspace/.derivedData/Build/Intermediates.noindex/WatchLink.build/Debug-xros/WatchLink-t.build/Objects-normal/arm64/WatchLink-OutputFileMap.json -save-temps -no-color-diagnostics -explicit-module-build -module-cache-path /Users/admin/builder/spi-builder-workspace/.derivedData/Build/Intermediates.noindex/SwiftExplicitPrecompiledModules -clang-scanner-module-cache-path /Users/admin/builder/spi-builder-workspace/.derivedData/ModuleCache.noindex -sdk-module-cache-path /Users/admin/builder/spi-builder-workspace/.derivedData/SDKExplicitPrecompiledModules -emit-dependencies -emit-module -emit-module-path /Users/admin/builder/spi-builder-workspace/.derivedData/Build/Intermediates.noindex/WatchLink.build/Debug-xros/WatchLink-t.build/Objects-normal/arm64/WatchLink.swiftmodule -serialize-diagnostics -dependency-scan-serialize-diagnostics-path /Users/admin/builder/spi-builder-workspace/.derivedData/Build/Intermediates.noindex/WatchLink.build/Debug-xros/WatchLink-t.build/Objects-normal/arm64/WatchLink-dependency-scan.dia -validate-clang-modules-once -clang-build-session-file /Users/admin/builder/spi-builder-workspace/.derivedData/ModuleCache.noindex/Session.modulevalidation -Xcc -fmodules-prune-interval\=86400 -Xcc -fmodules-prune-after\=345600 -package-name spi_builder_workspace -emit-const-values -const-gather-protocols-list /Users/admin/builder/spi-builder-workspace/.derivedData/Build/Intermediates.noindex/WatchLink.build/Debug-xros/WatchLink-t.build/Objects-normal/arm64/WatchLink_const_extract_protocols.json -Xcc -I/Users/admin/builder/spi-builder-workspace/.derivedData/Build/Products/Debug-xros/include -Xcc -I/Users/admin/builder/spi-builder-workspace/.derivedData/Build/Intermediates.noindex/WatchLink.build/Debug-xros/WatchLink-t.build/DerivedSources-normal/arm64 -Xcc -I/Users/admin/builder/spi-builder-workspace/.derivedData/Build/Intermediates.noindex/WatchLink.build/Debug-xros/WatchLink-t.build/DerivedSources/arm64 -Xcc -I/Users/admin/builder/spi-builder-workspace/.derivedData/Build/Intermediates.noindex/WatchLink.build/Debug-xros/WatchLink-t.build/DerivedSources -Xcc -DSWIFT_PACKAGE -Xcc -DDEBUG\=1 -emit-objc-header -emit-objc-header-path /Users/admin/builder/spi-builder-workspace/.derivedData/Build/Intermediates.noindex/WatchLink.build/Debug-xros/WatchLink-t.build/Objects-normal/arm64/WatchLink-Swift.h -working-directory /Users/admin/builder/spi-builder-workspace/.swiftpm/xcode -experimental-emit-module-separately -disable-cmo
SwiftDriverJobDiscovery normal arm64 Compiling WatchLinkHost.swift (in target 'WatchLinkHost' from project 'WatchLink')
SwiftDriver\ Compilation WatchLinkHost normal arm64 com.apple.xcode.tools.swift.compiler (in target 'WatchLinkHost' from project 'WatchLink')
cd /Users/admin/builder/spi-builder-workspace/.swiftpm/xcode
builtin-Swift-Compilation -- /Applications/Xcode-27.0.0-Release.Candidate.app/Contents/Developer/Toolchains/XcodeDefault.xctoolchain/usr/bin/swiftc -parse-as-library -module-name WatchLinkHost -Onone @/Users/admin/builder/spi-builder-workspace/.derivedData/Build/Intermediates.noindex/WatchLink.build/Debug-xros/WatchLinkHost-t.build/Objects-normal/arm64/WatchLinkHost.SwiftFileList -DSWIFT_PACKAGE -DDEBUG -DSWIFT_MODULE_RESOURCE_BUNDLE_UNAVAILABLE -DXcode -plugin-path /Applications/Xcode-27.0.0-Release.Candidate.app/Contents/Developer/Toolchains/XcodeDefault.xctoolchain/usr/lib/swift/host/plugins/testing -enable-experimental-feature DebugDescriptionMacro -sdk /Applications/Xcode-27.0.0-Release.Candidate.app/Contents/Developer/Platforms/XROS.platform/Developer/SDKs/XROS27.0.sdk -target arm64-apple-xros1.0 -g -module-cache-path /Users/admin/builder/spi-builder-workspace/.derivedData/ModuleCache.noindex -Xfrontend -serialize-debugging-options -profile-coverage-mapping -profile-generate -enable-testing -index-store-path /Users/admin/builder/spi-builder-workspace/.derivedData/Index.noindex/DataStore -Xcc -D_LIBCPP_HARDENING_MODE\=_LIBCPP_HARDENING_MODE_DEBUG -swift-version 6 -I /Users/admin/builder/spi-builder-workspace/.derivedData/Build/Products/Debug-xros -Isystem /Applications/Xcode-27.0.0-Release.Candidate.app/Contents/Developer/Platforms/XROS.platform/Developer/usr/lib -F /Users/admin/builder/spi-builder-workspace/.derivedData/Build/Products/Debug-xros/PackageFrameworks -F /Users/admin/builder/spi-builder-workspace/.derivedData/Build/Products/Debug-xros -F /Applications/Xcode-27.0.0-Release.Candidate.app/Contents/Developer/Platforms/XROS.platform/Developer/Library/Frameworks -F /Applications/Xcode-27.0.0-Release.Candidate.app/Contents/Developer/Platforms/XROS.platform/Developer/SDKs/XROS27.0.sdk/Developer/Library/Frameworks -c -j10 -enable-batch-mode -incremental -Xcc -ivfsstatcache -Xcc /Users/admin/builder/spi-builder-workspace/.derivedData/SDKStatCaches.noindex/xros27.0-24M361-e829b21a6f8c9b70876ba0858053c044735bd543db762f57723cac368afd1ce4.sdkstatcache -output-file-map /Users/admin/builder/spi-builder-workspace/.derivedData/Build/Intermediates.noindex/WatchLink.build/Debug-xros/WatchLinkHost-t.build/Objects-normal/arm64/WatchLinkHost-OutputFileMap.json -save-temps -no-color-diagnostics -explicit-module-build -module-cache-path /Users/admin/builder/spi-builder-workspace/.derivedData/Build/Intermediates.noindex/SwiftExplicitPrecompiledModules -clang-scanner-module-cache-path /Users/admin/builder/spi-builder-workspace/.derivedData/ModuleCache.noindex -sdk-module-cache-path /Users/admin/builder/spi-builder-workspace/.derivedData/SDKExplicitPrecompiledModules -emit-dependencies -emit-module -emit-module-path /Users/admin/builder/spi-builder-workspace/.derivedData/Build/Intermediates.noindex/WatchLink.build/Debug-xros/WatchLinkHost-t.build/Objects-normal/arm64/WatchLinkHost.swiftmodule -serialize-diagnostics -dependency-scan-serialize-diagnostics-path /Users/admin/builder/spi-builder-workspace/.derivedData/Build/Intermediates.noindex/WatchLink.build/Debug-xros/WatchLinkHost-t.build/Objects-normal/arm64/WatchLinkHost-dependency-scan.dia -validate-clang-modules-once -clang-build-session-file /Users/admin/builder/spi-builder-workspace/.derivedData/ModuleCache.noindex/Session.modulevalidation -Xcc -fmodules-prune-interval\=86400 -Xcc -fmodules-prune-after\=345600 -package-name spi_builder_workspace -emit-const-values -const-gather-protocols-list /Users/admin/builder/spi-builder-workspace/.derivedData/Build/Intermediates.noindex/WatchLink.build/Debug-xros/WatchLinkHost-t.build/Objects-normal/arm64/WatchLinkHost_const_extract_protocols.json -Xcc -I/Users/admin/builder/spi-builder-workspace/.derivedData/Build/Products/Debug-xros/include -Xcc -I/Users/admin/builder/spi-builder-workspace/.derivedData/Build/Intermediates.noindex/WatchLink.build/Debug-xros/WatchLinkHost-t.build/DerivedSources-normal/arm64 -Xcc -I/Users/admin/builder/spi-builder-workspace/.derivedData/Build/Intermediates.noindex/WatchLink.build/Debug-xros/WatchLinkHost-t.build/DerivedSources/arm64 -Xcc -I/Users/admin/builder/spi-builder-workspace/.derivedData/Build/Intermediates.noindex/WatchLink.build/Debug-xros/WatchLinkHost-t.build/DerivedSources -Xcc -DSWIFT_PACKAGE -Xcc -DDEBUG\=1 -emit-objc-header -emit-objc-header-path /Users/admin/builder/spi-builder-workspace/.derivedData/Build/Intermediates.noindex/WatchLink.build/Debug-xros/WatchLinkHost-t.build/Objects-normal/arm64/WatchLinkHost-Swift.h -working-directory /Users/admin/builder/spi-builder-workspace/.swiftpm/xcode -experimental-emit-module-separately -disable-cmo
SwiftDriverJobDiscovery normal arm64 Compiling WatchLinkActor.swift, WatchLinkConfiguration.swift (in target 'WatchLinkCore' from project 'WatchLink')
SwiftDriverJobDiscovery normal arm64 Compiling URLSessionProtocol.swift, WCSessionProtocol.swift (in target 'WatchLinkCore' from project 'WatchLink')
SwiftDriverJobDiscovery normal arm64 Compiling ControlFrame.swift, Diagnostics.swift, Duration.swift (in target 'WatchLinkCore' from project 'WatchLink')
SwiftDriverJobDiscovery normal arm64 Compiling PingResult.swift, PingStateMachine.swift, ReceivedMessage.swift (in target 'WatchLinkCore' from project 'WatchLink')
SwiftDriverJobDiscovery normal arm64 Compiling Frame.swift, HTTPMethod.swift, HTTPRoute.swift (in target 'WatchLinkCore' from project 'WatchLink')
SwiftDriverJobDiscovery normal arm64 Compiling IncomingMessage.swift, Instant.swift, JitteredBackoff.swift (in target 'WatchLinkCore' from project 'WatchLink')
SwiftDriverJobDiscovery normal arm64 Compiling SafeContinuation.swift, Transport.swift, TransportCoordinator.swift (in target 'WatchLinkCore' from project 'WatchLink')
SwiftDriverJobDiscovery normal arm64 Compiling AnyClock.swift, Channel.swift, ConnectionState.swift (in target 'WatchLinkCore' from project 'WatchLink')
SwiftDriver\ Compilation WatchLinkCore normal arm64 com.apple.xcode.tools.swift.compiler (in target 'WatchLinkCore' from project 'WatchLink')
cd /Users/admin/builder/spi-builder-workspace/.swiftpm/xcode
builtin-Swift-Compilation -- /Applications/Xcode-27.0.0-Release.Candidate.app/Contents/Developer/Toolchains/XcodeDefault.xctoolchain/usr/bin/swiftc -parse-as-library -module-name WatchLinkCore -Onone @/Users/admin/builder/spi-builder-workspace/.derivedData/Build/Intermediates.noindex/WatchLink.build/Debug-xros/WatchLinkCore-t.build/Objects-normal/arm64/WatchLinkCore.SwiftFileList -DSWIFT_PACKAGE -DDEBUG -DSWIFT_MODULE_RESOURCE_BUNDLE_UNAVAILABLE -DXcode -plugin-path /Applications/Xcode-27.0.0-Release.Candidate.app/Contents/Developer/Toolchains/XcodeDefault.xctoolchain/usr/lib/swift/host/plugins/testing -enable-experimental-feature DebugDescriptionMacro -sdk /Applications/Xcode-27.0.0-Release.Candidate.app/Contents/Developer/Platforms/XROS.platform/Developer/SDKs/XROS27.0.sdk -target arm64-apple-xros1.0 -g -module-cache-path /Users/admin/builder/spi-builder-workspace/.derivedData/ModuleCache.noindex -Xfrontend -serialize-debugging-options -profile-coverage-mapping -profile-generate -enable-testing -index-store-path /Users/admin/builder/spi-builder-workspace/.derivedData/Index.noindex/DataStore -Xcc -D_LIBCPP_HARDENING_MODE\=_LIBCPP_HARDENING_MODE_DEBUG -swift-version 6 -I /Users/admin/builder/spi-builder-workspace/.derivedData/Build/Products/Debug-xros -Isystem /Applications/Xcode-27.0.0-Release.Candidate.app/Contents/Developer/Platforms/XROS.platform/Developer/usr/lib -F /Users/admin/builder/spi-builder-workspace/.derivedData/Build/Products/Debug-xros -F /Applications/Xcode-27.0.0-Release.Candidate.app/Contents/Developer/Platforms/XROS.platform/Developer/Library/Frameworks -F /Applications/Xcode-27.0.0-Release.Candidate.app/Contents/Developer/Platforms/XROS.platform/Developer/SDKs/XROS27.0.sdk/Developer/Library/Frameworks -c -j10 -enable-batch-mode -incremental -Xcc -ivfsstatcache -Xcc /Users/admin/builder/spi-builder-workspace/.derivedData/SDKStatCaches.noindex/xros27.0-24M361-e829b21a6f8c9b70876ba0858053c044735bd543db762f57723cac368afd1ce4.sdkstatcache -output-file-map /Users/admin/builder/spi-builder-workspace/.derivedData/Build/Intermediates.noindex/WatchLink.build/Debug-xros/WatchLinkCore-t.build/Objects-normal/arm64/WatchLinkCore-OutputFileMap.json -save-temps -no-color-diagnostics -explicit-module-build -module-cache-path /Users/admin/builder/spi-builder-workspace/.derivedData/Build/Intermediates.noindex/SwiftExplicitPrecompiledModules -clang-scanner-module-cache-path /Users/admin/builder/spi-builder-workspace/.derivedData/ModuleCache.noindex -sdk-module-cache-path /Users/admin/builder/spi-builder-workspace/.derivedData/SDKExplicitPrecompiledModules -emit-dependencies -emit-module -emit-module-path /Users/admin/builder/spi-builder-workspace/.derivedData/Build/Intermediates.noindex/WatchLink.build/Debug-xros/WatchLinkCore-t.build/Objects-normal/arm64/WatchLinkCore.swiftmodule -serialize-diagnostics -dependency-scan-serialize-diagnostics-path /Users/admin/builder/spi-builder-workspace/.derivedData/Build/Intermediates.noindex/WatchLink.build/Debug-xros/WatchLinkCore-t.build/Objects-normal/arm64/WatchLinkCore-dependency-scan.dia -validate-clang-modules-once -clang-build-session-file /Users/admin/builder/spi-builder-workspace/.derivedData/ModuleCache.noindex/Session.modulevalidation -Xcc -fmodules-prune-interval\=86400 -Xcc -fmodules-prune-after\=345600 -package-name spi_builder_workspace -emit-const-values -const-gather-protocols-list /Users/admin/builder/spi-builder-workspace/.derivedData/Build/Intermediates.noindex/WatchLink.build/Debug-xros/WatchLinkCore-t.build/Objects-normal/arm64/WatchLinkCore_const_extract_protocols.json -Xcc -I/Users/admin/builder/spi-builder-workspace/.derivedData/Build/Products/Debug-xros/include -Xcc -I/Users/admin/builder/spi-builder-workspace/.derivedData/Build/Intermediates.noindex/WatchLink.build/Debug-xros/WatchLinkCore-t.build/DerivedSources-normal/arm64 -Xcc -I/Users/admin/builder/spi-builder-workspace/.derivedData/Build/Intermediates.noindex/WatchLink.build/Debug-xros/WatchLinkCore-t.build/DerivedSources/arm64 -Xcc -I/Users/admin/builder/spi-builder-workspace/.derivedData/Build/Intermediates.noindex/WatchLink.build/Debug-xros/WatchLinkCore-t.build/DerivedSources -Xcc -DSWIFT_PACKAGE -Xcc -DDEBUG\=1 -emit-objc-header -emit-objc-header-path /Users/admin/builder/spi-builder-workspace/.derivedData/Build/Intermediates.noindex/WatchLink.build/Debug-xros/WatchLinkCore-t.build/Objects-normal/arm64/WatchLinkCore-Swift.h -working-directory /Users/admin/builder/spi-builder-workspace/.swiftpm/xcode -experimental-emit-module-separately -disable-cmo
Ld /Users/admin/builder/spi-builder-workspace/.derivedData/Build/Products/Debug-xros/WatchLinkCore.o normal (in target 'WatchLinkCore' from project 'WatchLink')
cd /Users/admin/builder/spi-builder-workspace
/Applications/Xcode-27.0.0-Release.Candidate.app/Contents/Developer/Toolchains/XcodeDefault.xctoolchain/usr/bin/clang -Xlinker -reproducible -target arm64-apple-xros1.0 -r -isysroot /Applications/Xcode-27.0.0-Release.Candidate.app/Contents/Developer/Platforms/XROS.platform/Developer/SDKs/XROS27.0.sdk -O0 -Xlinker -no_warn_duplicate_libraries -F/Users/admin/builder/spi-builder-workspace/.derivedData/Build/Intermediates.noindex/EagerLinkingTBDs/Debug-xros -F/Users/admin/builder/spi-builder-workspace/.derivedData/Build/Products/Debug-xros -iframework /Applications/Xcode-27.0.0-Release.Candidate.app/Contents/Developer/Platforms/XROS.platform/Developer/Library/Frameworks -iframework /Applications/Xcode-27.0.0-Release.Candidate.app/Contents/Developer/Platforms/XROS.platform/Developer/SDKs/XROS27.0.sdk/Developer/Library/Frameworks -filelist /Users/admin/builder/spi-builder-workspace/.derivedData/Build/Intermediates.noindex/WatchLink.build/Debug-xros/WatchLinkCore-t.build/Objects-normal/arm64/WatchLinkCore.LinkFileList -nostdlib -Xlinker -object_path_lto -Xlinker /Users/admin/builder/spi-builder-workspace/.derivedData/Build/Intermediates.noindex/WatchLink.build/Debug-xros/WatchLinkCore-t.build/Objects-normal/arm64/WatchLinkCore_lto.o -Xlinker -no_deduplicate -Xlinker -debug_variant -Xlinker -dependency_info -Xlinker /Users/admin/builder/spi-builder-workspace/.derivedData/Build/Intermediates.noindex/WatchLink.build/Debug-xros/WatchLinkCore-t.build/Objects-normal/arm64/WatchLinkCore_dependency_info.dat -fobjc-link-runtime -L/Applications/Xcode-27.0.0-Release.Candidate.app/Contents/Developer/Toolchains/XcodeDefault.xctoolchain/usr/lib/swift/xros -L/usr/lib/swift -Xlinker -add_ast_path -Xlinker /Users/admin/builder/spi-builder-workspace/.derivedData/Build/Intermediates.noindex/WatchLink.build/Debug-xros/WatchLinkCore-t.build/Objects-normal/arm64/WatchLinkCore.swiftmodule -o /Users/admin/builder/spi-builder-workspace/.derivedData/Build/Products/Debug-xros/WatchLinkCore.o
ExtractAppIntentsMetadata (in target 'WatchLinkCore' from project 'WatchLink')
cd /Users/admin/builder/spi-builder-workspace
/Applications/Xcode-27.0.0-Release.Candidate.app/Contents/Developer/Toolchains/XcodeDefault.xctoolchain/usr/bin/appintentsmetadataprocessor --toolchain-dir /var/run/com.apple.security.cryptexd/mnt/com.apple.MobileAsset.MetalToolchain-v27.1.266.1.0o1b31/Metal.xctoolchain --module-name WatchLinkCore --sdk-root /Applications/Xcode-27.0.0-Release.Candidate.app/Contents/Developer/Platforms/XROS.platform/Developer/SDKs/XROS27.0.sdk --xcode-version 27A266a --platform-family xrOS --deployment-target 1.0 --bundle-identifier spi-builder-workspace.WatchLinkCore --output /Users/admin/builder/spi-builder-workspace/.derivedData/Build/Products/Debug-xros/WatchLinkCore.appintents --target-triple arm64-apple-xros1.0 --binary-file /Users/admin/builder/spi-builder-workspace/.derivedData/Build/Products/Debug-xros/WatchLinkCore.o --dependency-file /Users/admin/builder/spi-builder-workspace/.derivedData/Build/Intermediates.noindex/WatchLink.build/Debug-xros/WatchLinkCore-t.build/Objects-normal/arm64/WatchLinkCore_dependency_info.dat --stringsdata-file /Users/admin/builder/spi-builder-workspace/.derivedData/Build/Intermediates.noindex/WatchLink.build/Debug-xros/WatchLinkCore-t.build/Objects-normal/arm64/ExtractedAppShortcutsMetadata.stringsdata --source-file-list /Users/admin/builder/spi-builder-workspace/.derivedData/Build/Intermediates.noindex/WatchLink.build/Debug-xros/WatchLinkCore-t.build/Objects-normal/arm64/WatchLinkCore.SwiftFileList --metadata-file-list /Users/admin/builder/spi-builder-workspace/.derivedData/Build/Intermediates.noindex/WatchLink.build/Debug-xros/WatchLinkCore-t.build/WatchLinkCore.DependencyMetadataFileList --static-metadata-file-list /Users/admin/builder/spi-builder-workspace/.derivedData/Build/Intermediates.noindex/WatchLink.build/Debug-xros/WatchLinkCore-t.build/WatchLinkCore.DependencyStaticMetadataFileList --swift-const-vals-list /Users/admin/builder/spi-builder-workspace/.derivedData/Build/Intermediates.noindex/WatchLink.build/Debug-xros/WatchLinkCore-t.build/Objects-normal/arm64/WatchLinkCore.SwiftConstValuesFileList --force --compile-time-extraction --deployment-aware-processing --no-app-shortcuts-localization
2026-09-24 18:22:01.899 appintentsmetadataprocessor[738:4509] Starting appintentsmetadataprocessor export
2026-09-24 18:22:02.001 appintentsmetadataprocessor[738:4509] Extracted no relevant App Intents symbols, skipping writing output
SwiftExplicitDependencyGeneratePcm arm64 /Users/admin/builder/spi-builder-workspace/.derivedData/SDKExplicitPrecompiledModules/WatchConnectivity-6FPVUP1CPCIXFXNL3JLL55IMS.pcm
SwiftExplicitDependencyGeneratePcm arm64 /Users/admin/builder/spi-builder-workspace/.derivedData/SDKExplicitPrecompiledModules/CoreBluetooth-6LO6BJBD957CITZZBI2ZBGLYN.pcm
SwiftEmitModule normal arm64 Emitting\ module\ for\ WatchLink (in target 'WatchLink' from project 'WatchLink')
SwiftCompile normal arm64 (in target 'WatchLink' from project 'WatchLink')
cd /Users/admin/builder/spi-builder-workspace/.swiftpm/xcode
/Users/admin/builder/spi-builder-workspace/Sources/WatchLink/WCTransport.swift:98:13: error: type 'WCSessionBridge' does not conform to protocol 'WCSessionDelegate'
96 | }
97 |
98 | final class WCSessionBridge: NSObject, WCSessionDelegate, @unchecked Sendable {
| |- error: type 'WCSessionBridge' does not conform to protocol 'WCSessionDelegate'
| `- note: add stubs for conformance
99 | private weak var transport: WCTransport?
100 |
/Applications/Xcode-27.0.0-Release.Candidate.app/Contents/Developer/Platforms/XROS.platform/Developer/SDKs/XROS27.0.sdk/System/Library/Frameworks/WatchConnectivity.framework/Headers/WCSession.h:149:1: note: protocol requires function 'sessionDidBecomeInactive' with type '(WCSession) -> Void'
147 |
148 | /** Called when the session can no longer be used to modify or add any new transfers and, all interactive messages will be cancelled, but delegate callbacks for background transfers can still occur. This will happen when the selected watch is being changed. */
149 | - (void)sessionDidBecomeInactive:(WCSession *)session __IOS_AVAILABLE(9.3) __WATCHOS_UNAVAILABLE;
| `- note: protocol requires function 'sessionDidBecomeInactive' with type '(WCSession) -> Void'
150 |
151 | /** Called when all delegate callbacks for the previously selected watch has occurred. The session can be re-activated for the now selected watch using activateSession. */
152 | - (void)sessionDidDeactivate:(WCSession *)session __IOS_AVAILABLE(9.3) __WATCHOS_UNAVAILABLE;
| `- note: protocol requires function 'sessionDidDeactivate' with type '(WCSession) -> Void'
153 |
154 | @optional
Failed frontend command:
/Applications/Xcode-27.0.0-Release.Candidate.app/Contents/Developer/Toolchains/XcodeDefault.xctoolchain/usr/bin/swift-frontend -frontend -emit-module -experimental-skip-non-inlinable-function-bodies-without-types /Users/admin/builder/spi-builder-workspace/Sources/WatchLink/BLEDiscovery.swift /Users/admin/builder/spi-builder-workspace/Sources/WatchLink/ConnectionManager.swift /Users/admin/builder/spi-builder-workspace/Sources/WatchLink/HTTPTransport.swift /Users/admin/builder/spi-builder-workspace/Sources/WatchLink/WCTransport.swift /Users/admin/builder/spi-builder-workspace/Sources/WatchLink/WatchLink.swift -target arm64-apple-xros1.0 -disable-cross-import-overlay-search -load-resolved-plugin /Applications/Xcode-27.0.0-Release.Candidate.app/Contents/Developer/Platforms/XROS.platform/Developer/usr/lib/swift/host/plugins/libFoundationMacros.dylib\#/Applications/Xcode-27.0.0-Release.Candidate.app/Contents/Developer/Platforms/XROS.platform/Developer/usr/bin/swift-plugin-server\#FoundationMacros -load-resolved-plugin /Applications/Xcode-27.0.0-Release.Candidate.app/Contents/Developer/Platforms/XROS.platform/Developer/usr/lib/swift/host/plugins/libObservationMacros.dylib\#/Applications/Xcode-27.0.0-Release.Candidate.app/Contents/Developer/Platforms/XROS.platform/Developer/usr/bin/swift-plugin-server\#ObservationMacros -load-resolved-plugin /Applications/Xcode-27.0.0-Release.Candidate.app/Contents/Developer/Platforms/XROS.platform/Developer/usr/lib/swift/host/plugins/libSwiftMacros.dylib\#/Applications/Xcode-27.0.0-Release.Candidate.app/Contents/Developer/Platforms/XROS.platform/Developer/usr/bin/swift-plugin-server\#SwiftMacros -disable-implicit-swift-modules -Xcc -fno-implicit-modules -Xcc -fno-implicit-module-maps -explicit-swift-module-map-file /Users/admin/builder/spi-builder-workspace/.derivedData/Build/Intermediates.noindex/WatchLink.build/Debug-xros/WatchLink-t.build/Objects-normal/arm64/WatchLink-dependencies-1.json -Xllvm -aarch64-use-tbi -enable-objc-interop -stack-check -sdk /Applications/Xcode-27.0.0-Release.Candidate.app/Contents/Developer/Platforms/XROS.platform/Developer/SDKs/XROS27.0.sdk -I /Users/admin/builder/spi-builder-workspace/.derivedData/Build/Products/Debug-xros -Isystem /Applications/Xcode-27.0.0-Release.Candidate.app/Contents/Developer/Platforms/XROS.platform/Developer/usr/lib -F /Users/admin/builder/spi-builder-workspace/.derivedData/Build/Products/Debug-xros/PackageFrameworks -F /Users/admin/builder/spi-builder-workspace/.derivedData/Build/Products/Debug-xros -F /Applications/Xcode-27.0.0-Release.Candidate.app/Contents/Developer/Platforms/XROS.platform/Developer/Library/Frameworks -F /Applications/Xcode-27.0.0-Release.Candidate.app/Contents/Developer/Platforms/XROS.platform/Developer/SDKs/XROS27.0.sdk/Developer/Library/Frameworks -module-cache-path /Users/admin/builder/spi-builder-workspace/.derivedData/Build/Intermediates.noindex/SwiftExplicitPrecompiledModules -no-color-diagnostics -Xcc -fno-color-diagnostics -enable-testing -g -debug-info-format\=dwarf -dwarf-version\=4 -profile-generate -profile-coverage-mapping -swift-version 6 -Onone -D SWIFT_PACKAGE -D DEBUG -D SWIFT_MODULE_RESOURCE_BUNDLE_UNAVAILABLE -D Xcode -serialize-debugging-options -enable-experimental-feature DebugDescriptionMacro -empty-abi-descriptor -validate-clang-modules-once -clang-build-session-file /Users/admin/builder/spi-builder-workspace/.derivedData/ModuleCache.noindex/Session.modulevalidation -Xcc -working-directory -Xcc /Users/admin/builder/spi-builder-workspace/.swiftpm/xcode -enable-anonymous-context-mangled-names -file-compilation-dir /Users/admin/builder/spi-builder-workspace/.swiftpm/xcode -Xcc -D_LIBCPP_HARDENING_MODE\=_LIBCPP_HARDENING_MODE_DEBUG -Xcc -ivfsstatcache -Xcc /Users/admin/builder/spi-builder-workspace/.derivedData/SDKStatCaches.noindex/xros27.0-24M361-e829b21a6f8c9b70876ba0858053c044735bd543db762f57723cac368afd1ce4.sdkstatcache -Xcc -fmodules-prune-interval\=86400 -Xcc -fmodules-prune-after\=345600 -Xcc -I/Users/admin/builder/spi-builder-workspace/.derivedData/Build/Products/Debug-xros/include -Xcc -I/Users/admin/builder/spi-builder-workspace/.derivedData/Build/Intermediates.noindex/WatchLink.build/Debug-xros/WatchLink-t.build/DerivedSources-normal/arm64 -Xcc -I/Users/admin/builder/spi-builder-workspace/.derivedData/Build/Intermediates.noindex/WatchLink.build/Debug-xros/WatchLink-t.build/DerivedSources/arm64 -Xcc -I/Users/admin/builder/spi-builder-workspace/.derivedData/Build/Intermediates.noindex/WatchLink.build/Debug-xros/WatchLink-t.build/DerivedSources -Xcc -DSWIFT_PACKAGE -Xcc -DDEBUG\=1 -no-auto-bridging-header-chaining -module-name WatchLink -package-name spi_builder_workspace -const-gather-protocols-file /Users/admin/builder/spi-builder-workspace/.derivedData/Build/Intermediates.noindex/WatchLink.build/Debug-xros/WatchLink-t.build/Objects-normal/arm64/WatchLink_const_extract_protocols.json -disable-clang-spi -clang-target arm64-apple-xros27.0 -target-sdk-version 27.0 -target-sdk-name xros27.0 -in-process-plugin-server-path /Applications/Xcode-27.0.0-Release.Candidate.app/Contents/Developer/Toolchains/XcodeDefault.xctoolchain/usr/lib/swift/host/libSwiftInProcPluginServer.dylib -emit-module-doc-path /Users/admin/builder/spi-builder-workspace/.derivedData/Build/Intermediates.noindex/WatchLink.build/Debug-xros/WatchLink-t.build/Objects-normal/arm64/WatchLink.swiftdoc -emit-module-source-info-path /Users/admin/builder/spi-builder-workspace/.derivedData/Build/Intermediates.noindex/WatchLink.build/Debug-xros/WatchLink-t.build/Objects-normal/arm64/WatchLink.swiftsourceinfo -emit-objc-header-path /Users/admin/builder/spi-builder-workspace/.derivedData/Build/Intermediates.noindex/WatchLink.build/Debug-xros/WatchLink-t.build/Objects-normal/arm64/WatchLink-Swift.h -serialize-diagnostics-path /Users/admin/builder/spi-builder-workspace/.derivedData/Build/Intermediates.noindex/WatchLink.build/Debug-xros/WatchLink-t.build/Objects-normal/arm64/WatchLink-primary-emit-module.dia -emit-dependencies-path /Users/admin/builder/spi-builder-workspace/.derivedData/Build/Intermediates.noindex/WatchLink.build/Debug-xros/WatchLink-t.build/Objects-normal/arm64/WatchLink-primary-emit-module.d -parse-as-library -o /Users/admin/builder/spi-builder-workspace/.derivedData/Build/Intermediates.noindex/WatchLink.build/Debug-xros/WatchLink-t.build/Objects-normal/arm64/WatchLink.swiftmodule -emit-abi-descriptor-path /Users/admin/builder/spi-builder-workspace/.derivedData/Build/Intermediates.noindex/WatchLink.build/Debug-xros/WatchLink-t.build/Objects-normal/arm64/WatchLink.abi.json
SwiftCompile normal arm64 Compiling\ WCTransport.swift /Users/admin/builder/spi-builder-workspace/Sources/WatchLink/WCTransport.swift (in target 'WatchLink' from project 'WatchLink')
SwiftCompile normal arm64 /Users/admin/builder/spi-builder-workspace/Sources/WatchLink/WCTransport.swift (in target 'WatchLink' from project 'WatchLink')
cd /Users/admin/builder/spi-builder-workspace/.swiftpm/xcode
builtin-SwiftPerFileCompile WCTransport.swift
SwiftCompile normal arm64 Compiling\ HTTPTransport.swift /Users/admin/builder/spi-builder-workspace/Sources/WatchLink/HTTPTransport.swift (in target 'WatchLink' from project 'WatchLink')
SwiftCompile normal arm64 /Users/admin/builder/spi-builder-workspace/Sources/WatchLink/HTTPTransport.swift (in target 'WatchLink' from project 'WatchLink')
cd /Users/admin/builder/spi-builder-workspace/.swiftpm/xcode
builtin-SwiftPerFileCompile HTTPTransport.swift
SwiftCompile normal arm64 Compiling\ ConnectionManager.swift /Users/admin/builder/spi-builder-workspace/Sources/WatchLink/ConnectionManager.swift (in target 'WatchLink' from project 'WatchLink')
SwiftCompile normal arm64 /Users/admin/builder/spi-builder-workspace/Sources/WatchLink/ConnectionManager.swift (in target 'WatchLink' from project 'WatchLink')
cd /Users/admin/builder/spi-builder-workspace/.swiftpm/xcode
builtin-SwiftPerFileCompile ConnectionManager.swift
SwiftCompile normal arm64 Compiling\ BLEDiscovery.swift /Users/admin/builder/spi-builder-workspace/Sources/WatchLink/BLEDiscovery.swift (in target 'WatchLink' from project 'WatchLink')
SwiftCompile normal arm64 /Users/admin/builder/spi-builder-workspace/Sources/WatchLink/BLEDiscovery.swift (in target 'WatchLink' from project 'WatchLink')
cd /Users/admin/builder/spi-builder-workspace/.swiftpm/xcode
builtin-SwiftPerFileCompile BLEDiscovery.swift
SwiftCompile normal arm64 Compiling\ WatchLink.swift /Users/admin/builder/spi-builder-workspace/Sources/WatchLink/WatchLink.swift (in target 'WatchLink' from project 'WatchLink')
SwiftCompile normal arm64 /Users/admin/builder/spi-builder-workspace/Sources/WatchLink/WatchLink.swift (in target 'WatchLink' from project 'WatchLink')
cd /Users/admin/builder/spi-builder-workspace/.swiftpm/xcode
builtin-SwiftPerFileCompile WatchLink.swift
Ld /Users/admin/builder/spi-builder-workspace/.derivedData/Build/Products/Debug-xros/WatchLinkHost.o normal (in target 'WatchLinkHost' from project 'WatchLink')
cd /Users/admin/builder/spi-builder-workspace
/Applications/Xcode-27.0.0-Release.Candidate.app/Contents/Developer/Toolchains/XcodeDefault.xctoolchain/usr/bin/clang -Xlinker -reproducible -target arm64-apple-xros1.0 -r -isysroot /Applications/Xcode-27.0.0-Release.Candidate.app/Contents/Developer/Platforms/XROS.platform/Developer/SDKs/XROS27.0.sdk -O0 -Xlinker -no_warn_duplicate_libraries -F/Users/admin/builder/spi-builder-workspace/.derivedData/Build/Intermediates.noindex/EagerLinkingTBDs/Debug-xros -F/Users/admin/builder/spi-builder-workspace/.derivedData/Build/Products/Debug-xros/PackageFrameworks -F/Users/admin/builder/spi-builder-workspace/.derivedData/Build/Products/Debug-xros -iframework /Applications/Xcode-27.0.0-Release.Candidate.app/Contents/Developer/Platforms/XROS.platform/Developer/Library/Frameworks -iframework /Applications/Xcode-27.0.0-Release.Candidate.app/Contents/Developer/Platforms/XROS.platform/Developer/SDKs/XROS27.0.sdk/Developer/Library/Frameworks -filelist /Users/admin/builder/spi-builder-workspace/.derivedData/Build/Intermediates.noindex/WatchLink.build/Debug-xros/WatchLinkHost-t.build/Objects-normal/arm64/WatchLinkHost.LinkFileList -nostdlib -Xlinker -object_path_lto -Xlinker /Users/admin/builder/spi-builder-workspace/.derivedData/Build/Intermediates.noindex/WatchLink.build/Debug-xros/WatchLinkHost-t.build/Objects-normal/arm64/WatchLinkHost_lto.o -Xlinker -no_deduplicate -Xlinker -debug_variant -Xlinker -dependency_info -Xlinker /Users/admin/builder/spi-builder-workspace/.derivedData/Build/Intermediates.noindex/WatchLink.build/Debug-xros/WatchLinkHost-t.build/Objects-normal/arm64/WatchLinkHost_dependency_info.dat -fobjc-link-runtime -L/Applications/Xcode-27.0.0-Release.Candidate.app/Contents/Developer/Toolchains/XcodeDefault.xctoolchain/usr/lib/swift/xros -L/usr/lib/swift -Xlinker -add_ast_path -Xlinker /Users/admin/builder/spi-builder-workspace/.derivedData/Build/Intermediates.noindex/WatchLink.build/Debug-xros/WatchLinkHost-t.build/Objects-normal/arm64/WatchLinkHost.swiftmodule -o /Users/admin/builder/spi-builder-workspace/.derivedData/Build/Products/Debug-xros/WatchLinkHost.o
ExtractAppIntentsMetadata (in target 'WatchLinkHost' from project 'WatchLink')
cd /Users/admin/builder/spi-builder-workspace
/Applications/Xcode-27.0.0-Release.Candidate.app/Contents/Developer/Toolchains/XcodeDefault.xctoolchain/usr/bin/appintentsmetadataprocessor --toolchain-dir /var/run/com.apple.security.cryptexd/mnt/com.apple.MobileAsset.MetalToolchain-v27.1.266.1.0o1b31/Metal.xctoolchain --module-name WatchLinkHost --sdk-root /Applications/Xcode-27.0.0-Release.Candidate.app/Contents/Developer/Platforms/XROS.platform/Developer/SDKs/XROS27.0.sdk --xcode-version 27A266a --platform-family xrOS --deployment-target 1.0 --bundle-identifier spi-builder-workspace.WatchLinkHost --output /Users/admin/builder/spi-builder-workspace/.derivedData/Build/Products/Debug-xros/WatchLinkHost.appintents --target-triple arm64-apple-xros1.0 --binary-file /Users/admin/builder/spi-builder-workspace/.derivedData/Build/Products/Debug-xros/WatchLinkHost.o --dependency-file /Users/admin/builder/spi-builder-workspace/.derivedData/Build/Intermediates.noindex/WatchLink.build/Debug-xros/WatchLinkHost-t.build/Objects-normal/arm64/WatchLinkHost_dependency_info.dat --stringsdata-file /Users/admin/builder/spi-builder-workspace/.derivedData/Build/Intermediates.noindex/WatchLink.build/Debug-xros/WatchLinkHost-t.build/Objects-normal/arm64/ExtractedAppShortcutsMetadata.stringsdata --source-file-list /Users/admin/builder/spi-builder-workspace/.derivedData/Build/Intermediates.noindex/WatchLink.build/Debug-xros/WatchLinkHost-t.build/Objects-normal/arm64/WatchLinkHost.SwiftFileList --metadata-file-list /Users/admin/builder/spi-builder-workspace/.derivedData/Build/Intermediates.noindex/WatchLink.build/Debug-xros/WatchLinkHost-t.build/WatchLinkHost.DependencyMetadataFileList --static-metadata-file-list /Users/admin/builder/spi-builder-workspace/.derivedData/Build/Intermediates.noindex/WatchLink.build/Debug-xros/WatchLinkHost-t.build/WatchLinkHost.DependencyStaticMetadataFileList --swift-const-vals-list /Users/admin/builder/spi-builder-workspace/.derivedData/Build/Intermediates.noindex/WatchLink.build/Debug-xros/WatchLinkHost-t.build/Objects-normal/arm64/WatchLinkHost.SwiftConstValuesFileList --force --compile-time-extraction --deployment-aware-processing --no-app-shortcuts-localization
2026-09-24 18:22:02.055 appintentsmetadataprocessor[749:4539] Starting appintentsmetadataprocessor export
PruneExplicitPrecompiledModules /Users/admin/builder/spi-builder-workspace/.derivedData/Build/Intermediates.noindex/ExplicitPrecompiledModules
PruneExplicitPrecompiledModules /Users/admin/builder/spi-builder-workspace/.derivedData/SDKExplicitPrecompiledModules
PruneExplicitPrecompiledModules /Users/admin/builder/spi-builder-workspace/.derivedData/Build/Intermediates.noindex/SwiftExplicitPrecompiledModules
2026-09-24 18:21:55.634 xcodebuild[629:3934] [MT] IDERunDestination: Supported platforms for the buildables in the current scheme is empty.
** BUILD FAILED **
The following build commands failed:
SwiftCompile normal arm64 (in target 'WatchLink' from project 'WatchLink')
SwiftEmitModule normal arm64 Emitting\ module\ for\ WatchLink (in target 'WatchLink' from project 'WatchLink')
Building workspace WatchLink with scheme WatchLink-Package
(3 failures)
Command line invocation:
/Applications/Xcode-27.0.0-Release.Candidate.app/Contents/Developer/usr/bin/xcodebuild -IDEClonedSourcePackagesDirPathOverride=/Users/admin/builder/spi-builder-workspace/.dependencies -resolvePackageDependencies
Resolve Package Graph
Resolved source packages:
WatchLink: /Users/admin/builder/spi-builder-workspace
resolved source packages: WatchLink
2026-09-24 18:22:03.118 xcodebuild[750:4569] [MT] IDERunDestination: Supported platforms for the buildables in the current scheme is empty.
{
"dependencies" : [
],
"manifest_display_name" : "WatchLink",
"name" : "WatchLink",
"path" : "/Users/admin/builder/spi-builder-workspace",
"platforms" : [
{
"name" : "ios",
"version" : "13.0"
},
{
"name" : "watchos",
"version" : "7.0"
}
],
"products" : [
{
"name" : "WatchLinkCore",
"targets" : [
"WatchLinkCore"
],
"type" : {
"library" : [
"automatic"
]
}
},
{
"name" : "WatchLink",
"targets" : [
"WatchLink"
],
"type" : {
"library" : [
"automatic"
]
}
},
{
"name" : "WatchLinkHost",
"targets" : [
"WatchLinkHost"
],
"type" : {
"library" : [
"automatic"
]
}
}
],
"targets" : [
{
"c99name" : "WatchLinkTests",
"module_type" : "SwiftTarget",
"name" : "WatchLinkTests",
"path" : "Tests/WatchLinkTests",
"sources" : [
"ConnectionManagerTests.swift",
"HTTPTransportTests.swift",
"WCTransportTests.swift"
],
"target_dependencies" : [
"WatchLink",
"WatchLinkCore",
"WatchLinkTestSupport"
],
"type" : "test"
},
{
"c99name" : "WatchLinkTestSupport",
"module_type" : "SwiftTarget",
"name" : "WatchLinkTestSupport",
"path" : "Tests/WatchLinkTestSupport",
"sources" : [
"AsyncCollectors.swift",
"FrameEncoders.swift",
"MockTransport.swift",
"MockURLSession.swift",
"MockWCSession.swift",
"StreamHelpers.swift",
"TestClock.swift",
"TestMessages.swift",
"Timeout.swift"
],
"target_dependencies" : [
"WatchLinkCore"
],
"type" : "library"
},
{
"c99name" : "WatchLinkHostTests",
"module_type" : "SwiftTarget",
"name" : "WatchLinkHostTests",
"path" : "Tests/WatchLinkHostTests",
"sources" : [
"HTTPRequestRouterTests.swift",
"HTTPServerTests.swift",
"WCHostSessionBridgeTests.swift",
"WCHostTransportTests.swift"
],
"target_dependencies" : [
"WatchLinkHost",
"WatchLinkCore",
"WatchLinkTestSupport"
],
"type" : "test"
},
{
"c99name" : "WatchLinkHost",
"module_type" : "SwiftTarget",
"name" : "WatchLinkHost",
"path" : "Sources/WatchLinkHost",
"product_memberships" : [
"WatchLinkHost"
],
"sources" : [
"BLEAdvertiser.swift",
"HTTPRequestRouter.swift",
"HTTPServer.swift",
"NetworkUtils.swift",
"WCHostTransport.swift",
"WatchLinkHost.swift"
],
"target_dependencies" : [
"WatchLinkCore"
],
"type" : "library"
},
{
"c99name" : "WatchLinkCoreTests",
"module_type" : "SwiftTarget",
"name" : "WatchLinkCoreTests",
"path" : "Tests/WatchLinkCoreTests",
"sources" : [
"ChannelTests.swift",
"ConnectionStateTests.swift",
"ControlFrameTests.swift",
"DeallocationTests.swift",
"FrameTests.swift",
"HTTPRouteTests.swift",
"JitteredBackoffTests.swift",
"LoggerTests.swift",
"MemoryTests.swift",
"PingStateMachineTests.swift",
"SweepTests.swift",
"TransportCoordinatorTests.swift",
"URLSessionTransportTests.swift"
],
"target_dependencies" : [
"WatchLinkCore",
"WatchLinkTestSupport"
],
"type" : "test"
},
{
"c99name" : "WatchLinkCore",
"module_type" : "SwiftTarget",
"name" : "WatchLinkCore",
"path" : "Sources/WatchLinkCore",
"product_memberships" : [
"WatchLinkCore",
"WatchLink",
"WatchLinkHost"
],
"sources" : [
"AnyClock.swift",
"Channel.swift",
"ConnectionState.swift",
"ControlFrame.swift",
"Diagnostics.swift",
"Duration.swift",
"Frame.swift",
"HTTPMethod.swift",
"HTTPRoute.swift",
"IncomingMessage.swift",
"Instant.swift",
"JitteredBackoff.swift",
"LogLevel.swift",
"Logger.swift",
"PingAction.swift",
"PingResult.swift",
"PingStateMachine.swift",
"ReceivedMessage.swift",
"SafeContinuation.swift",
"Transport.swift",
"TransportCoordinator.swift",
"URLSessionProtocol.swift",
"WCSessionProtocol.swift",
"WatchLinkActor.swift",
"WatchLinkConfiguration.swift",
"WatchLinkError.swift",
"WatchLinkMessage.swift"
],
"type" : "library"
},
{
"c99name" : "WatchLink",
"module_type" : "SwiftTarget",
"name" : "WatchLink",
"path" : "Sources/WatchLink",
"product_memberships" : [
"WatchLink"
],
"sources" : [
"BLEDiscovery.swift",
"ConnectionManager.swift",
"HTTPTransport.swift",
"WCTransport.swift",
"WatchLink.swift"
],
"target_dependencies" : [
"WatchLinkCore"
],
"type" : "library"
}
],
"tools_version" : "6.0"
}
{
"workspace" : {
"name" : "WatchLink",
"schemes" : [
"WatchLink",
"WatchLink-Package",
"WatchLinkCore",
"WatchLinkHost"
]
}
}
2026-09-24 18:22:04.329 xcodebuild[758:4630] [MT] IDERunDestination: Supported platforms for the buildables in the current scheme is empty.
{
"workspace" : {
"name" : "WatchLink",
"schemes" : [
"WatchLink",
"WatchLink-Package",
"WatchLinkCore",
"WatchLinkHost"
]
}
}
2026-09-24 18:22:05.288 xcodebuild[760:4665] [MT] IDERunDestination: Supported platforms for the buildables in the current scheme is empty.
Running build ...
env DEVELOPER_DIR=/Applications/Xcode-27.0.0-Release.Candidate.app xcrun xcodebuild -IDEClonedSourcePackagesDirPathOverride=$PWD/.dependencies -skipMacroValidation -skipPackagePluginValidation -derivedDataPath $PWD/.derivedData build -scheme WatchLink-Package -destination generic/platform=xrOS
Command line invocation:
/Applications/Xcode-27.0.0-Release.Candidate.app/Contents/Developer/usr/bin/xcodebuild -IDEClonedSourcePackagesDirPathOverride=/Users/admin/builder/spi-builder-workspace/.dependencies -skipMacroValidation -skipPackagePluginValidation -derivedDataPath /Users/admin/builder/spi-builder-workspace/.derivedData build -scheme WatchLink-Package -destination generic/platform=xrOS
Resolve Package Graph
Resolved source packages:
WatchLink: /Users/admin/builder/spi-builder-workspace
ComputePackagePrebuildTargetDependencyGraph
Prepare packages
CreateBuildRequest
SendProjectDescription
CreateBuildOperation
ComputeTargetDependencyGraph
note: Building targets in dependency order
note: Target dependency graph (6 targets)
Target 'WatchLinkHost-product' in project 'WatchLink'
➜ Explicit dependency on target 'WatchLinkHost' in project 'WatchLink'
➜ Explicit dependency on target 'WatchLinkCore' in project 'WatchLink'
Target 'WatchLinkHost' in project 'WatchLink'
➜ Explicit dependency on target 'WatchLinkCore' in project 'WatchLink'
Target 'WatchLink-product' in project 'WatchLink'
➜ Explicit dependency on target 'WatchLink' in project 'WatchLink'
➜ Explicit dependency on target 'WatchLinkCore' in project 'WatchLink'
Target 'WatchLink' in project 'WatchLink'
➜ Explicit dependency on target 'WatchLinkCore' in project 'WatchLink'
Target 'WatchLinkCore-product' in project 'WatchLink'
➜ Explicit dependency on target 'WatchLinkCore' in project 'WatchLink'
Target 'WatchLinkCore' in project 'WatchLink' (no dependencies)
GatherProvisioningInputs
CreateBuildDescription
ClangStatCache /Applications/Xcode-27.0.0-Release.Candidate.app/Contents/Developer/Toolchains/XcodeDefault.xctoolchain/usr/bin/clang-stat-cache /Applications/Xcode-27.0.0-Release.Candidate.app/Contents/Developer/Platforms/XROS.platform/Developer/SDKs/XROS27.0.sdk /Users/admin/builder/spi-builder-workspace/.derivedData/SDKStatCaches.noindex/xros27.0-24M361-e829b21a6f8c9b70876ba0858053c044735bd543db762f57723cac368afd1ce4.sdkstatcache
cd /Users/admin/builder/spi-builder-workspace/.swiftpm/xcode
/Applications/Xcode-27.0.0-Release.Candidate.app/Contents/Developer/Toolchains/XcodeDefault.xctoolchain/usr/bin/clang-stat-cache /Applications/Xcode-27.0.0-Release.Candidate.app/Contents/Developer/Platforms/XROS.platform/Developer/SDKs/XROS27.0.sdk -o /Users/admin/builder/spi-builder-workspace/.derivedData/SDKStatCaches.noindex/xros27.0-24M361-e829b21a6f8c9b70876ba0858053c044735bd543db762f57723cac368afd1ce4.sdkstatcache
ExtractAppIntentsMetadata (in target 'WatchLinkHost' from project 'WatchLink')
cd /Users/admin/builder/spi-builder-workspace
/Applications/Xcode-27.0.0-Release.Candidate.app/Contents/Developer/Toolchains/XcodeDefault.xctoolchain/usr/bin/appintentsmetadataprocessor --toolchain-dir /var/run/com.apple.security.cryptexd/mnt/com.apple.MobileAsset.MetalToolchain-v27.1.266.1.0o1b31/Metal.xctoolchain --module-name WatchLinkHost --sdk-root /Applications/Xcode-27.0.0-Release.Candidate.app/Contents/Developer/Platforms/XROS.platform/Developer/SDKs/XROS27.0.sdk --xcode-version 27A266a --platform-family xrOS --deployment-target 1.0 --bundle-identifier spi-builder-workspace.WatchLinkHost --output /Users/admin/builder/spi-builder-workspace/.derivedData/Build/Products/Debug-xros/WatchLinkHost.appintents --target-triple arm64-apple-xros1.0 --binary-file /Users/admin/builder/spi-builder-workspace/.derivedData/Build/Products/Debug-xros/WatchLinkHost.o --dependency-file /Users/admin/builder/spi-builder-workspace/.derivedData/Build/Intermediates.noindex/WatchLink.build/Debug-xros/WatchLinkHost-t.build/Objects-normal/arm64/WatchLinkHost_dependency_info.dat --stringsdata-file /Users/admin/builder/spi-builder-workspace/.derivedData/Build/Intermediates.noindex/WatchLink.build/Debug-xros/WatchLinkHost-t.build/Objects-normal/arm64/ExtractedAppShortcutsMetadata.stringsdata --source-file-list /Users/admin/builder/spi-builder-workspace/.derivedData/Build/Intermediates.noindex/WatchLink.build/Debug-xros/WatchLinkHost-t.build/Objects-normal/arm64/WatchLinkHost.SwiftFileList --metadata-file-list /Users/admin/builder/spi-builder-workspace/.derivedData/Build/Intermediates.noindex/WatchLink.build/Debug-xros/WatchLinkHost-t.build/WatchLinkHost.DependencyMetadataFileList --static-metadata-file-list /Users/admin/builder/spi-builder-workspace/.derivedData/Build/Intermediates.noindex/WatchLink.build/Debug-xros/WatchLinkHost-t.build/WatchLinkHost.DependencyStaticMetadataFileList --swift-const-vals-list /Users/admin/builder/spi-builder-workspace/.derivedData/Build/Intermediates.noindex/WatchLink.build/Debug-xros/WatchLinkHost-t.build/Objects-normal/arm64/WatchLinkHost.SwiftConstValuesFileList --force --compile-time-extraction --deployment-aware-processing --no-app-shortcuts-localization
2026-09-24 18:22:06.966 appintentsmetadataprocessor[764:4742] Starting appintentsmetadataprocessor export
2026-09-24 18:22:07.026 appintentsmetadataprocessor[764:4742] Extracted no relevant App Intents symbols, skipping writing output
SwiftDriver WatchLink normal arm64 com.apple.xcode.tools.swift.compiler (in target 'WatchLink' from project 'WatchLink')
cd /Users/admin/builder/spi-builder-workspace/.swiftpm/xcode
builtin-SwiftDriver -- /Applications/Xcode-27.0.0-Release.Candidate.app/Contents/Developer/Toolchains/XcodeDefault.xctoolchain/usr/bin/swiftc -parse-as-library -module-name WatchLink -Onone @/Users/admin/builder/spi-builder-workspace/.derivedData/Build/Intermediates.noindex/WatchLink.build/Debug-xros/WatchLink-t.build/Objects-normal/arm64/WatchLink.SwiftFileList -DSWIFT_PACKAGE -DDEBUG -DSWIFT_MODULE_RESOURCE_BUNDLE_UNAVAILABLE -DXcode -plugin-path /Applications/Xcode-27.0.0-Release.Candidate.app/Contents/Developer/Toolchains/XcodeDefault.xctoolchain/usr/lib/swift/host/plugins/testing -enable-experimental-feature DebugDescriptionMacro -sdk /Applications/Xcode-27.0.0-Release.Candidate.app/Contents/Developer/Platforms/XROS.platform/Developer/SDKs/XROS27.0.sdk -target arm64-apple-xros1.0 -g -module-cache-path /Users/admin/builder/spi-builder-workspace/.derivedData/ModuleCache.noindex -Xfrontend -serialize-debugging-options -profile-coverage-mapping -profile-generate -enable-testing -index-store-path /Users/admin/builder/spi-builder-workspace/.derivedData/Index.noindex/DataStore -Xcc -D_LIBCPP_HARDENING_MODE\=_LIBCPP_HARDENING_MODE_DEBUG -swift-version 6 -I /Users/admin/builder/spi-builder-workspace/.derivedData/Build/Products/Debug-xros -Isystem /Applications/Xcode-27.0.0-Release.Candidate.app/Contents/Developer/Platforms/XROS.platform/Developer/usr/lib -F /Users/admin/builder/spi-builder-workspace/.derivedData/Build/Products/Debug-xros/PackageFrameworks -F /Users/admin/builder/spi-builder-workspace/.derivedData/Build/Products/Debug-xros -F /Applications/Xcode-27.0.0-Release.Candidate.app/Contents/Developer/Platforms/XROS.platform/Developer/Library/Frameworks -F /Applications/Xcode-27.0.0-Release.Candidate.app/Contents/Developer/Platforms/XROS.platform/Developer/SDKs/XROS27.0.sdk/Developer/Library/Frameworks -c -j10 -enable-batch-mode -incremental -Xcc -ivfsstatcache -Xcc /Users/admin/builder/spi-builder-workspace/.derivedData/SDKStatCaches.noindex/xros27.0-24M361-e829b21a6f8c9b70876ba0858053c044735bd543db762f57723cac368afd1ce4.sdkstatcache -output-file-map /Users/admin/builder/spi-builder-workspace/.derivedData/Build/Intermediates.noindex/WatchLink.build/Debug-xros/WatchLink-t.build/Objects-normal/arm64/WatchLink-OutputFileMap.json -save-temps -no-color-diagnostics -explicit-module-build -module-cache-path /Users/admin/builder/spi-builder-workspace/.derivedData/Build/Intermediates.noindex/SwiftExplicitPrecompiledModules -clang-scanner-module-cache-path /Users/admin/builder/spi-builder-workspace/.derivedData/ModuleCache.noindex -sdk-module-cache-path /Users/admin/builder/spi-builder-workspace/.derivedData/SDKExplicitPrecompiledModules -emit-dependencies -emit-module -emit-module-path /Users/admin/builder/spi-builder-workspace/.derivedData/Build/Intermediates.noindex/WatchLink.build/Debug-xros/WatchLink-t.build/Objects-normal/arm64/WatchLink.swiftmodule -serialize-diagnostics -dependency-scan-serialize-diagnostics-path /Users/admin/builder/spi-builder-workspace/.derivedData/Build/Intermediates.noindex/WatchLink.build/Debug-xros/WatchLink-t.build/Objects-normal/arm64/WatchLink-dependency-scan.dia -validate-clang-modules-once -clang-build-session-file /Users/admin/builder/spi-builder-workspace/.derivedData/ModuleCache.noindex/Session.modulevalidation -Xcc -fmodules-prune-interval\=86400 -Xcc -fmodules-prune-after\=345600 -package-name spi_builder_workspace -emit-const-values -const-gather-protocols-list /Users/admin/builder/spi-builder-workspace/.derivedData/Build/Intermediates.noindex/WatchLink.build/Debug-xros/WatchLink-t.build/Objects-normal/arm64/WatchLink_const_extract_protocols.json -Xcc -I/Users/admin/builder/spi-builder-workspace/.derivedData/Build/Products/Debug-xros/include -Xcc -I/Users/admin/builder/spi-builder-workspace/.derivedData/Build/Intermediates.noindex/WatchLink.build/Debug-xros/WatchLink-t.build/DerivedSources-normal/arm64 -Xcc -I/Users/admin/builder/spi-builder-workspace/.derivedData/Build/Intermediates.noindex/WatchLink.build/Debug-xros/WatchLink-t.build/DerivedSources/arm64 -Xcc -I/Users/admin/builder/spi-builder-workspace/.derivedData/Build/Intermediates.noindex/WatchLink.build/Debug-xros/WatchLink-t.build/DerivedSources -Xcc -DSWIFT_PACKAGE -Xcc -DDEBUG\=1 -emit-objc-header -emit-objc-header-path /Users/admin/builder/spi-builder-workspace/.derivedData/Build/Intermediates.noindex/WatchLink.build/Debug-xros/WatchLink-t.build/Objects-normal/arm64/WatchLink-Swift.h -working-directory /Users/admin/builder/spi-builder-workspace/.swiftpm/xcode -experimental-emit-module-separately -disable-cmo
SwiftCompile normal arm64 Compiling\ BLEDiscovery.swift /Users/admin/builder/spi-builder-workspace/Sources/WatchLink/BLEDiscovery.swift (in target 'WatchLink' from project 'WatchLink')
SwiftCompile normal arm64 /Users/admin/builder/spi-builder-workspace/Sources/WatchLink/BLEDiscovery.swift (in target 'WatchLink' from project 'WatchLink')
cd /Users/admin/builder/spi-builder-workspace/.swiftpm/xcode
builtin-SwiftPerFileCompile BLEDiscovery.swift
SwiftCompile normal arm64 Compiling\ ConnectionManager.swift /Users/admin/builder/spi-builder-workspace/Sources/WatchLink/ConnectionManager.swift (in target 'WatchLink' from project 'WatchLink')
SwiftCompile normal arm64 /Users/admin/builder/spi-builder-workspace/Sources/WatchLink/ConnectionManager.swift (in target 'WatchLink' from project 'WatchLink')
cd /Users/admin/builder/spi-builder-workspace/.swiftpm/xcode
builtin-SwiftPerFileCompile ConnectionManager.swift
SwiftCompile normal arm64 Compiling\ WatchLink.swift /Users/admin/builder/spi-builder-workspace/Sources/WatchLink/WatchLink.swift (in target 'WatchLink' from project 'WatchLink')
SwiftCompile normal arm64 /Users/admin/builder/spi-builder-workspace/Sources/WatchLink/WatchLink.swift (in target 'WatchLink' from project 'WatchLink')
cd /Users/admin/builder/spi-builder-workspace/.swiftpm/xcode
builtin-SwiftPerFileCompile WatchLink.swift
SwiftCompile normal arm64 Compiling\ WCTransport.swift /Users/admin/builder/spi-builder-workspace/Sources/WatchLink/WCTransport.swift (in target 'WatchLink' from project 'WatchLink')
SwiftCompile normal arm64 /Users/admin/builder/spi-builder-workspace/Sources/WatchLink/WCTransport.swift (in target 'WatchLink' from project 'WatchLink')
cd /Users/admin/builder/spi-builder-workspace/.swiftpm/xcode
builtin-SwiftPerFileCompile WCTransport.swift
SwiftEmitModule normal arm64 Emitting\ module\ for\ WatchLink (in target 'WatchLink' from project 'WatchLink')
/Users/admin/builder/spi-builder-workspace/Sources/WatchLink/WCTransport.swift:98:13: error: type 'WCSessionBridge' does not conform to protocol 'WCSessionDelegate'
96 | }
97 |
98 | final class WCSessionBridge: NSObject, WCSessionDelegate, @unchecked Sendable {
| |- error: type 'WCSessionBridge' does not conform to protocol 'WCSessionDelegate'
| `- note: add stubs for conformance
99 | private weak var transport: WCTransport?
100 |
/Applications/Xcode-27.0.0-Release.Candidate.app/Contents/Developer/Platforms/XROS.platform/Developer/SDKs/XROS27.0.sdk/System/Library/Frameworks/WatchConnectivity.framework/Headers/WCSession.h:149:1: note: protocol requires function 'sessionDidBecomeInactive' with type '(WCSession) -> Void'
147 |
148 | /** Called when the session can no longer be used to modify or add any new transfers and, all interactive messages will be cancelled, but delegate callbacks for background transfers can still occur. This will happen when the selected watch is being changed. */
149 | - (void)sessionDidBecomeInactive:(WCSession *)session __IOS_AVAILABLE(9.3) __WATCHOS_UNAVAILABLE;
| `- note: protocol requires function 'sessionDidBecomeInactive' with type '(WCSession) -> Void'
150 |
151 | /** Called when all delegate callbacks for the previously selected watch has occurred. The session can be re-activated for the now selected watch using activateSession. */
152 | - (void)sessionDidDeactivate:(WCSession *)session __IOS_AVAILABLE(9.3) __WATCHOS_UNAVAILABLE;
| `- note: protocol requires function 'sessionDidDeactivate' with type '(WCSession) -> Void'
153 |
154 | @optional
Failed frontend command:
/Applications/Xcode-27.0.0-Release.Candidate.app/Contents/Developer/Toolchains/XcodeDefault.xctoolchain/usr/bin/swift-frontend -frontend -emit-module -experimental-skip-non-inlinable-function-bodies-without-types /Users/admin/builder/spi-builder-workspace/Sources/WatchLink/BLEDiscovery.swift /Users/admin/builder/spi-builder-workspace/Sources/WatchLink/ConnectionManager.swift /Users/admin/builder/spi-builder-workspace/Sources/WatchLink/HTTPTransport.swift /Users/admin/builder/spi-builder-workspace/Sources/WatchLink/WCTransport.swift /Users/admin/builder/spi-builder-workspace/Sources/WatchLink/WatchLink.swift -target arm64-apple-xros1.0 -disable-cross-import-overlay-search -load-resolved-plugin /Applications/Xcode-27.0.0-Release.Candidate.app/Contents/Developer/Platforms/XROS.platform/Developer/usr/lib/swift/host/plugins/libFoundationMacros.dylib\#/Applications/Xcode-27.0.0-Release.Candidate.app/Contents/Developer/Platforms/XROS.platform/Developer/usr/bin/swift-plugin-server\#FoundationMacros -load-resolved-plugin /Applications/Xcode-27.0.0-Release.Candidate.app/Contents/Developer/Platforms/XROS.platform/Developer/usr/lib/swift/host/plugins/libObservationMacros.dylib\#/Applications/Xcode-27.0.0-Release.Candidate.app/Contents/Developer/Platforms/XROS.platform/Developer/usr/bin/swift-plugin-server\#ObservationMacros -load-resolved-plugin /Applications/Xcode-27.0.0-Release.Candidate.app/Contents/Developer/Platforms/XROS.platform/Developer/usr/lib/swift/host/plugins/libSwiftMacros.dylib\#/Applications/Xcode-27.0.0-Release.Candidate.app/Contents/Developer/Platforms/XROS.platform/Developer/usr/bin/swift-plugin-server\#SwiftMacros -disable-implicit-swift-modules -Xcc -fno-implicit-modules -Xcc -fno-implicit-module-maps -explicit-swift-module-map-file /Users/admin/builder/spi-builder-workspace/.derivedData/Build/Intermediates.noindex/WatchLink.build/Debug-xros/WatchLink-t.build/Objects-normal/arm64/WatchLink-dependencies-1.json -Xllvm -aarch64-use-tbi -enable-objc-interop -stack-check -sdk /Applications/Xcode-27.0.0-Release.Candidate.app/Contents/Developer/Platforms/XROS.platform/Developer/SDKs/XROS27.0.sdk -I /Users/admin/builder/spi-builder-workspace/.derivedData/Build/Products/Debug-xros -Isystem /Applications/Xcode-27.0.0-Release.Candidate.app/Contents/Developer/Platforms/XROS.platform/Developer/usr/lib -F /Users/admin/builder/spi-builder-workspace/.derivedData/Build/Products/Debug-xros/PackageFrameworks -F /Users/admin/builder/spi-builder-workspace/.derivedData/Build/Products/Debug-xros -F /Applications/Xcode-27.0.0-Release.Candidate.app/Contents/Developer/Platforms/XROS.platform/Developer/Library/Frameworks -F /Applications/Xcode-27.0.0-Release.Candidate.app/Contents/Developer/Platforms/XROS.platform/Developer/SDKs/XROS27.0.sdk/Developer/Library/Frameworks -module-cache-path /Users/admin/builder/spi-builder-workspace/.derivedData/Build/Intermediates.noindex/SwiftExplicitPrecompiledModules -no-color-diagnostics -Xcc -fno-color-diagnostics -enable-testing -g -debug-info-format\=dwarf -dwarf-version\=4 -profile-generate -profile-coverage-mapping -swift-version 6 -Onone -D SWIFT_PACKAGE -D DEBUG -D SWIFT_MODULE_RESOURCE_BUNDLE_UNAVAILABLE -D Xcode -serialize-debugging-options -enable-experimental-feature DebugDescriptionMacro -empty-abi-descriptor -validate-clang-modules-once -clang-build-session-file /Users/admin/builder/spi-builder-workspace/.derivedData/ModuleCache.noindex/Session.modulevalidation -Xcc -working-directory -Xcc /Users/admin/builder/spi-builder-workspace/.swiftpm/xcode -enable-anonymous-context-mangled-names -file-compilation-dir /Users/admin/builder/spi-builder-workspace/.swiftpm/xcode -Xcc -D_LIBCPP_HARDENING_MODE\=_LIBCPP_HARDENING_MODE_DEBUG -Xcc -ivfsstatcache -Xcc /Users/admin/builder/spi-builder-workspace/.derivedData/SDKStatCaches.noindex/xros27.0-24M361-e829b21a6f8c9b70876ba0858053c044735bd543db762f57723cac368afd1ce4.sdkstatcache -Xcc -fmodules-prune-interval\=86400 -Xcc -fmodules-prune-after\=345600 -Xcc -I/Users/admin/builder/spi-builder-workspace/.derivedData/Build/Products/Debug-xros/include -Xcc -I/Users/admin/builder/spi-builder-workspace/.derivedData/Build/Intermediates.noindex/WatchLink.build/Debug-xros/WatchLink-t.build/DerivedSources-normal/arm64 -Xcc -I/Users/admin/builder/spi-builder-workspace/.derivedData/Build/Intermediates.noindex/WatchLink.build/Debug-xros/WatchLink-t.build/DerivedSources/arm64 -Xcc -I/Users/admin/builder/spi-builder-workspace/.derivedData/Build/Intermediates.noindex/WatchLink.build/Debug-xros/WatchLink-t.build/DerivedSources -Xcc -DSWIFT_PACKAGE -Xcc -DDEBUG\=1 -no-auto-bridging-header-chaining -module-name WatchLink -package-name spi_builder_workspace -const-gather-protocols-file /Users/admin/builder/spi-builder-workspace/.derivedData/Build/Intermediates.noindex/WatchLink.build/Debug-xros/WatchLink-t.build/Objects-normal/arm64/WatchLink_const_extract_protocols.json -disable-clang-spi -clang-target arm64-apple-xros27.0 -target-sdk-version 27.0 -target-sdk-name xros27.0 -in-process-plugin-server-path /Applications/Xcode-27.0.0-Release.Candidate.app/Contents/Developer/Toolchains/XcodeDefault.xctoolchain/usr/lib/swift/host/libSwiftInProcPluginServer.dylib -emit-module-doc-path /Users/admin/builder/spi-builder-workspace/.derivedData/Build/Intermediates.noindex/WatchLink.build/Debug-xros/WatchLink-t.build/Objects-normal/arm64/WatchLink.swiftdoc -emit-module-source-info-path /Users/admin/builder/spi-builder-workspace/.derivedData/Build/Intermediates.noindex/WatchLink.build/Debug-xros/WatchLink-t.build/Objects-normal/arm64/WatchLink.swiftsourceinfo -emit-objc-header-path /Users/admin/builder/spi-builder-workspace/.derivedData/Build/Intermediates.noindex/WatchLink.build/Debug-xros/WatchLink-t.build/Objects-normal/arm64/WatchLink-Swift.h -serialize-diagnostics-path /Users/admin/builder/spi-builder-workspace/.derivedData/Build/Intermediates.noindex/WatchLink.build/Debug-xros/WatchLink-t.build/Objects-normal/arm64/WatchLink-primary-emit-module.dia -emit-dependencies-path /Users/admin/builder/spi-builder-workspace/.derivedData/Build/Intermediates.noindex/WatchLink.build/Debug-xros/WatchLink-t.build/Objects-normal/arm64/WatchLink-primary-emit-module.d -parse-as-library -o /Users/admin/builder/spi-builder-workspace/.derivedData/Build/Intermediates.noindex/WatchLink.build/Debug-xros/WatchLink-t.build/Objects-normal/arm64/WatchLink.swiftmodule -emit-abi-descriptor-path /Users/admin/builder/spi-builder-workspace/.derivedData/Build/Intermediates.noindex/WatchLink.build/Debug-xros/WatchLink-t.build/Objects-normal/arm64/WatchLink.abi.json
SwiftCompile normal arm64 (in target 'WatchLink' from project 'WatchLink')
cd /Users/admin/builder/spi-builder-workspace/.swiftpm/xcode
SwiftCompile normal arm64 Compiling\ HTTPTransport.swift /Users/admin/builder/spi-builder-workspace/Sources/WatchLink/HTTPTransport.swift (in target 'WatchLink' from project 'WatchLink')
SwiftCompile normal arm64 /Users/admin/builder/spi-builder-workspace/Sources/WatchLink/HTTPTransport.swift (in target 'WatchLink' from project 'WatchLink')
cd /Users/admin/builder/spi-builder-workspace/.swiftpm/xcode
builtin-SwiftPerFileCompile HTTPTransport.swift
PruneExplicitPrecompiledModules /Users/admin/builder/spi-builder-workspace/.derivedData/Build/Intermediates.noindex/SwiftExplicitPrecompiledModules
PruneExplicitPrecompiledModules /Users/admin/builder/spi-builder-workspace/.derivedData/Build/Intermediates.noindex/ExplicitPrecompiledModules
PruneExplicitPrecompiledModules /Users/admin/builder/spi-builder-workspace/.derivedData/SDKExplicitPrecompiledModules
2026-09-24 18:22:06.193 xcodebuild[761:4698] [MT] IDERunDestination: Supported platforms for the buildables in the current scheme is empty.
** BUILD FAILED **
The following build commands failed:
SwiftEmitModule normal arm64 Emitting\ module\ for\ WatchLink (in target 'WatchLink' from project 'WatchLink')
SwiftCompile normal arm64 (in target 'WatchLink' from project 'WatchLink')
Building workspace WatchLink with scheme WatchLink-Package
(3 failures)
BUILD FAILURE 6.4 visionOS