The Swift Package Index logo.Swift Package Index

Build Information

Failed to build ZxcvbnSwift, reference 1.2.0 (ae0c3d), with Swift 6.4 for iOS using Xcode 27.0 on 23 Sep 2026 06:04:15 UTC.

Build Command

env DEVELOPER_DIR=/Applications/Xcode-27.0.0-Release.Candidate.app xcrun xcodebuild -IDEClonedSourcePackagesDirPathOverride=$PWD/.dependencies -skipMacroValidation -skipPackagePluginValidation -derivedDataPath $PWD/.derivedData build -scheme zxcvbn-swift -destination generic/platform=iOS

Build Log

========================================
RunAll
========================================
Builder version: 5.1.0
Interrupt handler set up.
========================================
Checkout
========================================
Clone URL: https://github.com/scr037/zxcvbn-swift.git
Reference: 1.2.0
Initialized empty Git repository in /Users/admin/builder/spi-builder-workspace/.git/
From https://github.com/scr037/zxcvbn-swift
 * tag               1.2.0      -> FETCH_HEAD
HEAD is now at ae0c3d5 Minimum target version: iOS 13
Cloned https://github.com/scr037/zxcvbn-swift.git
Revision (git rev-parse @):
ae0c3d5c01d8492119f15e54c44297f9822a9afb
SUCCESS checkout https://github.com/scr037/zxcvbn-swift.git at 1.2.0
========================================
Build
========================================
Selected platform:         iOS
Swift version:             6.4
Building package at path:  $PWD
https://github.com/scr037/zxcvbn-swift.git
Command line invocation:
    /Applications/Xcode-27.0.0-Release.Candidate.app/Contents/Developer/usr/bin/xcodebuild -IDEClonedSourcePackagesDirPathOverride=/Users/admin/builder/spi-builder-workspace/.dependencies -resolvePackageDependencies
resolved source packages:
{
  "dependencies" : [
  ],
  "manifest_display_name" : "ZxcvbnSwift",
  "name" : "ZxcvbnSwift",
  "path" : "/Users/admin/builder/spi-builder-workspace",
  "platforms" : [
    {
      "name" : "ios",
      "version" : "13.0"
    }
  ],
  "products" : [
    {
      "name" : "ZxcvbnSwift",
      "targets" : [
        "ZxcvbnSwift"
      ],
      "type" : {
        "library" : [
          "automatic"
        ]
      }
    }
  ],
  "targets" : [
    {
      "c99name" : "ZxcvbnSwift",
      "module_type" : "ClangTarget",
      "name" : "ZxcvbnSwift",
      "path" : "Sources/ZxcvbnSwift",
      "product_memberships" : [
        "ZxcvbnSwift"
      ],
      "resources" : [
        {
          "path" : "/Users/admin/builder/spi-builder-workspace/Sources/ZxcvbnSwift/Resources/adjacency_graphs.json",
          "rule" : {
            "process" : {
            }
          }
        },
        {
          "path" : "/Users/admin/builder/spi-builder-workspace/Sources/ZxcvbnSwift/Resources/frequency_lists.json",
          "rule" : {
            "process" : {
            }
          }
        }
      ],
      "sources" : [
        "DBMatcher.m",
        "DBPasswordStrengthMeterView.m",
        "DBScorer.m",
        "DBZxcvbn.m"
      ],
      "type" : "library"
    }
  ],
  "tools_version" : "5.3"
}
{
  "project" : {
    "configurations" : [
      "Debug",
      "Release"
    ],
    "name" : "ZxcvbnSwift",
    "schemes" : [
      "zxcvbn-swift"
    ],
    "targets" : [
      "ZxcvbnSwift",
      "ZxcvbnSwiftTests"
    ]
  }
}
Running build ...
env DEVELOPER_DIR=/Applications/Xcode-27.0.0-Release.Candidate.app xcrun xcodebuild -IDEClonedSourcePackagesDirPathOverride=$PWD/.dependencies -skipMacroValidation -skipPackagePluginValidation -derivedDataPath $PWD/.derivedData build -scheme zxcvbn-swift -destination generic/platform=iOS
Command line invocation:
    /Applications/Xcode-27.0.0-Release.Candidate.app/Contents/Developer/usr/bin/xcodebuild -IDEClonedSourcePackagesDirPathOverride=/Users/admin/builder/spi-builder-workspace/.dependencies -skipMacroValidation -skipPackagePluginValidation -derivedDataPath /Users/admin/builder/spi-builder-workspace/.derivedData build -scheme zxcvbn-swift -destination generic/platform=iOS
ComputePackagePrebuildTargetDependencyGraph
Prepare packages
CreateBuildRequest
SendProjectDescription
CreateBuildOperation
ComputeTargetDependencyGraph
note: Building targets in dependency order
note: Target dependency graph (1 target)
    Target 'ZxcvbnSwift' in project 'ZxcvbnSwift' (no dependencies)
GatherProvisioningInputs
CreateBuildDescription
ExecuteExternalTool /Applications/Xcode-27.0.0-Release.Candidate.app/Contents/Developer/Toolchains/XcodeDefault.xctoolchain/usr/bin/clang -v -E -dM -isysroot /Applications/Xcode-27.0.0-Release.Candidate.app/Contents/Developer/Platforms/iPhoneOS.platform/Developer/SDKs/iPhoneOS27.0.sdk -x c -c /dev/null
ExecuteExternalTool /Applications/Xcode-27.0.0-Release.Candidate.app/Contents/Developer/Toolchains/XcodeDefault.xctoolchain/usr/bin/clang -v -E -dM -arch arm64 -isysroot /Applications/Xcode-27.0.0-Release.Candidate.app/Contents/Developer/Platforms/iPhoneOS.platform/Developer/SDKs/iPhoneOS27.0.sdk -x c -c /dev/null
ExecuteExternalTool /Applications/Xcode-27.0.0-Release.Candidate.app/Contents/Developer/Toolchains/XcodeDefault.xctoolchain/usr/bin/clang -v -E -dM -arch arm64 -isysroot /Applications/Xcode-27.0.0-Release.Candidate.app/Contents/Developer/Platforms/iPhoneOS.platform/Developer/SDKs/iPhoneOS27.0.sdk -x objective-c -c /dev/null
ExecuteExternalTool /Applications/Xcode-27.0.0-Release.Candidate.app/Contents/Developer/Toolchains/XcodeDefault.xctoolchain/usr/bin/ld -version_details
Build description signature: f621a0a19126dfb795bf4eb581c8088d
Build description path: /Users/admin/builder/spi-builder-workspace/.derivedData/Build/Intermediates.noindex/XCBuildData/f621a0a19126dfb795bf4eb581c8088d.xcbuilddata
/Users/admin/builder/spi-builder-workspace/ZxcvbnSwift.xcodeproj: error: The iOS deployment target 'IPHONEOS_DEPLOYMENT_TARGET' is set to 8.0, but the range of supported deployment target versions is 15.0 to 27.0.x. (in target 'ZxcvbnSwift' from project 'ZxcvbnSwift')
** BUILD FAILED **
The following build commands failed:
	Building project ZxcvbnSwift with scheme zxcvbn-swift
(1 failure)
Command line invocation:
    /Applications/Xcode-27.0.0-Release.Candidate.app/Contents/Developer/usr/bin/xcodebuild -IDEClonedSourcePackagesDirPathOverride=/Users/admin/builder/spi-builder-workspace/.dependencies -resolvePackageDependencies
resolved source packages:
{
  "dependencies" : [
  ],
  "manifest_display_name" : "ZxcvbnSwift",
  "name" : "ZxcvbnSwift",
  "path" : "/Users/admin/builder/spi-builder-workspace",
  "platforms" : [
    {
      "name" : "ios",
      "version" : "13.0"
    }
  ],
  "products" : [
    {
      "name" : "ZxcvbnSwift",
      "targets" : [
        "ZxcvbnSwift"
      ],
      "type" : {
        "library" : [
          "automatic"
        ]
      }
    }
  ],
  "targets" : [
    {
      "c99name" : "ZxcvbnSwift",
      "module_type" : "ClangTarget",
      "name" : "ZxcvbnSwift",
      "path" : "Sources/ZxcvbnSwift",
      "product_memberships" : [
        "ZxcvbnSwift"
      ],
      "resources" : [
        {
          "path" : "/Users/admin/builder/spi-builder-workspace/Sources/ZxcvbnSwift/Resources/adjacency_graphs.json",
          "rule" : {
            "process" : {
            }
          }
        },
        {
          "path" : "/Users/admin/builder/spi-builder-workspace/Sources/ZxcvbnSwift/Resources/frequency_lists.json",
          "rule" : {
            "process" : {
            }
          }
        }
      ],
      "sources" : [
        "DBMatcher.m",
        "DBPasswordStrengthMeterView.m",
        "DBScorer.m",
        "DBZxcvbn.m"
      ],
      "type" : "library"
    }
  ],
  "tools_version" : "5.3"
}
{
  "project" : {
    "configurations" : [
      "Debug",
      "Release"
    ],
    "name" : "ZxcvbnSwift",
    "schemes" : [
      "zxcvbn-swift"
    ],
    "targets" : [
      "ZxcvbnSwift",
      "ZxcvbnSwiftTests"
    ]
  }
}
Running build ...
env DEVELOPER_DIR=/Applications/Xcode-27.0.0-Release.Candidate.app xcrun xcodebuild -IDEClonedSourcePackagesDirPathOverride=$PWD/.dependencies -skipMacroValidation -skipPackagePluginValidation -derivedDataPath $PWD/.derivedData build -scheme zxcvbn-swift -destination generic/platform=iOS
Command line invocation:
    /Applications/Xcode-27.0.0-Release.Candidate.app/Contents/Developer/usr/bin/xcodebuild -IDEClonedSourcePackagesDirPathOverride=/Users/admin/builder/spi-builder-workspace/.dependencies -skipMacroValidation -skipPackagePluginValidation -derivedDataPath /Users/admin/builder/spi-builder-workspace/.derivedData build -scheme zxcvbn-swift -destination generic/platform=iOS
ComputePackagePrebuildTargetDependencyGraph
Prepare packages
CreateBuildRequest
SendProjectDescription
CreateBuildOperation
ComputeTargetDependencyGraph
note: Building targets in dependency order
note: Target dependency graph (1 target)
    Target 'ZxcvbnSwift' in project 'ZxcvbnSwift' (no dependencies)
GatherProvisioningInputs
CreateBuildDescription
/Users/admin/builder/spi-builder-workspace/ZxcvbnSwift.xcodeproj: error: The iOS deployment target 'IPHONEOS_DEPLOYMENT_TARGET' is set to 8.0, but the range of supported deployment target versions is 15.0 to 27.0.x. (in target 'ZxcvbnSwift' from project 'ZxcvbnSwift')
** BUILD FAILED **
The following build commands failed:
	Building project ZxcvbnSwift with scheme zxcvbn-swift
(1 failure)
BUILD FAILURE 6.4 iOS